000
CDUS45 KPUB 301053
CLIALS


CLIMATE REPORT
NATIONAL WEATHER SERVICE PUEBLO
453 AM MDT SUN APR 30 2017


...................................

...THE ALAMOSA CO CLIMATE SUMMARY FOR APRIL 29 2017...

CLIMATE NORMAL PERIOD 1981 TO 2010
CLIMATE RECORD PERIOD 1932 TO 2017


WEATHER ITEM   OBSERVED TIME   RECORD YEAR NORMAL DEPARTURE LAST
                VALUE   (LST)  VALUE       VALUE  FROM      YEAR
                                                  NORMAL
..................................................................
TEMPERATURE (F)
 YESTERDAY
  MAXIMUM         37   1113 AM  78    1992  64    -27       39
                                      1981
  MINIMUM         24   1128 PM   7    1996  29     -5       31
  AVERAGE         31                        46    -15       35

PRECIPITATION (IN)
  YESTERDAY        0.09          0.36 2016   0.02   0.07     0.36
  MONTH TO DATE    0.63                      0.57   0.06     1.71
  SINCE MAR 1      1.36                      1.10   0.26     2.23
  SINCE JAN 1      3.01                      1.62   1.39     3.21

SNOWFALL (IN)
  YESTERDAY        1.1           2.6  2016   0.1    1.0      2.6
  MONTH TO DATE    4.9                       3.5    1.4     15.2
  SINCE MAR 1      5.6                       8.5   -2.9     23.4
  SINCE JUL 1     41.1                      26.6   14.5     42.2
  SNOW DEPTH       0

DEGREE DAYS
 HEATING
  YESTERDAY       34                        19     15       30
  MONTH TO DATE  609                       676    -67      663
  SINCE MAR 1   1348                      1653   -305     1580
  SINCE JUL 1   7137                      7982   -845     7346

 COOLING
  YESTERDAY        0                         0      0        0
  MONTH TO DATE    0                         0      0        0
  SINCE MAR 1      0                         0      0        0
  SINCE JAN 1      0                         0      0        0
..................................................................


WIND (MPH)
  HIGHEST WIND SPEED    32   HIGHEST WIND DIRECTION    NE (40)
  HIGHEST GUST SPEED    46   HIGHEST GUST DIRECTION    NE (30)
  AVERAGE WIND SPEED    12.6


SKY COVER
  POSSIBLE SUNSHINE  MM
  AVERAGE SKY COVER 0.9


WEATHER CONDITIONS
 THE FOLLOWING WEATHER WAS RECORDED YESTERDAY.
  SNOW
  LIGHT SNOW
  FOG
  FOG W/VISIBILITY <= 1/4 MILE
  HAZE


RELATIVE HUMIDITY (PERCENT)
 HIGHEST    92           700 AM
 LOWEST     40          1100 AM
 AVERAGE    66

..........................................................


THE ALAMOSA CO CLIMATE NORMALS FOR TODAY
                         NORMAL    RECORD    YEAR
 MAXIMUM TEMPERATURE (F)   64        79      1981
 MINIMUM TEMPERATURE (F)   29        10      1975


SUNRISE AND SUNSET
APRIL 30 2017.........SUNRISE   609 AM MDT   SUNSET   753 PM MDT
MAY  1 2017...........SUNRISE   608 AM MDT   SUNSET   754 PM MDT


-  INDICATES NEGATIVE NUMBERS.
R  INDICATES RECORD WAS SET OR TIED.
MM INDICATES DATA IS MISSING.
T  INDICATES TRACE AMOUNT.




$$
