000
CDUS45 KPUB 251204
CLIALS


CLIMATE REPORT
NATIONAL WEATHER SERVICE PUEBLO
500 AM MST SAT FEB 25 2017


...................................

...THE ALAMOSA CO CLIMATE SUMMARY FOR FEBRUARY 24 2017...

CLIMATE NORMAL PERIOD 1981 TO 2010
CLIMATE RECORD PERIOD 1932 TO 2017


WEATHER ITEM   OBSERVED TIME   RECORD YEAR NORMAL DEPARTURE LAST
                VALUE   (LST)  VALUE       VALUE  FROM      YEAR
                                                  NORMAL
..................................................................
TEMPERATURE (F)
 YESTERDAY
  MAXIMUM         29    450 PM  60    2009  43    -14       40
                                      1986
                                      1981
  MINIMUM         10    510 AM -18    1960  10      0       -1
  AVERAGE         20                        26     -6       20

PRECIPITATION (IN)
  YESTERDAY        T             0.22 1991   0.01  -0.01     0.00
  MONTH TO DATE    0.27                      0.22   0.05     0.40
  SINCE DEC 1      2.71                      0.83   1.88     1.23
  SINCE JAN 1      1.63                      0.48   1.15     0.98

SNOWFALL (IN)
  YESTERDAY        T             4.3  1948   0.2   -0.2      0.0
  MONTH TO DATE    2.1                       3.3   -1.2      4.1
  SINCE DEC 1     34.2                      11.8   22.4     14.5
  SINCE JUL 1     35.2                      17.6   17.6     18.8
  SNOW DEPTH       0

DEGREE DAYS
 HEATING
  YESTERDAY       45                        39      6       45
  MONTH TO DATE  838                      1031   -193      905
  SINCE DEC 1   3775                      4003   -228     3841
  SINCE JUL 1   5639                      6178   -539     5619

 COOLING
  YESTERDAY        0                         0      0        0
  MONTH TO DATE    0                         0      0        0
  SINCE DEC 1      0                         0      0        0
  SINCE JAN 1      0                         0      0        0
..................................................................


WIND (MPH)
  HIGHEST WIND SPEED    20   HIGHEST WIND DIRECTION     N (350)
  HIGHEST GUST SPEED    24   HIGHEST GUST DIRECTION     N (350)
  AVERAGE WIND SPEED     4.5


SKY COVER
  POSSIBLE SUNSHINE  MM
  AVERAGE SKY COVER 0.4


WEATHER CONDITIONS
 THE FOLLOWING WEATHER WAS RECORDED YESTERDAY.
  LIGHT SNOW


RELATIVE HUMIDITY (PERCENT)
 HIGHEST    84           700 PM
 LOWEST     33          1100 AM
 AVERAGE    59

..........................................................


THE ALAMOSA CO CLIMATE NORMALS FOR TODAY
                         NORMAL    RECORD    YEAR
 MAXIMUM TEMPERATURE (F)   43        66      1986
 MINIMUM TEMPERATURE (F)   10       -23      1960


SUNRISE AND SUNSET
FEBRUARY 25 2017......SUNRISE   640 AM MST   SUNSET   554 PM MST
FEBRUARY 26 2017......SUNRISE   638 AM MST   SUNSET   555 PM MST


-  INDICATES NEGATIVE NUMBERS.
R  INDICATES RECORD WAS SET OR TIED.
MM INDICATES DATA IS MISSING.
T  INDICATES TRACE AMOUNT.




$$
