000
CDUS45 KPUB 291040
CLIALS


CLIMATE REPORT
NATIONAL WEATHER SERVICE PUEBLO
438 AM MDT THU JUN 29 2017


...................................

...THE ALAMOSA CO CLIMATE SUMMARY FOR JUNE 28 2017...

CLIMATE NORMAL PERIOD 1981 TO 2010
CLIMATE RECORD PERIOD 1932 TO 2017


WEATHER ITEM   OBSERVED TIME   RECORD YEAR NORMAL DEPARTURE LAST
                VALUE   (LST)  VALUE       VALUE  FROM      YEAR
                                                  NORMAL
..................................................................
TEMPERATURE (F)
 YESTERDAY
  MAXIMUM         85    258 PM  91    2011  82      3       82
                                      1998
                                      1990
  MINIMUM         38    407 AM  35    1948  44     -6       48
  AVERAGE         62                        63     -1       65

PRECIPITATION (IN)
  YESTERDAY        0.00          0.28 1978   0.02  -0.02     0.00
  MONTH TO DATE    0.19                      0.45  -0.26     0.04
  SINCE JUN 1      0.19                      0.45  -0.26     0.04
  SINCE JAN 1      4.44                      2.67   1.77     4.41

SNOWFALL (IN)
  YESTERDAY        0.0           0.0  2002   0.0    0.0      0.0
  MONTH TO DATE    0.0                       0.0    0.0      0.0
  SINCE JUN 1      0.0                       0.0    0.0      0.0
  SINCE JUL 1     42.2                      27.6   14.6     43.0
  SNOW DEPTH       0

DEGREE DAYS
 HEATING
  YESTERDAY        3                         3      0        0
  MONTH TO DATE   83                       163    -80       53
  SINCE JUN 1     83                       163    -80       53
  SINCE JUL 1   7692                      8589   -897     7865

 COOLING
  YESTERDAY        0                         1     -1        0
  MONTH TO DATE   18                         1     17       29
  SINCE JUN 1     18                         1     17       29
  SINCE JAN 1     18                         1     17       29
..................................................................


WIND (MPH)
  HIGHEST WIND SPEED    25   HIGHEST WIND DIRECTION    SW (220)
  HIGHEST GUST SPEED    33   HIGHEST GUST DIRECTION     W (250)
  AVERAGE WIND SPEED    12.5


SKY COVER
  POSSIBLE SUNSHINE  MM
  AVERAGE SKY COVER 0.0


WEATHER CONDITIONS
 THE FOLLOWING WEATHER WAS RECORDED YESTERDAY.
  NO SIGNIFICANT WEATHER WAS OBSERVED.


RELATIVE HUMIDITY (PERCENT)
 HIGHEST    82           400 AM
 LOWEST      7          1200 PM
 AVERAGE    45

..........................................................


THE ALAMOSA CO CLIMATE NORMALS FOR TODAY
                         NORMAL    RECORD    YEAR
 MAXIMUM TEMPERATURE (F)   82        93      1990
 MINIMUM TEMPERATURE (F)   44        28      1945


SUNRISE AND SUNSET
JUNE 29 2017..........SUNRISE   545 AM MDT   SUNSET   828 PM MDT
JUNE 30 2017..........SUNRISE   546 AM MDT   SUNSET   828 PM MDT


-  INDICATES NEGATIVE NUMBERS.
R  INDICATES RECORD WAS SET OR TIED.
MM INDICATES DATA IS MISSING.
T  INDICATES TRACE AMOUNT.




$$
