000
CDUS44 KAMA 300655
CLIAMA


CLIMATE REPORT
NATIONAL WEATHER SERVICE AMARILLO TX
147 AM CDT SAT JUL 30 2016


...................................

...THE AMARILLO CLIMATE SUMMARY FOR JULY 29 2016...

CLIMATE NORMAL PERIOD 1981 TO 2010
CLIMATE RECORD PERIOD 1892 TO 2016


WEATHER ITEM   OBSERVED TIME   RECORD YEAR NORMAL DEPARTURE LAST
                VALUE   (LST)  VALUE       VALUE  FROM      YEAR
                                                  NORMAL
..................................................................
TEMPERATURE (F)
 YESTERDAY
  MAXIMUM         90    538 PM 102    2001  91     -1       86
  MINIMUM         63   1017 PM  53    2005  65     -2       65
  AVERAGE         77                        78     -1       76

PRECIPITATION (IN)
  YESTERDAY        1.60          3.47 1997   0.10   1.50     0.00
  MONTH TO DATE    3.34                      2.63   0.71     5.85
  SINCE JUN 1      4.72                      5.79  -1.07     9.74
  SINCE JAN 1     10.61                     12.15  -1.54    24.29

SNOWFALL (IN)
  YESTERDAY        0.0           T    2009   0.0    0.0      0.0
                                      1997
  MONTH TO DATE    T                         0.0    0.0      0.0
  SINCE JUN 1      T                         0.0    0.0      0.0
  SINCE JUL 1      T                         0.0    0.0      0.0
  SNOW DEPTH       0

DEGREE DAYS
 HEATING
  YESTERDAY        0                         0      0        0
  MONTH TO DATE    0                         0      0        0
  SINCE JUN 1      0                         7     -7        0
  SINCE JUL 1      0                         0      0        0

 COOLING
  YESTERDAY       12                        13     -1       11
  MONTH TO DATE  531                       385    146      395
  SINCE JUN 1    907                       673    234      704
  SINCE JAN 1    995                       798    197      753
..................................................................


WIND (MPH)
  RESULTANT WIND SPEED  10   RESULTANT WIND DIRECTION  SE (150)
  HIGHEST WIND SPEED    37   HIGHEST WIND DIRECTION    NW (320)
  HIGHEST GUST SPEED    49   HIGHEST GUST DIRECTION     N (350)
  AVERAGE WIND SPEED    15.5


SKY COVER
  AVERAGE SKY COVER 0.1


WEATHER CONDITIONS
 THE FOLLOWING WEATHER WAS RECORDED YESTERDAY.
  THUNDERSTORM
  HEAVY RAIN
  RAIN
  LIGHT RAIN
  FOG


RELATIVE HUMIDITY (PERCENT)
 HIGHEST    87           700 AM
 LOWEST     38           600 PM
 AVERAGE    63

..........................................................


THE AMARILLO CLIMATE NORMALS FOR TODAY
                         NORMAL    RECORD    YEAR
 MAXIMUM TEMPERATURE (F)   91       104      1969
 MINIMUM TEMPERATURE (F)   65        55      1971


SUNRISE AND SUNSET
JULY 30 2016..........SUNRISE   655 AM CDT   SUNSET   851 PM CDT
JULY 31 2016..........SUNRISE   655 AM CDT   SUNSET   850 PM CDT


-  INDICATES NEGATIVE NUMBERS.
R  INDICATES RECORD WAS SET OR TIED.
MM INDICATES DATA IS MISSING.
T  INDICATES TRACE AMOUNT.




$$
