000
CDUS44 KAMA 300641
CLIAMA


CLIMATE REPORT
NATIONAL WEATHER SERVICE AMARILLO TX
140 AM CDT SAT APR 30 2016


...................................

...THE AMARILLO CLIMATE SUMMARY FOR APRIL 29 2016...

CLIMATE NORMAL PERIOD 1981 TO 2010
CLIMATE RECORD PERIOD 1892 TO 2016


WEATHER ITEM   OBSERVED TIME   RECORD YEAR NORMAL DEPARTURE LAST
                VALUE   (LST)  VALUE       VALUE  FROM      YEAR
                                                  NORMAL
..................................................................
TEMPERATURE (F)
 YESTERDAY
  MAXIMUM         58    448 PM  94    2013  75    -17       70
                                      2011
                                      1910
  MINIMUM         42   1159 PM  30    1907  46     -4       40
                                      1903
  AVERAGE         50                        60    -10       55

PRECIPITATION (IN)
  YESTERDAY        1.16          1.56 1901   0.05   1.11     0.00
  MONTH TO DATE    3.32                      1.35   1.97     2.97
  SINCE MAR 1      3.59                      2.74   0.85     3.18
  SINCE JAN 1      4.28                      4.02   0.26     5.26

SNOWFALL (IN)
  YESTERDAY        0.0           0.2  1903   0.0    0.0      0.0
  MONTH TO DATE    0.0                       0.7   -0.7       T
  SINCE MAR 1      1.3                       3.6   -2.3      0.1
  SINCE JUL 1     13.4                      17.6   -4.2     23.9
  SNOW DEPTH       0

DEGREE DAYS
 HEATING
  YESTERDAY       15                         6      9       10
  MONTH TO DATE  208                       275    -67      187
  SINCE MAR 1    578                       807   -229      627
  SINCE JUL 1   3319                      4084   -765     3752

 COOLING
  YESTERDAY        0                         1     -1        0
  MONTH TO DATE    8                        15     -7       20
  SINCE MAR 1     10                        17     -7       22
  SINCE JAN 1     11                        17     -6       22
..................................................................


WIND (MPH)
  RESULTANT WIND SPEED   9   RESULTANT WIND DIRECTION   N (20)
  HIGHEST WIND SPEED    30   HIGHEST WIND DIRECTION    NE (50)
  HIGHEST GUST SPEED    36   HIGHEST GUST DIRECTION    NE (50)
  AVERAGE WIND SPEED    16.2


SKY COVER
  AVERAGE SKY COVER 0.8


WEATHER CONDITIONS
 THE FOLLOWING WEATHER WAS RECORDED YESTERDAY.
  THUNDERSTORM
  HEAVY RAIN
  RAIN
  LIGHT RAIN
  FOG


RELATIVE HUMIDITY (PERCENT)
 HIGHEST    93           400 AM
 LOWEST     66           600 PM
 AVERAGE    80

..........................................................


THE AMARILLO CLIMATE NORMALS FOR TODAY
                         NORMAL    RECORD    YEAR
 MAXIMUM TEMPERATURE (F)   75        97      2013
 MINIMUM TEMPERATURE (F)   46        23      1907


SUNRISE AND SUNSET
APRIL 30 2016.........SUNRISE   656 AM CDT   SUNSET   832 PM CDT
MAY  1 2016...........SUNRISE   655 AM CDT   SUNSET   833 PM CDT


-  INDICATES NEGATIVE NUMBERS.
R  INDICATES RECORD WAS SET OR TIED.
MM INDICATES DATA IS MISSING.
T  INDICATES TRACE AMOUNT.




$$
