000
CDUS44 KAMA 240630
CLIAMA


CLIMATE REPORT
NATIONAL WEATHER SERVICE AMARILLO TX
127 AM CDT MON APR 24 2017


...................................

...THE AMARILLO CLIMATE SUMMARY FOR APRIL 23 2017...

CLIMATE NORMAL PERIOD 1981 TO 2010
CLIMATE RECORD PERIOD 1892 TO 2017


WEATHER ITEM   OBSERVED TIME   RECORD YEAR NORMAL DEPARTURE LAST
                VALUE   (LST)  VALUE       VALUE  FROM      YEAR
                                                  NORMAL
..................................................................
TEMPERATURE (F)
 YESTERDAY
  MAXIMUM         72    406 PM  93    2006  73     -1       83
                                      1989
                                      1965
  MINIMUM         32    536 AM  25    2013  44    -12       51
  AVERAGE         52                        59     -7       67

PRECIPITATION (IN)
  YESTERDAY        0.00          2.61 1911   0.05  -0.05     0.00
  MONTH TO DATE    0.32                      1.03  -0.71     2.16
  SINCE MAR 1      2.30                      2.42  -0.12     2.43
  SINCE JAN 1      5.98                      3.70   2.28     3.12

SNOWFALL (IN)
  YESTERDAY        0.0           1.2  1913   0.0    0.0      0.0
  MONTH TO DATE    0.0                       0.6   -0.6      0.0
  SINCE MAR 1      0.0                       3.5   -3.5      1.3
  SINCE JUL 1      8.0                      17.5   -9.5     13.4
  SNOW DEPTH       0

DEGREE DAYS
 HEATING
  YESTERDAY       13                         7      6        0
  MONTH TO DATE  165                       236    -71      177
  SINCE MAR 1    512                       768   -256      547
  SINCE JUL 1   3070                      4045   -975     3288

 COOLING
  YESTERDAY        0                         1     -1        2
  MONTH TO DATE   33                         9     24        5
  SINCE MAR 1     45                        11     34        7
  SINCE JAN 1     50                        11     39        8
..................................................................


WIND (MPH)
  RESULTANT WIND SPEED  11   RESULTANT WIND DIRECTION   S (180)
  HIGHEST WIND SPEED    30   HIGHEST WIND DIRECTION     S (170)
  HIGHEST GUST SPEED    36   HIGHEST GUST DIRECTION     S (170)
  AVERAGE WIND SPEED    13.3


SKY COVER
  AVERAGE SKY COVER 0.0


WEATHER CONDITIONS
 THE FOLLOWING WEATHER WAS RECORDED YESTERDAY.
  NO SIGNIFICANT WEATHER WAS OBSERVED.


RELATIVE HUMIDITY (PERCENT)
 HIGHEST    89           500 AM
 LOWEST     25           500 PM
 AVERAGE    57

..........................................................


THE AMARILLO CLIMATE NORMALS FOR TODAY
                         NORMAL    RECORD    YEAR
 MAXIMUM TEMPERATURE (F)   74        95      2012
 MINIMUM TEMPERATURE (F)   44        20      2013


SUNRISE AND SUNSET
APRIL 24 2017.........SUNRISE   703 AM CDT   SUNSET   827 PM CDT
APRIL 25 2017.........SUNRISE   702 AM CDT   SUNSET   828 PM CDT


-  INDICATES NEGATIVE NUMBERS.
R  INDICATES RECORD WAS SET OR TIED.
MM INDICATES DATA IS MISSING.
T  INDICATES TRACE AMOUNT.




$$
