882
CDUS44 KAMA 272232
CLIAMA


CLIMATE REPORT
NATIONAL WEATHER SERVICE AMARILLO TX
431 PM CST MON FEB 27 2017


...................................

...THE AMARILLO CLIMATE SUMMARY FOR FEBRUARY 27 2017...
VALID TODAY AS OF 0430 PM LOCAL TIME.

CLIMATE NORMAL PERIOD 1981 TO 2010
CLIMATE RECORD PERIOD 1892 TO 2017


WEATHER ITEM   OBSERVED TIME   RECORD YEAR NORMAL DEPARTURE LAST
                VALUE   (LST)  VALUE       VALUE  FROM      YEAR
                                                  NORMAL
..................................................................
TEMPERATURE (F)
 TODAY
  MAXIMUM         71    425 PM  80    1976  57     14       76
                                      1904
  MINIMUM         30    455 AM   6    1922  29      1       31
  AVERAGE         51                        43      8       54

PRECIPITATION (IN)
  TODAY            0.00          0.61 1966   0.02  -0.02     0.00
  MONTH TO DATE    0.51                      0.54  -0.03     0.50
  SINCE DEC 1      3.95                      1.97   1.98     1.47
  SINCE JAN 1      3.68                      1.26   2.42     0.69

SNOWFALL (IN)
  TODAY            0.0           3.4  1900   0.0    0.0      0.0
  MONTH TO DATE    1.1                       2.8   -1.7      3.2
  SINCE DEC 1      8.0                      11.2   -3.2     10.8
  SINCE JUL 1      8.0                      13.9   -5.9     12.1
  SNOW DEPTH       0

DEGREE DAYS
 HEATING
  TODAY           14                        22     -8       11
  MONTH TO DATE  472                       670   -198      523
  SINCE DEC 1   2085                      2411   -326     2065
  SINCE JUL 1   2550                      3255   -705     2724

 COOLING
  TODAY            0                         0      0        0
  MONTH TO DATE    5                         0      5        1
  SINCE DEC 1      5                         0      5        1
  SINCE JAN 1      5                         0      5        1
..................................................................


WIND (MPH)
  RESULTANT WIND SPEED  15   RESULTANT WIND DIRECTION  SW (220)
  HIGHEST WIND SPEED    30   HIGHEST WIND DIRECTION    SW (230)
  HIGHEST GUST SPEED    38   HIGHEST GUST DIRECTION    SW (220)
  AVERAGE WIND SPEED    15.0


SKY COVER
  AVERAGE SKY COVER 0.0


WEATHER CONDITIONS
 THE FOLLOWING WEATHER WAS RECORDED TODAY.
  NO SIGNIFICANT WEATHER WAS OBSERVED.


RELATIVE HUMIDITY (PERCENT)
 HIGHEST    69           500 AM
 LOWEST     13           400 PM
 AVERAGE    41

..........................................................


THE AMARILLO CLIMATE NORMALS FOR TOMORROW
                         NORMAL    RECORD    YEAR
 MAXIMUM TEMPERATURE (F)   58        83      2006
 MINIMUM TEMPERATURE (F)   29         3      1962
                                             1922


SUNRISE AND SUNSET
FEBRUARY 27 2017......SUNRISE   719 AM CST   SUNSET   641 PM CST
FEBRUARY 28 2017......SUNRISE   717 AM CST   SUNSET   642 PM CST


-  INDICATES NEGATIVE NUMBERS.
R  INDICATES RECORD WAS SET OR TIED.
MM INDICATES DATA IS MISSING.
T  INDICATES TRACE AMOUNT.




$$
