000
CDUS44 KAMA 210728
CLIAMA


CLIMATE REPORT
NATIONAL WEATHER SERVICE AMARILLO TX
126 AM CST TUE NOV 21 2017


...................................

...THE AMARILLO CLIMATE SUMMARY FOR NOVEMBER 20 2017...

CLIMATE NORMAL PERIOD 1981 TO 2010
CLIMATE RECORD PERIOD 1892 TO 2017


WEATHER ITEM   OBSERVED TIME   RECORD YEAR NORMAL DEPARTURE LAST
                VALUE   (LST)  VALUE       VALUE  FROM      YEAR
                                                  NORMAL
..................................................................
TEMPERATURE (F)
 YESTERDAY
  MAXIMUM         68    304 PM  85    2007  58     10       78
                                      1996
  MINIMUM         31    709 AM   4    1906  30      1       38
  AVERAGE         50                        44      6       58

PRECIPITATION (IN)
  YESTERDAY        0.00          1.08 1899   0.02  -0.02     0.00
  MONTH TO DATE    T                         0.59  -0.59     1.05
  SINCE SEP 1      5.60                      4.17   1.43     2.00
  SINCE JAN 1     26.48                     19.44   7.04    16.88

SNOWFALL (IN)
  YESTERDAY        0.0           0.9  1906   0.1   -0.1      0.0
  MONTH TO DATE    T                         1.4   -1.4      0.0
  SINCE SEP 1      T                         1.6   -1.6      0.0
  SINCE JUL 1      T                         1.6   -1.6       T
  SNOW DEPTH       0

DEGREE DAYS
 HEATING
  YESTERDAY       15                        21     -6        7
  MONTH TO DATE  230                       331   -101      206
  SINCE SEP 1    498                       610   -112      292
  SINCE JUL 1    498                       611   -113      292

 COOLING
  YESTERDAY        0                         0      0        0
  MONTH TO DATE    8                         0      8        3
  SINCE SEP 1    240                       206     34      320
  SINCE JAN 1   1487                      1398     89     1694
..................................................................


WIND (MPH)
  RESULTANT WIND SPEED   8   RESULTANT WIND DIRECTION   S (200)
  HIGHEST WIND SPEED    18   HIGHEST WIND DIRECTION    SW (230)
  HIGHEST GUST SPEED    25   HIGHEST GUST DIRECTION    SW (220)
  AVERAGE WIND SPEED    10.0


SKY COVER
  AVERAGE SKY COVER 0.0


WEATHER CONDITIONS
 THE FOLLOWING WEATHER WAS RECORDED YESTERDAY.
  NO SIGNIFICANT WEATHER WAS OBSERVED.


RELATIVE HUMIDITY (PERCENT)
 HIGHEST    63           700 AM
 LOWEST     12           300 PM
 AVERAGE    38

..........................................................


THE AMARILLO CLIMATE NORMALS FOR TODAY
                         NORMAL    RECORD    YEAR
 MAXIMUM TEMPERATURE (F)   57        81      1966
 MINIMUM TEMPERATURE (F)   30         4      1906


SUNRISE AND SUNSET
NOVEMBER 21 2017......SUNRISE   728 AM CST   SUNSET   537 PM CST
NOVEMBER 22 2017......SUNRISE   729 AM CST   SUNSET   537 PM CST


-  INDICATES NEGATIVE NUMBERS.
R  INDICATES RECORD WAS SET OR TIED.
MM INDICATES DATA IS MISSING.
T  INDICATES TRACE AMOUNT.




$$
