797
CDUS44 KAMA 310640
CLIAMA


CLIMATE REPORT
NATIONAL WEATHER SERVICE AMARILLO TX
136 AM CDT WED AUG 31 2016


...................................

...THE AMARILLO CLIMATE SUMMARY FOR AUGUST 30 2016...

CLIMATE NORMAL PERIOD 1981 TO 2010
CLIMATE RECORD PERIOD 1892 TO 2016


WEATHER ITEM   OBSERVED TIME   RECORD YEAR NORMAL DEPARTURE LAST
                VALUE   (LST)  VALUE       VALUE  FROM      YEAR
                                                  NORMAL
..................................................................
TEMPERATURE (F)
 YESTERDAY
  MAXIMUM         71    557 PM 103    2011  88    -17       87
  MINIMUM         64   1001 PM  48    1915  62      2       58
  AVERAGE         68                        75     -7       73

PRECIPITATION (IN)
  YESTERDAY        0.69          1.14 1903   0.07   0.62     0.00
  MONTH TO DATE    4.10                      2.83   1.27     3.68
  SINCE JUN 1      8.99                      8.83   0.16    14.16
  SINCE JAN 1     14.88                     15.19  -0.31    28.71

SNOWFALL (IN)
  YESTERDAY        0.0           0.0    MM   0.0    0.0      0.0
  MONTH TO DATE    0.0                       0.0    0.0      0.0
  SINCE JUN 1      T                         0.0    0.0      0.0
  SINCE JUL 1      T                         0.0    0.0      0.0
  SNOW DEPTH       0

DEGREE DAYS
 HEATING
  YESTERDAY        0                         0      0        0
  MONTH TO DATE    0                         0      0        0
  SINCE JUN 1      0                         7     -7        0
  SINCE JUL 1      0                         0      0        0

 COOLING
  YESTERDAY        3                        10     -7        8
  MONTH TO DATE  345                       357    -12      362
  SINCE JUN 1   1282                      1057    225     1087
  SINCE JAN 1   1370                      1182    188     1136
..................................................................


WIND (MPH)
  RESULTANT WIND SPEED   4   RESULTANT WIND DIRECTION   N (20)
  HIGHEST WIND SPEED    15   HIGHEST WIND DIRECTION     N (340)
  HIGHEST GUST SPEED    19   HIGHEST GUST DIRECTION     N (340)
  AVERAGE WIND SPEED     5.5


SKY COVER
  AVERAGE SKY COVER 0.7


WEATHER CONDITIONS
 THE FOLLOWING WEATHER WAS RECORDED YESTERDAY.
  HEAVY RAIN
  RAIN
  LIGHT RAIN
  FOG


RELATIVE HUMIDITY (PERCENT)
 HIGHEST   100           700 AM
 LOWEST     79           600 PM
 AVERAGE    90

..........................................................


THE AMARILLO CLIMATE NORMALS FOR TODAY
                         NORMAL    RECORD    YEAR
 MAXIMUM TEMPERATURE (F)   88       104      2014
 MINIMUM TEMPERATURE (F)   62        49      1915


SUNRISE AND SUNSET
AUGUST 31 2016........SUNRISE   719 AM CDT   SUNSET   814 PM CDT
SEPTEMBER  1 2016.....SUNRISE   720 AM CDT   SUNSET   813 PM CDT


-  INDICATES NEGATIVE NUMBERS.
R  INDICATES RECORD WAS SET OR TIED.
MM INDICATES DATA IS MISSING.
T  INDICATES TRACE AMOUNT.




$$
