000
CDUS44 KAMA 010732
CLIAMA


CLIMATE REPORT
NATIONAL WEATHER SERVICE AMARILLO TX
129 AM CST SUN MAR 1 2015


...................................

...THE AMARILLO CLIMATE SUMMARY FOR FEBRUARY 28 2015...

CLIMATE NORMAL PERIOD 1981 TO 2010
CLIMATE RECORD PERIOD 1892 TO 2015


WEATHER ITEM   OBSERVED TIME   RECORD YEAR NORMAL DEPARTURE LAST
                VALUE   (LST)  VALUE       VALUE  FROM      YEAR
                                                  NORMAL
..................................................................
TEMPERATURE (F)
 YESTERDAY
  MAXIMUM         25    433 PM  83    2006  58    -33       74
  MINIMUM         11    809 AM   3    1962  29    -18       43
                                      1922
  AVERAGE         18                        44    -26       59

PRECIPITATION (IN)
  YESTERDAY        0.02          1.02 1931   0.02   0.00     0.01
  MONTH TO DATE    0.47                      0.56  -0.09     0.36
  SINCE DEC 1      2.21                      1.99   0.22     0.71
  SINCE JAN 1      2.08                      1.28   0.80     0.39

SNOWFALL (IN)
  YESTERDAY        0.2           4.6  1922   0.1    0.1      0.0
  MONTH TO DATE    6.8                       2.9    3.9      4.7
  SINCE DEC 1     21.3                      11.3    RRR      7.8
  SINCE JUL 1     23.8                      14.0    9.8     12.1
  SNOW DEPTH       2

DEGREE DAYS
 HEATING
  YESTERDAY       47                        22     25        6
  MONTH TO DATE  685                       692     -7      755
  SINCE DEC 1   2331                      2433   -102     2515
  SINCE JUL 1   3125                      3277   -152     3353

 COOLING
  YESTERDAY        0                         0      0        0
  MONTH TO DATE    0                         0      0        0
  SINCE DEC 1      0                         0      0        0
  SINCE JAN 1      0                         0      0        0
..................................................................


WIND (MPH)
  RESULTANT WIND SPEED  10   RESULTANT WIND DIRECTION   S (180)
  HIGHEST WIND SPEED    15   HIGHEST WIND DIRECTION     S (200)
  HIGHEST GUST SPEED    19   HIGHEST GUST DIRECTION     S (170)
  AVERAGE WIND SPEED    10.4


SKY COVER
  AVERAGE SKY COVER 1.0


WEATHER CONDITIONS
 THE FOLLOWING WEATHER WAS RECORDED YESTERDAY.
  LIGHT SNOW
  FOG


RELATIVE HUMIDITY (PERCENT)
 HIGHEST   100          1100 PM
 LOWEST     81           400 PM
 AVERAGE    91

..........................................................


THE AMARILLO CLIMATE NORMALS FOR TODAY
                         NORMAL    RECORD    YEAR
 MAXIMUM TEMPERATURE (F)   58        83      1941
 MINIMUM TEMPERATURE (F)   30        -2      1903


SUNRISE AND SUNSET
MARCH  1 2015.........SUNRISE   717 AM CST   SUNSET   642 PM CST
MARCH  2 2015.........SUNRISE   715 AM CST   SUNSET   643 PM CST


-  INDICATES NEGATIVE NUMBERS.
R  INDICATES RECORD WAS SET OR TIED.
MM INDICATES DATA IS MISSING.
T  INDICATES TRACE AMOUNT.




$$
