000
CDUS42 KJAX 050531
CLIAMG


CLIMATE REPORT
NATIONAL WEATHER SERVICE JACKSONVILLE FL
1230 AM EST THU MAR 5 2015


...................................

...THE ALMA CLIMATE SUMMARY FOR MARCH 4 2015...

CLIMATE NORMAL PERIOD 1981 TO 2010
CLIMATE RECORD PERIOD 1948 TO 2015


WEATHER ITEM   OBSERVED TIME   RECORD YEAR NORMAL DEPARTURE LAST
                VALUE   (LST)  VALUE       VALUE  FROM      YEAR
                                                  NORMAL
..................................................................
TEMPERATURE (F)
 YESTERDAY
  MAXIMUM         83    437 PM  86    1961  69     14       51
  MINIMUM         58    624 AM  22    1980  46     12       40
  AVERAGE         71                        58     13       46

PRECIPITATION (IN)
  YESTERDAY        0.00          1.80 1988   0.16  -0.16     0.00
  MONTH TO DATE    T                         0.66  -0.66     0.04
  SINCE MAR 1      T                         0.66  -0.66     0.04
  SINCE JAN 1      5.83                      8.72  -2.89     3.56

SNOWFALL (IN)
  YESTERDAY        0.0           0.0    MM   0.0    0.0      0.0
  MONTH TO DATE    0.0                       0.0    0.0      0.0
  SINCE MAR 1      0.0                       0.0    0.0      0.0
  SINCE JUL 1      0.0                       0.1   -0.1       T
  SNOW DEPTH       0

DEGREE DAYS
 HEATING
  YESTERDAY        0                         8     -8       19
  MONTH TO DATE   21                        33    -12       40
  SINCE MAR 1     21                        33    -12       40
  SINCE JUL 1   1696                      1434    262     1507

 COOLING
  YESTERDAY        6                         1      5        0
  MONTH TO DATE    9                         4      5        0
  SINCE MAR 1      9                         4      5        0
  SINCE JAN 1     12                        20     -8        8
..................................................................


WIND (MPH)
  HIGHEST WIND SPEED    21   HIGHEST WIND DIRECTION     S (200)
  HIGHEST GUST SPEED    26   HIGHEST GUST DIRECTION    SW (210)
  AVERAGE WIND SPEED     8.4


SKY COVER
  POSSIBLE SUNSHINE  MM
  AVERAGE SKY COVER 0.3


WEATHER CONDITIONS
 THE FOLLOWING WEATHER WAS RECORDED YESTERDAY.
  FOG


RELATIVE HUMIDITY (PERCENT)
 HIGHEST   100          1200 AM
 LOWEST     43           400 PM
 AVERAGE    72

..........................................................


THE ALMA CLIMATE NORMALS FOR TODAY
                         NORMAL    RECORD    YEAR
 MAXIMUM TEMPERATURE (F)   70        87      1989
 MINIMUM TEMPERATURE (F)   46        24      2002


SUNRISE AND SUNSET
MARCH  5 2015.........SUNRISE   653 AM EST   SUNSET   631 PM EST
MARCH  6 2015.........SUNRISE   651 AM EST   SUNSET   632 PM EST


-  INDICATES NEGATIVE NUMBERS.
R  INDICATES RECORD WAS SET OR TIED.
MM INDICATES DATA IS MISSING.
T  INDICATES TRACE AMOUNT.




$$
