000
CDUS42 KJAX 220535
CLIAMG


CLIMATE REPORT
NATIONAL WEATHER SERVICE JACKSONVILLE FL
134 AM EDT WED OCT 22 2014


...................................

...THE ALMA CLIMATE SUMMARY FOR OCTOBER 21 2014...

CLIMATE NORMAL PERIOD 1981 TO 2010
CLIMATE RECORD PERIOD 1948 TO 2014


WEATHER ITEM   OBSERVED TIME   RECORD YEAR NORMAL DEPARTURE LAST
                VALUE   (LST)  VALUE       VALUE  FROM      YEAR
                                                  NORMAL
..................................................................
TEMPERATURE (F)
 YESTERDAY
  MAXIMUM         81    400 PM  90    1963  78      3       73
  MINIMUM         53    653 AM  30    1954  56     -3       61
  AVERAGE         67                        67      0       67

PRECIPITATION (IN)
  YESTERDAY        0.00          1.37 1959   0.10  -0.10     0.00
  MONTH TO DATE    1.72                      2.16  -0.44     0.60
  SINCE SEP 1      5.04                      5.80  -0.76     2.72
  SINCE JAN 1     32.90                     40.01  -7.11    45.59

SNOWFALL (IN)
  YESTERDAY        0.0           0.0    MM   0.0    0.0      0.0
  MONTH TO DATE    0.0                       0.0    0.0      0.0
  SINCE SEP 1      0.0                       0.0    0.0      0.0
  SINCE JUL 1      0.0                       0.0    0.0      0.0
  SNOW DEPTH       0

DEGREE DAYS
 HEATING
  YESTERDAY        0                         2     -2        0
  MONTH TO DATE   19                        20     -1        0
  SINCE SEP 1     21                        22     -1        0
  SINCE JUL 1     21                        22     -1        0

 COOLING
  YESTERDAY        2                         4     -2        2
  MONTH TO DATE  124                       125     -1      135
  SINCE SEP 1    507                       488     19      513
  SINCE JAN 1   2414                      2395     19     2290
..................................................................


WIND (MPH)
  HIGHEST WIND SPEED    13   HIGHEST WIND DIRECTION    NW (300)
  HIGHEST GUST SPEED    16   HIGHEST GUST DIRECTION     W (260)
  AVERAGE WIND SPEED     2.8


SKY COVER
  POSSIBLE SUNSHINE  MM
  AVERAGE SKY COVER 0.0


WEATHER CONDITIONS
 THE FOLLOWING WEATHER WAS RECORDED YESTERDAY.
  FOG
  HAZE


RELATIVE HUMIDITY (PERCENT)
 HIGHEST    97           200 AM
 LOWEST     35           200 PM
 AVERAGE    66

..........................................................


THE ALMA CLIMATE NORMALS FOR TODAY
                         NORMAL    RECORD    YEAR
 MAXIMUM TEMPERATURE (F)   78        88      1984
 MINIMUM TEMPERATURE (F)   55        35      1954


SUNRISE AND SUNSET
OCTOBER 22 2014.......SUNRISE   738 AM EDT   SUNSET   650 PM EDT
OCTOBER 23 2014.......SUNRISE   739 AM EDT   SUNSET   649 PM EDT


-  INDICATES NEGATIVE NUMBERS.
R  INDICATES RECORD WAS SET OR TIED.
MM INDICATES DATA IS MISSING.
T  INDICATES TRACE AMOUNT.




$$
