000
CDUS42 KJAX 110531
CLIAMG


CLIMATE REPORT
NATIONAL WEATHER SERVICE JACKSONVILLE FL
1230 AM EST THU FEB 11 2016


...................................

...THE ALMA CLIMATE SUMMARY FOR FEBRUARY 10 2016...

CLIMATE NORMAL PERIOD 1981 TO 2010
CLIMATE RECORD PERIOD 1948 TO 2016


WEATHER ITEM   OBSERVED TIME   RECORD YEAR NORMAL DEPARTURE LAST
                VALUE   (LST)  VALUE       VALUE  FROM      YEAR
                                                  NORMAL
..................................................................
TEMPERATURE (F)
 YESTERDAY
  MAXIMUM         45    428 PM  82    1994  65    -20       57
  MINIMUM         30    818 AM  21    1971  42    -12       42
  AVERAGE         38                        53    -15       50

PRECIPITATION (IN)
  YESTERDAY        0.00          1.77 1973   0.13  -0.13     0.00
  MONTH TO DATE    3.36                      1.35   2.01     1.05
  SINCE DEC 1      9.92                      8.90   1.02     7.68
  SINCE JAN 1      7.95                      5.61   2.34     3.26

SNOWFALL (IN)
  YESTERDAY        0.0           4.4  1973   0.0    0.0      0.0
  MONTH TO DATE    0.0                       0.0    0.0      0.0
  SINCE DEC 1      0.0                       0.1   -0.1      0.0
  SINCE JUL 1      0.0                       0.1   -0.1      0.0
  SNOW DEPTH       0

DEGREE DAYS
 HEATING
  YESTERDAY       27                        12     15       15
  MONTH TO DATE  139                       126     13      154
  SINCE DEC 1    780                       971   -191      954
  SINCE JUL 1    898                      1215   -317     1352

 COOLING
  YESTERDAY        0                         0      0        0
  MONTH TO DATE    9                         0      9        0
  SINCE DEC 1    106                        16     90        4
  SINCE JAN 1      9                         5      4        3
..................................................................


WIND (MPH)
  HIGHEST WIND SPEED    22   HIGHEST WIND DIRECTION     W (290)
  HIGHEST GUST SPEED    29   HIGHEST GUST DIRECTION     W (290)
  AVERAGE WIND SPEED     9.6


SKY COVER
  POSSIBLE SUNSHINE  MM
  AVERAGE SKY COVER 0.0


WEATHER CONDITIONS
 THE FOLLOWING WEATHER WAS RECORDED YESTERDAY.
  NO SIGNIFICANT WEATHER WAS OBSERVED.


RELATIVE HUMIDITY (PERCENT)
 HIGHEST    78           100 AM
 LOWEST     29           200 PM
 AVERAGE    54

..........................................................


THE ALMA CLIMATE NORMALS FOR TODAY
                         NORMAL    RECORD    YEAR
 MAXIMUM TEMPERATURE (F)   65        80      1965
 MINIMUM TEMPERATURE (F)   42        22      1971


SUNRISE AND SUNSET
FEBRUARY 11 2016......SUNRISE   716 AM EST   SUNSET   613 PM EST
FEBRUARY 12 2016......SUNRISE   715 AM EST   SUNSET   614 PM EST


-  INDICATES NEGATIVE NUMBERS.
R  INDICATES RECORD WAS SET OR TIED.
MM INDICATES DATA IS MISSING.
T  INDICATES TRACE AMOUNT.




$$
