000
CDUS42 KJAX 230631
CLIAMG


CLIMATE REPORT
NATIONAL WEATHER SERVICE JACKSONVILLE FL
131 AM EST THU NOV 23 2017


...................................

...THE ALMA CLIMATE SUMMARY FOR NOVEMBER 22 2017...

CLIMATE NORMAL PERIOD 1981 TO 2010
CLIMATE RECORD PERIOD 1948 TO 2017


WEATHER ITEM   OBSERVED TIME   RECORD YEAR NORMAL DEPARTURE LAST
                VALUE   (LST)  VALUE       VALUE  FROM      YEAR
                                                  NORMAL
..................................................................
TEMPERATURE (F)
 YESTERDAY
  MAXIMUM         70    137 PM  83    2011  70      0       69
  MINIMUM         58   1242 AM  26    1981  47     11       30
  AVERAGE         64                        58      6       50

PRECIPITATION (IN)
  YESTERDAY        0.00          0.92 2009   0.08  -0.08     0.00
  MONTH TO DATE    0.70                      1.78  -1.08     0.00
  SINCE SEP 1     10.38                      8.45   1.93     7.49
  SINCE JAN 1     38.78                     42.66  -3.88    39.49

SNOWFALL (IN)
  YESTERDAY        0.0           0.0    MM   0.0    0.0      0.0
  MONTH TO DATE    0.0                       0.0    0.0      0.0
  SINCE SEP 1      0.0                       0.0    0.0      0.0
  SINCE JUL 1      0.0                       0.0    0.0      0.0
  SNOW DEPTH       0

DEGREE DAYS
 HEATING
  YESTERDAY        1                         8     -7       15
  MONTH TO DATE  107                       124    -17      141
  SINCE SEP 1    158                       174    -16      157
  SINCE JUL 1    158                       174    -16      157

 COOLING
  YESTERDAY        0                         1     -1        0
  MONTH TO DATE   32                        34     -2       22
  SINCE SEP 1    682                       552    130      603
  SINCE JAN 1   2853                      2459    394     2684
..................................................................


WIND (MPH)
  HIGHEST WIND SPEED    12   HIGHEST WIND DIRECTION     N (350)
  HIGHEST GUST SPEED    15   HIGHEST GUST DIRECTION     N (360)
  AVERAGE WIND SPEED     2.8


SKY COVER
  POSSIBLE SUNSHINE  MM
  AVERAGE SKY COVER 0.7


WEATHER CONDITIONS
 THE FOLLOWING WEATHER WAS RECORDED YESTERDAY.
  FOG
  FOG W/VISIBILITY <= 1/4 MILE


RELATIVE HUMIDITY (PERCENT)
 HIGHEST   100          1200 AM
 LOWEST     73          1200 PM
 AVERAGE    87

..........................................................


THE ALMA CLIMATE NORMALS FOR TODAY
                         NORMAL    RECORD    YEAR
 MAXIMUM TEMPERATURE (F)   69        82      2010
 MINIMUM TEMPERATURE (F)   46        22      1956


SUNRISE AND SUNSET
NOVEMBER 23 2017......SUNRISE   705 AM EST   SUNSET   528 PM EST
NOVEMBER 24 2017......SUNRISE   706 AM EST   SUNSET   527 PM EST


-  INDICATES NEGATIVE NUMBERS.
R  INDICATES RECORD WAS SET OR TIED.
MM INDICATES DATA IS MISSING.
T  INDICATES TRACE AMOUNT.




$$
