000
CDUS42 KJAX 240557
CLIAMG


CLIMATE REPORT
NATIONAL WEATHER SERVICE JACKSONVILLE FL
156 AM EDT WED MAY 24 2017


...................................

...THE ALMA CLIMATE SUMMARY FOR MAY 23 2017...

CLIMATE NORMAL PERIOD 1981 TO 2010
CLIMATE RECORD PERIOD 1948 TO 2017


WEATHER ITEM   OBSERVED TIME   RECORD YEAR NORMAL DEPARTURE LAST
                VALUE   (LST)  VALUE       VALUE  FROM      YEAR
                                                  NORMAL
..................................................................
TEMPERATURE (F)
 YESTERDAY
  MAXIMUM         83    139 PM  97    2011  87     -4       84
                                      1962
  MINIMUM         72   1159 PM  48    2002  64      8       54
  AVERAGE         78                        76      2       69

PRECIPITATION (IN)
  YESTERDAY        0.84          2.08 2009   0.10   0.74     0.00
  MONTH TO DATE    2.66                      1.64   1.02     3.34
  SINCE MAR 1      5.66                      9.20  -3.54     9.53
  SINCE JAN 1     13.79                     17.26  -3.47    18.78

SNOWFALL (IN)
  YESTERDAY        0.0           0.0    MM   0.0    0.0      0.0
  MONTH TO DATE    0.0                       0.0    0.0      0.0
  SINCE MAR 1      0.0                       0.0    0.0      0.0
  SINCE JUL 1      0.0                       0.1   -0.1      0.0
  SNOW DEPTH       0

DEGREE DAYS
 HEATING
  YESTERDAY        0                         0      0        0
  MONTH TO DATE    3                         3      0        7
  SINCE MAR 1    227                       255    -28      176
  SINCE JUL 1   1083                      1656   -573     1274

 COOLING
  YESTERDAY       13                        11      2        4
  MONTH TO DATE  213                       182     31      180
  SINCE MAR 1    452                       320    132      353
  SINCE JAN 1    507                       336    171      366
..................................................................


WIND (MPH)
  HIGHEST WIND SPEED    23   HIGHEST WIND DIRECTION    NW (300)
  HIGHEST GUST SPEED    30   HIGHEST GUST DIRECTION    NW (300)
  AVERAGE WIND SPEED     7.8


SKY COVER
  POSSIBLE SUNSHINE  MM
  AVERAGE SKY COVER 0.8


WEATHER CONDITIONS
 THE FOLLOWING WEATHER WAS RECORDED YESTERDAY.
  THUNDERSTORM
  HEAVY RAIN
  LIGHT RAIN
  FOG
  FOG W/VISIBILITY <= 1/4 MILE
  HAZE


RELATIVE HUMIDITY (PERCENT)
 HIGHEST    93           100 AM
 LOWEST     69          1200 PM
 AVERAGE    81

..........................................................


THE ALMA CLIMATE NORMALS FOR TODAY
                         NORMAL    RECORD    YEAR
 MAXIMUM TEMPERATURE (F)   87        99      1960
 MINIMUM TEMPERATURE (F)   64        47      1954


SUNRISE AND SUNSET
MAY 24 2017...........SUNRISE   629 AM EDT   SUNSET   826 PM EDT
MAY 25 2017...........SUNRISE   628 AM EDT   SUNSET   826 PM EDT


-  INDICATES NEGATIVE NUMBERS.
R  INDICATES RECORD WAS SET OR TIED.
MM INDICATES DATA IS MISSING.
T  INDICATES TRACE AMOUNT.




$$
