000
CDUS44 KBMX 250838
CLIANB


CLIMATE REPORT
NATIONAL WEATHER SERVICE BIRMINGHAM, AL
338 AM CDT SAT MAR 25 2017


...................................

...THE ANNISTON CLIMATE SUMMARY FOR MARCH 24 2017...

CLIMATE NORMAL PERIOD 1981 TO 2010
CLIMATE RECORD PERIOD 1903 TO 2017


WEATHER ITEM   OBSERVED TIME   RECORD YEAR NORMAL DEPARTURE LAST
                VALUE   (LST)  VALUE       VALUE  FROM      YEAR
                                                  NORMAL
..................................................................
TEMPERATURE (F)
 YESTERDAY
  MAXIMUM         76    356 PM  84    2007  69      7       71
                                      1947
  MINIMUM         61    817 AM  24    1968  44     17       59
  AVERAGE         69                        56     13       65

PRECIPITATION (IN)
  YESTERDAY        0.00          2.29 1994   0.15  -0.15     0.26
  MONTH TO DATE    2.40                      3.90  -1.50     2.52
  SINCE MAR 1      2.40                      3.90  -1.50     2.52
  SINCE JAN 1     12.92                     13.50  -0.58    11.36

SNOWFALL (IN)
  YESTERDAY        0.0                       0.0             0.0
  MONTH TO DATE    0.0                       0.6             0.0
  SINCE MAR 1      0.0                       0.6             0.0
  SINCE JUL 1      0.0                       1.7              T

DEGREE DAYS
 HEATING
  YESTERDAY        0
  MONTH TO DATE  272
  SINCE MAR 1    272
  SINCE JUL 1   1745
..................................................................


WIND (MPH)
  HIGHEST WIND SPEED    14   HIGHEST WIND DIRECTION     E (100)
  HIGHEST GUST SPEED    19   HIGHEST GUST DIRECTION    SE (140)
  AVERAGE WIND SPEED     7.7


SKY COVER
  AVERAGE SKY COVER 0.7


WEATHER CONDITIONS
 THE FOLLOWING WEATHER WAS RECORDED YESTERDAY.
  NO SIGNIFICANT WEATHER WAS OBSERVED.


RELATIVE HUMIDITY (PERCENT)
 HIGHEST    72
 LOWEST     43
 AVERAGE    58

..........................................................


THE ANNISTON CLIMATE NORMALS FOR TODAY
                         NORMAL    RECORD    YEAR
 MAXIMUM TEMPERATURE (F)   69        88      2007
 MINIMUM TEMPERATURE (F)   45        28      2008
                                             1983
                                             1956


SUNRISE AND SUNSET
MARCH 25 2017.........SUNRISE   640 AM CDT   SUNSET   659 PM CDT
MARCH 26 2017.........SUNRISE   639 AM CDT   SUNSET   700 PM CDT


-  INDICATES NEGATIVE NUMBERS.
R  INDICATES RECORD WAS SET OR TIED.
MM INDICATES DATA IS MISSING.
T  INDICATES TRACE AMOUNT.




$$
