000
CDUS44 KBMX 230747
CLIANB


CLIMATE REPORT
NATIONAL WEATHER SERVICE BIRMINGHAM, AL
246 AM CDT SAT JUL 23 2016


...................................

...THE ANNISTON CLIMATE SUMMARY FOR JULY 22 2016...

CLIMATE NORMAL PERIOD 1981 TO 2010
CLIMATE RECORD PERIOD 1903 TO 2016


WEATHER ITEM   OBSERVED TIME   RECORD YEAR NORMAL DEPARTURE LAST
                VALUE   (LST)  VALUE       VALUE  FROM      YEAR
                                                  NORMAL
..................................................................
TEMPERATURE (F)
 YESTERDAY
  MAXIMUM         93    438 PM  99    1993  90      3       92
  MINIMUM         72    551 AM  58    1947  70      2       73
  AVERAGE         83                        80      3       83

PRECIPITATION (IN)
  YESTERDAY        0.00          1.88 1931   0.14  -0.14      T
  MONTH TO DATE    1.99                      3.31  -1.32     3.56
  SINCE JUN 1      3.55                      7.39  -3.84     6.19
  SINCE JAN 1     23.27                     30.32  -7.05    30.71

..................................................................


WIND (MPH)
  HIGHEST WIND SPEED     9   HIGHEST WIND DIRECTION    SW (220)
  HIGHEST GUST SPEED    12   HIGHEST GUST DIRECTION    SW (220)
  AVERAGE WIND SPEED     2.4


SKY COVER
  AVERAGE SKY COVER 0.1


WEATHER CONDITIONS
 THE FOLLOWING WEATHER WAS RECORDED YESTERDAY.
  NO SIGNIFICANT WEATHER WAS OBSERVED.


RELATIVE HUMIDITY (PERCENT)
 HIGHEST    93
 LOWEST     44
 AVERAGE    69

..........................................................


THE ANNISTON CLIMATE NORMALS FOR TODAY
                         NORMAL    RECORD    YEAR
 MAXIMUM TEMPERATURE (F)   90       104      1952
 MINIMUM TEMPERATURE (F)   70        54      1947


SUNRISE AND SUNSET
JULY 23 2016..........SUNRISE   550 AM CDT   SUNSET   750 PM CDT
JULY 24 2016..........SUNRISE   550 AM CDT   SUNSET   749 PM CDT


-  INDICATES NEGATIVE NUMBERS.
R  INDICATES RECORD WAS SET OR TIED.
MM INDICATES DATA IS MISSING.
T  INDICATES TRACE AMOUNT.




$$
