000
CDUS44 KBMX 210741
CLIANB


CLIMATE REPORT
NATIONAL WEATHER SERVICE BIRMINGHAM, AL
241 AM CDT SAT OCT 21 2017


...................................

...THE ANNISTON CLIMATE SUMMARY FOR OCTOBER 20 2017...

CLIMATE NORMAL PERIOD 1981 TO 2010
CLIMATE RECORD PERIOD 1903 TO 2017


WEATHER ITEM   OBSERVED TIME   RECORD YEAR NORMAL DEPARTURE LAST
                VALUE   (LST)  VALUE       VALUE  FROM      YEAR
                                                  NORMAL
..................................................................
TEMPERATURE (F)
 YESTERDAY
  MAXIMUM         79    317 PM  90    2016  74      5       90
  MINIMUM         45    606 AM  29    1948  50     -5       61
  AVERAGE         62                        62      0       76

PRECIPITATION (IN)
  YESTERDAY        0.00          0.97 2002   0.10  -0.10     0.00
  MONTH TO DATE    5.04                      1.95   3.09     0.00
  SINCE SEP 1      9.02                      4.88   4.14     0.61
  SINCE JAN 1     53.32                     39.80  13.52    26.47

SNOWFALL (IN)
  YESTERDAY        0.0                       0.0             0.0
  MONTH TO DATE    0.0                       0.0             0.0
  SINCE SEP 1      0.0                       0.0             0.0
  SINCE JUL 1      0.0                       0.0             0.0

DEGREE DAYS
 HEATING
  YESTERDAY        3
  MONTH TO DATE   21
  SINCE SEP 1     30
  SINCE JUL 1     30
..................................................................


WIND (MPH)
  HIGHEST WIND SPEED     8   HIGHEST WIND DIRECTION     E (70)
  HIGHEST GUST SPEED    11   HIGHEST GUST DIRECTION     E (90)
  AVERAGE WIND SPEED     3.0


SKY COVER
  AVERAGE SKY COVER 0.0


WEATHER CONDITIONS
 THE FOLLOWING WEATHER WAS RECORDED YESTERDAY.
  NO SIGNIFICANT WEATHER WAS OBSERVED.


RELATIVE HUMIDITY (PERCENT)
 HIGHEST    93
 LOWEST     25
 AVERAGE    59

..........................................................


THE ANNISTON CLIMATE NORMALS FOR TODAY
                         NORMAL    RECORD    YEAR
 MAXIMUM TEMPERATURE (F)   73        90      1953
 MINIMUM TEMPERATURE (F)   49        29      1952


SUNRISE AND SUNSET
OCTOBER 21 2017.......SUNRISE   653 AM CDT   SUNSET   602 PM CDT
OCTOBER 22 2017.......SUNRISE   654 AM CDT   SUNSET   601 PM CDT


-  INDICATES NEGATIVE NUMBERS.
R  INDICATES RECORD WAS SET OR TIED.
MM INDICATES DATA IS MISSING.
T  INDICATES TRACE AMOUNT.




$$
