000
CDUS44 KBMX 190742
CLIANB


CLIMATE REPORT
NATIONAL WEATHER SERVICE BIRMINGHAM, AL
241 AM CDT SAT AUG 19 2017


...................................

...THE ANNISTON CLIMATE SUMMARY FOR AUGUST 18 2017...

CLIMATE NORMAL PERIOD 1981 TO 2010
CLIMATE RECORD PERIOD 1903 TO 2017


WEATHER ITEM   OBSERVED TIME   RECORD YEAR NORMAL DEPARTURE LAST
                VALUE   (LST)  VALUE       VALUE  FROM      YEAR
                                                  NORMAL
..................................................................
TEMPERATURE (F)
 YESTERDAY
  MAXIMUM         90    237 PM 101    2000  90      0       94
  MINIMUM         71   1151 PM  59    1961  70      1       72
                                      1958
  AVERAGE         81                        80      1       83

PRECIPITATION (IN)
  YESTERDAY        0.00          1.23 1942   0.10  -0.10     0.04
  MONTH TO DATE    4.22                      1.98   2.24     1.41
  SINCE JUN 1     16.89                     10.68   6.21     5.99
  SINCE JAN 1     42.81                     33.61   9.20    25.71

..................................................................


WIND (MPH)
  HIGHEST WIND SPEED    14   HIGHEST WIND DIRECTION     N (340)
  HIGHEST GUST SPEED    19   HIGHEST GUST DIRECTION     W (270)
  AVERAGE WIND SPEED     3.8


SKY COVER
  AVERAGE SKY COVER 0.3


WEATHER CONDITIONS
 THE FOLLOWING WEATHER WAS RECORDED YESTERDAY.
  NO SIGNIFICANT WEATHER WAS OBSERVED.


RELATIVE HUMIDITY (PERCENT)
 HIGHEST    94
 LOWEST     44
 AVERAGE    69

..........................................................


THE ANNISTON CLIMATE NORMALS FOR TODAY
                         NORMAL    RECORD    YEAR
 MAXIMUM TEMPERATURE (F)   90       100      1999
                                             1995
 MINIMUM TEMPERATURE (F)   70        59      1976


SUNRISE AND SUNSET
AUGUST 19 2017........SUNRISE   609 AM CDT   SUNSET   725 PM CDT
AUGUST 20 2017........SUNRISE   609 AM CDT   SUNSET   724 PM CDT


-  INDICATES NEGATIVE NUMBERS.
R  INDICATES RECORD WAS SET OR TIED.
MM INDICATES DATA IS MISSING.
T  INDICATES TRACE AMOUNT.




$$
