000
CDAK48 PAFC 241311
CLIANC

CLIMATE REPORT
NATIONAL WEATHER SERVICE ANCHORAGE, AK
410 AM AKST TUE JAN 24 2017


...................................

...THE ANCHORAGE AK CLIMATE SUMMARY FOR JANUARY 23 2017...

CLIMATE NORMAL PERIOD 1981 TO 2010
CLIMATE RECORD PERIOD 1952 TO 2017


WEATHER ITEM   OBSERVED TIME   RECORD YEAR NORMAL DEPARTURE LAST
                VALUE   (LST)  VALUE       VALUE  FROM      YEAR
                                                  NORMAL
..................................................................
TEMPERATURE (F)
 YESTERDAY
  MAXIMUM         21   1159 PM  48    2014  23     -2       27
                                      1977
  MINIMUM         -1   1242 AM -24    1973  11    -12       20
  AVERAGE         10                        17     -7       24

PRECIPITATION (IN)
  YESTERDAY        0.04          0.50 2014   0.02   0.02
  MONTH TO DATE    1.35                      0.53   0.82
  SINCE DEC 1      2.82                      1.64   1.18
  SINCE JAN 1      1.35                      0.53   0.82

SNOWFALL (IN)
  YESTERDAY        1.7           3.8  2007   0.4    1.3       T
  MONTH TO DATE   25.5                       8.3   17.2      3.5
  SINCE DEC 1     42.4                      25.0   17.4      6.1
  SINCE JUL 1     46.3                      46.4   -0.1     25.8
  SNOW DEPTH      25

DEGREE DAYS
 HEATING
  YESTERDAY       55                                7
  MONTH TO DATE 1292                              191
  SINCE DEC 1   2801                              274
  SINCE JUL 1   5454                             -237

 COOLING
  YESTERDAY        0                                0
  MONTH TO DATE    0                                0
  SINCE DEC 1      0                                0
  SINCE JAN 1      0                                0
..................................................................


WIND (MPH)
  HIGHEST WIND SPEED    15   HIGHEST WIND DIRECTION    NW (330)
  HIGHEST GUST SPEED    19   HIGHEST GUST DIRECTION     N (340)
  AVERAGE WIND SPEED     6.5




RELATIVE HUMIDITY (PERCENT)
 HIGHEST    95
 LOWEST     67
 AVERAGE    81

..........................................................


THE ANCHORAGE AK CLIMATE NORMALS FOR TODAY
                         NORMAL    RECORD    YEAR
 MAXIMUM TEMPERATURE (F)   23        49      1977
 MINIMUM TEMPERATURE (F)   11       -27      1973


SUNRISE AND SUNSET
JANUARY 24 2017.......SUNRISE   938 AM AKST  SUNSET   447 PM AKST
JANUARY 25 2017.......SUNRISE   936 AM AKST  SUNSET   450 PM AKST

CIVIL TWILIGHT
JANUARY 24 2017         START    846 AM GMT     END    540 PM GMT
JANUARY 25 2017         START    844 AM GMT     END    542 PM GMT



-  INDICATES NEGATIVE NUMBERS.
R  INDICATES RECORD WAS SET OR TIED.
MM INDICATES DATA IS MISSING.
T  INDICATES TRACE AMOUNT.




$$
&&
------------------------------------------------------
AMOUNT OF DAYLIGHT TODAY  (HOUR:MIN)........ 7:09
GAIN/LOSS SINCE YESTERDAY (HOUR:MIN:SEC)....+0:04:54

$$
