000
CDAK48 PAFC 251237
CLIANC

CLIMATE REPORT
NATIONAL WEATHER SERVICE ANCHORAGE, AK
436 AM AKDT MON JUL 25 2016


...................................

...THE ANCHORAGE AK CLIMATE SUMMARY FOR JULY 24 2016...

CLIMATE NORMAL PERIOD 1981 TO 2010
CLIMATE RECORD PERIOD 1952 TO 2016


WEATHER ITEM   OBSERVED TIME   RECORD YEAR NORMAL DEPARTURE LAST
                VALUE   (LST)  VALUE       VALUE  FROM      YEAR
                                                  NORMAL
..................................................................
TEMPERATURE (F)
 YESTERDAY
  MAXIMUM         63        MM  79    2013  66     -3       76
  MINIMUM         56        MM  42    1976  53      3       52
  AVERAGE         60                        59      1       64

PRECIPITATION (IN)
  YESTERDAY        0.81          1.21 1969   0.07   0.74
  MONTH TO DATE    2.05                      1.32   0.73
  SINCE JUN 1      3.76                      2.29   1.47
  SINCE JAN 1      5.92                      5.53   0.39

SNOWFALL (IN)
  YESTERDAY        0.0           0.0    MM   0.0    0.0      0.0
  MONTH TO DATE    0.0                       0.0    0.0      0.0
  SINCE JUN 1      0.0                       0.0    0.0      0.0
  SINCE JUL 1      0.0                       0.0    0.0      0.0
  SNOW DEPTH       0

DEGREE DAYS
 HEATING
  YESTERDAY        5                               -1
  MONTH TO DATE   54                              -99
  SINCE JUN 1    226                             -220
  SINCE JUL 1     54                              -99

 COOLING
  YESTERDAY        0                                0
  MONTH TO DATE   13                               13
  SINCE JUN 1     13                               13
  SINCE JAN 1     13                               13
..................................................................


WIND (MPH)
  HIGHEST WIND SPEED    10   HIGHEST WIND DIRECTION     S (180)
  HIGHEST GUST SPEED    18   HIGHEST GUST DIRECTION     S (180)
  AVERAGE WIND SPEED     5.9




RELATIVE HUMIDITY (PERCENT)
 HIGHEST    93
 LOWEST     63
 AVERAGE    78

..........................................................


THE ANCHORAGE AK CLIMATE NORMALS FOR TODAY
                         NORMAL    RECORD    YEAR
 MAXIMUM TEMPERATURE (F)   66        74      2013
 MINIMUM TEMPERATURE (F)   53        44      2000
                                             1991


SUNRISE AND SUNSET
JULY 25 2016..........SUNRISE   517 AM AKDT  SUNSET  1054 PM AKDT
JULY 26 2016..........SUNRISE   519 AM AKDT  SUNSET  1052 PM AKDT

CIVIL TWILIGHT
JULY 25 2016            START   404 AM AKDT     END  1207 AM AKDT
JULY 26 2016            START   408 AM AKDT     END  1203 AM AKDT



-  INDICATES NEGATIVE NUMBERS.
R  INDICATES RECORD WAS SET OR TIED.
MM INDICATES DATA IS MISSING.
T  INDICATES TRACE AMOUNT.




$$
&&
------------------------------------------------------
AMOUNT OF DAYLIGHT TODAY  (HOUR:MIN)........17:38
GAIN/LOSS SINCE YESTERDAY (HOUR:MIN:SEC)....-0:04:53

-
