246
CDAK48 PAFC 072235
CLIANC


CLIMATE REPORT
NATIONAL WEATHER SERVICE ANCHORAGE, AK
135 PM AKST SUN FEB 7 2016


...................................

...THE ANCHORAGE AK CLIMATE SUMMARY FOR FEBRUARY 7 2016...
VALID TODAY AS OF 0100 PM LOCAL TIME.

CLIMATE NORMAL PERIOD 1981 TO 2010
CLIMATE RECORD PERIOD 1952 TO 2016


WEATHER ITEM   OBSERVED RECORD YEAR NORMAL DEPARTURE LAST
                VALUE   VALUE       VALUE  FROM      YEAR
                                           NORMAL
...........................................................
TEMPERATURE (F)
 TODAY
  MAXIMUM         29     45    1971  25      4       16
  MINIMUM         21    -23    1990  13      8        9
  AVERAGE         25                 19              13

PRECIPITATION (IN)
  TODAY            0.00   0.42 1981   0.02  -0.02     0.00
  MONTH TO DATE    0.08               0.19  -0.11      T
  SINCE DEC 1      0.59               2.03  -1.44     1.04
  SINCE JAN 1      0.36               0.92  -0.56     0.36

SNOWFALL (IN)
  TODAY            0.0    8.6  1963   0.4   -0.4      0.0
  MONTH TO DATE    T                  2.9   -2.9      0.0
  SINCE DEC 1      6.1               30.9  -24.8     13.4
  SINCE JUL 1     25.8               52.3  -26.5     19.4
  SNOW DEPTH       1

DEGREE DAYS
 HEATING
  TODAY           40                 46     -6       52
  MONTH TO DATE  272                327    -55      358
  SINCE DEC 1   2783               3238   -455     2882
  SINCE JUL 1   5597               6402   -805     5597

 COOLING
  TODAY            0                  0      0        0
  MONTH TO DATE    0                  0      0        0
  SINCE DEC 1      0                  0      0        0
  SINCE JAN 1      0                  0      0        0
...........................................................


WIND (MPH)
  RESULTANT WIND SPEED   3   RESULTANT WIND DIRECTION   N (20)
  HIGHEST WIND SPEED    12   HIGHEST WIND DIRECTION     N (360)
  HIGHEST GUST SPEED    MM   HIGHEST GUST DIRECTION    MM
  AVERAGE WIND SPEED     4.3


SKY COVER
  POSSIBLE SUNSHINE  MM
  AVERAGE SKY COVER 0.5


WEATHER CONDITIONS
 THE FOLLOWING WEATHER WAS RECORDED TODAY.
  NO SIGNIFICANT WEATHER WAS OBSERVED.


RELATIVE HUMIDITY (PERCENT)
 HIGHEST    84           800 AM
 LOWEST     74           900 AM
 AVERAGE    79

..........................................................


THE ANCHORAGE AK CLIMATE NORMALS FOR TOMORROW
                         NORMAL    RECORD    YEAR
 MAXIMUM TEMPERATURE (F)   25        45      2003
 MINIMUM TEMPERATURE (F)   13       -18      1999
                                             1990
                                             1955


SUNRISE AND SUNSET
FEBRUARY  7 2016......SUNRISE   905 AM AKST  SUNSET   524 PM AKST
FEBRUARY  8 2016......SUNRISE   903 AM AKST  SUNSET   527 PM AKST


-  INDICATES NEGATIVE NUMBERS.
R  INDICATES RECORD WAS SET OR TIED.
MM INDICATES DATA IS MISSING.
T  INDICATES TRACE AMOUNT.




$$
