000
CDAK48 PAFC 250053
CLIANC

CLIMATE REPORT
NATIONAL WEATHER SERVICE ANCHORAGE, AK
452 PM AKDT THU JUL 24 2014


...................................

...THE ANCHORAGE AK CLIMATE SUMMARY FOR JULY 24 2014...
VALID TODAY AS OF 0400 PM LOCAL TIME.

CLIMATE NORMAL PERIOD 1981 TO 2010
CLIMATE RECORD PERIOD 1915 TO 2014


WEATHER ITEM   OBSERVED RECORD YEAR NORMAL DEPARTURE LAST
                VALUE   VALUE       VALUE  FROM      YEAR
                                           NORMAL
...........................................................
TEMPERATURE (F)
 TODAY
  MAXIMUM         67     79    2013  66      1       79
  MINIMUM         56     38    1920  53      3       54
  AVERAGE         62                 59              67

PRECIPITATION (IN)
  TODAY            T      1.21 1969   0.07  -0.07     0.00
  MONTH TO DATE    1.33               1.32   0.01     1.05
  SINCE JUN 1      4.66               2.29   2.37     1.51
  SINCE JAN 1      7.89               5.53   2.36     7.89

SNOWFALL (IN)
  TODAY            0.0    0.0    MM   0.0    0.0      0.0
  MONTH TO DATE    0.0                0.0    0.0      0.0
  SINCE JUN 1      0.0                0.0    0.0      0.0
  SINCE JUL 1      0.0                0.0    0.0      0.0
  SNOW DEPTH       0

DEGREE DAYS
 HEATING
  TODAY            3                  6     -3        0
  MONTH TO DATE  110                153    -43      106
  SINCE JUN 1    438                446     -8      290
  SINCE JUL 1    110                153    -43      106

 COOLING
  TODAY            0                  0      0        2
  MONTH TO DATE    3                  0      3       11
  SINCE JUN 1      3                  0      3       18
  SINCE JAN 1      3                  0      3       18
...........................................................


WIND (MPH)
  RESULTANT WIND SPEED   9   RESULTANT WIND DIRECTION   S (170)
  HIGHEST WIND SPEED    15   HIGHEST WIND DIRECTION     S (170)
  HIGHEST GUST SPEED    32   HIGHEST GUST DIRECTION     S (180)
  AVERAGE WIND SPEED    11.3


SKY COVER
  POSSIBLE SUNSHINE  MM
  AVERAGE SKY COVER 0.8


WEATHER CONDITIONS
 THE FOLLOWING WEATHER WAS RECORDED TODAY.
  LIGHT RAIN


RELATIVE HUMIDITY (PERCENT)
 HIGHEST    72           100 AM
 LOWEST     45          1100 AM
 AVERAGE    59

..........................................................


THE ANCHORAGE AK CLIMATE NORMALS FOR TOMORROW
                         NORMAL    RECORD    YEAR
 MAXIMUM TEMPERATURE (F)   66        79      1953
 MINIMUM TEMPERATURE (F)   53        38      1945


SUNRISE AND SUNSET
JULY 24 2014..........SUNRISE   513 AM AKDT  SUNSET  1058 PM AKDT
JULY 25 2014..........SUNRISE   516 AM AKDT  SUNSET  1056 PM AKDT

CIVIL TWILIGHT
JULY 24 2014            START   358 AM AKDT     END  1213 AM AKDT
JULY 25 2014            START   402 AM AKDT     END  1209 AM AKDT



-  INDICATES NEGATIVE NUMBERS.
R  INDICATES RECORD WAS SET OR TIED.
MM INDICATES DATA IS MISSING.
T  INDICATES TRACE AMOUNT.




$$
&&
------------------------------------------------------
AMOUNT OF DAYLIGHT TODAY  (HOUR:MIN)........17:45
GAIN/LOSS SINCE YESTERDAY (HOUR:MIN:SEC)....-0:04:47
