000
CDAK48 PAFC 061252
CLIANC


CLIMATE REPORT
NATIONAL WEATHER SERVICE ANCHORAGE, AK
452 AM AKDT MON JUL 6 2015


...................................

...THE ANCHORAGE AK CLIMATE SUMMARY FOR JULY 5 2015...

CLIMATE NORMAL PERIOD 1981 TO 2010
CLIMATE RECORD PERIOD 1952 TO 2015


WEATHER ITEM   OBSERVED RECORD YEAR NORMAL DEPARTURE LAST
                VALUE   VALUE       VALUE  FROM      YEAR
                                           NORMAL
...........................................................
TEMPERATURE (F)
 YESTERDAY
  MAXIMUM         76     77    1999  65     11       73
  MINIMUM         59     39    1956  51      8       59
  AVERAGE         68                 58     10       66

PRECIPITATION (IN)
  YESTERDAY        T      1.03 2001   0.05  -0.05
  MONTH TO DATE    0.02               0.22  -0.20
  SINCE JUN 1      0.95               1.19  -0.24
  SINCE JAN 1      4.01               4.43  -0.42

SNOWFALL (IN)
  YESTERDAY        0.0    0.0    MM   0.0    0.0
  MONTH TO DATE    0.0                0.0    0.0
  SINCE JUN 1      0.0                0.0    0.0
  SINCE JUL 1      0.0                0.0    0.0
  SNOW DEPTH       0

DEGREE DAYS
 HEATING
  YESTERDAY        0                        -7
  MONTH TO DATE   18                       -17
  SINCE JUN 1    191                      -137
  SINCE JUL 1     18                       -17

 COOLING
  YESTERDAY        3                         3
  MONTH TO DATE    3                         3
  SINCE JUN 1     19                        19
  SINCE JAN 1     19                        19
...........................................................


WIND (MPH)
  HIGHEST WIND SPEED     7   HIGHEST WIND DIRECTION     W (260)
  HIGHEST GUST SPEED    MM   HIGHEST GUST DIRECTION    MM
  AVERAGE WIND SPEED     3.7




RELATIVE HUMIDITY (PERCENT)
 HIGHEST    75
 LOWEST     38
 AVERAGE    57

..........................................................


THE ANCHORAGE AK CLIMATE NORMALS FOR TODAY
                         NORMAL    RECORD    YEAR
 MAXIMUM TEMPERATURE (F)   65        80      1972
 MINIMUM TEMPERATURE (F)   52        43      1958


SUNRISE AND SUNSET
JULY  6 2015..........SUNRISE   435 AM AKDT  SUNSET  1133 PM AKDT
JULY  7 2015..........SUNRISE   437 AM AKDT  SUNSET  1132 PM AKDT


-  INDICATES NEGATIVE NUMBERS.
R  INDICATES RECORD WAS SET OR TIED.
MM INDICATES DATA IS MISSING.
T  INDICATES TRACE AMOUNT.




$$
