000
CDAK48 PAFC 251313
CLIANC


CLIMATE REPORT
NATIONAL WEATHER SERVICE ANCHORAGE, AK
511 AM AKDT THU MAY 25 2017


...................................

...THE ANCHORAGE AK CLIMATE SUMMARY FOR MAY 24 2017...

CLIMATE NORMAL PERIOD 1981 TO 2010
CLIMATE RECORD PERIOD 1952 TO 2017


WEATHER ITEM   OBSERVED TIME   RECORD YEAR NORMAL DEPARTURE LAST
                VALUE   (LST)  VALUE       VALUE  FROM      YEAR
                                                  NORMAL
..................................................................
TEMPERATURE (F)
 YESTERDAY
  MAXIMUM         53    411 PM  77    1969  59     -6       62
  MINIMUM         42   1204 AM  34    1957  42      0       45
  AVERAGE         48                        50     -2       54

PRECIPITATION (IN)
  YESTERDAY        0.29          0.68 1995   0.03   0.26
  MONTH TO DATE    0.89                      0.53   0.36
  SINCE MAR 1      1.96                      1.60   0.36
  SINCE JAN 1      4.66                      3.05   1.61

SNOWFALL (IN)
  YESTERDAY       MM             0.0    MM   0.0   MM        0.0
  MONTH TO DATE    0.0                       0.3   -0.3      0.0
  SINCE MAR 1     10.3                      14.2   -3.9     10.7
  SINCE JUL 1     82.4                      74.5    7.9     38.3
  SNOW DEPTH       0

DEGREE DAYS
 HEATING
  YESTERDAY       17                                2
  MONTH TO DATE  403                              -35
  SINCE MAR 1   2545                               69
  SINCE JUL 1   9583                             -222

 COOLING
  YESTERDAY        0                                0
  MONTH TO DATE    0                                0
  SINCE MAR 1      0                                0
  SINCE JAN 1      0                                0
..................................................................


WIND (MPH)
  HIGHEST WIND SPEED    25   HIGHEST WIND DIRECTION    SE (150)
  HIGHEST GUST SPEED    39   HIGHEST GUST DIRECTION    SE (150)
  AVERAGE WIND SPEED    13.2




RELATIVE HUMIDITY (PERCENT)
 HIGHEST    92
 LOWEST     58
 AVERAGE    75

..........................................................


THE ANCHORAGE AK CLIMATE NORMALS FOR TODAY
                         NORMAL    RECORD    YEAR
 MAXIMUM TEMPERATURE (F)   59        73      2006
 MINIMUM TEMPERATURE (F)   42        33      1966


SUNRISE AND SUNSET
MAY 25 2017...........SUNRISE   449 AM AKDT  SUNSET  1107 PM AKDT
MAY 26 2017...........SUNRISE   447 AM AKDT  SUNSET  1109 PM AKDT


-  INDICATES NEGATIVE NUMBERS.
R  INDICATES RECORD WAS SET OR TIED.
MM INDICATES DATA IS MISSING.
T  INDICATES TRACE AMOUNT.




$$
