000
CDAK48 PAFC 302255
CLIANC


CLIMATE REPORT
NATIONAL WEATHER SERVICE ANCHORAGE, AK
255 PM AKDT SAT AUG 30 2014


...................................

...THE ANCHORAGE AK CLIMATE SUMMARY FOR AUGUST 30 2014...
VALID TODAY AS OF 0200 PM LOCAL TIME.

CLIMATE NORMAL PERIOD 1981 TO 2010
CLIMATE RECORD PERIOD 1915 TO 2014


WEATHER ITEM   OBSERVED RECORD YEAR NORMAL DEPARTURE LAST
                VALUE   VALUE       VALUE  FROM      YEAR
                                           NORMAL
...........................................................
TEMPERATURE (F)
 TODAY
  MAXIMUM         58     77    1930  61     -3       59
  MINIMUM         43     34    1955  47     -4       51
  AVERAGE         51                 54              55

PRECIPITATION (IN)
  TODAY            0.00   0.70 1993   0.11  -0.11     0.02
                               1942
  MONTH TO DATE    2.52               3.14  -0.62     5.34
  SINCE JUN 1      9.08               5.94   3.14     6.90
  SINCE JAN 1     12.31               9.18   3.13    13.28

SNOWFALL (IN)
  TODAY            0.0    0.0  2001   0.0    0.0      0.0
                               2000
  MONTH TO DATE    0.0                0.0    0.0      0.0
  SINCE JUN 1      0.0                0.0    0.0      0.0
  SINCE JUL 1      0.0                0.0    0.0      0.0
  SNOW DEPTH       0

DEGREE DAYS
 HEATING
  TODAY           14                 11      3       10
  MONTH TO DATE  184                244    -60      220
  SINCE JUN 1    666                731    -65      515
  SINCE JUL 1    338                438   -100      331

 COOLING
  TODAY            0                  0      0        0
  MONTH TO DATE    0                  0      0        0
  SINCE JUN 1      3                  2      1       21
  SINCE JAN 1      3                  2      1       21
...........................................................


WIND (MPH)
  RESULTANT WIND SPEED   7   RESULTANT WIND DIRECTION   N (0)
  HIGHEST WIND SPEED    10   HIGHEST WIND DIRECTION     N (350)
  HIGHEST GUST SPEED    MM   HIGHEST GUST DIRECTION    MM
  AVERAGE WIND SPEED     7.2


SKY COVER
  POSSIBLE SUNSHINE  MM
  AVERAGE SKY COVER 0.5


WEATHER CONDITIONS
 THE FOLLOWING WEATHER WAS RECORDED TODAY.
  NO SIGNIFICANT WEATHER WAS OBSERVED.


RELATIVE HUMIDITY (PERCENT)
 HIGHEST    65           700 AM
 LOWEST     46           100 AM
 AVERAGE    56

..........................................................


THE ANCHORAGE AK CLIMATE NORMALS FOR TOMORROW
                         NORMAL    RECORD    YEAR
 MAXIMUM TEMPERATURE (F)   61        74      1930
 MINIMUM TEMPERATURE (F)   47        31      1984


SUNRISE AND SUNSET
AUGUST 30 2014........SUNRISE   647 AM AKDT  SUNSET   912 PM AKDT
AUGUST 31 2014........SUNRISE   650 AM AKDT  SUNSET   909 PM AKDT


-  INDICATES NEGATIVE NUMBERS.
R  INDICATES RECORD WAS SET OR TIED.
MM INDICATES DATA IS MISSING.
T  INDICATES TRACE AMOUNT.




$$
