000
CDAK48 PAFC 171421
CLIANC


CLIMATE REPORT
NATIONAL WEATHER SERVICE ANCHORAGE, AK
520 AM AKST FRI NOV 17 2017


...................................

...THE ANCHORAGE AK CLIMATE SUMMARY FOR NOVEMBER 16 2017...

CLIMATE NORMAL PERIOD 1981 TO 2010
CLIMATE RECORD PERIOD 1952 TO 2017


WEATHER ITEM   OBSERVED TIME   RECORD YEAR NORMAL DEPARTURE LAST
                VALUE   (LST)  VALUE       VALUE  FROM      YEAR
                                                  NORMAL
..................................................................
TEMPERATURE (F)
 YESTERDAY
  MAXIMUM         27    428 PM  45    1967  27      0       30
  MINIMUM         18   1223 AM -19    1956  16      2       22
  AVERAGE         23                        22      1       26

PRECIPITATION (IN)
  YESTERDAY        0.11          0.45 1958   0.03   0.08
  MONTH TO DATE    0.46                      0.62  -0.16
  SINCE SEP 1      6.02                      5.64   0.38
  SINCE JAN 1     17.96                     14.93   3.03

SNOWFALL (IN)
  YESTERDAY        1.5           8.3  1958   0.5    1.0      0.0
  MONTH TO DATE    5.5                       6.1   -0.6      0.8
  SINCE SEP 1      6.0                      14.4   -8.4      3.4
  SINCE JUL 1      6.0                      14.4   -8.4      3.4
  SNOW DEPTH       5

DEGREE DAYS
 HEATING
  YESTERDAY       42                               -1
  MONTH TO DATE  643                              -16
  SINCE SEP 1   1833                             -256
  SINCE JUL 1   2201                             -338

 COOLING
  YESTERDAY        0                                0
  MONTH TO DATE    0                                0
  SINCE SEP 1      0                                0
  SINCE JAN 1      3                                1
..................................................................


WIND (MPH)
  HIGHEST WIND SPEED    10   HIGHEST WIND DIRECTION     N (360)
  HIGHEST GUST SPEED    14   HIGHEST GUST DIRECTION     N (360)
  AVERAGE WIND SPEED     2.8




RELATIVE HUMIDITY (PERCENT)
 HIGHEST    96
 LOWEST     68
 AVERAGE    82

..........................................................


THE ANCHORAGE AK CLIMATE NORMALS FOR TODAY
                         NORMAL    RECORD    YEAR
 MAXIMUM TEMPERATURE (F)   27        44      1964
 MINIMUM TEMPERATURE (F)   16       -21      1956


SUNRISE AND SUNSET
NOVEMBER 17 2017......SUNRISE   912 AM AKST  SUNSET   417 PM AKST
NOVEMBER 18 2017......SUNRISE   915 AM AKST  SUNSET   415 PM AKST


-  INDICATES NEGATIVE NUMBERS.
R  INDICATES RECORD WAS SET OR TIED.
MM INDICATES DATA IS MISSING.
T  INDICATES TRACE AMOUNT.




$$
