000
CDAK48 PAFC 031250
CLIANC


CLIMATE REPORT
NATIONAL WEATHER SERVICE ANCHORAGE, AK
350 AM AKST TUE MAR 3 2015


...................................

...THE ANCHORAGE AK CLIMATE SUMMARY FOR MARCH 2 2015...

CLIMATE NORMAL PERIOD 1981 TO 2010
CLIMATE RECORD PERIOD 1952 TO 2015


WEATHER ITEM   OBSERVED RECORD YEAR NORMAL DEPARTURE LAST
                VALUE   VALUE       VALUE  FROM      YEAR
                                           NORMAL
...........................................................
TEMPERATURE (F)
 YESTERDAY
  MAXIMUM         34     45    1958  30      4       37
  MINIMUM         22    -22    1956  16      6       19
  AVERAGE         28                 23      5       28

PRECIPITATION (IN)
  YESTERDAY        0.00   0.47 1959   0.02  -0.02
  MONTH TO DATE    T                  0.04  -0.04
  SINCE MAR 1      T                  0.04  -0.04
  SINCE JAN 1      1.08               1.49  -0.41

SNOWFALL (IN)
  YESTERDAY        0.0   13.0  1959   0.4   -0.4
  MONTH TO DATE    T                  0.7   -0.7
  SINCE MAR 1      T                  0.7   -0.7
  SINCE JUL 1     20.5               61.0  -40.5
  SNOW DEPTH       1

DEGREE DAYS
 HEATING
  YESTERDAY       37                        -5
  MONTH TO DATE   76                        -8
  SINCE MAR 1     76                        -8
  SINCE JUL 1   6428                      -985

 COOLING
  YESTERDAY        0                         0
  MONTH TO DATE    0                         0
  SINCE MAR 1      0                         0
  SINCE JAN 1      0                         0
...........................................................


WIND (MPH)
  HIGHEST WIND SPEED     7   HIGHEST WIND DIRECTION     N (20)
  HIGHEST GUST SPEED    MM   HIGHEST GUST DIRECTION    MM
  AVERAGE WIND SPEED     2.7




RELATIVE HUMIDITY (PERCENT)
 HIGHEST    92
 LOWEST     49
 AVERAGE    71

..........................................................


THE ANCHORAGE AK CLIMATE NORMALS FOR TODAY
                         NORMAL    RECORD    YEAR
 MAXIMUM TEMPERATURE (F)   31        46      2003
 MINIMUM TEMPERATURE (F)   16       -19      1956


SUNRISE AND SUNSET
MARCH  3 2015.........SUNRISE   755 AM AKST  SUNSET   631 PM AKST
MARCH  4 2015.........SUNRISE   752 AM AKST  SUNSET   633 PM AKST


-  INDICATES NEGATIVE NUMBERS.
R  INDICATES RECORD WAS SET OR TIED.
MM INDICATES DATA IS MISSING.
T  INDICATES TRACE AMOUNT.




$$
