000
CDAK48 PAFC 271258
CLIANC

CLIMATE REPORT
NATIONAL WEATHER SERVICE ANCHORAGE, AK
457 AM AKDT TUE SEP 27 2016


...................................

...THE ANCHORAGE AK CLIMATE SUMMARY FOR SEPTEMBER 26 2016...

CLIMATE NORMAL PERIOD 1981 TO 2010
CLIMATE RECORD PERIOD 1952 TO 2016


WEATHER ITEM   OBSERVED TIME   RECORD YEAR NORMAL DEPARTURE LAST
                VALUE   (LST)  VALUE       VALUE  FROM      YEAR
                                                  NORMAL
..................................................................
TEMPERATURE (F)
 YESTERDAY
  MAXIMUM         51    319 PM  59    1995  51      0       43
                                      1975
  MINIMUM         37    713 AM  22    1992  39     -2       36
  AVERAGE         44                        45     -1       40

PRECIPITATION (IN)
  YESTERDAY        0.00          0.78 2004   0.10  -0.10
  MONTH TO DATE    2.35                      2.60  -0.25
  SINCE SEP 1      2.35                      2.60  -0.25
  SINCE JAN 1     14.15                     11.89   2.26

SNOWFALL (IN)
  YESTERDAY        0.0           0.1  2004   0.0    0.0      0.0
  MONTH TO DATE    0.0                       0.2   -0.2      0.0
  SINCE SEP 1      0.0                       0.2   -0.2      0.0
  SINCE JUL 1      0.0                       0.2   -0.2      0.0
  SNOW DEPTH       0

DEGREE DAYS
 HEATING
  YESTERDAY       21                                1
  MONTH TO DATE  309                              -98
  SINCE SEP 1    309                              -98
  SINCE JUL 1    513                             -344

 COOLING
  YESTERDAY        0                                0
  MONTH TO DATE    0                                0
  SINCE SEP 1      0                                0
  SINCE JAN 1     13                               11
..................................................................


WIND (MPH)
  HIGHEST WIND SPEED    12   HIGHEST WIND DIRECTION     N (340)
  HIGHEST GUST SPEED    16   HIGHEST GUST DIRECTION     N (10)
  AVERAGE WIND SPEED     4.0




RELATIVE HUMIDITY (PERCENT)
 HIGHEST    96
 LOWEST     52
 AVERAGE    74

..........................................................


THE ANCHORAGE AK CLIMATE NORMALS FOR TODAY
                         NORMAL    RECORD    YEAR
 MAXIMUM TEMPERATURE (F)   50        60      1995
                                             1978
 MINIMUM TEMPERATURE (F)   38        23      1956


SUNRISE AND SUNSET
SEPTEMBER 27 2016.....SUNRISE   758 AM AKDT  SUNSET   742 PM AKDT
SEPTEMBER 28 2016.....SUNRISE   801 AM AKDT  SUNSET   739 PM AKDT

CIVIL TWILIGHT
SEPTEMBER 27 2016       START   716 AM AKDT     END   825 PM AKDT
SEPTEMBER 28 2016       START   718 AM AKDT     END   822 PM AKDT



-  INDICATES NEGATIVE NUMBERS.
R  INDICATES RECORD WAS SET OR TIED.
MM INDICATES DATA IS MISSING.
T  INDICATES TRACE AMOUNT.




$$
&&
------------------------------------------------------
AMOUNT OF DAYLIGHT TODAY  (HOUR:MIN)........11:44
GAIN/LOSS SINCE YESTERDAY (HOUR:MIN:SEC)....-0:05:39

$$
