573
CDUS43 KAPX 210533
CLIANJ


CLIMATE REPORT
NATIONAL WEATHER SERVICE GAYLORD MI
1233 AM EST WED FEB 21 2018


...................................

...THE SAULT STE MARIE MI CLIMATE SUMMARY FOR FEBRUARY 20 2018...

CLIMATE NORMAL PERIOD 1981 TO 2010
CLIMATE RECORD PERIOD 1888 TO 2018


WEATHER ITEM   OBSERVED TIME   RECORD YEAR NORMAL DEPARTURE LAST
                VALUE   (LST)  VALUE       VALUE  FROM      YEAR
                                                  NORMAL
..................................................................
TEMPERATURE (F)
 YESTERDAY
  MAXIMUM         33    903 PM  47    1983  27      6       36
  MINIMUM         18    503 AM -27    1934  10      8       28
  AVERAGE         26                        19      7       32

PRECIPITATION (IN)
  YESTERDAY        0.02          0.72 1953   0.04  -0.02      T
  MONTH TO DATE    0.73                      0.95  -0.22     2.06
  SINCE DEC 1      6.24                      5.93   0.31     8.97
  SINCE JAN 1      2.52                      3.14  -0.62     4.72

SNOWFALL (IN)
  YESTERDAY        T             6.2  1928   0.6   -0.6      0.0
  MONTH TO DATE   10.6                      14.1   -3.5     32.7
  SINCE OCT 1     85.5                      95.7  -10.2    117.7
  SINCE JUL 1     85.5                      95.7  -10.2    117.7
  SNOW DEPTH      17

DEGREE DAYS
 HEATING
  YESTERDAY       39                        46     -7       33
  MONTH TO DATE 1002                       964     38      835
  SINCE DEC 1   3963                      3832    131     3333
  SINCE JUL 1   5548                      5764   -216     4603
..................................................................


WIND (MPH)
  HIGHEST WIND SPEED    24   HIGHEST WIND DIRECTION     W (290)
  HIGHEST GUST SPEED    32   HIGHEST GUST DIRECTION     W (290)
  AVERAGE WIND SPEED     9.3




RELATIVE HUMIDITY (PERCENT)
 HIGHEST   100
 LOWEST     73
 AVERAGE    87

..........................................................


THE SAULT STE MARIE MI CLIMATE NORMALS FOR TODAY
                         NORMAL    RECORD    YEAR
 MAXIMUM TEMPERATURE (F)   27        46      2017
 MINIMUM TEMPERATURE (F)   11       -17      1936


SUNRISE AND SUNSET
FEBRUARY 21 2018......SUNRISE   731 AM EST   SUNSET   612 PM EST
FEBRUARY 22 2018......SUNRISE   729 AM EST   SUNSET   613 PM EST


-  INDICATES NEGATIVE NUMBERS.
R  INDICATES RECORD WAS SET OR TIED.
MM INDICATES DATA IS MISSING.
T  INDICATES TRACE AMOUNT.




$$
