000
CDUS43 KAPX 200528
CLIANJ


CLIMATE REPORT
NATIONAL WEATHER SERVICE GAYLORD MI
128 AM EDT WED AUG 20 2014


...................................

...THE SAULT STE MARIE MI CLIMATE SUMMARY FOR AUGUST 19 2014...

CLIMATE NORMAL PERIOD 1981 TO 2010
CLIMATE RECORD PERIOD 1888 TO 2014


WEATHER ITEM   OBSERVED TIME   RECORD YEAR NORMAL DEPARTURE LAST
                VALUE   (LST)  VALUE       VALUE  FROM      YEAR
                                                  NORMAL
..................................................................
TEMPERATURE (F)
 YESTERDAY
  MAXIMUM         63    200 PM  92    1955  75    -12       80
  MINIMUM         56    444 AM  38    1981  55      1       57
  AVERAGE         60                        64     -4       69

PRECIPITATION (IN)
  YESTERDAY        0.34          1.54 1900   0.09   0.25     0.00
  MONTH TO DATE    1.73                      1.92  -0.19     2.14
  SINCE JUN 1      6.13                      7.48  -1.35    11.13
  SINCE JAN 1     18.17                     17.92   0.25    25.39

DEGREE DAYS
 HEATING
  YESTERDAY        5                         2      3        0
  MONTH TO DATE   41                        38      3       65
  SINCE JUN 1    261                       287    -26      261
  SINCE JUL 1    152                       107     45      115

 COOLING
  YESTERDAY        0                         2     -2        4
  MONTH TO DATE   23                        49    -26       12
  SINCE JUN 1     81                       157    -76      167
  SINCE JAN 1     83                       162    -79      176
..................................................................


WIND (MPH)
  HIGHEST WIND SPEED    12   HIGHEST WIND DIRECTION     E (110)
  HIGHEST GUST SPEED    19   HIGHEST GUST DIRECTION     E (90)
  AVERAGE WIND SPEED     7.3




RELATIVE HUMIDITY (PERCENT)
 HIGHEST    97
 LOWEST     86
 AVERAGE    92

..........................................................


THE SAULT STE MARIE MI CLIMATE NORMALS FOR TODAY
                         NORMAL    RECORD    YEAR
 MAXIMUM TEMPERATURE (F)   74        94      1976
 MINIMUM TEMPERATURE (F)   54        34      1977


SUNRISE AND SUNSET
AUGUST 20 2014........SUNRISE   642 AM EDT   SUNSET   838 PM EDT
AUGUST 21 2014........SUNRISE   643 AM EDT   SUNSET   837 PM EDT


-  INDICATES NEGATIVE NUMBERS.
R  INDICATES RECORD WAS SET OR TIED.
MM INDICATES DATA IS MISSING.
T  INDICATES TRACE AMOUNT.




$$
