000
CDUS43 KAPX 280536
CLIANJ


CLIMATE REPORT
NATIONAL WEATHER SERVICE GAYLORD MI
136 AM EDT THU MAY 28 2015


...................................

...THE SAULT STE MARIE MI CLIMATE SUMMARY FOR MAY 27 2015...

CLIMATE NORMAL PERIOD 1981 TO 2010
CLIMATE RECORD PERIOD 1888 TO 2015


WEATHER ITEM   OBSERVED TIME   RECORD YEAR NORMAL DEPARTURE LAST
                VALUE   (LST)  VALUE       VALUE  FROM      YEAR
                                                  NORMAL
..................................................................
TEMPERATURE (F)
 YESTERDAY
  MAXIMUM         62    435 AM  90    1911  66     -4       70
  MINIMUM         45    250 PM  27    1983  44      1       46
  AVERAGE         54                        55     -1       58

PRECIPITATION (IN)
  YESTERDAY        0.11          1.11 1912   0.09   0.02     0.00
  MONTH TO DATE    2.04                      2.21  -0.17     2.77
  SINCE MAR 1      5.20                      6.55  -1.35     8.68
  SINCE JAN 1      8.57                     10.08  -1.51    12.04

DEGREE DAYS
 HEATING
  YESTERDAY       11                        10      1        7
  MONTH TO DATE  325                       374    -49      443
  SINCE MAR 1   2448                      2317    131     2827
  SINCE JUL 1   9227                      8443    784     9607

 COOLING
  YESTERDAY        0                         0      0        0
  MONTH TO DATE    2                         0      2        2
  SINCE MAR 1      2                         0      2        2
  SINCE JAN 1      2                         0      2        2
..................................................................


WIND (MPH)
  HIGHEST WIND SPEED    22   HIGHEST WIND DIRECTION     W (280)
  HIGHEST GUST SPEED    28   HIGHEST GUST DIRECTION     W (270)
  AVERAGE WIND SPEED     8.1




RELATIVE HUMIDITY (PERCENT)
 HIGHEST   100
 LOWEST     86
 AVERAGE    93

..........................................................


THE SAULT STE MARIE MI CLIMATE NORMALS FOR TODAY
                         NORMAL    RECORD    YEAR
 MAXIMUM TEMPERATURE (F)   66        89      1919
 MINIMUM TEMPERATURE (F)   44        30      1970
                                             1907


SUNRISE AND SUNSET
MAY 28 2015...........SUNRISE   551 AM EDT   SUNSET   919 PM EDT
MAY 29 2015...........SUNRISE   551 AM EDT   SUNSET   920 PM EDT


-  INDICATES NEGATIVE NUMBERS.
R  INDICATES RECORD WAS SET OR TIED.
MM INDICATES DATA IS MISSING.
T  INDICATES TRACE AMOUNT.




$$
