000
CDUS43 KAPX 310526
CLIANJ


CLIMATE REPORT
NATIONAL WEATHER SERVICE GAYLORD MI
126 AM EDT SUN JUL 31 2016


...................................

...THE SAULT STE MARIE MI CLIMATE SUMMARY FOR JULY 30 2016...

CLIMATE NORMAL PERIOD 1981 TO 2010
CLIMATE RECORD PERIOD 1888 TO 2016


WEATHER ITEM   OBSERVED TIME   RECORD YEAR NORMAL DEPARTURE LAST
                VALUE   (LST)  VALUE       VALUE  FROM      YEAR
                                                  NORMAL
..................................................................
TEMPERATURE (F)
 YESTERDAY
  MAXIMUM         80    401 PM  98    1916  76      4       72
  MINIMUM         56    540 AM  40    1992  56      0       59
                                      1971
  AVERAGE         68                        66      2       66

PRECIPITATION (IN)
  YESTERDAY        0.00          0.98 1897   0.11  -0.11     0.00
  MONTH TO DATE    3.33                      2.76   0.57     3.05
  SINCE JUN 1      5.21                      5.46  -0.25     5.78
  SINCE JAN 1     15.76                     15.90  -0.14    14.48

DEGREE DAYS
 HEATING
  YESTERDAY        0                         2     -2        0
  MONTH TO DATE   23                        70    -47       51
  SINCE JUN 1    186                       250    -64      239
  SINCE JUL 1     23                        70    -47       51

 COOLING
  YESTERDAY        3                         3      0        1
  MONTH TO DATE  125                        81     44       92
  SINCE JUN 1    161                       111     50       99
  SINCE JAN 1    172                       116     56      101
..................................................................


WIND (MPH)
  HIGHEST WIND SPEED    12   HIGHEST WIND DIRECTION    SE (150)
  HIGHEST GUST SPEED    17   HIGHEST GUST DIRECTION     S (170)
  AVERAGE WIND SPEED     3.2




RELATIVE HUMIDITY (PERCENT)
 HIGHEST    93
 LOWEST     42
 AVERAGE    68

..........................................................


THE SAULT STE MARIE MI CLIMATE NORMALS FOR TODAY
                         NORMAL    RECORD    YEAR
 MAXIMUM TEMPERATURE (F)   76        97      1975
 MINIMUM TEMPERATURE (F)   56        40      1918


SUNRISE AND SUNSET
JULY 31 2016..........SUNRISE   618 AM EDT   SUNSET   909 PM EDT
AUGUST  1 2016........SUNRISE   619 AM EDT   SUNSET   908 PM EDT


-  INDICATES NEGATIVE NUMBERS.
R  INDICATES RECORD WAS SET OR TIED.
MM INDICATES DATA IS MISSING.
T  INDICATES TRACE AMOUNT.




$$
