000
CDUS43 KAPX 232134
CLIANJ


CLIMATE REPORT
NATIONAL WEATHER SERVICE GAYLORD MI
534 PM EDT WED AUG 23 2017


...................................

...THE SAULT STE MARIE MI CLIMATE SUMMARY FOR AUGUST 23 2017...
VALID TODAY AS OF 0500 PM LOCAL TIME.

CLIMATE NORMAL PERIOD 1981 TO 2010
CLIMATE RECORD PERIOD 1888 TO 2017


WEATHER ITEM   OBSERVED TIME   RECORD YEAR NORMAL DEPARTURE LAST
                VALUE   (LST)  VALUE       VALUE  FROM      YEAR
                                                  NORMAL
..................................................................
TEMPERATURE (F)
 TODAY
  MAXIMUM         60    821 AM  96    1947  74    -14       82
  MINIMUM         57    137 PM  38    1958  54      3       60
  AVERAGE         59                        64     -5       71

PRECIPITATION (IN)
  TODAY            T             1.18 1978   0.10  -0.10     0.00
  MONTH TO DATE    6.07                      2.33   3.74     2.51
  SINCE JUN 1     14.26                      7.89   6.37     7.72
  SINCE JAN 1     27.70                     18.33   9.37    18.27

DEGREE DAYS
 HEATING
  TODAY            6                         3      3        0
  MONTH TO DATE   15                        49    -34        8
  SINCE JUN 1    158                       298   -140      194
  SINCE JUL 1     46                       118    -72       31

 COOLING
  TODAY            0                         2     -2        6
  MONTH TO DATE   38                        57    -19      137
  SINCE JUN 1    123                       165    -42      303
  SINCE JAN 1    124                       170    -46      314
..................................................................


WIND (MPH)
  RESULTANT WIND SPEED  12   RESULTANT WIND DIRECTION  NW (300)
  HIGHEST WIND SPEED    21   HIGHEST WIND DIRECTION    NW (300)
  HIGHEST GUST SPEED    29   HIGHEST GUST DIRECTION    NW (310)
  AVERAGE WIND SPEED    12.1


SKY COVER
  POSSIBLE SUNSHINE  MM
  AVERAGE SKY COVER 0.7


WEATHER CONDITIONS
 THE FOLLOWING WEATHER WAS RECORDED TODAY.
  LIGHT RAIN


RELATIVE HUMIDITY (PERCENT)
 HIGHEST    80          1200 AM
 LOWEST     67           900 AM
 AVERAGE    74

..........................................................


THE SAULT STE MARIE MI CLIMATE NORMALS FOR TOMORROW
                         NORMAL    RECORD    YEAR
 MAXIMUM TEMPERATURE (F)   74        92      1947
 MINIMUM TEMPERATURE (F)   54        34      1940


SUNRISE AND SUNSET
AUGUST 23 2017........SUNRISE   646 AM EDT   SUNSET   833 PM EDT
AUGUST 24 2017........SUNRISE   648 AM EDT   SUNSET   831 PM EDT


-  INDICATES NEGATIVE NUMBERS.
R  INDICATES RECORD WAS SET OR TIED.
MM INDICATES DATA IS MISSING.
T  INDICATES TRACE AMOUNT.




$$
