000
CDUS43 KAPX 280540
CLIANJ


CLIMATE REPORT
NATIONAL WEATHER SERVICE GAYLORD MI
138 AM EDT FRI APR 28 2017


...................................

...THE SAULT STE MARIE MI CLIMATE SUMMARY FOR APRIL 27 2017...

CLIMATE NORMAL PERIOD 1981 TO 2010
CLIMATE RECORD PERIOD 1888 TO 2017


WEATHER ITEM   OBSERVED TIME   RECORD YEAR NORMAL DEPARTURE LAST
                VALUE   (LST)  VALUE       VALUE  FROM      YEAR
                                                  NORMAL
..................................................................
TEMPERATURE (F)
 YESTERDAY
  MAXIMUM         67    242 PM  84    1990  56     11       43
  MINIMUM         34   1115 PM  19    1934  36     -2       29
  AVERAGE         51                        46      5       36

PRECIPITATION (IN)
  YESTERDAY        0.10          1.48 2011   0.08   0.02     0.00
  MONTH TO DATE    2.65                      2.17   0.48     2.43
  SINCE MAR 1      4.60                      4.12   0.48     5.08
  SINCE JAN 1     10.56                      7.65   2.91     8.79

SNOWFALL (IN)
  YESTERDAY        0.1           1.5  1943   0.1    0.0      0.0
  MONTH TO DATE    0.6                       6.5   -5.9     17.6
  SINCE OCT 1    137.5                     120.1   17.4     91.9
  SINCE JUL 1    137.5                     120.1   17.4     91.9
  SNOW DEPTH       0

DEGREE DAYS
 HEATING
  YESTERDAY       14                        19     -5       29
  MONTH TO DATE  582                       685   -103      790
  SINCE MAR 1   1780                      1885   -105     1798
  SINCE JUL 1   6654                      8011  -1357     6939

 COOLING
  YESTERDAY        0                         0      0        0
  MONTH TO DATE    0                         0      0        0
  SINCE MAR 1      0                         0      0        0
  SINCE JAN 1      0                         0      0        0
..................................................................


WIND (MPH)
  HIGHEST WIND SPEED    33   HIGHEST WIND DIRECTION    SW (230)
  HIGHEST GUST SPEED    47   HIGHEST GUST DIRECTION    SW (220)
  AVERAGE WIND SPEED    12.9




RELATIVE HUMIDITY (PERCENT)
 HIGHEST    93
 LOWEST     55
 AVERAGE    74

..........................................................


THE SAULT STE MARIE MI CLIMATE NORMALS FOR TODAY
                         NORMAL    RECORD    YEAR
 MAXIMUM TEMPERATURE (F)   56        77      1970
                                             1900
 MINIMUM TEMPERATURE (F)   36        20      1909


SUNRISE AND SUNSET
APRIL 28 2017.........SUNRISE   628 AM EDT   SUNSET   843 PM EDT
APRIL 29 2017.........SUNRISE   626 AM EDT   SUNSET   844 PM EDT


-  INDICATES NEGATIVE NUMBERS.
R  INDICATES RECORD WAS SET OR TIED.
MM INDICATES DATA IS MISSING.
T  INDICATES TRACE AMOUNT.




$$
