000
CDUS43 KAPX 180529
CLIANJ


CLIMATE REPORT
NATIONAL WEATHER SERVICE GAYLORD MI
129 AM EDT FRI APR 18 2014


...................................

...THE SAULT STE MARIE MI CLIMATE SUMMARY FOR APRIL 17 2014...

CLIMATE NORMAL PERIOD 1981 TO 2010
CLIMATE RECORD PERIOD 1888 TO 2014


WEATHER ITEM   OBSERVED TIME   RECORD YEAR NORMAL DEPARTURE LAST
                VALUE   (LST)  VALUE       VALUE  FROM      YEAR
                                                  NORMAL
..................................................................
TEMPERATURE (F)
 YESTERDAY
  MAXIMUM         38   1010 PM  76    2002  50    -12       43
  MINIMUM         28    635 AM  17    1990  32     -4       29
                                      1983
                                      1923
  AVERAGE         33                        41     -8       36

PRECIPITATION (IN)
  YESTERDAY        0.27          0.84 1922   0.08   0.19     0.00
  MONTH TO DATE    2.04                      1.41   0.63     1.88
  SINCE MAR 1      3.75                      3.36   0.39     4.48
  SINCE JAN 1      7.11                      6.89   0.22    10.57

SNOWFALL (IN)
  YESTERDAY        2.3           3.1  2011   0.2    2.1      0.0
  MONTH TO DATE   10.3                       4.9    5.4     13.5
  SINCE OCT 1    134.6                     118.5   16.1    153.1
  SINCE JUL 1    134.6                     118.5   16.1    153.1
  SNOW DEPTH      12

DEGREE DAYS
 HEATING
  YESTERDAY       32                        24      8       29
  MONTH TO DATE  554                       472     82      576
  SINCE MAR 1   1988                      1672    316     1790
  SINCE JUL 1   8768                      7798    970     7522

 COOLING
  YESTERDAY        0                         0      0        0
  MONTH TO DATE    0                         0      0        0
  SINCE MAR 1      0                         0      0        0
  SINCE JAN 1      0                         0      0        0
..................................................................


WIND (MPH)
  HIGHEST WIND SPEED    24   HIGHEST WIND DIRECTION    SE (130)
  HIGHEST GUST SPEED    34   HIGHEST GUST DIRECTION    SE (130)
  AVERAGE WIND SPEED    10.4




RELATIVE HUMIDITY (PERCENT)
 HIGHEST    92
 LOWEST     59
 AVERAGE    76

..........................................................


THE SAULT STE MARIE MI CLIMATE NORMALS FOR TODAY
                         NORMAL    RECORD    YEAR
 MAXIMUM TEMPERATURE (F)   51        83      1976
 MINIMUM TEMPERATURE (F)   32        15      1983


SUNRISE AND SUNSET
APRIL 18 2014.........SUNRISE   645 AM EDT   SUNSET   829 PM EDT
APRIL 19 2014.........SUNRISE   643 AM EDT   SUNSET   831 PM EDT


-  INDICATES NEGATIVE NUMBERS.
R  INDICATES RECORD WAS SET OR TIED.
MM INDICATES DATA IS MISSING.
T  INDICATES TRACE AMOUNT.




$$
