000
CDUS43 KAPX 300528
CLIANJ


CLIMATE REPORT
NATIONAL WEATHER SERVICE GAYLORD MI
127 AM EDT SUN AUG 30 2015


...................................

...THE SAULT STE MARIE MI CLIMATE SUMMARY FOR AUGUST 29 2015...

CLIMATE NORMAL PERIOD 1981 TO 2010
CLIMATE RECORD PERIOD 1888 TO 2015


WEATHER ITEM   OBSERVED TIME   RECORD YEAR NORMAL DEPARTURE LAST
                VALUE   (LST)  VALUE       VALUE  FROM      YEAR
                                                  NORMAL
..................................................................
TEMPERATURE (F)
 YESTERDAY
  MAXIMUM         72    441 PM  92    1991  73     -1       64
  MINIMUM         60   1026 PM  29    1982  53      7       50
  AVERAGE         66                        63      3       57

PRECIPITATION (IN)
  YESTERDAY        0.27          1.40 1894   0.10   0.17     0.42
  MONTH TO DATE    2.77                      2.94  -0.17     2.26
  SINCE JUN 1      8.55                      8.50   0.05     6.66
  SINCE JAN 1     17.25                     18.94  -1.69    18.70

DEGREE DAYS
 HEATING
  YESTERDAY        0                         4     -4        8
  MONTH TO DATE   47                        69    -22       70
  SINCE JUN 1    289                       318    -29      290
  SINCE JUL 1    101                       138    -37      181

 COOLING
  YESTERDAY        1                         1      0        0
  MONTH TO DATE   83                        65     18       42
  SINCE JUN 1    182                       173      9      100
  SINCE JAN 1    184                       178      6      102
..................................................................


WIND (MPH)
  HIGHEST WIND SPEED    15   HIGHEST WIND DIRECTION    SW (220)
  HIGHEST GUST SPEED    19   HIGHEST GUST DIRECTION    SW (230)
  AVERAGE WIND SPEED     5.3




RELATIVE HUMIDITY (PERCENT)
 HIGHEST    97
 LOWEST     68
 AVERAGE    83

..........................................................


THE SAULT STE MARIE MI CLIMATE NORMALS FOR TODAY
                         NORMAL    RECORD    YEAR
 MAXIMUM TEMPERATURE (F)   72        88      2010
                                             1973
                                             1932
 MINIMUM TEMPERATURE (F)   53        35      1976


SUNRISE AND SUNSET
AUGUST 30 2015........SUNRISE   655 AM EDT   SUNSET   821 PM EDT
AUGUST 31 2015........SUNRISE   656 AM EDT   SUNSET   819 PM EDT


-  INDICATES NEGATIVE NUMBERS.
R  INDICATES RECORD WAS SET OR TIED.
MM INDICATES DATA IS MISSING.
T  INDICATES TRACE AMOUNT.




$$
