000
CDUS43 KAPX 290534
CLIANJ


CLIMATE REPORT
NATIONAL WEATHER SERVICE GAYLORD MI
133 AM EDT WED JUL 29 2015


...................................

...THE SAULT STE MARIE MI CLIMATE SUMMARY FOR JULY 28 2015...

CLIMATE NORMAL PERIOD 1981 TO 2010
CLIMATE RECORD PERIOD 1888 TO 2015


WEATHER ITEM   OBSERVED TIME   RECORD YEAR NORMAL DEPARTURE LAST
                VALUE   (LST)  VALUE       VALUE  FROM      YEAR
                                                  NORMAL
..................................................................
TEMPERATURE (F)
 YESTERDAY
  MAXIMUM         95R       MM  90    1988  77     18       65
                                      1931
  MINIMUM         63        MM  39    1978  55      8       50
  AVERAGE         79                        66     13       58

PRECIPITATION (IN)
  YESTERDAY        0.00          1.46 1940   0.10  -0.10     0.00
  MONTH TO DATE    3.05                      2.55   0.50     1.48
  SINCE JUN 1      5.78                      5.25   0.53     4.40
  SINCE JAN 1     14.48                     15.69  -1.21    16.44

DEGREE DAYS
 HEATING
  YESTERDAY        0                         2     -2        7
  MONTH TO DATE   51                        66    -15       94
  SINCE JUN 1    239                       246     -7      203
  SINCE JUL 1     51                        66    -15       94

 COOLING
  YESTERDAY       14                         3     11        0
  MONTH TO DATE   82                        75      7       21
  SINCE JUN 1     89                       105    -16       58
  SINCE JAN 1     91                       110    -19       60
..................................................................


WIND (MPH)
  HIGHEST WIND SPEED    MM   HIGHEST WIND DIRECTION    MM
  HIGHEST GUST SPEED    MM   HIGHEST GUST DIRECTION    MM
  AVERAGE WIND SPEED    MM




RELATIVE HUMIDITY (PERCENT)
 HIGHEST    MM
 LOWEST     MM
 AVERAGE    MM

..........................................................


THE SAULT STE MARIE MI CLIMATE NORMALS FOR TODAY
                         NORMAL    RECORD    YEAR
 MAXIMUM TEMPERATURE (F)   77        96      1916
 MINIMUM TEMPERATURE (F)   56        40      1968


SUNRISE AND SUNSET
JULY 29 2015..........SUNRISE   615 AM EDT   SUNSET   913 PM EDT
JULY 30 2015..........SUNRISE   616 AM EDT   SUNSET   911 PM EDT


-  INDICATES NEGATIVE NUMBERS.
R  INDICATES RECORD WAS SET OR TIED.
MM INDICATES DATA IS MISSING.
T  INDICATES TRACE AMOUNT.




$$
