782
CDAK47 PANT 140911
CLIANN

CLIMATE REPORT
NATIONAL WEATHER SERVICE ANNETTE, AK
1211 AM AKST SUN FEB 14 2016

...................................
...THE ANNETTE WSO AP CLIMATE SUMMARY FOR FEBRUARY 13 2016...

CLIMATE NORMAL PERIOD  1981 TO  2010
CLIMATE RECORD PERIOD  1948 TO  2016

WEATHER ITEM   OBSERVED TIME    RECORD YEAR NORMAL DEPARTURE LAST
               VALUE    (LST)   VALUE       VALUE  FROM      YEAR
                                                   NORMAL
...................................................................
TEMPERATURE
YESTERDAY
 MAXIMUM            45  0327 AM    57  2004     43       2     51
 MINIMUM            41  0229 PM     4  1956     33       8     47
 AVERAGE            43                          38       5     49

PRECIPITATION
(INCHES)
 YESTERDAY        0.18           1.87  1985   0.26   -0.08   0.25
 MONTH TO DATE    8.22                        3.62    4.60   5.52
 SINCE DEC 1     24.65                       25.07   -0.42  33.19
 SINCE JAN 1     17.72                       14.35    3.37  20.23

SNOWFALL
(INCHES)
 YESTERDAY         0.0            3.5  1974    0.3    -0.3    0.0
 MONTH TO DATE       T                         3.3    -3.3    2.3
 SINCE DEC 1       4.1                        19.0   -14.9    6.0
 SINCE JUL 1       5.0                        22.6   -17.6   10.2
 SNOW DEPTH (IN)     0                                          0

DEGREE DAYS
 HEATING
  YESTERDAY         22                          27      -5     16
  MONTH TO DATE    286                         354     -68    326
  SINCE DEC 1     1919                        2083    -164   1745
  SINCE JUL 1     3692                        4133    -441     MM

 COOLING
  YESTERDAY          0                           0       0      0
  MONTH TO DATE      0                           0       0      0
  SINCE DEC 1        0                           0       0      0
  SINCE JAN 1        0                           0       0      0
...................................................................

WIND (MPH)
 HIGHEST WIND SPEED    18     HIGHEST WIND DIRECTION    130
 HIGHEST GUST SPEED    24     HIGHEST GUST DIRECTION    120
 AVERAGE WIND SPEED   8.4

SKY COVER
  POSSIBLE SUNSHINE    MM          AVERAGE SKY COVER     MM

WEATHER CONDITIONS
 THE FOLLOWING WEATHER WAS RECORDED YESTERDAY.
  FOG
  DRIZZLE
  RAIN


RELATIVE HUMIDITY
 HIGHEST RH     MM PERCENT       MM
 LOWEST  RH     MM PERCENT       MM
 AVERAGE RH     MM PERCENT       MM
...................................................................

THE ANNETTE CLIMATE NORMALS FOR TODAY
                           NORMAL    RECORD   YEAR
 MAXIMUM TEMPERATURE (F)     43        52     1998
 MINIMUM TEMPERATURE (F)     33         2     1956

SUNRISE AND SUNSET
 FEB 14 2016..........SUNRISE  7:12 AM      SUNSET  4:51 PM
 FEB 15 2016..........SUNRISE  7:10 AM      SUNSET  4:53 PM

-  INDICATES NEGATIVE NUMBERS.
R  INDICATES RECORD HAS BEEN SET OR TIED.
MM INDICATES DATA IS MISSING.
T  INDICATES TRACE OF PRECIPITATION.

&&
-------------------------------------------------------------------

AMOUNT OF DAYLIGHT TODAY  (HOUR:MIN)........9 HOURS 39 MINUTES
GAIN/LOSS SINCE YESTERDAY (HOUR:MIN:SEC)....+0:04:16

$$
MM FEB 16
