000
CDAK47 PAJK 231227
CLIANN
CLIMATE REPORT
NATIONAL WEATHER SERVICE JUNEAU, AK
327 AM AKST TUE JAN 23 2018


...................................

...THE ANNETTE ISLAND CLIMATE SUMMARY FOR JANUARY 22 2018...

CLIMATE NORMAL PERIOD 1981 TO 2010
CLIMATE RECORD PERIOD 1941 TO 2018


WEATHER ITEM   OBSERVED RECORD YEAR NORMAL DEPARTURE LAST
                VALUE   VALUE       VALUE  FROM      YEAR
                                           NORMAL
...........................................................
TEMPERATURE (F)
 YESTERDAY
  MAXIMUM         41     56    1942  42     -1       49
  MINIMUM         34      5    1969  32      2       43
  AVERAGE         38                 37      1       46

PRECIPITATION (IN)
  YESTERDAY        0.19   2.66 1968   0.35  -0.16     0.02
  MONTH TO DATE    1.48               7.77  -6.29     4.78
  SINCE JAN 1      1.48               7.77  -6.29     4.78

SNOWFALL (IN)
  YESTERDAY       MM      5.5  1974   0.2   MM        0.0
  MONTH TO DATE    T                  5.5   -5.5      1.0
  SINCE JUL 1      T                 17.2  -17.2      6.8
  SNOW DEPTH       0

DEGREE DAYS
 HEATING
  YESTERDAY       27                 28     -1       19
  MONTH TO DATE  286                616   -330      595
...........................................................


WIND (MPH)
  HIGHEST WIND SPEED     9   HIGHEST WIND DIRECTION    SE (120)
  HIGHEST GUST SPEED    MM   HIGHEST GUST DIRECTION    MM
  AVERAGE WIND SPEED     5.5


SKY COVER
  AVERAGE SKY COVER 0.7


WEATHER CONDITIONS
 THE FOLLOWING WEATHER WAS RECORDED YESTERDAY.
  HEAVY RAIN
  LIGHT RAIN
  LIGHT SNOW
  FOG


..........................................................


THE ANNETTE ISLAND CLIMATE NORMALS FOR TODAY
                         NORMAL    RECORD    YEAR
 MAXIMUM TEMPERATURE (F)   42        53      2001
 MINIMUM TEMPERATURE (F)   32         4      1950


SUNRISE AND SUNSET
JANUARY 23 2018.......SUNRISE   752 AM AKST  SUNSET   405 PM AKST
JANUARY 24 2018.......SUNRISE   750 AM AKST  SUNSET   407 PM AKST


-  INDICATES NEGATIVE NUMBERS.
R  INDICATES RECORD WAS SET OR TIED.
MM INDICATES DATA IS MISSING.
T  INDICATES TRACE AMOUNT.




$$
--------------------------------------------------------------

AMOUNT OF DAYLIGHT TODAY (HOUR:MIN)......... 8 HOURS 14 MINUTES
GAIN/LOSS SINCE YESTERDAY (HOUR:MIN:SEC).... +0:03:25

$$
