000
CDAK47 PANT 260004
CLIANN

CLIMATE REPORT
NATIONAL WEATHER SERVICE ANNETTE, AK
304 PM AKST SUN JAN 25 2015

...................................
...THE ANNETTE WSO AP CLIMATE SUMMARY FOR JANUARY 25 2015...
VALID TODAY AS OF 2:00 PM LOCAL TIME

CLIMATE NORMAL PERIOD  1981 TO  2010
CLIMATE RECORD PERIOD  1948 TO  2015

WEATHER ITEM   OBSERVED TIME    RECORD YEAR NORMAL DEPARTURE LAST
               VALUE    (LST)   VALUE       VALUE  FROM      YEAR
                                                   NORMAL
...................................................................
TEMPERATURE
TODAY
 MAXIMUM            47  0116 PM    50  2005     42       5     45
 MINIMUM            46  0302 PM     8  1954     33      13     28
 AVERAGE            47                          37      10     37

PRECIPITATION
(INCHES)
 TODAY            0.06           3.05  1989   0.33   -0.27   0.00
 MONTH TO DATE   12.69                        8.80    3.89   7.80
 SINCE DEC 1     25.65                       19.52    6.13  26.18
 SINCE JAN 1     12.69                        8.80    3.89   7.80

SNOWFALL
(INCHES)
 TODAY             0.0            6.7  1949    0.2    -0.2    0.0
 MONTH TO DATE     3.3                         6.2    -2.9    1.0
 SINCE DEC 1       3.7                        14.3   -10.6    4.4
 SINCE JUL 1       7.9                        17.9   -10.0   10.1
 SNOW DEPTH (IN)     0                                          0

DEGREE DAYS
 HEATING
  TODAY             18                          28     -10     28
  MONTH TO DATE    548                         700    -152    644
  SINCE DEC 1     1264                        1561    -297   1543
  SINCE JUL 1     3269                        3611    -342   3357

 COOLING
  TODAY              0                           0       0      0
  MONTH TO DATE      0                           0       0      0
  SINCE DEC 1        0                           0       0      0
  SINCE JAN 1        0                           0       0      0
...................................................................

WIND (MPH)
 HIGHEST WIND SPEED    14     HIGHEST WIND DIRECTION    210
 HIGHEST GUST SPEED    23     HIGHEST GUST DIRECTION    230
 AVERAGE WIND SPEED    MM

SKY COVER
  POSSIBLE SUNSHINE  MM            AVERAGE SKY COVER MM

WEATHER CONDITIONS
 THE FOLLOWING WEATHER WAS RECORDED TODAY.
FOG
RAIN


RELATIVE HUMIDITY
 HIGHEST RH     MM PERCENT       MM
 LOWEST  RH     MM PERCENT       MM
 AVERAGE RH     MM PERCENT       MM
...................................................................

THE ANNETTE CLIMATE NORMALS FOR TOMORROW
                        NORMAL    RECORD   YEAR
 MAXIMUM TEMPERATURE      42        51     2005
 MINIMUM TEMPERATURE      33        10     1954

SUNRISE AND SUNSET
 JAN 25 2015..........SUNRISE  7:49 AM      SUNSET  4:09 PM
 JAN 26 2015..........SUNRISE  7:48 AM      SUNSET  4:11 PM

-  INDICATES NEGATIVE NUMBERS.
R  INDICATES RECORD HAS BEEN SET OR TIED.
MM INDICATES DATA IS MISSING.
T  INDICATES TRACE OF PRECIPITATION.

&&
-------------------------------------------------------------------

AMOUNT OF DAYLIGHT TODAY  (HOUR:MIN)........8 HOURS 20 MINUTES
GAIN/LOSS SINCE YESTERDAY (HOUR:MIN:SEC)....+0:03:31

$$
JZ JAN 15
