000
CDAK47 PANT 211400
CLIANN

CLIMATE REPORT
NATIONAL WEATHER SERVICE ANNETTE, AK
600 AM AKDT THU AUG 21 2014

...................................
...THE ANNETTE WSO AP CLIMATE SUMMARY FOR AUGUST 20 2014...

CLIMATE NORMAL PERIOD  1981 TO  2010
CLIMATE RECORD PERIOD  1948 TO  2014

WEATHER ITEM   OBSERVED TIME    RECORD YEAR NORMAL DEPARTURE LAST
               VALUE    (LST)   VALUE       VALUE  FROM      YEAR
                                                   NORMAL
...................................................................
TEMPERATURE
YESTERDAY
 MAXIMUM            72  0214 PM    83  1979     65       7     63
 MINIMUM            50  0525 AM    45  1987     53      -3     52
 AVERAGE            61                          59       2     58

PRECIPITATION
(INCHES)
 YESTERDAY        0.00           3.11  2011   0.25   -0.25   0.00
 MONTH TO DATE    3.05                        4.06   -1.01   2.37
 SINCE JUN 1     18.40                       13.59    4.81   9.95
 SINCE JAN 1     59.20                       52.01    7.19  49.26

SNOWFALL
(INCHES)
 YESTERDAY         0.0            0.0  2014    0.0     0.0    0.0
 MONTH TO DATE     0.0                         0.0     0.0    0.0
 SINCE JUN 1       0.0                         0.0     0.0    0.0
 SINCE JUL 1       0.0                         0.0     0.0    0.0
 SNOW DEPTH (IN)     0                                          0

DEGREE DAYS
 HEATING
  YESTERDAY          4                           6      -2      7
  MONTH TO DATE     MM                         114      MM     92
  SINCE JUN 1      833                         618     215    463
  SINCE JUL 1      506                         320     186    243

 COOLING
  YESTERDAY          0                           0       0      0
  MONTH TO DATE     MM                           0      MM      2
  SINCE JUN 1       13                           0      13     22
  SINCE JAN 1       MM                           0      MM     22
...................................................................

WIND (MPH)
 HIGHEST WIND SPEED     9     HIGHEST WIND DIRECTION    220
 HIGHEST GUST SPEED    12     HIGHEST GUST DIRECTION    210
 AVERAGE WIND SPEED   2.8

SKY COVER
  POSSIBLE SUNSHINE    MM          AVERAGE SKY COVER     MM

WEATHER CONDITIONS
 THE FOLLOWING WEATHER WAS RECORDED YESTERDAY.
  NO SIGNIFICANT WEATHER WAS OBSERVED.

RELATIVE HUMIDITY
 HIGHEST RH     MM PERCENT       MM
 LOWEST  RH     MM PERCENT       MM
 AVERAGE RH     MM PERCENT       MM
...................................................................

THE ANNETTE CLIMATE NORMALS FOR TODAY
                           NORMAL    RECORD   YEAR
 MAXIMUM TEMPERATURE (F)     64        78     1979
 MINIMUM TEMPERATURE (F)     53        43     2010

SUNRISE AND SUNSET
 AUG 21 2014..........SUNRISE  5:33 AM      SUNSET  8:06 PM
 AUG 22 2014..........SUNRISE  5:35 AM      SUNSET  8:03 PM

-  INDICATES NEGATIVE NUMBERS.
R  INDICATES RECORD HAS BEEN SET OR TIED.
MM INDICATES DATA IS MISSING.
T  INDICATES TRACE OF PRECIPITATION.

&&
-------------------------------------------------------------------

AMOUNT OF DAYLIGHT TODAY  (HOUR:MIN)........14 HOURS 33 MINUTES
GAIN/LOSS SINCE YESTERDAY (HOUR:MIN:SEC)....-0:04:14

$$
JH AUG 14
