000
CDAK47 PANT 270934
CLIANN

CLIMATE REPORT
NATIONAL WEATHER SERVICE ANNETTE, AK
1234 AM AKST SAT DEC 27 2014

...................................
...THE ANNETTE WSO AP CLIMATE SUMMARY FOR DECEMBER 26 2014...

CLIMATE NORMAL PERIOD  1981 TO  2010
CLIMATE RECORD PERIOD  1948 TO  2014

WEATHER ITEM   OBSERVED TIME    RECORD YEAR NORMAL DEPARTURE LAST
               VALUE    (LST)   VALUE       VALUE  FROM      YEAR
                                                   NORMAL
...................................................................
TEMPERATURE
YESTERDAY
 MAXIMUM            44  0134 PM    53  2009     41       3     44
 MINIMUM            35  0108 AM     9  1955     32       3     40
 AVERAGE            40                          37       3     42

PRECIPITATION
(INCHES)
 YESTERDAY        0.17           2.83  1959   0.33   -0.16   0.50
 MONTH TO DATE   12.02                        9.05    2.97  15.25
 SINCE DEC 1     12.02                        9.05    2.97  15.25
 SINCE JAN 1    108.00                       99.96    8.04  96.46

SNOWFALL
(INCHES)
 YESTERDAY         0.0            5.8  2008    0.4    -0.4    0.0
 MONTH TO DATE     0.4                         6.6    -6.2    3.4
 SINCE DEC 1       0.4                         6.6    -6.2    3.4
 SINCE JUL 1       4.6                        10.2    -5.6    9.1
 SNOW DEPTH (IN)     0                                          0

DEGREE DAYS
 HEATING
  YESTERDAY         25                          28      -3     23
  MONTH TO DATE    571                         721    -150    770
  SINCE DEC 1      571                         721    -150    770
  SINCE JUL 1     2576                        2771    -195   2584

 COOLING
  YESTERDAY          0                           0       0      0
  MONTH TO DATE      0                           0       0      0
  SINCE DEC 1        0                           0       0      0
  SINCE JAN 1       MM                           0      MM     22
...................................................................

WIND (MPH)
 HIGHEST WIND SPEED    13     HIGHEST WIND DIRECTION    120
 HIGHEST GUST SPEED    18     HIGHEST GUST DIRECTION    110
 AVERAGE WIND SPEED   4.2

WEATHER CONDITIONS
 THE FOLLOWING WEATHER WAS RECORDED YESTERDAY.
  FOG
RAIN
...................................................................

THE ANNETTE CLIMATE NORMALS FOR TODAY
                           NORMAL    RECORD   YEAR
 MAXIMUM TEMPERATURE (F)     41        52     1979
 MINIMUM TEMPERATURE (F)     32         7     1968

SUNRISE AND SUNSET
 DEC 27 2014..........SUNRISE  8:12 AM      SUNSET  3:24 PM
 DEC 28 2014..........SUNRISE  8:12 AM      SUNSET  3:25 PM

-  INDICATES NEGATIVE NUMBERS.
R  INDICATES RECORD HAS BEEN SET OR TIED.
MM INDICATES DATA IS MISSING.
T  INDICATES TRACE OF PRECIPITATION.

&&
-------------------------------------------------------------------

AMOUNT OF DAYLIGHT TODAY  (HOUR:MIN)........7 HOURS 12 MINUTES
GAIN SINCE YESTERDAY (HOUR:MIN:SEC)....+0:00:42

$$
CRG DEC 14
