000
CDAK47 PANT 292313
CLIANN

CLIMATE REPORT
NATIONAL WEATHER SERVICE ANNETTE, AK
313 PM AKDT FRI MAY 29 2015

...................................
...THE ANNETTE WSO AP CLIMATE SUMMARY FOR MAY 29 2015...
VALID TODAY AS OF 2:00 PM LOCAL TIME

CLIMATE NORMAL PERIOD  1981 TO  2010
CLIMATE RECORD PERIOD  1948 TO  2015

WEATHER ITEM   OBSERVED TIME    RECORD YEAR NORMAL DEPARTURE LAST
               VALUE    (LST)   VALUE       VALUE  FROM      YEAR
                                                   NORMAL
...................................................................
TEMPERATURE
TODAY
 MAXIMUM            75  0210 PM    75  2015     59      16     60
 MINIMUM            46  0331 AM    38  1999     47      -1     47
 AVERAGE            61                          53       8     54

PRECIPITATION
(INCHES)
 TODAY            0.00           0.79  1950   0.16   -0.16   0.00
 MONTH TO DATE    0.50                        5.22   -4.72   4.95
 SINCE MAR 1     22.42                       20.04    2.38  28.69
 SINCE JAN 1     43.48                       38.08    5.40  40.79

SNOWFALL
(INCHES)
 TODAY             0.0            0.0  2015    0.0     0.0    0.0
 MONTH TO DATE     0.0                         0.1    -0.1    0.0
 SINCE MAR 1         T                         8.4    -8.4    0.3
 SINCE JUL 1      10.2                        34.9   -24.7   25.4
 SNOW DEPTH (IN)     0                                          0

DEGREE DAYS
 HEATING
  TODAY              4                          12      -8     11
  MONTH TO DATE    282                         437    -155    388
  SINCE MAR 1     1518                        1844    -326   1894
  SINCE JUL 1     5602                        6382    -780   6383

 COOLING
  TODAY              0                           0       0      0
  MONTH TO DATE      0                           0       0      0
  SINCE MAR 1        0                           0       0      0
  SINCE JAN 1        0                           0       0      0
...................................................................

WIND (MPH)
 HIGHEST WIND SPEED     9     HIGHEST WIND DIRECTION    290
 HIGHEST GUST SPEED    13     HIGHEST GUST DIRECTION    340
 AVERAGE WIND SPEED    MM

SKY COVER
  POSSIBLE SUNSHINE  MM            AVERAGE SKY COVER MM

WEATHER CONDITIONS
 THE FOLLOWING WEATHER WAS RECORDED TODAY.
NO SIGNIFICANT WEATHER WAS OBSERVED.

RELATIVE HUMIDITY
 HIGHEST RH     MM PERCENT       MM
 LOWEST  RH     MM PERCENT       MM
 AVERAGE RH     MM PERCENT       MM
...................................................................

THE ANNETTE CLIMATE NORMALS FOR TOMORROW
                        NORMAL    RECORD   YEAR
 MAXIMUM TEMPERATURE      59        75     1957
 MINIMUM TEMPERATURE      47        39     1978

SUNRISE AND SUNSET
 MAY 29 2015..........SUNRISE  4:18 AM      SUNSET  9:11 PM
 MAY 30 2015..........SUNRISE  4:17 AM      SUNSET  9:12 PM

-  INDICATES NEGATIVE NUMBERS.
R  INDICATES RECORD HAS BEEN SET OR TIED.
MM INDICATES DATA IS MISSING.
T  INDICATES TRACE OF PRECIPITATION.

&&
-------------------------------------------------------------------

AMOUNT OF DAYLIGHT TODAY  (HOUR:MIN)........16 HOURS 53 MINUTES
GAIN/LOSS SINCE YESTERDAY (HOUR:MIN:SEC)....+0:02:34

$$
MM MAY 15
