000
CDAK47 PANT 230010
CLIANN

CLIMATE REPORT
NATIONAL WEATHER SERVICE ANNETTE, AK
410 PM AKDT TUE JUL 22 2014

...................................
...THE ANNETTE WSO AP CLIMATE SUMMARY FOR JULY 22 2014...
VALID TODAY AS OF 2:00 PM LOCAL TIME

CLIMATE NORMAL PERIOD  1981 TO  2010
CLIMATE RECORD PERIOD  1948 TO  2014

WEATHER ITEM   OBSERVED TIME    RECORD YEAR NORMAL DEPARTURE LAST
               VALUE    (LST)   VALUE       VALUE  FROM      YEAR
                                                   NORMAL
...................................................................
TEMPERATURE
TODAY
 MAXIMUM            68  1218 PM    83  1952     65       3     64
 MINIMUM            49  1213 AM    46  1973     54      -5     54
 AVERAGE            59                          59       0     59

PRECIPITATION
(INCHES)
 TODAY            0.01           1.41  1991   0.16   -0.15   0.22
 MONTH TO DATE    3.51                        3.24    0.27   2.07
 SINCE JUN 1     11.26                        8.12    3.14   6.05
 SINCE JAN 1     52.06                       46.54    5.52  45.36

SNOWFALL
(INCHES)
 TODAY             0.0            0.0  2014    0.0     0.0    0.0
 MONTH TO DATE     0.0                         0.0     0.0    0.0
 SINCE JUN 1       0.0                         0.0     0.0    0.0
 SINCE JUL 1       0.0                         0.0     0.0    0.0
 SNOW DEPTH (IN)     0                                          0

DEGREE DAYS
 HEATING
  TODAY              6                           6       0      6
  MONTH TO DATE    127                         154     -27    121
  SINCE JUN 1      454                         452       2    341
  SINCE JUL 1      127                         154     -27    121

 COOLING
  TODAY              0                           0       0      0
  MONTH TO DATE      8                           0       8      4
  SINCE JUN 1        8                           0       8     10
  SINCE JAN 1        8                           0       8     10
...................................................................

WIND (MPH)
 HIGHEST WIND SPEED     8     HIGHEST WIND DIRECTION    150
 HIGHEST GUST SPEED    11     HIGHEST GUST DIRECTION    150
 AVERAGE WIND SPEED   0.0

SKY COVER
  POSSIBLE SUNSHINE  MM            AVERAGE SKY COVER MM

WEATHER CONDITIONS
 THE FOLLOWING WEATHER WAS RECORDED TODAY.
RAIN

...................................................................

THE ANNETTE CLIMATE NORMALS FOR TOMORROW
                        NORMAL    RECORD   YEAR
 MAXIMUM TEMPERATURE      65        84     1966
 MINIMUM TEMPERATURE      54        43     1965

SUNRISE AND SUNSET
 JUL 22 2014..........SUNRISE  4:39 AM      SUNSET  9:07 PM
 JUL 23 2014..........SUNRISE  4:40 AM      SUNSET  9:05 PM

-  INDICATES NEGATIVE NUMBERS.
R  INDICATES RECORD HAS BEEN SET OR TIED.
MM INDICATES DATA IS MISSING.
T  INDICATES TRACE OF PRECIPITATION.

&&
-------------------------------------------------------------------

AMOUNT OF DAYLIGHT TODAY  (HOUR:MIN)........16 HOURS 28 MINUTES
GAIN/LOSS SINCE YESTERDAY (HOUR:MIN:SEC)....-0:03:08

$$
TR JUL 14
