000
CDUS41 KCTP 270612
CLIAOO


CLIMATE REPORT
NATIONAL WEATHER SERVICE STATE COLLEGE PA
211 AM EDT WED JUL 27 2016


...................................

...THE ALTOONA CLIMATE SUMMARY FOR JULY 26 2016...

CLIMATE NORMAL PERIOD 1981 TO 2010
CLIMATE RECORD PERIOD 1948 TO 2016


WEATHER ITEM   OBSERVED TIME   RECORD YEAR NORMAL DEPARTURE LAST
                VALUE   (LST)  VALUE       VALUE  FROM      YEAR
                                                  NORMAL
..................................................................
TEMPERATURE (F)
 YESTERDAY
  MAXIMUM         90    436 PM  95    1952  82      8       85
  MINIMUM         66    533 AM  49    2013  60      6       60
  AVERAGE         78                        71      7       73

PRECIPITATION (IN)
  YESTERDAY        0.00          1.32 2012   0.11  -0.11     0.07
  MONTH TO DATE    0.91                      2.76  -1.85     5.35
  SINCE JUN 1      3.42                      6.24  -2.82    12.96
  SINCE JAN 1     13.40                     20.42  -7.02    22.46

DEGREE DAYS
 HEATING
  YESTERDAY        0                         0      0        0
  MONTH TO DATE    4                         1      3        3
  SINCE JUN 1     27                        59    -32       42
  SINCE JUL 1      4                         1      3        3

 COOLING
  YESTERDAY       13                         6      7        8
  MONTH TO DATE  241                       155     86      139
  SINCE JUN 1    374                       264    110      287
  SINCE JAN 1    425                       297    128      391
..................................................................


WIND (MPH)
  HIGHEST WIND SPEED    15   HIGHEST WIND DIRECTION    NW (320)
  HIGHEST GUST SPEED    24   HIGHEST GUST DIRECTION     W (280)
  AVERAGE WIND SPEED     5.8


SKY COVER
  POSSIBLE SUNSHINE  MM
  AVERAGE SKY COVER 0.1


WEATHER CONDITIONS
 THE FOLLOWING WEATHER WAS RECORDED YESTERDAY.
  FOG
  HAZE


RELATIVE HUMIDITY (PERCENT)
 HIGHEST    93           500 AM
 LOWEST     32           300 PM
 AVERAGE    63

..........................................................


THE ALTOONA CLIMATE NORMALS FOR TODAY
                         NORMAL    RECORD    YEAR
 MAXIMUM TEMPERATURE (F)   82        93      1955
 MINIMUM TEMPERATURE (F)   60        49      1977


SUNRISE AND SUNSET
JULY 27 2016..........SUNRISE   607 AM EDT   SUNSET   832 PM EDT
JULY 28 2016..........SUNRISE   608 AM EDT   SUNSET   831 PM EDT


-  INDICATES NEGATIVE NUMBERS.
R  INDICATES RECORD WAS SET OR TIED.
MM INDICATES DATA IS MISSING.
T  INDICATES TRACE AMOUNT.




$$
