000
CDUS41 KCTP 260623
CLIAOO


CLIMATE REPORT
NATIONAL WEATHER SERVICE STATE COLLEGE PA
123 AM EST FRI DEC 26 2014


...................................

...THE ALTOONA CLIMATE SUMMARY FOR DECEMBER 25 2014...

CLIMATE NORMAL PERIOD 1981 TO 2010
CLIMATE RECORD PERIOD 1948 TO 2014


WEATHER ITEM   OBSERVED TIME   RECORD YEAR NORMAL DEPARTURE LAST
                VALUE   (LST)  VALUE       VALUE  FROM      YEAR
                                                  NORMAL
..................................................................
TEMPERATURE (F)
 YESTERDAY
  MAXIMUM         50   1214 AM  63    1982  35     15       26
  MINIMUM         36   1159 PM -11    1983  21     15       13
  AVERAGE         43                        28     15       20

PRECIPITATION (IN)
  YESTERDAY        T             0.59 2009   0.07  -0.07     0.00
  MONTH TO DATE    1.86                      2.03  -0.17     1.84
  SINCE DEC 1      1.86                      2.03  -0.17     1.84
  SINCE JAN 1     35.85                     32.24   3.61    29.13

DEGREE DAYS
 HEATING
  YESTERDAY       22                        37    -15       45
  MONTH TO DATE  773                       841    -68      758
  SINCE DEC 1    773                       841    -68      758
  SINCE JUL 1   2075                      2151    -76     2068

 COOLING
  YESTERDAY        0                         0      0        0
  MONTH TO DATE    0                         0      0        0
  SINCE DEC 1      0                         0      0        0
  SINCE JAN 1    521                       522     -1      695
..................................................................


WIND (MPH)
  HIGHEST WIND SPEED    30   HIGHEST WIND DIRECTION     W (270)
  HIGHEST GUST SPEED    39   HIGHEST GUST DIRECTION     W (280)
  AVERAGE WIND SPEED    16.4


SKY COVER
  POSSIBLE SUNSHINE  MM
  AVERAGE SKY COVER 0.9


WEATHER CONDITIONS
 THE FOLLOWING WEATHER WAS RECORDED YESTERDAY.
  LIGHT RAIN


RELATIVE HUMIDITY (PERCENT)
 HIGHEST    76           100 AM
 LOWEST     64           600 PM
 AVERAGE    70

..........................................................


THE ALTOONA CLIMATE NORMALS FOR TODAY
                         NORMAL    RECORD    YEAR
 MAXIMUM TEMPERATURE (F)   35        66      1982
 MINIMUM TEMPERATURE (F)   21        -4      1983


SUNRISE AND SUNSET
DECEMBER 26 2014......SUNRISE   735 AM EST   SUNSET   453 PM EST
DECEMBER 27 2014......SUNRISE   735 AM EST   SUNSET   454 PM EST


-  INDICATES NEGATIVE NUMBERS.
R  INDICATES RECORD WAS SET OR TIED.
MM INDICATES DATA IS MISSING.
T  INDICATES TRACE AMOUNT.




$$
