000
CDUS41 KCTP 230616
CLIAOO


CLIMATE REPORT
NATIONAL WEATHER SERVICE STATE COLLEGE PA
216 AM EDT TUE SEP 23 2014


...................................

...THE ALTOONA CLIMATE SUMMARY FOR SEPTEMBER 22 2014...

CLIMATE NORMAL PERIOD 1981 TO 2010
CLIMATE RECORD PERIOD 1948 TO 2014


WEATHER ITEM   OBSERVED TIME   RECORD YEAR NORMAL DEPARTURE LAST
                VALUE   (LST)  VALUE       VALUE  FROM      YEAR
                                                  NORMAL
..................................................................
TEMPERATURE (F)
 YESTERDAY
  MAXIMUM         60   1206 AM  90    2005  70    -10       64
  MINIMUM         42   1153 PM  36    1991  49     -7       52
  AVERAGE         51                        59     -8       58

PRECIPITATION (IN)
  YESTERDAY        0.02          2.40 2002   0.12  -0.10     0.00
  MONTH TO DATE    0.24                      2.59  -2.35     2.04
  SINCE SEP 1      0.24                      2.59  -2.35     2.04
  SINCE JAN 1     28.86                     23.51   5.35    21.05

DEGREE DAYS
 HEATING
  YESTERDAY       14                         7      7        7
  MONTH TO DATE   85                        82      3       83
  SINCE SEP 1     85                        82      3       83
  SINCE JUL 1    119                       106     13      104

 COOLING
  YESTERDAY        0                         1     -1        0
  MONTH TO DATE   67                        41     26       55
  SINCE SEP 1     67                        41     26       55
  SINCE JAN 1    519                       514      5      663
..................................................................


WIND (MPH)
  HIGHEST WIND SPEED    21   HIGHEST WIND DIRECTION    NW (300)
  HIGHEST GUST SPEED    28   HIGHEST GUST DIRECTION     W (270)
  AVERAGE WIND SPEED    11.5


SKY COVER
  POSSIBLE SUNSHINE  MM
  AVERAGE SKY COVER 0.9


WEATHER CONDITIONS
 THE FOLLOWING WEATHER WAS RECORDED YESTERDAY.
  RAIN
  LIGHT RAIN
  FOG


RELATIVE HUMIDITY (PERCENT)
 HIGHEST    89           700 AM
 LOWEST     57           100 PM
 AVERAGE    73

..........................................................


THE ALTOONA CLIMATE NORMALS FOR TODAY
                         NORMAL    RECORD    YEAR
 MAXIMUM TEMPERATURE (F)   69        90      1970
 MINIMUM TEMPERATURE (F)   48        31      1974


SUNRISE AND SUNSET
SEPTEMBER 23 2014.....SUNRISE   702 AM EDT   SUNSET   709 PM EDT
SEPTEMBER 24 2014.....SUNRISE   703 AM EDT   SUNSET   707 PM EDT


-  INDICATES NEGATIVE NUMBERS.
R  INDICATES RECORD WAS SET OR TIED.
MM INDICATES DATA IS MISSING.
T  INDICATES TRACE AMOUNT.




$$
