000
CDUS41 KCTP 180723
CLIAOO


CLIMATE REPORT
NATIONAL WEATHER SERVICE STATE COLLEGE PA
223 AM EST THU JAN 18 2018


...................................

...THE ALTOONA CLIMATE SUMMARY FOR JANUARY 17 2018...

CLIMATE NORMAL PERIOD 1981 TO 2010
CLIMATE RECORD PERIOD 1948 TO 2018


WEATHER ITEM   OBSERVED TIME   RECORD YEAR NORMAL DEPARTURE LAST
                VALUE   (LST)  VALUE       VALUE  FROM      YEAR
                                                  NORMAL
..................................................................
TEMPERATURE (F)
 YESTERDAY
  MAXIMUM         20   1208 AM  64    1990  34    -14       41
  MINIMUM          7   1159 PM -20    1982  20    -13       33
  AVERAGE         14                        27    -13       37

PRECIPITATION (IN)
  YESTERDAY        T             0.99 1978   0.07  -0.07     0.18
  MONTH TO DATE    0.98                      1.17  -0.19     1.68
  SINCE DEC 1      1.93                      3.59  -1.66     4.00
  SINCE JAN 1      0.98                      1.17  -0.19     1.68

DEGREE DAYS
 HEATING
  YESTERDAY       51                        38     13       28
  MONTH TO DATE  745                       646     99      578
  SINCE DEC 1   1824                      1711    113     1577
  SINCE JUL 1   2889                      3030   -141     2568

 COOLING
  YESTERDAY        0                         0      0        0
  MONTH TO DATE    0                         0      0        0
  SINCE DEC 1      0                         0      0        0
  SINCE JAN 1      0                         0      0        0
..................................................................


WIND (MPH)
  HIGHEST WIND SPEED    17   HIGHEST WIND DIRECTION    NW (300)
  HIGHEST GUST SPEED    23   HIGHEST GUST DIRECTION    NW (300)
  AVERAGE WIND SPEED    10.0


SKY COVER
  POSSIBLE SUNSHINE  MM
  AVERAGE SKY COVER 0.6


WEATHER CONDITIONS
 THE FOLLOWING WEATHER WAS RECORDED YESTERDAY.
  LIGHT SNOW
  FOG
  HAZE


RELATIVE HUMIDITY (PERCENT)
 HIGHEST    80           100 AM
 LOWEST     56           300 PM
 AVERAGE    68

..........................................................


THE ALTOONA CLIMATE NORMALS FOR TODAY
                         NORMAL    RECORD    YEAR
 MAXIMUM TEMPERATURE (F)   34        61      1973
 MINIMUM TEMPERATURE (F)   20       -14      1994


SUNRISE AND SUNSET
JANUARY 18 2018.......SUNRISE   733 AM EST   SUNSET   515 PM EST
JANUARY 19 2018.......SUNRISE   732 AM EST   SUNSET   516 PM EST


-  INDICATES NEGATIVE NUMBERS.
R  INDICATES RECORD WAS SET OR TIED.
MM INDICATES DATA IS MISSING.
T  INDICATES TRACE AMOUNT.




$$
