000
CDUS41 KCTP 050712
CLIAOO


CLIMATE REPORT
NATIONAL WEATHER SERVICE STATE COLLEGE PA
211 AM EST MON DEC 5 2016


...................................

...THE ALTOONA CLIMATE SUMMARY FOR DECEMBER 4 2016...

CLIMATE NORMAL PERIOD 1981 TO 2010
CLIMATE RECORD PERIOD 1948 TO 2016


WEATHER ITEM   OBSERVED TIME   RECORD YEAR NORMAL DEPARTURE LAST
                VALUE   (LST)  VALUE       VALUE  FROM      YEAR
                                                  NORMAL
..................................................................
TEMPERATURE (F)
 YESTERDAY
  MAXIMUM         40    329 PM  72    1982  41     -1       48
  MINIMUM         34    819 AM   0    1966  27      7       31
  AVERAGE         37                        34      3       40

PRECIPITATION (IN)
  YESTERDAY        0.06          0.72 1951   0.09  -0.03     0.00
  MONTH TO DATE    0.06                      0.37  -0.31     1.09
  SINCE DEC 1      0.06                      0.37  -0.31     1.09
  SINCE JAN 1     24.20                     30.58  -6.38    32.17

DEGREE DAYS
 HEATING
  YESTERDAY       28                        31     -3       25
  MONTH TO DATE  103                       121    -18       97
  SINCE DEC 1    103                       121    -18       97
  SINCE JUL 1   1094                      1431   -337     1090

 COOLING
  YESTERDAY        0                         0      0        0
  MONTH TO DATE    0                         0      0        0
  SINCE DEC 1      0                         0      0        0
  SINCE JAN 1    873                       522    351      696
..................................................................


WIND (MPH)
  HIGHEST WIND SPEED    18   HIGHEST WIND DIRECTION    SE (150)
  HIGHEST GUST SPEED    26   HIGHEST GUST DIRECTION    SE (150)
  AVERAGE WIND SPEED     6.4


SKY COVER
  POSSIBLE SUNSHINE  MM
  AVERAGE SKY COVER 0.9


WEATHER CONDITIONS
 THE FOLLOWING WEATHER WAS RECORDED YESTERDAY.
  LIGHT RAIN
  LIGHT SNOW
  FOG


RELATIVE HUMIDITY (PERCENT)
 HIGHEST    82           600 AM
 LOWEST     64          1200 PM
 AVERAGE    73

..........................................................


THE ALTOONA CLIMATE NORMALS FOR TODAY
                         NORMAL    RECORD    YEAR
 MAXIMUM TEMPERATURE (F)   41        73      2001
 MINIMUM TEMPERATURE (F)   27        13      1966


SUNRISE AND SUNSET
DECEMBER  5 2016......SUNRISE   721 AM EST   SUNSET   447 PM EST
DECEMBER  6 2016......SUNRISE   722 AM EST   SUNSET   447 PM EST


-  INDICATES NEGATIVE NUMBERS.
R  INDICATES RECORD WAS SET OR TIED.
MM INDICATES DATA IS MISSING.
T  INDICATES TRACE AMOUNT.




$$
