000
CDUS41 KCTP 290636
CLIAOO


CLIMATE REPORT
NATIONAL WEATHER SERVICE STATE COLLEGE PA
236 AM EDT SAT APR 29 2017


...................................

...THE ALTOONA CLIMATE SUMMARY FOR APRIL 28 2017...

CLIMATE NORMAL PERIOD 1981 TO 2010
CLIMATE RECORD PERIOD 1948 TO 2017


WEATHER ITEM   OBSERVED TIME   RECORD YEAR NORMAL DEPARTURE LAST
                VALUE   (LST)  VALUE       VALUE  FROM      YEAR
                                                  NORMAL
..................................................................
TEMPERATURE (F)
 YESTERDAY
  MAXIMUM         81    356 PM  87    1962  64     17       49
  MINIMUM         55    520 AM  29    2004  42     13       41
  AVERAGE         68                        53     15       45

PRECIPITATION (IN)
  YESTERDAY        T             1.45 2011   0.11  -0.11     0.35
  MONTH TO DATE    1.99                      2.97  -0.98     1.52
  SINCE MAR 1      6.32                      6.04   0.28     2.77
  SINCE JAN 1     10.95                     10.25   0.70     6.61

DEGREE DAYS
 HEATING
  YESTERDAY        0                        12    -12       20
  MONTH TO DATE  254                       466   -212      459
  SINCE MAR 1   1090                      1325   -235     1059
  SINCE JUL 1   4757                      5880  -1123     4883

 COOLING
  YESTERDAY        3                         0      3        0
  MONTH TO DATE   13                         0     13        0
  SINCE MAR 1     13                         1     12        0
  SINCE JAN 1     13                         1     12        0
..................................................................


WIND (MPH)
  HIGHEST WIND SPEED    13   HIGHEST WIND DIRECTION     W (270)
  HIGHEST GUST SPEED    16   HIGHEST GUST DIRECTION    NE (50)
  AVERAGE WIND SPEED     5.7


SKY COVER
  POSSIBLE SUNSHINE  MM
  AVERAGE SKY COVER 0.2


WEATHER CONDITIONS
 THE FOLLOWING WEATHER WAS RECORDED YESTERDAY.
  LIGHT RAIN


RELATIVE HUMIDITY (PERCENT)
 HIGHEST    97          1200 AM
 LOWEST     26           400 PM
 AVERAGE    62

..........................................................


THE ALTOONA CLIMATE NORMALS FOR TODAY
                         NORMAL    RECORD    YEAR
 MAXIMUM TEMPERATURE (F)   65        83      1956
 MINIMUM TEMPERATURE (F)   42        27      2001


SUNRISE AND SUNSET
APRIL 29 2017.........SUNRISE   615 AM EDT   SUNSET   807 PM EDT
APRIL 30 2017.........SUNRISE   614 AM EDT   SUNSET   808 PM EDT


-  INDICATES NEGATIVE NUMBERS.
R  INDICATES RECORD WAS SET OR TIED.
MM INDICATES DATA IS MISSING.
T  INDICATES TRACE AMOUNT.




$$
