000
CDUS41 KCTP 292119
CLIAOO


CLIMATE REPORT
NATIONAL WEATHER SERVICE STATE COLLEGE PA
519 PM EDT WED JUL 29 2015


...................................

...THE ALTOONA CLIMATE SUMMARY FOR JULY 29 2015...
VALID TODAY AS OF 0500 PM LOCAL TIME.

CLIMATE NORMAL PERIOD 1981 TO 2010
CLIMATE RECORD PERIOD 1948 TO 2015


WEATHER ITEM   OBSERVED TIME   RECORD YEAR NORMAL DEPARTURE LAST
                VALUE   (LST)  VALUE       VALUE  FROM      YEAR
                                                  NORMAL
..................................................................
TEMPERATURE (F)
 TODAY
  MAXIMUM         87    356 PM  94    2002  81      6       67
  MINIMUM         63    541 AM  50    1965  60      3       51
  AVERAGE         75                        71      4       59

PRECIPITATION (IN)
  TODAY            0.00          1.49 1959   0.10  -0.10     0.00
  MONTH TO DATE    5.35                      3.06   2.29     3.33
  SINCE JUN 1     12.96                      6.54   6.42    10.10
  SINCE JAN 1     22.46                     20.72   1.74    23.60

DEGREE DAYS
 HEATING
  TODAY            0                         0      0        6
  MONTH TO DATE    3                         1      2       10
  SINCE JUN 1     42                        59    -17       25
  SINCE JUL 1      3                         1      2       10

 COOLING
  TODAY           10                         6      4        0
  MONTH TO DATE  169                       173     -4      167
  SINCE JUN 1    317                       282     35      304
  SINCE JAN 1    421                       315    106      351
..................................................................


WIND (MPH)
  HIGHEST WIND SPEED     8   HIGHEST WIND DIRECTION    SE (150)
  HIGHEST GUST SPEED    12   HIGHEST GUST DIRECTION    SE (150)
  AVERAGE WIND SPEED     2.0


SKY COVER
  POSSIBLE SUNSHINE  MM
  AVERAGE SKY COVER 0.1


WEATHER CONDITIONS
 THE FOLLOWING WEATHER WAS RECORDED TODAY.
  FOG
  HAZE


RELATIVE HUMIDITY (PERCENT)
 HIGHEST    93           100 AM
 LOWEST     57           300 PM
 AVERAGE    75

..........................................................


THE ALTOONA CLIMATE NORMALS FOR TOMORROW
                         NORMAL    RECORD    YEAR
 MAXIMUM TEMPERATURE (F)   81        92      1983
 MINIMUM TEMPERATURE (F)   60        48      1956


SUNRISE AND SUNSET
JULY 29 2015..........SUNRISE   608 AM EDT   SUNSET   831 PM EDT
JULY 30 2015..........SUNRISE   609 AM EDT   SUNSET   830 PM EDT


-  INDICATES NEGATIVE NUMBERS.
R  INDICATES RECORD WAS SET OR TIED.
MM INDICATES DATA IS MISSING.
T  INDICATES TRACE AMOUNT.




$$
