000
CDUS41 KCTP 010633
CLIAOO


CLIMATE REPORT
NATIONAL WEATHER SERVICE STATE COLLEGE PA
232 AM EDT SUN MAY 1 2016


...................................

...THE ALTOONA CLIMATE SUMMARY FOR APRIL 30 2016...

CLIMATE NORMAL PERIOD 1981 TO 2010
CLIMATE RECORD PERIOD 1948 TO 2016


WEATHER ITEM   OBSERVED TIME   RECORD YEAR NORMAL DEPARTURE LAST
                VALUE   (LST)  VALUE       VALUE  FROM      YEAR
                                                  NORMAL
..................................................................
TEMPERATURE (F)
 YESTERDAY
  MAXIMUM         51    453 PM  85    1970  65    -14       69
  MINIMUM         45    816 AM  30    1961  42      3       46
  AVERAGE         48                        54     -6       58

PRECIPITATION (IN)
  YESTERDAY        0.13          1.17 1996   0.11   0.02     0.34
  MONTH TO DATE    1.66                      3.19  -1.53     3.39
  SINCE MAR 1      2.91                      6.26  -3.35     5.82
  SINCE JAN 1      6.75                     10.47  -3.72     8.34

DEGREE DAYS
 HEATING
  YESTERDAY       17                        12      5        7
  MONTH TO DATE  495                       490      5      431
  SINCE MAR 1   1095                      1348   -253     1357
  SINCE JUL 1   4919                      5904   -985     6150

 COOLING
  YESTERDAY        0                         0      0        0
  MONTH TO DATE    0                         5     -5        0
  SINCE MAR 1      0                         6     -6        0
  SINCE JAN 1      0                         6     -6        0
..................................................................


WIND (MPH)
  HIGHEST WIND SPEED    16   HIGHEST WIND DIRECTION     S (160)
  HIGHEST GUST SPEED    23   HIGHEST GUST DIRECTION    SE (150)
  AVERAGE WIND SPEED     7.1


SKY COVER
  POSSIBLE SUNSHINE  MM
  AVERAGE SKY COVER 1.0


WEATHER CONDITIONS
 THE FOLLOWING WEATHER WAS RECORDED YESTERDAY.
  LIGHT RAIN
  FOG
  FOG W/VISIBILITY <= 1/4 MILE


RELATIVE HUMIDITY (PERCENT)
 HIGHEST   100          1200 AM
 LOWEST     77           200 PM
 AVERAGE    89

..........................................................


THE ALTOONA CLIMATE NORMALS FOR TODAY
                         NORMAL    RECORD    YEAR
 MAXIMUM TEMPERATURE (F)   65        87      2010
 MINIMUM TEMPERATURE (F)   43        27      1978


SUNRISE AND SUNSET
MAY  1 2016...........SUNRISE   612 AM EDT   SUNSET   809 PM EDT
MAY  2 2016...........SUNRISE   611 AM EDT   SUNSET   810 PM EDT


-  INDICATES NEGATIVE NUMBERS.
R  INDICATES RECORD WAS SET OR TIED.
MM INDICATES DATA IS MISSING.
T  INDICATES TRACE AMOUNT.




$$
