000
CDUS42 KMFL 282028
CLIAPF


CLIMATE REPORT
NATIONAL WEATHER SERVICE MIAMI, FL
428 PM EDT MON JUL 28 2014


...................................

...THE NAPLES CLIMATE SUMMARY FOR JULY 28 2014...
VALID TODAY AS OF 0400 PM LOCAL TIME.

CLIMATE NORMAL PERIOD 1981 TO 2010
CLIMATE RECORD PERIOD 1942 TO 2014


WEATHER ITEM   OBSERVED TIME   RECORD YEAR NORMAL DEPARTURE LAST
                VALUE   (LST)  VALUE       VALUE  FROM      YEAR
                                                  NORMAL
..................................................................
TEMPERATURE (F)
 TODAY
  MAXIMUM         91   1204 PM  98    1996  91      0       90
  MINIMUM         77    431 AM  68    1976  75      2       78
  AVERAGE         84                        83      1       84

PRECIPITATION (IN)
  TODAY            0.00          2.11 1945   0.20  -0.20     0.00
  MONTH TO DATE    6.85                      6.66   0.19     8.78
  SINCE JUN 1     15.03                     15.48  -0.45    17.54
  SINCE JAN 1     23.86                     27.33  -3.47    27.88

SNOWFALL (IN)
  TODAY            0.0
  MONTH TO DATE    0.0
  SINCE JUN 1      0.0
  SINCE JUL 1      0.0
  SNOW DEPTH       0

DEGREE DAYS
 HEATING
  TODAY            0                         0      0
  MONTH TO DATE    0                         0      0
  SINCE JUN 1      0                         0      0
  SINCE JUL 1      0                         0      0

 COOLING
  TODAY           19                        18      1
  MONTH TO DATE  508                       504      4
  SINCE JUN 1   1015                      1011      4
  SINCE JAN 1   2204                      2039    165
..................................................................


WIND (MPH)
  HIGHEST WIND SPEED    10   HIGHEST WIND DIRECTION     W (260)
  HIGHEST GUST SPEED    MM   HIGHEST GUST DIRECTION    MM
  AVERAGE WIND SPEED     4.5


SKY COVER
  AVERAGE SKY COVER 0.1


WEATHER CONDITIONS
 THE FOLLOWING WEATHER WAS RECORDED TODAY.
  NO SIGNIFICANT WEATHER WAS OBSERVED.


RELATIVE HUMIDITY (PERCENT)
 HIGHEST   100
 LOWEST     64
 AVERAGE    82

..........................................................


THE NAPLES CLIMATE NORMALS FOR TOMORROW
                         NORMAL    RECORD    YEAR
 MAXIMUM TEMPERATURE (F)   91        97      1996
 MINIMUM TEMPERATURE (F)   75        69      1983


SUNRISE AND SUNSET
JULY 28 2014..........SUNRISE   651 AM EDT   SUNSET   816 PM EDT
JULY 29 2014..........SUNRISE   651 AM EDT   SUNSET   815 PM EDT


-  INDICATES NEGATIVE NUMBERS.
R  INDICATES RECORD WAS SET OR TIED.
MM INDICATES DATA IS MISSING.
T  INDICATES TRACE AMOUNT.




$$
