000
CDUS42 KMFL 180822
CLIAPF


CLIMATE REPORT
NATIONAL WEATHER SERVICE MIAMI, FL
421 AM EDT FRI APR 18 2014


...................................

...THE NAPLES CLIMATE SUMMARY FOR APRIL 17 2014...

CLIMATE NORMAL PERIOD 1981 TO 2010
CLIMATE RECORD PERIOD 1942 TO 2014


WEATHER ITEM   OBSERVED TIME   RECORD YEAR NORMAL DEPARTURE LAST
                VALUE   (LST)  VALUE       VALUE  FROM      YEAR
                                                  NORMAL
..................................................................
TEMPERATURE (F)
 YESTERDAY
  MAXIMUM         90R   112 PM  90    1979  83      7       89
  MINIMUM         69    631 AM  47    1962  64      5       70
  AVERAGE         80                        73      7

PRECIPITATION (IN)
  YESTERDAY        0.66          0.82 2013   0.09   0.57     0.82
  MONTH TO DATE    1.19                      1.42  -0.23     2.47
  SINCE OCT 1      8.59                     15.43  -6.84    10.01
  SINCE JAN 1      6.25                      7.75  -1.50     4.91

SNOWFALL (IN)
  YESTERDAY        0.0
  MONTH TO DATE    0.0
  SINCE MAR 1      0.0
  SINCE JUL 1      0.0
  SNOW DEPTH       0

DEGREE DAYS
 HEATING
  YESTERDAY        0                         0      0
  MONTH TO DATE    0                         0      0
  SINCE MAR 1      7                        23    -16
  SINCE JUL 1    149                       256   -107

 COOLING
  YESTERDAY       15                         8      7
  MONTH TO DATE  166                       127     39
  SINCE MAR 1    324                       303     21
  SINCE JAN 1    597                       494    103
..................................................................


WIND (MPH)
  HIGHEST WIND SPEED    25   HIGHEST WIND DIRECTION    SE (140)
  HIGHEST GUST SPEED    32   HIGHEST GUST DIRECTION     E (90)
  AVERAGE WIND SPEED    10.8


SKY COVER
  AVERAGE SKY COVER 0.5


WEATHER CONDITIONS
 THE FOLLOWING WEATHER WAS RECORDED YESTERDAY.
  THUNDERSTORM
  HEAVY RAIN
  RAIN
  LIGHT RAIN
  FOG


RELATIVE HUMIDITY (PERCENT)
 HIGHEST   100
 LOWEST     63
 AVERAGE    82

..........................................................


THE NAPLES CLIMATE NORMALS FOR TODAY
                         NORMAL    RECORD    YEAR
 MAXIMUM TEMPERATURE (F)   84        90      1989
                                             1979
 MINIMUM TEMPERATURE (F)   64        44      1983


SUNRISE AND SUNSET
APRIL 18 2014.........SUNRISE   701 AM EDT   SUNSET   752 PM EDT
APRIL 19 2014.........SUNRISE   700 AM EDT   SUNSET   753 PM EDT


-  INDICATES NEGATIVE NUMBERS.
R  INDICATES RECORD WAS SET OR TIED.
MM INDICATES DATA IS MISSING.
T  INDICATES TRACE AMOUNT.




$$
