000
CDUS42 KMFL 142116
CLIAPF


CLIMATE REPORT
NATIONAL WEATHER SERVICE MIAMI, FL
416 PM EST SUN FEB 14 2016


...................................

...THE NAPLES CLIMATE SUMMARY FOR FEBRUARY 14 2016...
VALID TODAY AS OF 0400 PM LOCAL TIME.

CLIMATE NORMAL PERIOD 1981 TO 2010
CLIMATE RECORD PERIOD 1942 TO 2016


WEATHER ITEM   OBSERVED TIME   RECORD YEAR NORMAL DEPARTURE LAST
                VALUE   (LST)  VALUE       VALUE  FROM      YEAR
                                                  NORMAL
..................................................................
TEMPERATURE (F)
 TODAY
  MAXIMUM         76    326 PM  87    1989  77     -1       63
                                      1982
  MINIMUM         50    708 AM  33    1958  57     -7       42
  AVERAGE         63                        67     -4       53

PRECIPITATION (IN)
  TODAY            0.00          1.56 2013   0.08  -0.08     0.00
  MONTH TO DATE    0.20                      1.06  -0.86     1.22
  SINCE NOV 1     12.36                      6.40   5.96     2.62
  SINCE JAN 1      7.74                      2.91   4.83     1.32

SNOWFALL (IN)
  TODAY            0.0
  MONTH TO DATE    0.0
  SINCE DEC 1      0.0
  SINCE JUL 1      0.0
  SNOW DEPTH       0

DEGREE DAYS
 HEATING
  TODAY            2                         2      0       12
  MONTH TO DATE   51                        28     23       36
  SINCE DEC 1    118                       194    -76      124
  SINCE JUL 1    118                       208    -90      153

 COOLING
  TODAY            0                         4     -4        0
  MONTH TO DATE   41                        46     -5       15
  SINCE DEC 1    477                       252    225      282
  SINCE JAN 1    121                       132    -11      132
..................................................................


WIND (MPH)
  HIGHEST WIND SPEED    18   HIGHEST WIND DIRECTION     E (80)
  HIGHEST GUST SPEED    24   HIGHEST GUST DIRECTION    NE (60)
  AVERAGE WIND SPEED    11.1


SKY COVER
  AVERAGE SKY COVER 0.0


WEATHER CONDITIONS
 THE FOLLOWING WEATHER WAS RECORDED TODAY.
  NO SIGNIFICANT WEATHER WAS OBSERVED.


RELATIVE HUMIDITY (PERCENT)
 HIGHEST    77
 LOWEST     43
 AVERAGE    60

..........................................................


THE NAPLES CLIMATE NORMALS FOR TOMORROW
                         NORMAL    RECORD    YEAR
 MAXIMUM TEMPERATURE (F)   77        89      1945
 MINIMUM TEMPERATURE (F)   57        33      1971


SUNRISE AND SUNSET
FEBRUARY 14 2016......SUNRISE   704 AM EST   SUNSET   619 PM EST
FEBRUARY 15 2016......SUNRISE   703 AM EST   SUNSET   620 PM EST


-  INDICATES NEGATIVE NUMBERS.
R  INDICATES RECORD WAS SET OR TIED.
MM INDICATES DATA IS MISSING.
T  INDICATES TRACE AMOUNT.




$$
