000
CDUS42 KMFL 250822
CLIAPF


CLIMATE REPORT
NATIONAL WEATHER SERVICE MIAMI, FL
421 AM EDT SUN JUN 25 2017


...................................

...THE NAPLES CLIMATE SUMMARY FOR JUNE 24 2017...

CLIMATE NORMAL PERIOD 1981 TO 2010
CLIMATE RECORD PERIOD 1942 TO 2017


WEATHER ITEM   OBSERVED TIME   RECORD YEAR NORMAL DEPARTURE LAST
                VALUE   (LST)  VALUE       VALUE  FROM      YEAR
                                                  NORMAL
..................................................................
TEMPERATURE (F)
 YESTERDAY
  MAXIMUM         92   1213 PM  95    2010  90      2       91
                                      2004
  MINIMUM         77    609 AM  68    1979  75      2       77
                                      1967
                                      1961
  AVERAGE         85                        83      2       84

PRECIPITATION (IN)
  YESTERDAY        1.38          2.17 1992   0.36   1.02     0.27
  MONTH TO DATE   13.79                      6.70   7.09     3.46
  SINCE JUN 1     13.79                      6.70   7.09     3.46
  SINCE JAN 1     19.42                     18.55   0.87    15.56

SNOWFALL (IN)
  YESTERDAY        0.0
  MONTH TO DATE    0.0
  SINCE JUN 1      0.0
  SINCE JUL 1      0.0
  SNOW DEPTH       0

DEGREE DAYS
 HEATING
  YESTERDAY        0                         0      0        0
  MONTH TO DATE    0                         0      0        0
  SINCE JUN 1      0                         0      0        0
  SINCE JUL 1     67                       260   -193      142

 COOLING
  YESTERDAY       20                        18      2       19
  MONTH TO DATE  427                       400     27      433
  SINCE JUN 1    427                       400     27      433
  SINCE JAN 1   1771                      1428    343     1617
..................................................................


WIND (MPH)
  HIGHEST WIND SPEED    21   HIGHEST WIND DIRECTION     N (350)
  HIGHEST GUST SPEED    26   HIGHEST GUST DIRECTION     N (350)
  AVERAGE WIND SPEED     5.9


SKY COVER
  AVERAGE SKY COVER 0.4


WEATHER CONDITIONS
 THE FOLLOWING WEATHER WAS RECORDED YESTERDAY.
  THUNDERSTORM
  HEAVY RAIN
  RAIN
  LIGHT RAIN
  FOG
  HAZE


RELATIVE HUMIDITY (PERCENT)
 HIGHEST   100
 LOWEST     52
 AVERAGE    76

..........................................................


THE NAPLES CLIMATE NORMALS FOR TODAY
                         NORMAL    RECORD    YEAR
 MAXIMUM TEMPERATURE (F)   90        96      2010
                                             1986
 MINIMUM TEMPERATURE (F)   75        68      2008


SUNRISE AND SUNSET
JUNE 25 2017..........SUNRISE   637 AM EDT   SUNSET   823 PM EDT
JUNE 26 2017..........SUNRISE   637 AM EDT   SUNSET   823 PM EDT


-  INDICATES NEGATIVE NUMBERS.
R  INDICATES RECORD WAS SET OR TIED.
MM INDICATES DATA IS MISSING.
T  INDICATES TRACE AMOUNT.




$$
