000
CDUS42 KMFL 232018
CLIAPF


CLIMATE REPORT
NATIONAL WEATHER SERVICE MIAMI, FL
418 PM EDT THU OCT 23 2014


...................................

...THE NAPLES CLIMATE SUMMARY FOR OCTOBER 23 2014...
VALID TODAY AS OF 0400 PM LOCAL TIME.

CLIMATE NORMAL PERIOD 1981 TO 2010
CLIMATE RECORD PERIOD 1942 TO 2014


WEATHER ITEM   OBSERVED TIME   RECORD YEAR NORMAL DEPARTURE LAST
                VALUE   (LST)  VALUE       VALUE  FROM      YEAR
                                                  NORMAL
..................................................................
TEMPERATURE (F)
 TODAY
  MAXIMUM         85    246 PM  91    1985  86     -1       87
                                      1981
  MINIMUM         71    733 AM  50    1976  69      2       73
  AVERAGE         78                        77      1       80

PRECIPITATION (IN)
  TODAY            0.00          0.87 1991   0.10  -0.10      T
  MONTH TO DATE    1.43                      3.50  -2.07     1.24
  SINCE JUN 1     40.53                     35.86   4.67    37.88
  SINCE JAN 1     49.36                     47.71   1.65    48.22

SNOWFALL (IN)
  TODAY            0.0
  MONTH TO DATE    0.0
  SINCE SEP 1      0.0
  SINCE JUL 1      0.0
  SNOW DEPTH       0

DEGREE DAYS
 HEATING
  TODAY            0                         0      0
  MONTH TO DATE    0                         0      0
  SINCE SEP 1      0                         0      0
  SINCE JUL 1      0                         0      0

 COOLING
  TODAY           13                        12      1
  MONTH TO DATE  334                       327      7
  SINCE SEP 1    853                       847      6
  SINCE JAN 1   3723                      3504    219
..................................................................


WIND (MPH)
  HIGHEST WIND SPEED    22   HIGHEST WIND DIRECTION    NE (60)
  HIGHEST GUST SPEED    26   HIGHEST GUST DIRECTION     E (70)
  AVERAGE WIND SPEED    11.5


SKY COVER
  AVERAGE SKY COVER 0.4


WEATHER CONDITIONS
 THE FOLLOWING WEATHER WAS RECORDED TODAY.
  NO SIGNIFICANT WEATHER WAS OBSERVED.


RELATIVE HUMIDITY (PERCENT)
 HIGHEST    93
 LOWEST     61
 AVERAGE    77

..........................................................


THE NAPLES CLIMATE NORMALS FOR TOMORROW
                         NORMAL    RECORD    YEAR
 MAXIMUM TEMPERATURE (F)   86        90      2010
                                             1993
                                             1961
 MINIMUM TEMPERATURE (F)   68        50      1976


SUNRISE AND SUNSET
OCTOBER 23 2014.......SUNRISE   730 AM EDT   SUNSET   652 PM EDT
OCTOBER 24 2014.......SUNRISE   731 AM EDT   SUNSET   651 PM EDT


-  INDICATES NEGATIVE NUMBERS.
R  INDICATES RECORD WAS SET OR TIED.
MM INDICATES DATA IS MISSING.
T  INDICATES TRACE AMOUNT.

$$
