000
CDUS42 KMFL 082117
CLIAPF


CLIMATE REPORT
NATIONAL WEATHER SERVICE MIAMI, FL
416 PM EST THU DEC 8 2016


...................................

...THE NAPLES CLIMATE SUMMARY FOR DECEMBER 8 2016...
VALID TODAY AS OF 0400 PM LOCAL TIME.

CLIMATE NORMAL PERIOD 1981 TO 2010
CLIMATE RECORD PERIOD 1942 TO 2016


WEATHER ITEM   OBSERVED TIME   RECORD YEAR NORMAL DEPARTURE LAST
                VALUE   (LST)  VALUE       VALUE  FROM      YEAR
                                                  NORMAL
..................................................................
TEMPERATURE (F)
 TODAY
  MAXIMUM         78    258 PM  89    1972  78      0       74
  MINIMUM         67    806 AM  39    2010  58      9       63
  AVERAGE         73                        68      5       69

PRECIPITATION (IN)
  TODAY            0.00          1.68 1979   0.05  -0.05     0.00
  MONTH TO DATE    0.10                      0.37  -0.27     1.53
  SINCE NOV 1      0.10                      2.41  -2.31     4.51
  SINCE JAN 1     44.30                     50.81  -6.51    39.59

SNOWFALL (IN)
  TODAY            0.0
  MONTH TO DATE    0.0
  SINCE DEC 1      0.0
  SINCE JUL 1      0.0
  SNOW DEPTH       0

DEGREE DAYS
 HEATING
  TODAY            0                         2     -2        0
  MONTH TO DATE    0                        11    -11        0
  SINCE DEC 1      0                        11    -11        0
  SINCE JUL 1      4                        25    -21        0

 COOLING
  TODAY            8                         5      3        4
  MONTH TO DATE   86                        40     46       78
  SINCE DEC 1     86                        40     46       78
  SINCE JAN 1   4238                      3859    379     4560
..................................................................


WIND (MPH)
  HIGHEST WIND SPEED    12   HIGHEST WIND DIRECTION    NE (30)
  HIGHEST GUST SPEED    16   HIGHEST GUST DIRECTION    NE (30)
  AVERAGE WIND SPEED     6.6


SKY COVER
  AVERAGE SKY COVER 0.7


WEATHER CONDITIONS
 THE FOLLOWING WEATHER WAS RECORDED TODAY.
  NO SIGNIFICANT WEATHER WAS OBSERVED.


RELATIVE HUMIDITY (PERCENT)
 HIGHEST    84
 LOWEST     60
 AVERAGE    72

..........................................................


THE NAPLES CLIMATE NORMALS FOR TOMORROW
                         NORMAL    RECORD    YEAR
 MAXIMUM TEMPERATURE (F)   77        88      2001
 MINIMUM TEMPERATURE (F)   58        43      1984
                                             1976
                                             1973


SUNRISE AND SUNSET
DECEMBER  8 2016......SUNRISE   703 AM EST   SUNSET   536 PM EST
DECEMBER  9 2016......SUNRISE   703 AM EST   SUNSET   536 PM EST


-  INDICATES NEGATIVE NUMBERS.
R  INDICATES RECORD WAS SET OR TIED.
MM INDICATES DATA IS MISSING.
T  INDICATES TRACE AMOUNT.




$$
