000
CDUS42 KMFL 222116
CLIAPF


CLIMATE REPORT
NATIONAL WEATHER SERVICE MIAMI, FL
416 PM EST MON DEC 22 2014


...................................

...THE NAPLES CLIMATE SUMMARY FOR DECEMBER 22 2014...
VALID TODAY AS OF 0400 PM LOCAL TIME.

CLIMATE NORMAL PERIOD 1981 TO 2010
CLIMATE RECORD PERIOD 1942 TO 2014


WEATHER ITEM   OBSERVED TIME   RECORD YEAR NORMAL DEPARTURE LAST
                VALUE   (LST)  VALUE       VALUE  FROM      YEAR
                                                  NORMAL
..................................................................
TEMPERATURE (F)
 TODAY
  MAXIMUM         81    155 PM  87    1990  76      5       85
  MINIMUM         67    714 AM  34    1973  56     11       71
  AVERAGE         74                        66      8       78

PRECIPITATION (IN)
  TODAY            0.00          0.96 1972   0.05  -0.05     0.00
  MONTH TO DATE    0.04                      1.06  -1.02     0.09
  SINCE NOV 1      1.09                      3.10  -2.01     0.87
  SINCE JAN 1     50.45                     51.50  -1.05    49.09

SNOWFALL (IN)
  TODAY            0.0
  MONTH TO DATE    0.0
  SINCE DEC 1      0.0
  SINCE JUL 1      0.0
  SNOW DEPTH       0

DEGREE DAYS
 HEATING
  TODAY            0                         2     -2
  MONTH TO DATE   51                        39     12
  SINCE DEC 1     51                        39     12
  SINCE JUL 1     80                        53     27

 COOLING
  TODAY            9                         3      6
  MONTH TO DATE   77                        95    -18
  SINCE DEC 1     77                        95    -18
  SINCE JAN 1   4025                      3914    111
..................................................................


WIND (MPH)
  HIGHEST WIND SPEED    16   HIGHEST WIND DIRECTION     S (160)
  HIGHEST GUST SPEED    21   HIGHEST GUST DIRECTION     S (180)
  AVERAGE WIND SPEED     8.9


SKY COVER
  AVERAGE SKY COVER 0.3


WEATHER CONDITIONS
 THE FOLLOWING WEATHER WAS RECORDED TODAY.
  NO SIGNIFICANT WEATHER WAS OBSERVED.


RELATIVE HUMIDITY (PERCENT)
 HIGHEST    93
 LOWEST     67
 AVERAGE    80

..........................................................


THE NAPLES CLIMATE NORMALS FOR TOMORROW
                         NORMAL    RECORD    YEAR
 MAXIMUM TEMPERATURE (F)   76        85      1951
 MINIMUM TEMPERATURE (F)   56        32      1973


SUNRISE AND SUNSET
DECEMBER 22 2014......SUNRISE   711 AM EST   SUNSET   541 PM EST
DECEMBER 23 2014......SUNRISE   711 AM EST   SUNSET   541 PM EST


-  INDICATES NEGATIVE NUMBERS.
R  INDICATES RECORD WAS SET OR TIED.
MM INDICATES DATA IS MISSING.
T  INDICATES TRACE AMOUNT.




$$
