000
CDUS42 KMFL 222016
CLIAPF


CLIMATE REPORT
NATIONAL WEATHER SERVICE MIAMI, FL
415 PM EDT WED MAR 22 2017


...................................

...THE NAPLES CLIMATE SUMMARY FOR MARCH 22 2017...
VALID TODAY AS OF 0400 PM LOCAL TIME.

CLIMATE NORMAL PERIOD 1981 TO 2010
CLIMATE RECORD PERIOD 1942 TO 2017


WEATHER ITEM   OBSERVED TIME   RECORD YEAR NORMAL DEPARTURE LAST
                VALUE   (LST)  VALUE       VALUE  FROM      YEAR
                                                  NORMAL
..................................................................
TEMPERATURE (F)
 TODAY
  MAXIMUM         77   1240 PM  88    1944  80     -3       79
  MINIMUM         57    547 AM  42    1960  61     -4       50
  AVERAGE         67                        70     -3       65

PRECIPITATION (IN)
  TODAY            0.00          4.64 1953   0.08  -0.08     0.00
  MONTH TO DATE    0.10                      1.57  -1.47     0.07
  SINCE NOV 1      2.37                      9.01  -6.64    13.39
  SINCE JAN 1      2.02                      5.52  -3.50     8.77

SNOWFALL (IN)
  TODAY            0.0
  MONTH TO DATE    0.0
  SINCE MAR 1      0.0
  SINCE JUL 1      0.0
  SNOW DEPTH       0

DEGREE DAYS
 HEATING
  TODAY            0                         0      0        0
  MONTH TO DATE   11                        19     -8        4
  SINCE MAR 1     11                        19     -8        4
  SINCE JUL 1     67                       252   -185      142

 COOLING
  TODAY            2                         6     -4        0
  MONTH TO DATE  112                       117     -5      158
  SINCE MAR 1    112                       117     -5      158
  SINCE JAN 1    435                       308    127      320
..................................................................


WIND (MPH)
  HIGHEST WIND SPEED    15   HIGHEST WIND DIRECTION    NW (310)
  HIGHEST GUST SPEED    21   HIGHEST GUST DIRECTION     W (290)
  AVERAGE WIND SPEED     4.0


SKY COVER
  AVERAGE SKY COVER 0.0


WEATHER CONDITIONS
 THE FOLLOWING WEATHER WAS RECORDED TODAY.
  FOG


RELATIVE HUMIDITY (PERCENT)
 HIGHEST   100
 LOWEST     43
 AVERAGE    72

..........................................................


THE NAPLES CLIMATE NORMALS FOR TOMORROW
                         NORMAL    RECORD    YEAR
 MAXIMUM TEMPERATURE (F)   80        89      2007
 MINIMUM TEMPERATURE (F)   61        40      1963


SUNRISE AND SUNSET
MARCH 22 2017.........SUNRISE   729 AM EDT   SUNSET   739 PM EDT
MARCH 23 2017.........SUNRISE   728 AM EDT   SUNSET   740 PM EDT


-  INDICATES NEGATIVE NUMBERS.
R  INDICATES RECORD WAS SET OR TIED.
MM INDICATES DATA IS MISSING.
T  INDICATES TRACE AMOUNT.




$$
