000
CDUS42 KMFL 260925
CLIAPF


CLIMATE REPORT
NATIONAL WEATHER SERVICE MIAMI, FL
424 AM EST MON JAN 26 2015


...................................

...THE NAPLES CLIMATE SUMMARY FOR JANUARY 25 2015...

CLIMATE NORMAL PERIOD 1981 TO 2010
CLIMATE RECORD PERIOD 1942 TO 2015


WEATHER ITEM   OBSERVED TIME   RECORD YEAR NORMAL DEPARTURE LAST
                VALUE   (LST)  VALUE       VALUE  FROM      YEAR
                                                  NORMAL
..................................................................
TEMPERATURE (F)
 YESTERDAY
  MAXIMUM         67    247 PM  88    1974  75     -8       72
  MINIMUM         48    723 AM  37    2000  54     -6       48
  AVERAGE         58                        64     -6       60

PRECIPITATION (IN)
  YESTERDAY        0.00          3.05 1993   0.07  -0.07     0.00
  MONTH TO DATE    0.10                      1.41  -1.31     0.54
  SINCE NOV 1      1.40                      4.90  -3.50     1.64
  SINCE JAN 1      0.10                      1.41  -1.31     0.54

SNOWFALL (IN)
  YESTERDAY        0.0
  MONTH TO DATE    0.0
  SINCE DEC 1      0.0
  SINCE JUL 1      0.0
  SNOW DEPTH       0

DEGREE DAYS
 HEATING
  YESTERDAY        7                         3      4
  MONTH TO DATE   20                        88    -68
  SINCE DEC 1     71                       152    -81
  SINCE JUL 1    100                       166    -66

 COOLING
  YESTERDAY        0                         3     -3
  MONTH TO DATE  117                        75     42
  SINCE DEC 1    267                       195     72
  SINCE JAN 1    117                        75     42
..................................................................


WIND (MPH)
  HIGHEST WIND SPEED    12   HIGHEST WIND DIRECTION    NW (310)
  HIGHEST GUST SPEED    17   HIGHEST GUST DIRECTION    NW (300)
  AVERAGE WIND SPEED     5.4


SKY COVER
  AVERAGE SKY COVER 0.0


WEATHER CONDITIONS
 THE FOLLOWING WEATHER WAS RECORDED YESTERDAY.
  NO SIGNIFICANT WEATHER WAS OBSERVED.


RELATIVE HUMIDITY (PERCENT)
 HIGHEST    93
 LOWEST     48
 AVERAGE    71

..........................................................


THE NAPLES CLIMATE NORMALS FOR TODAY
                         NORMAL    RECORD    YEAR
 MAXIMUM TEMPERATURE (F)   75        86      2002
                                             1950
 MINIMUM TEMPERATURE (F)   54        33      1968


SUNRISE AND SUNSET
JANUARY 26 2015.......SUNRISE   714 AM EST   SUNSET   606 PM EST
JANUARY 27 2015.......SUNRISE   714 AM EST   SUNSET   606 PM EST


-  INDICATES NEGATIVE NUMBERS.
R  INDICATES RECORD WAS SET OR TIED.
MM INDICATES DATA IS MISSING.
T  INDICATES TRACE AMOUNT.




$$
