000
CDUS42 KMFL 290822
CLIAPF


CLIMATE REPORT
NATIONAL WEATHER SERVICE MIAMI, FL
422 AM EDT FRI APR 29 2016


...................................

...THE NAPLES CLIMATE SUMMARY FOR APRIL 28 2016...

CLIMATE NORMAL PERIOD 1981 TO 2010
CLIMATE RECORD PERIOD 1942 TO 2016


WEATHER ITEM   OBSERVED TIME   RECORD YEAR NORMAL DEPARTURE LAST
                VALUE   (LST)  VALUE       VALUE  FROM      YEAR
                                                  NORMAL
..................................................................
TEMPERATURE (F)
 YESTERDAY
  MAXIMUM         88   1224 PM  91    2011  85      3       84
  MINIMUM         71    627 AM  49    1978  65      6       71
  AVERAGE         80                        75      5       78

PRECIPITATION (IN)
  YESTERDAY        0.00          0.80 1995   0.06  -0.06     0.40
  MONTH TO DATE    0.47                      2.24  -1.77     0.75
  SINCE NOV 1     14.24                     12.06   2.18     5.14
  SINCE JAN 1      9.62                      8.57   1.05     3.84

SNOWFALL (IN)
  YESTERDAY        0.0
  MONTH TO DATE    0.0
  SINCE MAR 1      0.0
  SINCE JUL 1      0.0
  SNOW DEPTH       0

DEGREE DAYS
 HEATING
  YESTERDAY        0                         0      0        0
  MONTH TO DATE    0                         0      0        0
  SINCE MAR 1      4                        23    -19        1
  SINCE JUL 1    142                       256   -114      198

 COOLING
  YESTERDAY       15                        10      5       13
  MONTH TO DATE  293                       231     62      390
  SINCE MAR 1    553                       407    146      694
  SINCE JAN 1    715                       598    117      870
..................................................................


WIND (MPH)
  HIGHEST WIND SPEED    15   HIGHEST WIND DIRECTION    SW (220)
  HIGHEST GUST SPEED    19   HIGHEST GUST DIRECTION    SW (210)
  AVERAGE WIND SPEED     6.7


SKY COVER
  AVERAGE SKY COVER 0.2


WEATHER CONDITIONS
 THE FOLLOWING WEATHER WAS RECORDED YESTERDAY.
  NO SIGNIFICANT WEATHER WAS OBSERVED.


RELATIVE HUMIDITY (PERCENT)
 HIGHEST    84
 LOWEST     46
 AVERAGE    65

..........................................................


THE NAPLES CLIMATE NORMALS FOR TODAY
                         NORMAL    RECORD    YEAR
 MAXIMUM TEMPERATURE (F)   86        92      1996
                                             1991
 MINIMUM TEMPERATURE (F)   65        45      1973


SUNRISE AND SUNSET
APRIL 29 2016.........SUNRISE   651 AM EDT   SUNSET   758 PM EDT
APRIL 30 2016.........SUNRISE   650 AM EDT   SUNSET   759 PM EDT


-  INDICATES NEGATIVE NUMBERS.
R  INDICATES RECORD WAS SET OR TIED.
MM INDICATES DATA IS MISSING.
T  INDICATES TRACE AMOUNT.




$$
