000
CDUS42 KMFL 020820
CLIAPF


CLIMATE REPORT
NATIONAL WEATHER SERVICE MIAMI, FL
420 AM EDT SUN AUG 2 2015


...................................

...THE NAPLES CLIMATE SUMMARY FOR AUGUST 1 2015...

CLIMATE NORMAL PERIOD 1981 TO 2010
CLIMATE RECORD PERIOD 1942 TO 2015


WEATHER ITEM   OBSERVED TIME   RECORD YEAR NORMAL DEPARTURE LAST
                VALUE   (LST)  VALUE       VALUE  FROM      YEAR
                                                  NORMAL
..................................................................
TEMPERATURE (F)
 YESTERDAY
  MAXIMUM         92    100 PM  96    2001  91      1       91
                                      1988
  MINIMUM         79    621 AM  70    1974  75      4       75
                                      1967
  AVERAGE         86                        83      3       83

PRECIPITATION (IN)
  YESTERDAY        0.00          1.14 1946   0.25  -0.25     0.34
  MONTH TO DATE    0.00                      0.25  -0.25     0.34
  SINCE JUN 1     16.47                     16.34   0.13    15.47
  SINCE JAN 1     24.49                     28.19  -3.70    24.30

SNOWFALL (IN)
  YESTERDAY        0.0
  MONTH TO DATE    0.0
  SINCE JUN 1      0.0
  SINCE JUL 1      0.0
  SNOW DEPTH       0

DEGREE DAYS
 HEATING
  YESTERDAY        0                         0      0        0
  MONTH TO DATE    0                         0      0        0
  SINCE JUN 1      0                         0      0        0
  SINCE JUL 1      0                         0      0        0

 COOLING
  YESTERDAY       21                        18      3       18
  MONTH TO DATE   21                        18      3       18
  SINCE JUN 1   1097                      1084     13     1094
  SINCE JAN 1   2452                      2112    340     2283
..................................................................


WIND (MPH)
  HIGHEST WIND SPEED    17   HIGHEST WIND DIRECTION    SW (210)
  HIGHEST GUST SPEED    24   HIGHEST GUST DIRECTION     S (190)
  AVERAGE WIND SPEED     7.2


SKY COVER
  AVERAGE SKY COVER 0.2


WEATHER CONDITIONS
 THE FOLLOWING WEATHER WAS RECORDED YESTERDAY.
  THUNDERSTORM


RELATIVE HUMIDITY (PERCENT)
 HIGHEST    88
 LOWEST     60
 AVERAGE    74

..........................................................


THE NAPLES CLIMATE NORMALS FOR TODAY
                         NORMAL    RECORD    YEAR
 MAXIMUM TEMPERATURE (F)   91        96      1980
 MINIMUM TEMPERATURE (F)   75        70      2001


SUNRISE AND SUNSET
AUGUST  2 2015........SUNRISE   653 AM EDT   SUNSET   813 PM EDT
AUGUST  3 2015........SUNRISE   654 AM EDT   SUNSET   813 PM EDT


-  INDICATES NEGATIVE NUMBERS.
R  INDICATES RECORD WAS SET OR TIED.
MM INDICATES DATA IS MISSING.
T  INDICATES TRACE AMOUNT.




$$
