000
CDUS42 KMFL 242016
CLIAPF


CLIMATE REPORT
NATIONAL WEATHER SERVICE MIAMI, FL
415 PM EDT SAT SEP 24 2016


...................................

...THE NAPLES CLIMATE SUMMARY FOR SEPTEMBER 24 2016...
VALID TODAY AS OF 0400 PM LOCAL TIME.

CLIMATE NORMAL PERIOD 1981 TO 2010
CLIMATE RECORD PERIOD 1942 TO 2016


WEATHER ITEM   OBSERVED TIME   RECORD YEAR NORMAL DEPARTURE LAST
                VALUE   (LST)  VALUE       VALUE  FROM      YEAR
                                                  NORMAL
..................................................................
TEMPERATURE (F)
 TODAY
  MAXIMUM         90    254 PM  97    1946  90      0       90
  MINIMUM         76    619 AM  65    1961  74      2       75
  AVERAGE         83                        82      1       83

PRECIPITATION (IN)
  TODAY            0.00          2.00 2003   0.27  -0.27     0.00
  MONTH TO DATE    4.47                      6.29  -1.82     3.42
  SINCE JUN 1     26.40                     30.96  -4.56    22.67
  SINCE JAN 1     38.50                     42.81  -4.31    30.69

SNOWFALL (IN)
  TODAY            0.0
  MONTH TO DATE    0.0
  SINCE SEP 1      0.0
  SINCE JUL 1      0.0
  SNOW DEPTH       0

DEGREE DAYS
 HEATING
  TODAY            0                         0      0        0
  MONTH TO DATE    0                         0      0        0
  SINCE SEP 1      0                         0      0        0
  SINCE JUL 1      0                         0      0        0

 COOLING
  TODAY           18                        17      1       18
  MONTH TO DATE  451                       423     28      458
  SINCE SEP 1    451                       423     28      458
  SINCE JAN 1   3367                      3080    287     3508
..................................................................


WIND (MPH)
  HIGHEST WIND SPEED    13   HIGHEST WIND DIRECTION     E (80)
  HIGHEST GUST SPEED    16   HIGHEST GUST DIRECTION    SE (150)
  AVERAGE WIND SPEED     3.8


SKY COVER
  AVERAGE SKY COVER 0.1


WEATHER CONDITIONS
 THE FOLLOWING WEATHER WAS RECORDED TODAY.
  THUNDERSTORM


RELATIVE HUMIDITY (PERCENT)
 HIGHEST   100
 LOWEST     59
 AVERAGE    80

..........................................................


THE NAPLES CLIMATE NORMALS FOR TOMORROW
                         NORMAL    RECORD    YEAR
 MAXIMUM TEMPERATURE (F)   89        95      1974
                                             1946
 MINIMUM TEMPERATURE (F)   74        66      1961


SUNRISE AND SUNSET
SEPTEMBER 24 2016.....SUNRISE   717 AM EDT   SUNSET   721 PM EDT
SEPTEMBER 25 2016.....SUNRISE   717 AM EDT   SUNSET   720 PM EDT


-  INDICATES NEGATIVE NUMBERS.
R  INDICATES RECORD WAS SET OR TIED.
MM INDICATES DATA IS MISSING.
T  INDICATES TRACE AMOUNT.




$$
