556
CDUS42 KMFL 220823
CLIAPF


CLIMATE REPORT
NATIONAL WEATHER SERVICE MIAMI, FL
423 AM EDT TUE AUG 22 2017


...................................

...THE NAPLES CLIMATE SUMMARY FOR AUGUST 21 2017...

CLIMATE NORMAL PERIOD 1981 TO 2010
CLIMATE RECORD PERIOD 1942 TO 2017


WEATHER ITEM   OBSERVED TIME   RECORD YEAR NORMAL DEPARTURE LAST
                VALUE   (LST)  VALUE       VALUE  FROM      YEAR
                                                  NORMAL
..................................................................
TEMPERATURE (F)
 YESTERDAY
  MAXIMUM         92    337 PM  97    2007  91      1       91
  MINIMUM         77    536 AM  70    1979  76      1       79
                                      1976
                                      1975
  AVERAGE         85                        83      2       85

PRECIPITATION (IN)
  YESTERDAY        0.00          2.37 1973   0.26  -0.26     0.00
  MONTH TO DATE    6.95                      5.77   1.18     6.50
  SINCE JUN 1     32.82                     21.86  10.96    17.71
  SINCE JAN 1     38.45                     33.71   4.74    29.81

SNOWFALL (IN)
  YESTERDAY        0.0
  MONTH TO DATE    0.0
  SINCE JUN 1      0.0
  SINCE JUL 1      0.0
  SNOW DEPTH       0

DEGREE DAYS
 HEATING
  YESTERDAY        0                         0      0        0
  MONTH TO DATE    0                         0      0        0
  SINCE JUN 1      0                         0      0        0
  SINCE JUL 1      0                         0      0        0

 COOLING
  YESTERDAY       20                        18      2       20
  MONTH TO DATE  405                       378     27      399
  SINCE JUN 1   1522                      1444     78     1539
  SINCE JAN 1   2866                      2472    394     2723
..................................................................


WIND (MPH)
  HIGHEST WIND SPEED    20   HIGHEST WIND DIRECTION     E (70)
  HIGHEST GUST SPEED    24   HIGHEST GUST DIRECTION     E (70)
  AVERAGE WIND SPEED     8.3


SKY COVER
  AVERAGE SKY COVER 0.3


WEATHER CONDITIONS
 THE FOLLOWING WEATHER WAS RECORDED YESTERDAY.
  NO SIGNIFICANT WEATHER WAS OBSERVED.


RELATIVE HUMIDITY (PERCENT)
 HIGHEST   100
 LOWEST     52
 AVERAGE    76

..........................................................


THE NAPLES CLIMATE NORMALS FOR TODAY
                         NORMAL    RECORD    YEAR
 MAXIMUM TEMPERATURE (F)   91        96      2007
 MINIMUM TEMPERATURE (F)   76        70      1976
                                             1973
                                             1972


SUNRISE AND SUNSET
AUGUST 22 2017........SUNRISE   703 AM EDT   SUNSET   756 PM EDT
AUGUST 23 2017........SUNRISE   703 AM EDT   SUNSET   755 PM EDT


-  INDICATES NEGATIVE NUMBERS.
R  INDICATES RECORD WAS SET OR TIED.
MM INDICATES DATA IS MISSING.
T  INDICATES TRACE AMOUNT.




$$
