000
CDUS42 KMFL 202116
CLIAPF


CLIMATE REPORT
NATIONAL WEATHER SERVICE MIAMI, FL
416 PM EST THU NOV 20 2014


...................................

...THE NAPLES CLIMATE SUMMARY FOR NOVEMBER 20 2014...
VALID TODAY AS OF 0400 PM LOCAL TIME.

CLIMATE NORMAL PERIOD 1981 TO 2010
CLIMATE RECORD PERIOD 1942 TO 2014


WEATHER ITEM   OBSERVED TIME   RECORD YEAR NORMAL DEPARTURE LAST
                VALUE   (LST)  VALUE       VALUE  FROM      YEAR
                                                  NORMAL
..................................................................
TEMPERATURE (F)
 TODAY
  MAXIMUM         77    310 PM  89    1973  80     -3       86
  MINIMUM         54    732 AM  42    1968  62     -8       68
  AVERAGE         66                        71     -5       77

PRECIPITATION (IN)
  TODAY            0.00          1.00 1972   0.05  -0.05     0.00
  MONTH TO DATE    0.66                      1.52  -0.86      T
  SINCE NOV 1      0.66                      1.52  -0.86      T
  SINCE JAN 1     50.02                     49.92   0.10    48.22

SNOWFALL (IN)
  TODAY            0.0
  MONTH TO DATE    0.0
  SINCE SEP 1      0.0
  SINCE JUL 1      0.0
  SNOW DEPTH       0

DEGREE DAYS
 HEATING
  TODAY            0                         1     -1
  MONTH TO DATE   17                         1     16
  SINCE SEP 1     17                         2     15
  SINCE JUL 1     17                         2     15

 COOLING
  TODAY            1                         7     -6
  MONTH TO DATE   81                       166    -85
  SINCE SEP 1   1019                      1104    -85
  SINCE JAN 1   3889                      3761    128
..................................................................


WIND (MPH)
  HIGHEST WIND SPEED    17   HIGHEST WIND DIRECTION    NE (50)
  HIGHEST GUST SPEED    24   HIGHEST GUST DIRECTION     E (70)
  AVERAGE WIND SPEED    13.1


SKY COVER
  AVERAGE SKY COVER 0.3


WEATHER CONDITIONS
 THE FOLLOWING WEATHER WAS RECORDED TODAY.
  NO SIGNIFICANT WEATHER WAS OBSERVED.


RELATIVE HUMIDITY (PERCENT)
 HIGHEST    93
 LOWEST     47
 AVERAGE    70

..........................................................


THE NAPLES CLIMATE NORMALS FOR TOMORROW
                         NORMAL    RECORD    YEAR
 MAXIMUM TEMPERATURE (F)   80        90      1948
 MINIMUM TEMPERATURE (F)   62        41      1968


SUNRISE AND SUNSET
NOVEMBER 20 2014......SUNRISE   649 AM EST   SUNSET   536 PM EST
NOVEMBER 21 2014......SUNRISE   650 AM EST   SUNSET   536 PM EST


-  INDICATES NEGATIVE NUMBERS.
R  INDICATES RECORD WAS SET OR TIED.
MM INDICATES DATA IS MISSING.
T  INDICATES TRACE AMOUNT.




$$
