000
CDUS42 KMFL 282120
CLIAPF


CLIMATE REPORT
NATIONAL WEATHER SERVICE MIAMI, FL
415 PM EST SAT FEB 28 2015


...................................

...THE NAPLES CLIMATE SUMMARY FOR FEBRUARY 28 2015...
VALID TODAY AS OF 0400 PM LOCAL TIME.

CLIMATE NORMAL PERIOD 1981 TO 2010
CLIMATE RECORD PERIOD 1942 TO 2015


WEATHER ITEM   OBSERVED TIME   RECORD YEAR NORMAL DEPARTURE LAST
                VALUE   (LST)  VALUE       VALUE  FROM      YEAR
                                                  NORMAL
..................................................................
TEMPERATURE (F)
 TODAY
  MAXIMUM         86    121 PM  87    1997  79      7       69
  MINIMUM         60    233 AM  38    1980  59      1       57
  AVERAGE         73                        68      5       63

PRECIPITATION (IN)
  TODAY            0.00          2.00 1954   0.07  -0.07     0.21
  MONTH TO DATE    1.35                      2.10  -0.75     0.77
  SINCE NOV 1      2.75                      7.44  -4.69     4.26
  SINCE JAN 1      1.45                      3.95  -2.50     3.16

SNOWFALL (IN)
  TODAY            0.0
  MONTH TO DATE    0.0
  SINCE DEC 1      0.0
  SINCE JUL 1      0.0
  SNOW DEPTH       0

DEGREE DAYS
 HEATING
  TODAY            0                         1     -1        2
  MONTH TO DATE   80                        49     31       17
  SINCE DEC 1    168                       219    -51      135
  SINCE JUL 1    197                       233    -36      142

 COOLING
  TODAY            8                         5      3        0
  MONTH TO DATE   59                       105    -46      182
  SINCE DEC 1    326                       311     15      510
  SINCE JAN 1    176                       191    -15      273
..................................................................


WIND (MPH)
  HIGHEST WIND SPEED    14   HIGHEST WIND DIRECTION     W (290)
  HIGHEST GUST SPEED    17   HIGHEST GUST DIRECTION     W (280)
  AVERAGE WIND SPEED    10.4


SKY COVER
  AVERAGE SKY COVER 0.9


WEATHER CONDITIONS
 THE FOLLOWING WEATHER WAS RECORDED TODAY.
  THUNDERSTORM
  FOG


RELATIVE HUMIDITY (PERCENT)
 HIGHEST   100
 LOWEST     61
 AVERAGE    81

..........................................................


THE NAPLES CLIMATE NORMALS FOR TOMORROW
                         NORMAL    RECORD    YEAR
 MAXIMUM TEMPERATURE (F)   79        89      1987
 MINIMUM TEMPERATURE (F)   59        38      2002


SUNRISE AND SUNSET
FEBRUARY 28 2015......SUNRISE   652 AM EST   SUNSET   628 PM EST
MARCH  1 2015.........SUNRISE   651 AM EST   SUNSET   628 PM EST


-  INDICATES NEGATIVE NUMBERS.
R  INDICATES RECORD WAS SET OR TIED.
MM INDICATES DATA IS MISSING.
T  INDICATES TRACE AMOUNT.




$$
