000
CDUS43 KAPX 170543
CLIAPN


CLIMATE REPORT
NATIONAL WEATHER SERVICE GAYLORD MI
1243 AM EST WED DEC 17 2014


...................................

...THE ALPENA MI CLIMATE SUMMARY FOR DECEMBER 16 2014...

CLIMATE NORMAL PERIOD 1981 TO 2010
CLIMATE RECORD PERIOD 1916 TO 2014


WEATHER ITEM   OBSERVED TIME   RECORD YEAR NORMAL DEPARTURE LAST
                VALUE   (LST)  VALUE       VALUE  FROM      YEAR
                                                  NORMAL
..................................................................
TEMPERATURE (F)
 YESTERDAY
  MAXIMUM         42    235 AM  57    1984  31     11       15
  MINIMUM         36   1159 PM -12    1980  18     18       -5
  AVERAGE         39                        25     14        5

PRECIPITATION (IN)
  YESTERDAY        0.54R         0.48 1940   0.06   0.48     0.01
  MONTH TO DATE    0.66                      0.97  -0.31     1.24
  SINCE DEC 1      0.66                      0.97  -0.31     1.24
  SINCE JAN 1     33.77                     27.38   6.39    30.71

SNOWFALL (IN)
  YESTERDAY        0.0           5.8  2007   0.6   -0.6      0.2
  MONTH TO DATE    T                         9.5   -9.5     12.5
  SINCE OCT 1     15.6                      17.6   -2.0     15.1
  SINCE JUL 1     15.6                      17.6   -2.0     15.1
  SNOW DEPTH       0

DEGREE DAYS
 HEATING
  YESTERDAY       26                        40    -14       60
  MONTH TO DATE  571                       603    -32      734
  SINCE DEC 1    571                       603    -32      734
  SINCE JUL 1   2504                      2426     78     2602
..................................................................


WIND (MPH)
  HIGHEST WIND SPEED    12   HIGHEST WIND DIRECTION     E (90)
  HIGHEST GUST SPEED    16   HIGHEST GUST DIRECTION     E (100)
  AVERAGE WIND SPEED     4.9




RELATIVE HUMIDITY (PERCENT)
 HIGHEST   100
 LOWEST     93
 AVERAGE    97

..........................................................


THE ALPENA MI CLIMATE NORMALS FOR TODAY
                         NORMAL    RECORD    YEAR
 MAXIMUM TEMPERATURE (F)   31        47      2006
                                             1984
 MINIMUM TEMPERATURE (F)   18       -17      1980


SUNRISE AND SUNSET
DECEMBER 17 2014......SUNRISE   807 AM EST   SUNSET   454 PM EST
DECEMBER 18 2014......SUNRISE   808 AM EST   SUNSET   454 PM EST


-  INDICATES NEGATIVE NUMBERS.
R  INDICATES RECORD WAS SET OR TIED.
MM INDICATES DATA IS MISSING.
T  INDICATES TRACE AMOUNT.




$$
