000
CDUS43 KAPX 232126
CLIAPN


CLIMATE REPORT
NATIONAL WEATHER SERVICE GAYLORD MI
526 PM EDT MON OCT 23 2017


...................................

...THE ALPENA MI CLIMATE SUMMARY FOR OCTOBER 23 2017...
VALID TODAY AS OF 0500 PM LOCAL TIME.

CLIMATE NORMAL PERIOD 1981 TO 2010
CLIMATE RECORD PERIOD 1916 TO 2017


WEATHER ITEM   OBSERVED TIME   RECORD YEAR NORMAL DEPARTURE LAST
                VALUE   (LST)  VALUE       VALUE  FROM      YEAR
                                                  NORMAL
..................................................................
TEMPERATURE (F)
 TODAY
  MAXIMUM         54    349 PM  83    1963  53      1       58
  MINIMUM         51    753 AM  18    1969  34     17       36
  AVERAGE         53                        44      9       47

PRECIPITATION (IN)
  TODAY            1.43R         1.03 1958   0.08   1.35     0.01
  MONTH TO DATE    3.15                      1.99   1.16     2.13
  SINCE SEP 1      6.15                      4.91   1.24     4.96
  SINCE JAN 1     33.58                     23.69   9.89    25.59

SNOWFALL (IN)
  TODAY            0.0           0.7  1960   0.0             0.0
  MONTH TO DATE    0.0                       0.1             0.0
  SINCE OCT 1      0.0                       0.1             0.0
  SINCE JUL 1      0.0                       0.1             0.0

DEGREE DAYS
 HEATING
  TODAY           12                        21     -9       18
  MONTH TO DATE  192                       403   -211      249
  SINCE SEP 1    364                       645   -281      349
  SINCE JUL 1    422                       760   -338      372

 COOLING
  TODAY            0                         0      0        0
  MONTH TO DATE    6                         0      6        2
  SINCE SEP 1     88                        23     65       58
  SINCE JAN 1    358                       289     69      549
..................................................................


WIND (MPH)
  RESULTANT WIND SPEED   6   RESULTANT WIND DIRECTION   N (350)
  HIGHEST WIND SPEED    14   HIGHEST WIND DIRECTION     N (340)
  HIGHEST GUST SPEED    17   HIGHEST GUST DIRECTION     N (340)
  AVERAGE WIND SPEED     6.0


SKY COVER
  POSSIBLE SUNSHINE  MM
  AVERAGE SKY COVER 0.9


WEATHER CONDITIONS
 THE FOLLOWING WEATHER WAS RECORDED TODAY.
  HEAVY RAIN
  RAIN
  LIGHT RAIN
  FOG


RELATIVE HUMIDITY (PERCENT)
 HIGHEST   100
 LOWEST    100
 AVERAGE   100

..........................................................


THE ALPENA MI CLIMATE NORMALS FOR TOMORROW
                         NORMAL    RECORD    YEAR
 MAXIMUM TEMPERATURE (F)   53        83      1963
 MINIMUM TEMPERATURE (F)   34        19      1981
                                             1972


SUNRISE AND SUNSET
OCTOBER 23 2017.......SUNRISE   801 AM EDT   SUNSET   635 PM EDT
OCTOBER 24 2017.......SUNRISE   802 AM EDT   SUNSET   634 PM EDT


-  INDICATES NEGATIVE NUMBERS.
R  INDICATES RECORD WAS SET OR TIED.
MM INDICATES DATA IS MISSING.
T  INDICATES TRACE AMOUNT.




$$
