000
CDUS43 KAPX 080531
CLIAPN


CLIMATE REPORT
NATIONAL WEATHER SERVICE GAYLORD MI
1230 AM EST MON FEB 8 2016


...................................

...THE ALPENA MI CLIMATE SUMMARY FOR FEBRUARY 7 2016...

CLIMATE NORMAL PERIOD 1981 TO 2010
CLIMATE RECORD PERIOD 1916 TO 2016


WEATHER ITEM   OBSERVED TIME   RECORD YEAR NORMAL DEPARTURE LAST
                VALUE   (LST)  VALUE       VALUE  FROM      YEAR
                                                  NORMAL
..................................................................
TEMPERATURE (F)
 YESTERDAY
  MAXIMUM         40    847 PM  51    2009  28     12       25
  MINIMUM         26    441 AM -23    1936  11     15       20
  AVERAGE         33                        19     14       23

PRECIPITATION (IN)
  YESTERDAY        T             0.54 1941   0.04  -0.04     0.21
  MONTH TO DATE    1.20                      0.30   0.90     0.23
  SINCE DEC 1      6.89                      3.71   3.18     3.11
  SINCE JAN 1      3.10                      1.96   1.14     1.42

SNOWFALL (IN)
  YESTERDAY        T             6.5  1941   0.6   -0.6      2.0
  MONTH TO DATE    7.4                       4.5    2.9      2.4
  SINCE OCT 1     32.0                      53.1  -21.1     33.8
  SINCE JUL 1     32.0                      53.1  -21.1     33.8
  SNOW DEPTH       9

DEGREE DAYS
 HEATING
  YESTERDAY       32                        46    -14       42
  MONTH TO DATE  269                       322    -53      359
  SINCE DEC 1   2457                      2981   -524     3062
  SINCE JUL 1   3830                      4804   -974     4995
..................................................................


WIND (MPH)
  HIGHEST WIND SPEED    20   HIGHEST WIND DIRECTION     S (170)
  HIGHEST GUST SPEED    25   HIGHEST GUST DIRECTION     S (180)
  AVERAGE WIND SPEED     8.4




RELATIVE HUMIDITY (PERCENT)
 HIGHEST    92
 LOWEST     64
 AVERAGE    78

..........................................................


THE ALPENA MI CLIMATE NORMALS FOR TODAY
                         NORMAL    RECORD    YEAR
 MAXIMUM TEMPERATURE (F)   28        50      1991
 MINIMUM TEMPERATURE (F)   11       -34      1934


SUNRISE AND SUNSET
FEBRUARY  8 2016......SUNRISE   746 AM EST   SUNSET   551 PM EST
FEBRUARY  9 2016......SUNRISE   745 AM EST   SUNSET   553 PM EST


-  INDICATES NEGATIVE NUMBERS.
R  INDICATES RECORD WAS SET OR TIED.
MM INDICATES DATA IS MISSING.
T  INDICATES TRACE AMOUNT.




$$
