000
CDUS43 KAPX 030530
CLIAPN


CLIMATE REPORT
NATIONAL WEATHER SERVICE GAYLORD MI
130 AM EDT WED SEP 3 2014


...................................

...THE ALPENA MI CLIMATE SUMMARY FOR SEPTEMBER 2 2014...

CLIMATE NORMAL PERIOD 1981 TO 2010
CLIMATE RECORD PERIOD 1916 TO 2014


WEATHER ITEM   OBSERVED TIME   RECORD YEAR NORMAL DEPARTURE LAST
                VALUE   (LST)  VALUE       VALUE  FROM      YEAR
                                                  NORMAL
..................................................................
TEMPERATURE (F)
 YESTERDAY
  MAXIMUM         75    308 PM  97    1953  74      1       64
  MINIMUM         54   1159 PM  31    1935  51      3       54
  AVERAGE         65                        62      3       59

PRECIPITATION (IN)
  YESTERDAY        0.00          2.01 1937   0.10  -0.10     0.02
  MONTH TO DATE    1.33                      0.20   1.13     0.02
  SINCE SEP 1      1.33                      0.20   1.13     0.02
  SINCE JAN 1     23.23                     18.98   4.25    22.09

DEGREE DAYS
 HEATING
  YESTERDAY        0                         4     -4        6
  MONTH TO DATE    0                         8     -8        7
  SINCE SEP 1      0                         8     -8        7
  SINCE JUL 1    124                       123      1      118

 COOLING
  YESTERDAY        0                         2     -2        0
  MONTH TO DATE    6                         4      2        0
  SINCE SEP 1      6                         4      2        0
  SINCE JAN 1    156                       270   -114      307
..................................................................


WIND (MPH)
  HIGHEST WIND SPEED    14   HIGHEST WIND DIRECTION     W (260)
  HIGHEST GUST SPEED    18   HIGHEST GUST DIRECTION    NW (310)
  AVERAGE WIND SPEED     4.6




RELATIVE HUMIDITY (PERCENT)
 HIGHEST    93
 LOWEST     46
 AVERAGE    70

..........................................................


THE ALPENA MI CLIMATE NORMALS FOR TODAY
                         NORMAL    RECORD    YEAR
 MAXIMUM TEMPERATURE (F)   74        98      1953
 MINIMUM TEMPERATURE (F)   50        31      1924


SUNRISE AND SUNSET
SEPTEMBER  3 2014.....SUNRISE   659 AM EDT   SUNSET   808 PM EDT
SEPTEMBER  4 2014.....SUNRISE   700 AM EDT   SUNSET   806 PM EDT


-  INDICATES NEGATIVE NUMBERS.
R  INDICATES RECORD WAS SET OR TIED.
MM INDICATES DATA IS MISSING.
T  INDICATES TRACE AMOUNT.




$$
