000
CDUS43 KAPX 240538
CLIAPN


CLIMATE REPORT
NATIONAL WEATHER SERVICE GAYLORD MI
137 AM EDT TUE MAY 24 2016


...................................

...THE ALPENA MI CLIMATE SUMMARY FOR MAY 23 2016...

CLIMATE NORMAL PERIOD 1981 TO 2010
CLIMATE RECORD PERIOD 1916 TO 2016


WEATHER ITEM   OBSERVED TIME   RECORD YEAR NORMAL DEPARTURE LAST
                VALUE   (LST)  VALUE       VALUE  FROM      YEAR
                                                  NORMAL
..................................................................
TEMPERATURE (F)
 YESTERDAY
  MAXIMUM         77    408 PM  89    1964  67     10       79
  MINIMUM         32    507 AM  26    2015  43    -11       26
                                      1958
  AVERAGE         55                        55      0       53

PRECIPITATION (IN)
  YESTERDAY        0.00          1.46 2004   0.09  -0.09     0.00
  MONTH TO DATE    0.75                      1.93  -1.18     1.78
  SINCE MAR 1      9.69                      6.18   3.51     4.88
  SINCE JAN 1     14.17                      9.16   5.01     6.67

DEGREE DAYS
 HEATING
  YESTERDAY       10                        11     -1       12
  MONTH TO DATE  337                       322     15      260
  SINCE MAR 1   2160                      2149     11     2138
  SINCE JUL 1   6942                      7881   -939     8401

 COOLING
  YESTERDAY        0                         0      0        0
  MONTH TO DATE    0                         0      0        8
  SINCE MAR 1      0                         2     -2        8
  SINCE JAN 1      0                         2     -2        8
..................................................................


WIND (MPH)
  HIGHEST WIND SPEED    17   HIGHEST WIND DIRECTION    SE (140)
  HIGHEST GUST SPEED    21   HIGHEST GUST DIRECTION    SE (120)
  AVERAGE WIND SPEED     4.4




RELATIVE HUMIDITY (PERCENT)
 HIGHEST    89
 LOWEST     27
 AVERAGE    58

..........................................................


THE ALPENA MI CLIMATE NORMALS FOR TODAY
                         NORMAL    RECORD    YEAR
 MAXIMUM TEMPERATURE (F)   67        88      2007
 MINIMUM TEMPERATURE (F)   43        24      1963


SUNRISE AND SUNSET
MAY 24 2016...........SUNRISE   556 AM EDT   SUNSET   907 PM EDT
MAY 25 2016...........SUNRISE   555 AM EDT   SUNSET   908 PM EDT


-  INDICATES NEGATIVE NUMBERS.
R  INDICATES RECORD WAS SET OR TIED.
MM INDICATES DATA IS MISSING.
T  INDICATES TRACE AMOUNT.




$$
