000
CDUS43 KAPX 190629
CLIAPN


CLIMATE REPORT...CORRECTED
NATIONAL WEATHER SERVICE GAYLORD MI
125 AM EST FRI JAN 19 2018


...................................

...THE ALPENA MI CLIMATE SUMMARY FOR JANUARY 18 2018...

CLIMATE NORMAL PERIOD 1981 TO 2010
CLIMATE RECORD PERIOD 1916 TO 2018


WEATHER ITEM   OBSERVED TIME   RECORD YEAR NORMAL DEPARTURE LAST
                VALUE   (LST)  VALUE       VALUE  FROM      YEAR
                                                  NORMAL
..................................................................
TEMPERATURE (F)
 YESTERDAY
  MAXIMUM         32   1159 PM  52    1996  26      6       42
                                      1973
  MINIMUM         19    827 AM -23    1948  11      8       33
  AVERAGE         26                        19      7       38

PRECIPITATION (IN)
  YESTERDAY        0.00          0.57 1943   0.05  -0.05     0.00
  MONTH TO DATE    0.97                      1.03  -0.06     1.62
  SINCE DEC 1      2.21                      2.78  -0.57     3.66
  SINCE JAN 1      0.97                      1.03  -0.06     1.62

SNOWFALL (IN)
  YESTERDAY        0.0           7.4  1943   0.7   -0.7      0.0
  MONTH TO DATE   11.9                      12.6   -0.7     10.0
  SINCE OCT 1     26.1                      39.9  -13.8     37.7
  SINCE JUL 1     26.1                      39.9  -13.8     37.7
  SNOW DEPTH       5

DEGREE DAYS
 HEATING
  YESTERDAY       39                        46     -7       27
  MONTH TO DATE  904                       817     87      783
  SINCE DEC 1   2279                      2055    224     1949
  SINCE JUL 1   3783                      3878    -95     3158
..................................................................


WIND (MPH)
  HIGHEST WIND SPEED    10   HIGHEST WIND DIRECTION    SW (240)
  HIGHEST GUST SPEED    15   HIGHEST GUST DIRECTION    SW (230)
  AVERAGE WIND SPEED     7.1




RELATIVE HUMIDITY (PERCENT)
 HIGHEST    84
 LOWEST     68
 AVERAGE    76

..........................................................


THE ALPENA MI CLIMATE NORMALS FOR TODAY
                         NORMAL    RECORD    YEAR
 MAXIMUM TEMPERATURE (F)   26        51      1947
 MINIMUM TEMPERATURE (F)   11       -20      1962


SUNRISE AND SUNSET
JANUARY 19 2018.......SUNRISE   806 AM EST   SUNSET   524 PM EST
JANUARY 20 2018.......SUNRISE   806 AM EST   SUNSET   525 PM EST


-  INDICATES NEGATIVE NUMBERS.
R  INDICATES RECORD WAS SET OR TIED.
MM INDICATES DATA IS MISSING.
T  INDICATES TRACE AMOUNT.




$$
