000
CDUS43 KAPX 210545
CLIAPN


CLIMATE REPORT
NATIONAL WEATHER SERVICE GAYLORD MI
144 AM EDT TUE OCT 21 2014


...................................

...THE ALPENA MI CLIMATE SUMMARY FOR OCTOBER 20 2014...

CLIMATE NORMAL PERIOD 1981 TO 2010
CLIMATE RECORD PERIOD 1916 TO 2014


WEATHER ITEM   OBSERVED TIME   RECORD YEAR NORMAL DEPARTURE LAST
                VALUE   (LST)  VALUE       VALUE  FROM      YEAR
                                                  NORMAL
..................................................................
TEMPERATURE (F)
 YESTERDAY
  MAXIMUM         52    235 PM  82    1920  54     -2       54
  MINIMUM         45   1159 PM  20    1944  35     10       25
                                      1934
  AVERAGE         49                        45      4       40

PRECIPITATION (IN)
  YESTERDAY        0.04          2.25 2011   0.08  -0.04     0.17
  MONTH TO DATE    1.92                      1.76   0.16     3.02
  SINCE SEP 1      6.07                      4.68   1.39     4.61
  SINCE JAN 1     27.97                     23.46   4.51    26.68

SNOWFALL (IN)
  YESTERDAY        0.0           1.7  1992   0.0    0.0      0.0
  MONTH TO DATE    0.0                       0.1   -0.1      0.0
  SINCE OCT 1      0.0                       0.1   -0.1      0.0
  SINCE JUL 1      0.0                       0.1   -0.1      0.0
  SNOW DEPTH       0

DEGREE DAYS
 HEATING
  YESTERDAY       16                        20     -4       25
  MONTH TO DATE  318                       340    -22      268
  SINCE SEP 1    541                       582    -41      541
  SINCE JUL 1    665                       697    -32      652

 COOLING
  YESTERDAY        0                         0      0        0
  MONTH TO DATE    0                         0      0        0
  SINCE SEP 1     18                        23     -5       36
  SINCE JAN 1    168                       289   -121      343
..................................................................


WIND (MPH)
  HIGHEST WIND SPEED    14   HIGHEST WIND DIRECTION     N (360)
  HIGHEST GUST SPEED    18   HIGHEST GUST DIRECTION     N (360)
  AVERAGE WIND SPEED     6.0




RELATIVE HUMIDITY (PERCENT)
 HIGHEST    93
 LOWEST     80
 AVERAGE    87

..........................................................


THE ALPENA MI CLIMATE NORMALS FOR TODAY
                         NORMAL    RECORD    YEAR
 MAXIMUM TEMPERATURE (F)   54        78      1920
 MINIMUM TEMPERATURE (F)   35        20      1922


SUNRISE AND SUNSET
OCTOBER 21 2014.......SUNRISE   758 AM EDT   SUNSET   639 PM EDT
OCTOBER 22 2014.......SUNRISE   759 AM EDT   SUNSET   638 PM EDT


-  INDICATES NEGATIVE NUMBERS.
R  INDICATES RECORD WAS SET OR TIED.
MM INDICATES DATA IS MISSING.
T  INDICATES TRACE AMOUNT.




$$
