000
CDUS43 KAPX 200528
CLIAPN


CLIMATE REPORT
NATIONAL WEATHER SERVICE GAYLORD MI
128 AM EDT WED AUG 20 2014


...................................

...THE ALPENA MI CLIMATE SUMMARY FOR AUGUST 19 2014...

CLIMATE NORMAL PERIOD 1981 TO 2010
CLIMATE RECORD PERIOD 1916 TO 2014


WEATHER ITEM   OBSERVED TIME   RECORD YEAR NORMAL DEPARTURE LAST
                VALUE   (LST)  VALUE       VALUE  FROM      YEAR
                                                  NORMAL
..................................................................
TEMPERATURE (F)
 YESTERDAY
  MAXIMUM         78    414 PM  98    1955  77      1       86
  MINIMUM         61    514 AM  35    1933  54      7       51
  AVERAGE         70                        65      5       69

PRECIPITATION (IN)
  YESTERDAY        0.15          1.56 2005   0.11   0.04     0.00
  MONTH TO DATE    4.04                      1.93   2.11     0.77
  SINCE JUN 1      9.13                      7.58   1.55     6.33
  SINCE JAN 1     20.63                     17.48   3.15    21.26

DEGREE DAYS
 HEATING
  YESTERDAY        0                         2     -2        0
  MONTH TO DATE   36                        34      2       52
  SINCE JUN 1    217                       221     -4      241
  SINCE JUL 1    105                        78     27      105

 COOLING
  YESTERDAY        5                         2      3        4
  MONTH TO DATE   15                        56    -41       17
  SINCE JUN 1    121                       228   -107      210
  SINCE JAN 1    126                       241   -115      223
..................................................................


WIND (MPH)
  HIGHEST WIND SPEED    17   HIGHEST WIND DIRECTION     S (160)
  HIGHEST GUST SPEED    20   HIGHEST GUST DIRECTION     S (160)
  AVERAGE WIND SPEED     7.5




RELATIVE HUMIDITY (PERCENT)
 HIGHEST   100
 LOWEST     64
 AVERAGE    82

..........................................................


THE ALPENA MI CLIMATE NORMALS FOR TODAY
                         NORMAL    RECORD    YEAR
 MAXIMUM TEMPERATURE (F)   77        95      1955
 MINIMUM TEMPERATURE (F)   53        34      1929


SUNRISE AND SUNSET
AUGUST 20 2014........SUNRISE   642 AM EDT   SUNSET   833 PM EDT
AUGUST 21 2014........SUNRISE   643 AM EDT   SUNSET   831 PM EDT


-  INDICATES NEGATIVE NUMBERS.
R  INDICATES RECORD WAS SET OR TIED.
MM INDICATES DATA IS MISSING.
T  INDICATES TRACE AMOUNT.




$$
