000
CDUS43 KAPX 140526
CLIAPN


CLIMATE REPORT
NATIONAL WEATHER SERVICE GAYLORD MI
126 AM EDT MON JUL 14 2014


...................................

...THE ALPENA MI CLIMATE SUMMARY FOR JULY 13 2014...

CLIMATE NORMAL PERIOD 1981 TO 2010
CLIMATE RECORD PERIOD 1916 TO 2014


WEATHER ITEM   OBSERVED TIME   RECORD YEAR NORMAL DEPARTURE LAST
                VALUE   (LST)  VALUE       VALUE  FROM      YEAR
                                                  NORMAL
..................................................................
TEMPERATURE (F)
 YESTERDAY
  MAXIMUM         78    141 PM 106    1936  80     -2       83
  MINIMUM         50   1159 PM  37    1926  56     -6       47
  AVERAGE         64                        68     -4       65

PRECIPITATION (IN)
  YESTERDAY        0.35          1.57 1970   0.10   0.25     0.00
  MONTH TO DATE    1.05                      1.29  -0.24     0.35
  SINCE JUN 1      2.23                      3.91  -1.68     2.38
  SINCE JAN 1     13.73                     13.81  -0.08    17.31

DEGREE DAYS
 HEATING
  YESTERDAY        1                         1      0        0
  MONTH TO DATE   32                        23      9       21
  SINCE JUN 1    144                       166    -22      157
  SINCE JUL 1     32                        23      9       21

 COOLING
  YESTERDAY        0                         4     -4        0
  MONTH TO DATE   27                        49    -22       42
  SINCE JUN 1     82                       105    -23      106
  SINCE JAN 1     87                       118    -31      119
..................................................................


WIND (MPH)
  HIGHEST WIND SPEED    18   HIGHEST WIND DIRECTION    NW (320)
  HIGHEST GUST SPEED    29   HIGHEST GUST DIRECTION     W (260)
  AVERAGE WIND SPEED     7.3




RELATIVE HUMIDITY (PERCENT)
 HIGHEST   100
 LOWEST     41
 AVERAGE    71

..........................................................


THE ALPENA MI CLIMATE NORMALS FOR TODAY
                         NORMAL    RECORD    YEAR
 MAXIMUM TEMPERATURE (F)   80       102      1983
 MINIMUM TEMPERATURE (F)   56        40      1926


SUNRISE AND SUNSET
JULY 14 2014..........SUNRISE   601 AM EDT   SUNSET   919 PM EDT
JULY 15 2014..........SUNRISE   602 AM EDT   SUNSET   918 PM EDT


-  INDICATES NEGATIVE NUMBERS.
R  INDICATES RECORD WAS SET OR TIED.
MM INDICATES DATA IS MISSING.
T  INDICATES TRACE AMOUNT.




$$
