320
CDUS43 KAPX 060526
CLIAPN


CLIMATE REPORT
NATIONAL WEATHER SERVICE GAYLORD MI
126 AM EDT FRI MAY 6 2016


...................................

...THE ALPENA MI CLIMATE SUMMARY FOR MAY 5 2016...

CLIMATE NORMAL PERIOD 1981 TO 2010
CLIMATE RECORD PERIOD 1916 TO 2016


WEATHER ITEM   OBSERVED TIME   RECORD YEAR NORMAL DEPARTURE LAST
                VALUE   (LST)  VALUE       VALUE  FROM      YEAR
                                                  NORMAL
..................................................................
TEMPERATURE (F)
 YESTERDAY
  MAXIMUM         66        MM  92    1949  61      5       66
  MINIMUM         40        MM  22    1967  37      3       38
                                      1958
  AVERAGE         53                        49      4       52

PRECIPITATION (IN)
  YESTERDAY        0.00          0.57 1991   0.08  -0.08     0.00
  MONTH TO DATE    0.14                      0.39  -0.25     0.05
  SINCE MAR 1      9.08                      4.64   4.44     3.15
  SINCE JAN 1     13.56                      7.62   5.94     4.94

DEGREE DAYS
 HEATING
  YESTERDAY       12                        16     -4       13
  MONTH TO DATE   81                        83     -2       44
  SINCE MAR 1   1904                      1910     -6     1922
  SINCE JUL 1   6686                      7642   -956     8185

 COOLING
  YESTERDAY        0                         0      0        0
  MONTH TO DATE    0                         0      0        0
  SINCE MAR 1      0                         2     -2        0
  SINCE JAN 1      0                         2     -2        0
..................................................................


WIND (MPH)
  HIGHEST WIND SPEED    12   HIGHEST WIND DIRECTION     N (360)
  HIGHEST GUST SPEED    MM   HIGHEST GUST DIRECTION    MM
  AVERAGE WIND SPEED     7.8




RELATIVE HUMIDITY (PERCENT)
 HIGHEST   100
 LOWEST     40
 AVERAGE    70

..........................................................


THE ALPENA MI CLIMATE NORMALS FOR TODAY
                         NORMAL    RECORD    YEAR
 MAXIMUM TEMPERATURE (F)   61        89      1930
 MINIMUM TEMPERATURE (F)   38        23      1967


SUNRISE AND SUNSET
MAY  6 2016...........SUNRISE   616 AM EDT   SUNSET   847 PM EDT
MAY  7 2016...........SUNRISE   614 AM EDT   SUNSET   848 PM EDT


-  INDICATES NEGATIVE NUMBERS.
R  INDICATES RECORD WAS SET OR TIED.
MM INDICATES DATA IS MISSING.
T  INDICATES TRACE AMOUNT.




$$
