000
CDUS43 KAPX 060542
CLIAPN


CLIMATE REPORT
NATIONAL WEATHER SERVICE GAYLORD MI
1241 AM EST FRI MAR 6 2015


...................................

...THE ALPENA MI CLIMATE SUMMARY FOR MARCH 5 2015...

CLIMATE NORMAL PERIOD 1981 TO 2010
CLIMATE RECORD PERIOD 1916 TO 2015


WEATHER ITEM   OBSERVED TIME   RECORD YEAR NORMAL DEPARTURE LAST
                VALUE   (LST)  VALUE       VALUE  FROM      YEAR
                                                  NORMAL
..................................................................
TEMPERATURE (F)
 YESTERDAY
  MAXIMUM         17    357 PM  49    1974  34    -17       17
  MINIMUM        -12    737 AM -22    1926  15    -27      -13
  AVERAGE          3                        24    -21        2

PRECIPITATION (IN)
  YESTERDAY        0.00          0.97 2004   0.06  -0.06     0.01
  MONTH TO DATE    0.35                      0.28   0.07     0.20
  SINCE MAR 1      0.35                      0.28   0.07     0.20
  SINCE JAN 1      2.14                      3.26  -1.12     2.73

SNOWFALL (IN)
  YESTERDAY        0.0           6.4  2011   0.5   -0.5       T
  MONTH TO DATE    3.5                       2.5    1.0      1.7
  SINCE OCT 1     45.6                      68.6  -23.0     57.2
  SINCE JUL 1     45.6                      68.6  -23.0     57.2
  SNOW DEPTH      14

DEGREE DAYS
 HEATING
  YESTERDAY       62                        40     22       63
  MONTH TO DATE  264                       205     59      294
  SINCE MAR 1    264                       205     59      294
  SINCE JUL 1   6527                      5937    590     6783

 COOLING
  YESTERDAY        0                         0      0        0
  MONTH TO DATE    0                         0      0        0
  SINCE MAR 1      0                         0      0        0
  SINCE JAN 1      0                         0      0        0
..................................................................


WIND (MPH)
  HIGHEST WIND SPEED    14   HIGHEST WIND DIRECTION    NW (310)
  HIGHEST GUST SPEED    18   HIGHEST GUST DIRECTION    NW (320)
  AVERAGE WIND SPEED     4.5




RELATIVE HUMIDITY (PERCENT)
 HIGHEST    82
 LOWEST     36
 AVERAGE    59

..........................................................


THE ALPENA MI CLIMATE NORMALS FOR TODAY
                         NORMAL    RECORD    YEAR
 MAXIMUM TEMPERATURE (F)   34        61      1974
 MINIMUM TEMPERATURE (F)   15       -19      2014


SUNRISE AND SUNSET
MARCH  6 2015.........SUNRISE   704 AM EST   SUNSET   628 PM EST
MARCH  7 2015.........SUNRISE   702 AM EST   SUNSET   629 PM EST


-  INDICATES NEGATIVE NUMBERS.
R  INDICATES RECORD WAS SET OR TIED.
MM INDICATES DATA IS MISSING.
T  INDICATES TRACE AMOUNT.




$$
