000
CDUS44 KLCH 290812
CLIARA


CLIMATE REPORT
NATIONAL WEATHER SERVICE LAKE CHARLES, LA
311 AM CDT SAT APR 29 2017


...................................

...THE NEW IBERIA CLIMATE SUMMARY FOR APRIL 28 2017...

CLIMATE NORMAL PERIOD 1981 TO 2010
CLIMATE RECORD PERIOD 1948 TO 2017


WEATHER ITEM   OBSERVED TIME   RECORD YEAR NORMAL DEPARTURE LAST
                VALUE   (LST)  VALUE       VALUE  FROM      YEAR
                                                  NORMAL
..................................................................
TEMPERATURE (F)
 YESTERDAY
  MAXIMUM         86   1206 PM  94    1987  82      4       86
  MINIMUM         75   1236 AM  47    1973  61     14       72
  AVERAGE         81                        71     10       79

PRECIPITATION (IN)
  YESTERDAY        T             4.25 1962   0.10  -0.10     0.00
  MONTH TO DATE    1.59                      3.84  -2.25     4.72
  SINCE MAR 1      4.28                      7.61  -3.33     8.44
  SINCE JAN 1      7.08                     17.02  -9.94    18.67

SNOWFALL (IN)
  YESTERDAY        0.0           0.0    MM  MM               0.0
  MONTH TO DATE    0.0                      MM               0.0
  SINCE MAR 1      0.0                      MM               0.0
  SINCE JUL 1      0.0                      MM               0.0

DEGREE DAYS
 HEATING
  YESTERDAY        0                         0      0        0
  MONTH TO DATE    7                        43    -36       16
  SINCE MAR 1     78                       191   -113       81
  SINCE JUL 1    707                      1407   -700      997

 COOLING
  YESTERDAY       16                         7      9       14
  MONTH TO DATE  185                       122     63      159
  SINCE MAR 1    310                       174    136      264
  SINCE JAN 1    445                       205    240      274
..................................................................


WIND (MPH)
  RESULTANT WIND SPEED  17   RESULTANT WIND DIRECTION   S (160)
  HIGHEST WIND SPEED    26   HIGHEST WIND DIRECTION     S (160)
  HIGHEST GUST SPEED    34   HIGHEST GUST DIRECTION     S (160)
  AVERAGE WIND SPEED    18.3


SKY COVER
  POSSIBLE SUNSHINE  MM
  AVERAGE SKY COVER 1.0


WEATHER CONDITIONS
 THE FOLLOWING WEATHER WAS RECORDED YESTERDAY.
  LIGHT RAIN


RELATIVE HUMIDITY (PERCENT)
 HIGHEST    82           100 AM
 LOWEST     69           900 AM
 AVERAGE    76

..........................................................


THE NEW IBERIA CLIMATE NORMALS FOR TODAY
                         NORMAL    RECORD    YEAR
 MAXIMUM TEMPERATURE (F)   82        92      1955
 MINIMUM TEMPERATURE (F)   61        47      2008
                                             1996


SUNRISE AND SUNSET
APRIL 29 2017.........SUNRISE   626 AM CDT   SUNSET   744 PM CDT
APRIL 30 2017.........SUNRISE   625 AM CDT   SUNSET   745 PM CDT


-  INDICATES NEGATIVE NUMBERS.
R  INDICATES RECORD WAS SET OR TIED.
MM INDICATES DATA IS MISSING.
T  INDICATES TRACE AMOUNT.




$$
