000
CDUS44 KLCH 100809
CLIARA


CLIMATE REPORT
NATIONAL WEATHER SERVICE LAKE CHARLES, LA
208 AM CST WED FEB 10 2016


...................................

...THE NEW IBERIA CLIMATE SUMMARY FOR FEBRUARY 9 2016...

CLIMATE NORMAL PERIOD 1981 TO 2010
CLIMATE RECORD PERIOD 1948 TO 2016


WEATHER ITEM   OBSERVED TIME   RECORD YEAR NORMAL DEPARTURE LAST
                VALUE   (LST)  VALUE       VALUE  FROM      YEAR
                                                  NORMAL
..................................................................
TEMPERATURE (F)
 YESTERDAY
  MAXIMUM         58    430 PM  82    1957  65     -7       78
  MINIMUM         36    644 AM  26    1971  45     -9       53
  AVERAGE         47                        54     -7       66

PRECIPITATION (IN)
  YESTERDAY        0.00          1.50 1973   0.16  -0.16      T
  MONTH TO DATE    1.41                      1.19   0.22     1.12
  SINCE DEC 1     10.70                     11.41  -0.71     7.20
  SINCE JAN 1      7.68                      6.41   1.27     5.49

SNOWFALL (IN)
  YESTERDAY        0.0           T    1973  MM               0.0
  MONTH TO DATE    0.0                      MM               0.0
  SINCE DEC 1      0.0                      MM               0.0
  SINCE JUL 1      0.0                      MM               0.0

DEGREE DAYS
 HEATING
  YESTERDAY       18                        11      7        0
  MONTH TO DATE  122                       104     18      104
  SINCE DEC 1    708                       846   -138      789
  SINCE JUL 1    779                      1041   -262     1076

 COOLING
  YESTERDAY        0                         1     -1        1
  MONTH TO DATE    5                         5      0        1
  SINCE DEC 1     89                        39     50       25
  SINCE JAN 1      6                        17    -11        3
..................................................................


WIND (MPH)
  RESULTANT WIND SPEED  11   RESULTANT WIND DIRECTION  NW (300)
  HIGHEST WIND SPEED    25   HIGHEST WIND DIRECTION    NW (320)
  HIGHEST GUST SPEED    35   HIGHEST GUST DIRECTION    NW (310)
  AVERAGE WIND SPEED    11.2


SKY COVER
  POSSIBLE SUNSHINE  MM
  AVERAGE SKY COVER 0.0


WEATHER CONDITIONS
 THE FOLLOWING WEATHER WAS RECORDED YESTERDAY.
  NO SIGNIFICANT WEATHER WAS OBSERVED.


RELATIVE HUMIDITY (PERCENT)
 HIGHEST    67          1000 PM
 LOWEST     23           200 PM
 AVERAGE    45

..........................................................


THE NEW IBERIA CLIMATE NORMALS FOR TODAY
                         NORMAL    RECORD    YEAR
 MAXIMUM TEMPERATURE (F)   65        82      1957
 MINIMUM TEMPERATURE (F)   45        21      1973


SUNRISE AND SUNSET
FEBRUARY 10 2016......SUNRISE   652 AM CST   SUNSET   552 PM CST
FEBRUARY 11 2016......SUNRISE   651 AM CST   SUNSET   553 PM CST


-  INDICATES NEGATIVE NUMBERS.
R  INDICATES RECORD WAS SET OR TIED.
MM INDICATES DATA IS MISSING.
T  INDICATES TRACE AMOUNT.




$$
