000
CDUS44 KLCH 192209
CLIARA


CLIMATE REPORT
NATIONAL WEATHER SERVICE LAKE CHARLES, LA
409 PM CST MON FEB 19 2018


...................................

...THE NEW IBERIA CLIMATE SUMMARY FOR FEBRUARY 19 2018...
VALID TODAY AS OF 0400 PM LOCAL TIME.

CLIMATE NORMAL PERIOD 1981 TO 2010
CLIMATE RECORD PERIOD 1948 TO 2018


WEATHER ITEM   OBSERVED TIME   RECORD YEAR NORMAL DEPARTURE LAST
                VALUE   (LST)  VALUE       VALUE  FROM      YEAR
                                                  NORMAL
..................................................................
TEMPERATURE (F)
 TODAY
  MAXIMUM         82R   227 PM  81    2017  67     15       81
  MINIMUM         63    702 AM  30    1960  46     17       62
  AVERAGE         73                        56     17       72

PRECIPITATION (IN)
  TODAY           MM             4.42 1991   0.16  MM         T
  MONTH TO DATE    1.46                      2.81  -1.35     0.16
  SINCE DEC 1     16.81                     13.03   3.78    11.30
  SINCE JAN 1      8.59                      8.03   0.56     2.60

SNOWFALL (IN)
  TODAY            0.0           0.0    MM  MM               0.0
  MONTH TO DATE    0.0                      MM               0.0
  SINCE DEC 1      2.4                      MM               0.0
  SINCE JUL 1      2.4                      MM               0.0

DEGREE DAYS
 HEATING
  TODAY            0                         9     -9        0
  MONTH TO DATE   79                       205   -126       72
  SINCE DEC 1   1004                       947     57      520
  SINCE JUL 1   1183                      1142     41      615

 COOLING
  TODAY            8                         1      7        7
  MONTH TO DATE   51                        15     36       46
  SINCE DEC 1     70                        49     21      177
  SINCE JAN 1     51                        27     24      110
..................................................................


WIND (MPH)
  RESULTANT WIND SPEED  13   RESULTANT WIND DIRECTION   S (160)
  HIGHEST WIND SPEED    26   HIGHEST WIND DIRECTION     S (170)
  HIGHEST GUST SPEED    32   HIGHEST GUST DIRECTION     S (170)
  AVERAGE WIND SPEED    14.0


SKY COVER
  POSSIBLE SUNSHINE  MM
  AVERAGE SKY COVER 0.4


WEATHER CONDITIONS
 THE FOLLOWING WEATHER WAS RECORDED TODAY.
  NO SIGNIFICANT WEATHER WAS OBSERVED.


RELATIVE HUMIDITY (PERCENT)
 HIGHEST    93           400 AM
 LOWEST     54           100 PM
 AVERAGE    74

..........................................................


THE NEW IBERIA CLIMATE NORMALS FOR TOMORROW
                         NORMAL    RECORD    YEAR
 MAXIMUM TEMPERATURE (F)   67        80      1994
                                             1976
 MINIMUM TEMPERATURE (F)   47        29      1978


SUNRISE AND SUNSET
FEBRUARY 19 2018......SUNRISE   644 AM CST   SUNSET   559 PM CST
FEBRUARY 20 2018......SUNRISE   643 AM CST   SUNSET   600 PM CST


-  INDICATES NEGATIVE NUMBERS.
R  INDICATES RECORD WAS SET OR TIED.
MM INDICATES DATA IS MISSING.
T  INDICATES TRACE AMOUNT.




$$
