000
CDUS44 KLCH 250828
CLIARA


CLIMATE REPORT
NATIONAL WEATHER SERVICE LAKE CHARLES, LA
325 AM CDT SUN JUN 25 2017


...................................

...THE NEW IBERIA CLIMATE SUMMARY FOR JUNE 24 2017...

CLIMATE NORMAL PERIOD 1981 TO 2010
CLIMATE RECORD PERIOD 1948 TO 2017


WEATHER ITEM   OBSERVED TIME   RECORD YEAR NORMAL DEPARTURE LAST
                VALUE   (LST)  VALUE       VALUE  FROM      YEAR
                                                  NORMAL
..................................................................
TEMPERATURE (F)
 YESTERDAY
  MAXIMUM         90    222 PM 102    2009  91     -1       92
  MINIMUM         75   1154 PM  65    1955  72      3       73
  AVERAGE         83                        81      2       83

PRECIPITATION (IN)
  YESTERDAY        0.22          2.96 2004   0.20   0.02     0.00
  MONTH TO DATE    7.49                      5.71   1.78     6.91
  SINCE JUN 1      7.49                      5.71   1.78     6.91
  SINCE JAN 1     25.73                     27.94  -2.21    32.44

SNOWFALL (IN)
  YESTERDAY        0.0           0.0    MM  MM               0.0
  MONTH TO DATE    0.0                      MM               0.0
  SINCE JUN 1      0.0                      MM               0.0
  SINCE JUL 1      0.0                      MM               0.0

DEGREE DAYS
 HEATING
  YESTERDAY        0                         0      0        0
  MONTH TO DATE    0                         0      0        0
  SINCE JUN 1      0                         0      0        0
  SINCE JUL 1    716                      1409   -693      997

 COOLING
  YESTERDAY       18                        16      2       18
  MONTH TO DATE  365                       371     -6      399
  SINCE JUN 1    365                       371     -6      399
  SINCE JAN 1   1112                       941    171     1025
..................................................................


WIND (MPH)
  RESULTANT WIND SPEED   1   RESULTANT WIND DIRECTION   S (170)
  HIGHEST WIND SPEED    21   HIGHEST WIND DIRECTION     N (20)
  HIGHEST GUST SPEED    27   HIGHEST GUST DIRECTION     N (20)
  AVERAGE WIND SPEED     5.8


SKY COVER
  POSSIBLE SUNSHINE  MM
  AVERAGE SKY COVER 0.4


WEATHER CONDITIONS
 THE FOLLOWING WEATHER WAS RECORDED YESTERDAY.
  THUNDERSTORM
  RAIN
  LIGHT RAIN
  FOG
  HAZE


RELATIVE HUMIDITY (PERCENT)
 HIGHEST    94          1200 AM
 LOWEST     59          1200 PM
 AVERAGE    77

..........................................................


THE NEW IBERIA CLIMATE NORMALS FOR TODAY
                         NORMAL    RECORD    YEAR
 MAXIMUM TEMPERATURE (F)   91       101      2009
 MINIMUM TEMPERATURE (F)   72        61      1974


SUNRISE AND SUNSET
JUNE 25 2017..........SUNRISE   608 AM CDT   SUNSET   812 PM CDT
JUNE 26 2017..........SUNRISE   608 AM CDT   SUNSET   813 PM CDT


-  INDICATES NEGATIVE NUMBERS.
R  INDICATES RECORD WAS SET OR TIED.
MM INDICATES DATA IS MISSING.
T  INDICATES TRACE AMOUNT.




$$
