000
CDUS44 KLCH 252207
CLIARA


CLIMATE REPORT
NATIONAL WEATHER SERVICE LAKE CHARLES, LA
407 PM CST THU DEC 25 2014


...................................

...THE NEW IBERIA CLIMATE SUMMARY FOR DECEMBER 25 2014...
VALID TODAY AS OF 0400 PM LOCAL TIME.

CLIMATE NORMAL PERIOD 1981 TO 2010
CLIMATE RECORD PERIOD 1948 TO 2014


WEATHER ITEM   OBSERVED TIME   RECORD YEAR NORMAL DEPARTURE LAST
                VALUE   (LST)  VALUE       VALUE  FROM      YEAR
                                                  NORMAL
..................................................................
TEMPERATURE (F)
 TODAY
  MAXIMUM         60    221 PM  80    1982  63     -3       51
  MINIMUM         33    635 AM  12    1983  43    -10       34
  AVERAGE         47                        53     -6       43

PRECIPITATION (IN)
  TODAY            0.00          0.80 1981   0.14  -0.14     0.00
  MONTH TO DATE    1.39                      4.21  -2.82     1.97
  SINCE DEC 1      1.39                      4.21  -2.82     1.97
  SINCE JAN 1     49.95                     58.90  -8.95    65.05

SNOWFALL (IN)
  TODAY            0.0           0.0    MM  MM               0.0
  MONTH TO DATE    0.0                      MM               0.0
  SINCE DEC 1      0.0                      MM               0.0
  SINCE JUL 1      0.0                      MM               0.0

DEGREE DAYS
 HEATING
  TODAY           18                        12      6       22
  MONTH TO DATE  179                       275    -96      304
  SINCE DEC 1    179                       275    -96      304
  SINCE JUL 1    466                       470     -4      537

 COOLING
  TODAY            0                         0      0        0
  MONTH TO DATE   19                        19      0       41
  SINCE DEC 1     19                        19      0       41
  SINCE JAN 1   2848                      2811     37     3232
..................................................................


WIND (MPH)
  RESULTANT WIND SPEED   5   RESULTANT WIND DIRECTION  SE (150)
  HIGHEST WIND SPEED    13   HIGHEST WIND DIRECTION     S (200)
  HIGHEST GUST SPEED    15   HIGHEST GUST DIRECTION    SE (150)
  AVERAGE WIND SPEED     5.3


SKY COVER
  POSSIBLE SUNSHINE  MM
  AVERAGE SKY COVER 0.0


WEATHER CONDITIONS
 THE FOLLOWING WEATHER WAS RECORDED TODAY.
  FOG


RELATIVE HUMIDITY (PERCENT)
 HIGHEST   100           400 AM
 LOWEST     40           100 PM
 AVERAGE    70

..........................................................


THE NEW IBERIA CLIMATE NORMALS FOR TOMORROW
                         NORMAL    RECORD    YEAR
 MAXIMUM TEMPERATURE (F)   63        79      2008
 MINIMUM TEMPERATURE (F)   43        16      1983


SUNRISE AND SUNSET
DECEMBER 25 2014......SUNRISE   701 AM CST   SUNSET   514 PM CST
DECEMBER 26 2014......SUNRISE   702 AM CST   SUNSET   515 PM CST


-  INDICATES NEGATIVE NUMBERS.
R  INDICATES RECORD WAS SET OR TIED.
MM INDICATES DATA IS MISSING.
T  INDICATES TRACE AMOUNT.




$$
