000
CDUS43 KLOT 260645
CLIARR


CLIMATE REPORT
NATIONAL WEATHER SERVICE CHICAGO IL
1244 AM CST SUN FEB 26 2017


...................................

...THE AURORA MUNICIPAL AIRPORT CLIMATE SUMMARY FOR FEBRUARY 25 2017...

CLIMATE NORMAL PERIOD 1981 TO 2010
CLIMATE RECORD PERIOD 1998 TO 2017


WEATHER ITEM   OBSERVED TIME   RECORD YEAR NORMAL DEPARTURE LAST
                VALUE   (LST)  VALUE       VALUE  FROM      YEAR
                                                  NORMAL
..................................................................
TEMPERATURE (F)
 YESTERDAY
  MAXIMUM         32   1200 AM  70    2000  38     -6       39
  MINIMUM         22   1001 PM  -9    2003  20      2       28
  AVERAGE         27                        29     -2       34

PRECIPITATION (IN)
  YESTERDAY        T             0.55 2007   0.07  -0.07      T
  MONTH TO DATE    0.72                      1.39  -0.67     0.97
  SINCE DEC 1      3.80                      4.82  -1.02     5.83
  SINCE JAN 1      2.97                      2.86   0.11     1.48

DEGREE DAYS
 HEATING
  YESTERDAY       38                        36      2       31
  MONTH TO DATE  696                      1016   -320      903
  SINCE DEC 1   3099                      3619   -520     2945
  SINCE JUL 1   3997                      5033  -1036     4025

 COOLING
  YESTERDAY        0                         0      0        0
  MONTH TO DATE    0                         0      0        0
  SINCE DEC 1      0                         0      0        0
  SINCE JAN 1      0                         0      0        0
..................................................................


WIND (MPH)
  RESULTANT WIND SPEED  16   RESULTANT WIND DIRECTION   W (290)
  HIGHEST WIND SPEED    26   HIGHEST WIND DIRECTION    NW (300)
  HIGHEST GUST SPEED    33   HIGHEST GUST DIRECTION    NW (300)
  AVERAGE WIND SPEED    16.6


SKY COVER
  POSSIBLE SUNSHINE  MM
  AVERAGE SKY COVER 0.7


WEATHER CONDITIONS
 THE FOLLOWING WEATHER WAS RECORDED YESTERDAY.
  LIGHT SNOW
  FOG
  HAZE


RELATIVE HUMIDITY (PERCENT)
 HIGHEST    85          1200 AM
 LOWEST     62          1000 AM
 AVERAGE    74

..........................................................


THE AURORA MUNICIPAL AIRPORT CLIMATE NORMALS FOR TODAY
                         NORMAL    RECORD    YEAR
 MAXIMUM TEMPERATURE (F)   38        61      2000
 MINIMUM TEMPERATURE (F)   20       -11      2015


SUNRISE AND SUNSET
FEBRUARY 26 2017......SUNRISE   633 AM CST   SUNSET   541 PM CST
FEBRUARY 27 2017......SUNRISE   631 AM CST   SUNSET   542 PM CST


-  INDICATES NEGATIVE NUMBERS.
R  INDICATES RECORD WAS SET OR TIED.
MM INDICATES DATA IS MISSING.
T  INDICATES TRACE AMOUNT.




$$
