863
CDUS43 KLOT 280632
CLIARR


CLIMATE REPORT
NATIONAL WEATHER SERVICE CHICAGO IL
131 AM CDT SAT MAY 28 2016


...................................

...THE AURORA MUNICIPAL AIRPORT CLIMATE SUMMARY FOR MAY 27 2016...

CLIMATE NORMAL PERIOD 1981 TO 2010
CLIMATE RECORD PERIOD 1998 TO 2016


WEATHER ITEM   OBSERVED TIME   RECORD YEAR NORMAL DEPARTURE LAST
                VALUE   (LST)  VALUE       VALUE  FROM      YEAR
                                                  NORMAL
..................................................................
TEMPERATURE (F)
 YESTERDAY
  MAXIMUM         82   1253 PM  97    2012  74      8       76
  MINIMUM         67    442 AM  42    2008  51     16       57
  AVERAGE         75                        63     12       67

PRECIPITATION (IN)
  YESTERDAY        0.06          0.37 2014   0.13  -0.07     0.00
  MONTH TO DATE    6.04                      3.71   2.33     3.74
  SINCE MAR 1     11.37                      9.24   2.13     8.37
  SINCE JAN 1     12.86                     12.33   0.53     9.05

DEGREE DAYS
 HEATING
  YESTERDAY        0                         5     -5        0
  MONTH TO DATE  204                       214    -10      138
  SINCE MAR 1   1332                      1582   -250     1532
  SINCE JUL 1   5453                      6720  -1267     6987

 COOLING
  YESTERDAY       10                         2      8        2
  MONTH TO DATE   42                        28     14       57
  SINCE MAR 1     47                        31     16       57
  SINCE JAN 1     47                        31     16       57
..................................................................


WIND (MPH)
  RESULTANT WIND SPEED  11   RESULTANT WIND DIRECTION   S (170)
  HIGHEST WIND SPEED    25   HIGHEST WIND DIRECTION     S (160)
  HIGHEST GUST SPEED    32   HIGHEST GUST DIRECTION     S (160)
  AVERAGE WIND SPEED    11.8


SKY COVER
  POSSIBLE SUNSHINE  MM
  AVERAGE SKY COVER 0.5


WEATHER CONDITIONS
 THE FOLLOWING WEATHER WAS RECORDED YESTERDAY.
  RAIN
  LIGHT RAIN
  FOG
  HAZE


RELATIVE HUMIDITY (PERCENT)
 HIGHEST    90           100 AM
 LOWEST     55           100 PM
 AVERAGE    73

..........................................................


THE AURORA MUNICIPAL AIRPORT CLIMATE NORMALS FOR TODAY
                         NORMAL    RECORD    YEAR
 MAXIMUM TEMPERATURE (F)   74        93      2006
 MINIMUM TEMPERATURE (F)   52        39      2008


SUNRISE AND SUNSET
MAY 28 2016...........SUNRISE   523 AM CDT   SUNSET   819 PM CDT
MAY 29 2016...........SUNRISE   523 AM CDT   SUNSET   820 PM CDT


-  INDICATES NEGATIVE NUMBERS.
R  INDICATES RECORD WAS SET OR TIED.
MM INDICATES DATA IS MISSING.
T  INDICATES TRACE AMOUNT.




$$
