000
CDUS43 KLOT 300632
CLIARR


CLIMATE REPORT
NATIONAL WEATHER SERVICE CHICAGO IL
132 AM CDT SAT AUG 30 2014


...................................

...THE AURORA MUNICIPAL AIRPORT CLIMATE SUMMARY FOR AUGUST 29 2014...

CLIMATE NORMAL PERIOD 1981 TO 2010
CLIMATE RECORD PERIOD 1998 TO 2014


WEATHER ITEM   OBSERVED TIME   RECORD YEAR NORMAL DEPARTURE LAST
                VALUE   (LST)  VALUE       VALUE  FROM      YEAR
                                                  NORMAL
..................................................................
TEMPERATURE (F)
 YESTERDAY
  MAXIMUM         86    309 PM  93    2010  80      6       88
  MINIMUM         69    534 AM  48    2001  58     11       66
  AVERAGE         78                        69      9       77

PRECIPITATION (IN)
  YESTERDAY        0.01          0.11 2006   0.10  -0.09     0.00
  MONTH TO DATE    3.46                      3.93  -0.47     2.37
  SINCE JUN 1     14.54                     12.13   2.41     8.37
  SINCE JAN 1     22.53                     25.01  -2.48    25.23

DEGREE DAYS
 HEATING
  YESTERDAY        0                         1     -1        0
  MONTH TO DATE    6                         4      2       12
  SINCE JUN 1     37                        54    -17       72
  SINCE JUL 1     21                        13      8       28

 COOLING
  YESTERDAY       13                         5      8       12
  MONTH TO DATE  208                       164     44      161
  SINCE JUN 1    525                       534     -9      526
  SINCE JAN 1    611                       575     36      606
..................................................................


WIND (MPH)
  RESULTANT WIND SPEED   8   RESULTANT WIND DIRECTION   S (160)
  HIGHEST WIND SPEED    21   HIGHEST WIND DIRECTION    SE (150)
  HIGHEST GUST SPEED    26   HIGHEST GUST DIRECTION    SE (150)
  AVERAGE WIND SPEED     8.3


SKY COVER
  POSSIBLE SUNSHINE  MM
  AVERAGE SKY COVER 0.2


WEATHER CONDITIONS
 THE FOLLOWING WEATHER WAS RECORDED YESTERDAY.
  THUNDERSTORM
  LIGHT RAIN
  FOG
  HAZE


RELATIVE HUMIDITY (PERCENT)
 HIGHEST    90           200 AM
 LOWEST     57           300 PM
 AVERAGE    74

..........................................................


THE AURORA MUNICIPAL AIRPORT CLIMATE NORMALS FOR TODAY
                         NORMAL    RECORD    YEAR
 MAXIMUM TEMPERATURE (F)   80        93      2013
 MINIMUM TEMPERATURE (F)   57        43      2009


SUNRISE AND SUNSET
AUGUST 30 2014........SUNRISE   618 AM CDT   SUNSET   731 PM CDT
AUGUST 31 2014........SUNRISE   619 AM CDT   SUNSET   729 PM CDT


-  INDICATES NEGATIVE NUMBERS.
R  INDICATES RECORD WAS SET OR TIED.
MM INDICATES DATA IS MISSING.
T  INDICATES TRACE AMOUNT.




$$
