000
CDUS43 KLOT 040631
CLIARR


CLIMATE REPORT
NATIONAL WEATHER SERVICE CHICAGO IL
131 AM CDT SAT JUL 4 2015


...................................

...THE AURORA MUNICIPAL AIRPORT CLIMATE SUMMARY FOR JULY 3 2015...

CLIMATE NORMAL PERIOD 1981 TO 2010
CLIMATE RECORD PERIOD 1998 TO 2015


WEATHER ITEM   OBSERVED TIME   RECORD YEAR NORMAL DEPARTURE LAST
                VALUE   (LST)  VALUE       VALUE  FROM      YEAR
                                                  NORMAL
..................................................................
TEMPERATURE (F)
 YESTERDAY
  MAXIMUM         78    505 PM  94    2012  84     -6       74
                                      2002
  MINIMUM         55    456 AM  50    2008  60     -5       54
  AVERAGE         67                        72     -5       64

PRECIPITATION (IN)
  YESTERDAY        0.00          0.53 2013   0.10  -0.10     0.06
  MONTH TO DATE    T                         0.29  -0.29     0.40
  SINCE JUN 1      8.69                      4.30   4.39     9.36
  SINCE JAN 1     18.04                     17.18   0.86    17.35

DEGREE DAYS
 HEATING
  YESTERDAY        0                         0      0        1
  MONTH TO DATE    5                         0      5        2
  SINCE JUN 1     23                        41    -18       18
  SINCE JUL 1      5                         0      5        2

 COOLING
  YESTERDAY        2                         7     -5        0
  MONTH TO DATE    2                        21    -19        8
  SINCE JUN 1    153                       176    -23      204
  SINCE JAN 1    222                       217      5      290
..................................................................


WIND (MPH)
  RESULTANT WIND SPEED   3   RESULTANT WIND DIRECTION  NE (60)
  HIGHEST WIND SPEED     9   HIGHEST WIND DIRECTION    NE (30)
  HIGHEST GUST SPEED    12   HIGHEST GUST DIRECTION    NE (30)
  AVERAGE WIND SPEED     4.1


SKY COVER
  POSSIBLE SUNSHINE  MM
  AVERAGE SKY COVER 0.1


WEATHER CONDITIONS
 THE FOLLOWING WEATHER WAS RECORDED YESTERDAY.
  HAZE


RELATIVE HUMIDITY (PERCENT)
 HIGHEST    84          1100 PM
 LOWEST     47           200 PM
 AVERAGE    66

..........................................................


THE AURORA MUNICIPAL AIRPORT CLIMATE NORMALS FOR TODAY
                         NORMAL    RECORD    YEAR
 MAXIMUM TEMPERATURE (F)   84        98      2012
 MINIMUM TEMPERATURE (F)   60        47      2008


SUNRISE AND SUNSET
JULY  4 2015..........SUNRISE   524 AM CDT   SUNSET   832 PM CDT
JULY  5 2015..........SUNRISE   525 AM CDT   SUNSET   832 PM CDT


-  INDICATES NEGATIVE NUMBERS.
R  INDICATES RECORD WAS SET OR TIED.
MM INDICATES DATA IS MISSING.
T  INDICATES TRACE AMOUNT.




$$
