000
CDUS43 KLOT 200637
CLIARR


CLIMATE REPORT
NATIONAL WEATHER SERVICE CHICAGO IL
1235 AM CST THU NOV 20 2014


...................................

...THE AURORA MUNICIPAL AIRPORT CLIMATE SUMMARY FOR NOVEMBER 19 2014...

CLIMATE NORMAL PERIOD 1981 TO 2010
CLIMATE RECORD PERIOD 1998 TO 2014


WEATHER ITEM   OBSERVED TIME   RECORD YEAR NORMAL DEPARTURE LAST
                VALUE   (LST)  VALUE       VALUE  FROM      YEAR
                                                  NORMAL
..................................................................
TEMPERATURE (F)
 YESTERDAY
  MAXIMUM         32   1118 AM  58    2007  46    -14       42
                                      1999
  MINIMUM         13R  1202 AM  19    2000  27    -14       21
  AVERAGE         23                        36    -13       32

PRECIPITATION (IN)
  YESTERDAY        T             0.19 2004   0.10  -0.10     0.00
  MONTH TO DATE    0.06                      2.13  -2.07     2.05
  SINCE SEP 1      4.95                      8.69  -3.74     6.35
  SINCE JAN 1     27.82                     33.89  -6.07    32.58

DEGREE DAYS
 HEATING
  YESTERDAY       42                        29     13       33
  MONTH TO DATE  581                       458    123      467
  SINCE SEP 1   1165                      1041    124     1012
  SINCE JUL 1   1186                      1065    121     1040

 COOLING
  YESTERDAY        0                         0      0        0
  MONTH TO DATE    0                         0      0        0
  SINCE SEP 1     63                        71     -8      118
  SINCE JAN 1    693                       655     38      745
..................................................................


WIND (MPH)
  RESULTANT WIND SPEED  11   RESULTANT WIND DIRECTION  SW (240)
  HIGHEST WIND SPEED    32   HIGHEST WIND DIRECTION     W (280)
  HIGHEST GUST SPEED    39   HIGHEST GUST DIRECTION     W (270)
  AVERAGE WIND SPEED    18.3


SKY COVER
  POSSIBLE SUNSHINE  MM
  AVERAGE SKY COVER 0.8


WEATHER CONDITIONS
 THE FOLLOWING WEATHER WAS RECORDED YESTERDAY.
  LIGHT SNOW


RELATIVE HUMIDITY (PERCENT)
 HIGHEST    67          1200 AM
 LOWEST     49          1000 AM
 AVERAGE    58

..........................................................


THE AURORA MUNICIPAL AIRPORT CLIMATE NORMALS FOR TODAY
                         NORMAL    RECORD    YEAR
 MAXIMUM TEMPERATURE (F)   45        65      2003
 MINIMUM TEMPERATURE (F)   26        20      2008
                                             2006
                                             2000


SUNRISE AND SUNSET
NOVEMBER 20 2014......SUNRISE   649 AM CST   SUNSET   429 PM CST
NOVEMBER 21 2014......SUNRISE   650 AM CST   SUNSET   429 PM CST


-  INDICATES NEGATIVE NUMBERS.
R  INDICATES RECORD WAS SET OR TIED.
MM INDICATES DATA IS MISSING.
T  INDICATES TRACE AMOUNT.




$$
