000
CDUS41 KBUF 210705
CLIART


CLIMATE REPORT
NATIONAL WEATHER SERVICE BUFFALO NY
205 AM EST WED FEB 21 2018


...................................

...THE WATERTOWN NY CLIMATE SUMMARY FOR FEBRUARY 20 2018...

CLIMATE NORMAL PERIOD 1981 TO 2010
CLIMATE RECORD PERIOD 1949 TO 2018


WEATHER ITEM   OBSERVED TIME   RECORD YEAR NORMAL DEPARTURE LAST
                VALUE   (LST)  VALUE       VALUE  FROM      YEAR
                                                  NORMAL
..................................................................
TEMPERATURE (F)
 YESTERDAY
  MAXIMUM         64R  1159 PM  62    1994  33     31       38
  MINIMUM         46    212 AM -16    1950  11     35       21
  AVERAGE         55                        22     33       30

PRECIPITATION (IN)
  YESTERDAY        0.33          0.70 1981   0.08   0.25     0.00
  MONTH TO DATE    1.10                      1.57  -0.47     1.11
  SINCE DEC 1      5.15                      7.38  -2.23     5.08
  SINCE JAN 1      3.36                      4.23  -0.87     2.89

DEGREE DAYS
 HEATING
  YESTERDAY       10                        43    -33       35
  MONTH TO DATE  787                       897   -110      789
  SINCE DEC 1   3644                      3509    135     3078
  SINCE JUL 1   5003                      5108   -105     4420

 COOLING
  YESTERDAY        0                         0      0        0
  MONTH TO DATE    0                         0      0        0
  SINCE DEC 1      0                         0      0        0
  SINCE JAN 1      0                         0      0        0
..................................................................


WIND (MPH)
  HIGHEST WIND SPEED    15   HIGHEST WIND DIRECTION     S (200)
  HIGHEST GUST SPEED    22   HIGHEST GUST DIRECTION     S (190)
  AVERAGE WIND SPEED     9.3


SKY COVER
  AVERAGE SKY COVER 1.0


WEATHER CONDITIONS
 THE FOLLOWING WEATHER WAS RECORDED YESTERDAY.
  RAIN
  LIGHT RAIN
  FOG


RELATIVE HUMIDITY (PERCENT)
 HIGHEST   100          1200 AM
 LOWEST     72          1100 PM
 AVERAGE    86

..........................................................


THE WATERTOWN NY CLIMATE NORMALS FOR TODAY
                         NORMAL    RECORD    YEAR
 MAXIMUM TEMPERATURE (F)   33        63      1997
 MINIMUM TEMPERATURE (F)   12       -20      1972


SUNRISE AND SUNSET
FEBRUARY 21 2018......SUNRISE   654 AM EST   SUNSET   542 PM EST
FEBRUARY 22 2018......SUNRISE   652 AM EST   SUNSET   543 PM EST


-  INDICATES NEGATIVE NUMBERS.
R  INDICATES RECORD WAS SET OR TIED.
MM INDICATES DATA IS MISSING.
T  INDICATES TRACE AMOUNT.




$$
