000
CDUS46 KPQR 231142
CLIAST


CLIMATE REPORT
NATIONAL WEATHER SERVICE PORTLAND OREGON
441 AM PDT WED APR 23 2014


...................................

...THE ASTORIA OR CLIMATE SUMMARY FOR APRIL 22 2014...

CLIMATE NORMAL PERIOD 1981 TO 2010
CLIMATE RECORD PERIOD 1892 TO 2014


WEATHER ITEM   OBSERVED TIME   RECORD YEAR NORMAL DEPARTURE LAST
                VALUE   (LST)  VALUE       VALUE  FROM      YEAR
                                                  NORMAL
..................................................................
TEMPERATURE (F)
 YESTERDAY
  MAXIMUM         55    145 PM  75    2005  57     -2       63
  MINIMUM         41    504 AM  32    1960  42     -1       35
  AVERAGE         48                        49     -1       49

PRECIPITATION (IN)
  YESTERDAY        0.88          2.16 1996   0.16   0.72     0.00
  MONTH TO DATE    4.42                      4.04   0.38     6.44
  SINCE OCT 1     41.20                     55.90 -14.70    67.34
  SINCE JAN 1     29.04                     28.88   0.16    25.72

DEGREE DAYS
 HEATING
  YESTERDAY       17                        16      1       16
  MONTH TO DATE  338                       368    -30      366
  SINCE MAR 1    854                       946    -92      939
  SINCE JUL 1   4283                      4288     -5     4319

 COOLING
  YESTERDAY        0                         0      0        0
  MONTH TO DATE    0                         0      0        0
  SINCE MAR 1      0                         0      0        0
  SINCE JAN 1      0                         0      0        0
..................................................................


WIND (MPH)
  HIGHEST WIND SPEED    25   HIGHEST WIND DIRECTION    SW (220)
  HIGHEST GUST SPEED    35   HIGHEST GUST DIRECTION    SW (240)
  AVERAGE WIND SPEED     9.8


SKY COVER
  POSSIBLE SUNSHINE  MM
  AVERAGE SKY COVER 0.6


WEATHER CONDITIONS
 THE FOLLOWING WEATHER WAS RECORDED YESTERDAY.
  HEAVY RAIN
  RAIN
  LIGHT RAIN
  FOG


RELATIVE HUMIDITY (PERCENT)
 HIGHEST    86           100 AM
 LOWEST     59          1000 AM
 AVERAGE    73

..........................................................


THE ASTORIA OR CLIMATE NORMALS FOR TODAY
                         NORMAL    RECORD    YEAR
 MAXIMUM TEMPERATURE (F)   57        73      2006
 MINIMUM TEMPERATURE (F)   42        34      2013
                                             1992


SUNRISE AND SUNSET
APRIL 23 2014.........SUNRISE   615 AM PDT   SUNSET   814 PM PDT
APRIL 24 2014.........SUNRISE   613 AM PDT   SUNSET   815 PM PDT


-  INDICATES NEGATIVE NUMBERS.
R  INDICATES RECORD WAS SET OR TIED.
MM INDICATES DATA IS MISSING.
T  INDICATES TRACE AMOUNT.




$$
