000
CDUS46 KPQR 211141
CLIAST


CLIMATE REPORT
NATIONAL WEATHER SERVICE PORTLAND OREGON
440 AM PDT SUN SEP 21 2014


...................................

...THE ASTORIA OR CLIMATE SUMMARY FOR SEPTEMBER 20 2014...

CLIMATE NORMAL PERIOD 1981 TO 2010
CLIMATE RECORD PERIOD 1892 TO 2014


WEATHER ITEM   OBSERVED TIME   RECORD YEAR NORMAL DEPARTURE LAST
                VALUE   (LST)  VALUE       VALUE  FROM      YEAR
                                                  NORMAL
..................................................................
TEMPERATURE (F)
 YESTERDAY
  MAXIMUM         86R   430 PM  84    1939  67     19       64
  MINIMUM         52    300 AM  40    1985  49      3       50
  AVERAGE         69                        58     11       57

PRECIPITATION (IN)
  YESTERDAY        0.00          1.49 1945   0.07  -0.07     0.25
  MONTH TO DATE    0.17                      1.26  -1.09     1.13
  SINCE OCT 1     54.64                     66.38 -11.74    79.10
  SINCE JAN 1     42.48                     39.36   3.12    37.48

DEGREE DAYS
 HEATING
  YESTERDAY        0                         7     -7        8
  MONTH TO DATE   44                       117    -73       57
  SINCE SEP 1     44                       117    -73       57
  SINCE JUL 1    202                       398   -196      304

 COOLING
  YESTERDAY        4                         0      4        0
  MONTH TO DATE   20                         0     20        3
  SINCE SEP 1     20                         0     20        3
  SINCE JAN 1     45                         7     38        9
..................................................................


WIND (MPH)
  HIGHEST WIND SPEED    18   HIGHEST WIND DIRECTION    NE (50)
  HIGHEST GUST SPEED    21   HIGHEST GUST DIRECTION     E (70)
  AVERAGE WIND SPEED     7.8


SKY COVER
  POSSIBLE SUNSHINE  MM
  AVERAGE SKY COVER 0.3


WEATHER CONDITIONS
 THE FOLLOWING WEATHER WAS RECORDED YESTERDAY.
  FOG
  FOG W/VISIBILITY <= 1/4 MILE


RELATIVE HUMIDITY (PERCENT)
 HIGHEST   100           200 AM
 LOWEST     40           400 PM
 AVERAGE    70

..........................................................


THE ASTORIA OR CLIMATE NORMALS FOR TODAY
                         NORMAL    RECORD    YEAR
 MAXIMUM TEMPERATURE (F)   67        85      1994
                                             1990
                                             1975
 MINIMUM TEMPERATURE (F)   49        37      1960


SUNRISE AND SUNSET
SEPTEMBER 21 2014.....SUNRISE   701 AM PDT   SUNSET   715 PM PDT
SEPTEMBER 22 2014.....SUNRISE   703 AM PDT   SUNSET   713 PM PDT


-  INDICATES NEGATIVE NUMBERS.
R  INDICATES RECORD WAS SET OR TIED.
MM INDICATES DATA IS MISSING.
T  INDICATES TRACE AMOUNT.




$$
