000
CDUS46 KPQR 210021
CLIAST


CLIMATE REPORT
NATIONAL WEATHER SERVICE PORTLAND OREGON
421 PM PST MON FEB 20 2017


...................................

...THE ASTORIA OR CLIMATE SUMMARY FOR FEBRUARY 20 2017...
VALID TODAY AS OF 0400 PM LOCAL TIME.

CLIMATE NORMAL PERIOD 1981 TO 2010
CLIMATE RECORD PERIOD 1892 TO 2017


WEATHER ITEM   OBSERVED TIME   RECORD YEAR NORMAL DEPARTURE LAST
                VALUE   (LST)  VALUE       VALUE  FROM      YEAR
                                                  NORMAL
..................................................................
TEMPERATURE (F)
 TODAY
  MAXIMUM         48    254 PM  65    1916  52     -4       51
  MINIMUM         42    226 AM  25    2011  37      5       38
                                      2006
                                      1955
  AVERAGE         45                        44      1       45

PRECIPITATION (IN)
  TODAY            0.38          2.96 1932   0.24   0.14     0.14
  MONTH TO DATE   10.70                      5.19   5.51     6.74
  SINCE OCT 1     60.38                     42.41  17.97    63.02
  SINCE JAN 1     16.51                     15.39   1.12    20.49

DEGREE DAYS
 HEATING
  TODAY           20                        21     -1       20
  MONTH TO DATE  411                       420     -9      304
  SINCE DEC 1   1916                      1772    144     1468
  SINCE JUL 1   2779                      3185   -406     2468

 COOLING
  TODAY            0                         0      0        0
  MONTH TO DATE    0                         0      0        0
  SINCE DEC 1      0                         0      0        0
  SINCE JAN 1      0                         0      0        0
..................................................................


WIND (MPH)
  HIGHEST WIND SPEED    14   HIGHEST WIND DIRECTION    SW (220)
  HIGHEST GUST SPEED    19   HIGHEST GUST DIRECTION    SW (220)
  AVERAGE WIND SPEED     5.8


SKY COVER
  POSSIBLE SUNSHINE  MM
  AVERAGE SKY COVER 0.9


WEATHER CONDITIONS
 THE FOLLOWING WEATHER WAS RECORDED TODAY.
  LIGHT RAIN
  FOG


RELATIVE HUMIDITY (PERCENT)
 HIGHEST    96           500 AM
 LOWEST     86           100 PM
 AVERAGE    91

..........................................................


THE ASTORIA OR CLIMATE NORMALS FOR TOMORROW
                         NORMAL    RECORD    YEAR
 MAXIMUM TEMPERATURE (F)   52        68      1973
                                             1908
 MINIMUM TEMPERATURE (F)   37        24      1894


SUNRISE AND SUNSET
FEBRUARY 20 2017......SUNRISE   710 AM PST   SUNSET   549 PM PST
FEBRUARY 21 2017......SUNRISE   708 AM PST   SUNSET   551 PM PST


-  INDICATES NEGATIVE NUMBERS.
R  INDICATES RECORD WAS SET OR TIED.
MM INDICATES DATA IS MISSING.
T  INDICATES TRACE AMOUNT.




$$
