000
CDUS46 KPQR 271150
CLIAST


CLIMATE REPORT
NATIONAL WEATHER SERVICE PORTLAND OREGON
349 AM PST TUE JAN 27 2015


...................................

...THE ASTORIA OR CLIMATE SUMMARY FOR JANUARY 26 2015...

CLIMATE NORMAL PERIOD 1981 TO 2010
CLIMATE RECORD PERIOD 1892 TO 2015


WEATHER ITEM   OBSERVED TIME   RECORD YEAR NORMAL DEPARTURE LAST
                VALUE   (LST)  VALUE       VALUE  FROM      YEAR
                                                  NORMAL
..................................................................
TEMPERATURE (F)
 YESTERDAY
  MAXIMUM         59   1243 PM  63    1983  51      8       58
  MINIMUM         37    746 AM  16    1957  38     -1       33
  AVERAGE         48                        44      4       46

PRECIPITATION (IN)
  YESTERDAY        0.01          1.73 1970   0.30  -0.29     0.00
  MONTH TO DATE    9.17                      8.72   0.45     4.23
  SINCE OCT 1     34.79                     35.74  -0.95    16.39
  SINCE JAN 1      9.17                      8.72   0.45     4.23

DEGREE DAYS
 HEATING
  YESTERDAY       17                        21     -4       19
  MONTH TO DATE  484                       555    -71      514
  SINCE DEC 1   1033                      1248   -215     1349
  SINCE JUL 1   2020                      2661   -641     2702

 COOLING
  YESTERDAY        0                         0      0        0
  MONTH TO DATE    0                         0      0        0
  SINCE DEC 1      0                         0      0        0
  SINCE JAN 1      0                         0      0        0
..................................................................


WIND (MPH)
  HIGHEST WIND SPEED    20   HIGHEST WIND DIRECTION    SW (220)
  HIGHEST GUST SPEED    30   HIGHEST GUST DIRECTION    SW (210)
  AVERAGE WIND SPEED     5.3


SKY COVER
  POSSIBLE SUNSHINE  MM
  AVERAGE SKY COVER 0.3


WEATHER CONDITIONS
 THE FOLLOWING WEATHER WAS RECORDED YESTERDAY.
  LIGHT RAIN
  FOG
  FOG W/VISIBILITY <= 1/4 MILE


RELATIVE HUMIDITY (PERCENT)
 HIGHEST   100          1200 AM
 LOWEST     72          1100 AM
 AVERAGE    86

..........................................................


THE ASTORIA OR CLIMATE NORMALS FOR TODAY
                         NORMAL    RECORD    YEAR
 MAXIMUM TEMPERATURE (F)   51        60      1988
                                             1940
 MINIMUM TEMPERATURE (F)   38        15      1957


SUNRISE AND SUNSET
JANUARY 27 2015.......SUNRISE   744 AM PST   SUNSET   513 PM PST
JANUARY 28 2015.......SUNRISE   743 AM PST   SUNSET   515 PM PST


-  INDICATES NEGATIVE NUMBERS.
R  INDICATES RECORD WAS SET OR TIED.
MM INDICATES DATA IS MISSING.
T  INDICATES TRACE AMOUNT.




$$
