869
CDUS46 KPQR 221148
CLIAST


CLIMATE REPORT
NATIONAL WEATHER SERVICE PORTLAND OREGON
448 AM PDT FRI SEP 22 2017


...................................

...THE ASTORIA OR CLIMATE SUMMARY FOR SEPTEMBER 21 2017...

CLIMATE NORMAL PERIOD 1981 TO 2010
CLIMATE RECORD PERIOD 1892 TO 2017


WEATHER ITEM   OBSERVED TIME   RECORD YEAR NORMAL DEPARTURE LAST
                VALUE   (LST)  VALUE       VALUE  FROM      YEAR
                                                  NORMAL
..................................................................
TEMPERATURE (F)
 YESTERDAY
  MAXIMUM         62    312 PM  85    1994  67     -5       70
                                      1990
                                      1975
  MINIMUM         46    611 AM  37    1960  49     -3       46
  AVERAGE         54                        58     -4       58

PRECIPITATION (IN)
  YESTERDAY        T             1.48 1901   0.08  -0.08     0.00
  MONTH TO DATE    2.54                      1.34   1.20     1.94
  SINCE OCT 1     96.47                     66.46  30.01    85.32
  SINCE JAN 1     52.60                     39.44  13.16    42.79

DEGREE DAYS
 HEATING
  YESTERDAY       11                         7      4        7
  MONTH TO DATE  100                       124    -24       82
  SINCE SEP 1    100                       124    -24       82
  SINCE JUL 1    340                       405    -65      203

 COOLING
  YESTERDAY        0                         0      0        0
  MONTH TO DATE   18                         0     18        0
  SINCE SEP 1     18                         0     18        0
  SINCE JAN 1     51                         7     44       55
..................................................................


WIND (MPH)
  HIGHEST WIND SPEED    12   HIGHEST WIND DIRECTION     W (260)
  HIGHEST GUST SPEED    15   HIGHEST GUST DIRECTION     W (270)
  AVERAGE WIND SPEED     4.2


SKY COVER
  POSSIBLE SUNSHINE  MM
  AVERAGE SKY COVER 0.5


WEATHER CONDITIONS
 THE FOLLOWING WEATHER WAS RECORDED YESTERDAY.
  LIGHT RAIN
  FOG
  FOG W/VISIBILITY <= 1/4 MILE


RELATIVE HUMIDITY (PERCENT)
 HIGHEST    96           800 PM
 LOWEST     67          1000 AM
 AVERAGE    82

..........................................................


THE ASTORIA OR CLIMATE NORMALS FOR TODAY
                         NORMAL    RECORD    YEAR
 MAXIMUM TEMPERATURE (F)   67        92      2009
 MINIMUM TEMPERATURE (F)   48        39      1956


SUNRISE AND SUNSET
SEPTEMBER 22 2017.....SUNRISE   703 AM PDT   SUNSET   712 PM PDT
SEPTEMBER 23 2017.....SUNRISE   704 AM PDT   SUNSET   710 PM PDT


-  INDICATES NEGATIVE NUMBERS.
R  INDICATES RECORD WAS SET OR TIED.
MM INDICATES DATA IS MISSING.
T  INDICATES TRACE AMOUNT.




$$
