000
CDUS46 KPQR 281145
CLIAST


CLIMATE REPORT
NATIONAL WEATHER SERVICE PORTLAND OREGON
444 AM PDT THU AUG 28 2014


...................................

...THE ASTORIA OR CLIMATE SUMMARY FOR AUGUST 27 2014...

CLIMATE NORMAL PERIOD 1981 TO 2010
CLIMATE RECORD PERIOD 1892 TO 2014


WEATHER ITEM   OBSERVED TIME   RECORD YEAR NORMAL DEPARTURE LAST
                VALUE   (LST)  VALUE       VALUE  FROM      YEAR
                                                  NORMAL
..................................................................
TEMPERATURE (F)
 YESTERDAY
  MAXIMUM         71    247 PM  88    1894  69      2       72
  MINIMUM         56    406 AM  43    1955  52      4       55
  AVERAGE         64                        61      3       64

PRECIPITATION (IN)
  YESTERDAY        T             1.09 1975   0.05  -0.05     0.03
  MONTH TO DATE    0.57                      0.94  -0.37     0.51
  SINCE OCT 1     54.34                     64.90 -10.56    77.13
  SINCE JAN 1     42.18                     37.88   4.30    35.51

DEGREE DAYS
 HEATING
  YESTERDAY        1                         4     -3        1
  MONTH TO DATE   47                       108    -61      102
  SINCE JUN 1    332                       500   -168      425
  SINCE JUL 1    152                       258   -106      244

 COOLING
  YESTERDAY        0                         0      0        0
  MONTH TO DATE    5                         0      5        0
  SINCE JUN 1     13                         3     10        3
  SINCE JAN 1     24                         3     21        4
..................................................................


WIND (MPH)
  HIGHEST WIND SPEED    20   HIGHEST WIND DIRECTION    NW (300)
  HIGHEST GUST SPEED    24   HIGHEST GUST DIRECTION    NW (320)
  AVERAGE WIND SPEED     8.5


SKY COVER
  POSSIBLE SUNSHINE  MM
  AVERAGE SKY COVER 0.6


WEATHER CONDITIONS
 THE FOLLOWING WEATHER WAS RECORDED YESTERDAY.
  LIGHT RAIN
  FOG


RELATIVE HUMIDITY (PERCENT)
 HIGHEST   100          1200 AM
 LOWEST     66           300 PM
 AVERAGE    83

..........................................................


THE ASTORIA OR CLIMATE NORMALS FOR TODAY
                         NORMAL    RECORD    YEAR
 MAXIMUM TEMPERATURE (F)   69        89      1909
 MINIMUM TEMPERATURE (F)   52        42      1985
                                             1984


SUNRISE AND SUNSET
AUGUST 28 2014........SUNRISE   631 AM PDT   SUNSET   801 PM PDT
AUGUST 29 2014........SUNRISE   632 AM PDT   SUNSET   759 PM PDT


-  INDICATES NEGATIVE NUMBERS.
R  INDICATES RECORD WAS SET OR TIED.
MM INDICATES DATA IS MISSING.
T  INDICATES TRACE AMOUNT.




$$
