000
CDUS46 KPQR 251142
CLIAST


CLIMATE REPORT
NATIONAL WEATHER SERVICE PORTLAND OREGON
442 AM PDT TUE JUL 25 2017


...................................

...THE ASTORIA OR CLIMATE SUMMARY FOR JULY 24 2017...

CLIMATE NORMAL PERIOD 1981 TO 2010
CLIMATE RECORD PERIOD 1892 TO 2017


WEATHER ITEM   OBSERVED TIME   RECORD YEAR NORMAL DEPARTURE LAST
                VALUE   (LST)  VALUE       VALUE  FROM      YEAR
                                                  NORMAL
..................................................................
TEMPERATURE (F)
 YESTERDAY
  MAXIMUM         71    141 PM  91    1928  68      3       74
  MINIMUM         53    239 AM  44    2008  54     -1       52
                                      1973
  AVERAGE         62                        61      1       63

PRECIPITATION (IN)
  YESTERDAY        0.00          1.00 1916   0.03  -0.03     0.00
  MONTH TO DATE    0.10                      0.86  -0.76     1.11
  SINCE OCT 1     93.54                     63.79  29.75    82.87
  SINCE JAN 1     49.67                     36.77  12.90    40.34

DEGREE DAYS
 HEATING
  YESTERDAY        3                         4     -1        2
  MONTH TO DATE  120                       120      0       54
  SINCE JUN 1    327                       362    -35      230
  SINCE JUL 1    120                       120      0       54

 COOLING
  YESTERDAY        0                         0      0        0
  MONTH TO DATE    3                         0      3        0
  SINCE JUN 1     13                         0     13        6
  SINCE JAN 1     15                         0     15        9
..................................................................


WIND (MPH)
  HIGHEST WIND SPEED    21   HIGHEST WIND DIRECTION    NW (310)
  HIGHEST GUST SPEED    26   HIGHEST GUST DIRECTION    NW (310)
  AVERAGE WIND SPEED     8.4


SKY COVER
  POSSIBLE SUNSHINE  MM
  AVERAGE SKY COVER 0.3


WEATHER CONDITIONS
 THE FOLLOWING WEATHER WAS RECORDED YESTERDAY.
  NO SIGNIFICANT WEATHER WAS OBSERVED.


RELATIVE HUMIDITY (PERCENT)
 HIGHEST    93           200 AM
 LOWEST     57          1200 PM
 AVERAGE    75

..........................................................


THE ASTORIA OR CLIMATE NORMALS FOR TODAY
                         NORMAL    RECORD    YEAR
 MAXIMUM TEMPERATURE (F)   68        86      1899
 MINIMUM TEMPERATURE (F)   54        43      1930


SUNRISE AND SUNSET
JULY 25 2017..........SUNRISE   550 AM PDT   SUNSET   854 PM PDT
JULY 26 2017..........SUNRISE   551 AM PDT   SUNSET   852 PM PDT


-  INDICATES NEGATIVE NUMBERS.
R  INDICATES RECORD WAS SET OR TIED.
MM INDICATES DATA IS MISSING.
T  INDICATES TRACE AMOUNT.




$$
