000
CDUS46 KPQR 251141
CLIAST


CLIMATE REPORT
NATIONAL WEATHER SERVICE PORTLAND OREGON
440 AM PDT MON JUL 25 2016


...................................

...THE ASTORIA OR CLIMATE SUMMARY FOR JULY 24 2016...

CLIMATE NORMAL PERIOD 1981 TO 2010
CLIMATE RECORD PERIOD 1892 TO 2016


WEATHER ITEM   OBSERVED TIME   RECORD YEAR NORMAL DEPARTURE LAST
                VALUE   (LST)  VALUE       VALUE  FROM      YEAR
                                                  NORMAL
..................................................................
TEMPERATURE (F)
 YESTERDAY
  MAXIMUM         74   1143 AM  91    1928  68      6       69
  MINIMUM         52    455 AM  44    2008  54     -2       54
                                      1973
  AVERAGE         63                        61      2       62

PRECIPITATION (IN)
  YESTERDAY        0.00          1.00 1916   0.03  -0.03     0.18
  MONTH TO DATE    1.11                      0.86   0.25     0.25
  SINCE OCT 1     82.87                     63.79  19.08    53.26
  SINCE JAN 1     40.34                     36.77   3.57    27.64

DEGREE DAYS
 HEATING
  YESTERDAY        2                         4     -2        3
  MONTH TO DATE   54                       120    -66       34
  SINCE JUN 1    230                       362   -132      183
  SINCE JUL 1     54                       120    -66       34

 COOLING
  YESTERDAY        0                         0      0        0
  MONTH TO DATE    0                         0      0       14
  SINCE JUN 1      6                         0      6       18
  SINCE JAN 1      9                         0      9       20
..................................................................


WIND (MPH)
  HIGHEST WIND SPEED    23   HIGHEST WIND DIRECTION    NW (320)
  HIGHEST GUST SPEED    27   HIGHEST GUST DIRECTION    NW (310)
  AVERAGE WIND SPEED    11.0


SKY COVER
  POSSIBLE SUNSHINE  MM
  AVERAGE SKY COVER 0.1


WEATHER CONDITIONS
 THE FOLLOWING WEATHER WAS RECORDED YESTERDAY.
  NO SIGNIFICANT WEATHER WAS OBSERVED.


RELATIVE HUMIDITY (PERCENT)
 HIGHEST    96           500 AM
 LOWEST     61           300 PM
 AVERAGE    79

..........................................................


THE ASTORIA OR CLIMATE NORMALS FOR TODAY
                         NORMAL    RECORD    YEAR
 MAXIMUM TEMPERATURE (F)   68        86      1899
 MINIMUM TEMPERATURE (F)   54        43      1930


SUNRISE AND SUNSET
JULY 25 2016..........SUNRISE   550 AM PDT   SUNSET   853 PM PDT
JULY 26 2016..........SUNRISE   551 AM PDT   SUNSET   852 PM PDT


-  INDICATES NEGATIVE NUMBERS.
R  INDICATES RECORD WAS SET OR TIED.
MM INDICATES DATA IS MISSING.
T  INDICATES TRACE AMOUNT.




$$
