000
CDUS46 KPQR 291141
CLIAST


CLIMATE REPORT
NATIONAL WEATHER SERVICE PORTLAND OREGON
440 AM PDT MON MAY 29 2017


...................................

...THE ASTORIA OR CLIMATE SUMMARY FOR MAY 28 2017...

CLIMATE NORMAL PERIOD 1981 TO 2010
CLIMATE RECORD PERIOD 1892 TO 2017


WEATHER ITEM   OBSERVED TIME   RECORD YEAR NORMAL DEPARTURE LAST
                VALUE   (LST)  VALUE       VALUE  FROM      YEAR
                                                  NORMAL
..................................................................
TEMPERATURE (F)
 YESTERDAY
  MAXIMUM         58    240 PM  81    1922  62     -4       60
  MINIMUM         51    408 AM  38    1973  48      3       49
                                      1966
                                      1943
  AVERAGE         55                        55      0       55

PRECIPITATION (IN)
  YESTERDAY        0.00          1.32 1892   0.10  -0.10     0.04
  MONTH TO DATE    5.79                      3.02   2.77     0.81
  SINCE OCT 1     90.90                     60.08  30.82    79.71
  SINCE JAN 1     47.03                     33.06  13.97    37.18

DEGREE DAYS
 HEATING
  YESTERDAY       10                        10      0       10
  MONTH TO DATE  315                       342    -27      257
  SINCE MAR 1   1354                      1409    -55     1063
  SINCE JUL 1   4337                      4751   -414     3682

 COOLING
  YESTERDAY        0                         0      0        0
  MONTH TO DATE    2                         0      2        0
  SINCE MAR 1      2                         0      2        3
  SINCE JAN 1      2                         0      2        3
..................................................................


WIND (MPH)
  HIGHEST WIND SPEED    12   HIGHEST WIND DIRECTION     W (250)
  HIGHEST GUST SPEED    15   HIGHEST GUST DIRECTION     W (250)
  AVERAGE WIND SPEED     4.6


SKY COVER
  POSSIBLE SUNSHINE  MM
  AVERAGE SKY COVER 1.0


WEATHER CONDITIONS
 THE FOLLOWING WEATHER WAS RECORDED YESTERDAY.
  FOG


RELATIVE HUMIDITY (PERCENT)
 HIGHEST    89          1200 AM
 LOWEST     72           100 PM
 AVERAGE    81

..........................................................


THE ASTORIA OR CLIMATE NORMALS FOR TODAY
                         NORMAL    RECORD    YEAR
 MAXIMUM TEMPERATURE (F)   62        85      2007
 MINIMUM TEMPERATURE (F)   48        37      1966


SUNRISE AND SUNSET
MAY 29 2017...........SUNRISE   529 AM PDT   SUNSET   857 PM PDT
MAY 30 2017...........SUNRISE   529 AM PDT   SUNSET   858 PM PDT


-  INDICATES NEGATIVE NUMBERS.
R  INDICATES RECORD WAS SET OR TIED.
MM INDICATES DATA IS MISSING.
T  INDICATES TRACE AMOUNT.




$$
