000
CDUS46 KPQR 012320
CLIAST


CLIMATE REPORT
NATIONAL WEATHER SERVICE PORTLAND OREGON
420 PM PDT TUE SEP 1 2015


...................................

...THE ASTORIA OR CLIMATE SUMMARY FOR SEPTEMBER 1 2015...
VALID TODAY AS OF 0400 PM LOCAL TIME.

CLIMATE NORMAL PERIOD 1981 TO 2010
CLIMATE RECORD PERIOD 1892 TO 2015


WEATHER ITEM   OBSERVED TIME   RECORD YEAR NORMAL DEPARTURE LAST
                VALUE   (LST)  VALUE       VALUE  FROM      YEAR
                                                  NORMAL
..................................................................
TEMPERATURE (F)
 TODAY
  MAXIMUM         66    121 PM  90    1972  69     -3       72
  MINIMUM         61    250 PM  38    1973  52      9       58
  AVERAGE         64                        60      4       65

PRECIPITATION (IN)
  TODAY            0.41          1.14 1971   0.05   0.36     0.00
  MONTH TO DATE    0.41                      0.05   0.36     0.00
  SINCE OCT 1     55.15                     65.17 -10.02    54.47
  SINCE JAN 1     29.53                     38.15  -8.62    42.31

DEGREE DAYS
 HEATING
  TODAY            1                         5     -4        0
  MONTH TO DATE    1                         5     -4        0
  SINCE SEP 1      1                         5     -4        0
  SINCE JUL 1     89                       286   -197      163

 COOLING
  TODAY            0                         0      0        0
  MONTH TO DATE    0                         0      0        0
  SINCE SEP 1      0                         0      0        0
  SINCE JAN 1     43                         7     36       25
..................................................................


WIND (MPH)
  HIGHEST WIND SPEED    20   HIGHEST WIND DIRECTION     S (190)
  HIGHEST GUST SPEED    31   HIGHEST GUST DIRECTION     S (200)
  AVERAGE WIND SPEED    10.7


SKY COVER
  POSSIBLE SUNSHINE  MM
  AVERAGE SKY COVER 1.0


WEATHER CONDITIONS
 THE FOLLOWING WEATHER WAS RECORDED TODAY.
  RAIN
  LIGHT RAIN
  FOG


RELATIVE HUMIDITY (PERCENT)
 HIGHEST    93           800 AM
 LOWEST     84           100 PM
 AVERAGE    89

..........................................................


THE ASTORIA OR CLIMATE NORMALS FOR TOMORROW
                         NORMAL    RECORD    YEAR
 MAXIMUM TEMPERATURE (F)   69        95      1972
 MINIMUM TEMPERATURE (F)   52        41      1984


SUNRISE AND SUNSET
SEPTEMBER  1 2015.....SUNRISE   636 AM PDT   SUNSET   754 PM PDT
SEPTEMBER  2 2015.....SUNRISE   637 AM PDT   SUNSET   752 PM PDT


-  INDICATES NEGATIVE NUMBERS.
R  INDICATES RECORD WAS SET OR TIED.
MM INDICATES DATA IS MISSING.
T  INDICATES TRACE AMOUNT.




$$
