518
CDUS42 KFFC 240834
CLIATL


CLIMATE REPORT
NATIONAL WEATHER SERVICE PEACHTREE CITY GA
434 AM EDT SUN SEP 24 2017


...................................

...THE ATLANTA CLIMATE SUMMARY FOR SEPTEMBER 23 2017...

CLIMATE NORMAL PERIOD 1981 TO 2010
CLIMATE RECORD PERIOD 1878 TO 2017


WEATHER ITEM   OBSERVED TIME   RECORD YEAR NORMAL DEPARTURE LAST
                VALUE   (LST)  VALUE       VALUE  FROM      YEAR
                                                  NORMAL
..................................................................
TEMPERATURE (F)
 YESTERDAY
  MAXIMUM         87    351 PM  94    1931  80      7       90
  MINIMUM         69    637 AM  45    1982  62      7       70
  AVERAGE         78                        71      7       80

PRECIPITATION (IN)
  YESTERDAY        0.00          2.00 1889   0.15  -0.15     0.00
  MONTH TO DATE    4.25                      3.38   0.87     3.37
  SINCE SEP 1      4.25                      3.38   0.87     3.37
  SINCE JAN 1     43.19                     37.21   5.98    32.49

DEGREE DAYS
 HEATING
  YESTERDAY        0                         1     -1        0
  MONTH TO DATE    7                         3      4        0
  SINCE SEP 1      7                         3      4        0
  SINCE JUL 1      7                         3      4        0

 COOLING
  YESTERDAY       13                         7      6       15
  MONTH TO DATE  188                       227    -39      342
  SINCE SEP 1    188                       227    -39      342
  SINCE JAN 1   1912                      1766    146     2292
..................................................................


WIND (MPH)
  RESULTANT WIND SPEED   4   RESULTANT WIND DIRECTION   E (90)
  HIGHEST WIND SPEED    14   HIGHEST WIND DIRECTION     E (90)
  HIGHEST GUST SPEED    16   HIGHEST GUST DIRECTION     E (80)
  AVERAGE WIND SPEED     5.0


SKY COVER
  AVERAGE SKY COVER 0.3


WEATHER CONDITIONS
 THE FOLLOWING WEATHER WAS RECORDED YESTERDAY.
  NO SIGNIFICANT WEATHER WAS OBSERVED.


RELATIVE HUMIDITY (PERCENT)
 HIGHEST    90           200 AM
 LOWEST     42           400 PM
 AVERAGE    66

..........................................................


THE ATLANTA CLIMATE NORMALS FOR TODAY
                         NORMAL    RECORD    YEAR
 MAXIMUM TEMPERATURE (F)   80        93      1980
 MINIMUM TEMPERATURE (F)   62        45      1990


SUNRISE AND SUNSET
SEPTEMBER 24 2017.....SUNRISE   727 AM EDT   SUNSET   731 PM EDT
SEPTEMBER 25 2017.....SUNRISE   728 AM EDT   SUNSET   730 PM EDT


-  INDICATES NEGATIVE NUMBERS.
R  INDICATES RECORD WAS SET OR TIED.
MM INDICATES DATA IS MISSING.
T  INDICATES TRACE AMOUNT.




$$
