000
CDUS42 KFFC 230816
CLIATL


CLIMATE REPORT
NATIONAL WEATHER SERVICE PEACHTREE CITY GA
416 AM EDT SUN APR 23 2017


...................................

...THE ATLANTA CLIMATE SUMMARY FOR APRIL 22 2017...

CLIMATE NORMAL PERIOD 1981 TO 2010
CLIMATE RECORD PERIOD 1878 TO 2017


WEATHER ITEM   OBSERVED TIME   RECORD YEAR NORMAL DEPARTURE LAST
                VALUE   (LST)  VALUE       VALUE  FROM      YEAR
                                                  NORMAL
..................................................................
TEMPERATURE (F)
 YESTERDAY
  MAXIMUM         82    404 PM  89    1987  74      8       72
  MINIMUM         62    633 AM  31    1978  53      9       61
  AVERAGE         72                        64      8       67

PRECIPITATION (IN)
  YESTERDAY        0.00          2.11 1882   0.11  -0.11     0.28
  MONTH TO DATE    4.82                      2.46   2.36     2.49
  SINCE MAR 1      7.50                      7.27   0.23     4.70
  SINCE JAN 1     17.55                     16.14   1.41    17.23

DEGREE DAYS
 HEATING
  YESTERDAY        0                         4     -4        0
  MONTH TO DATE   37                       121    -84       95
  SINCE MAR 1    300                       463   -163      265
  SINCE JUL 1   1656                      2718  -1062     1980

 COOLING
  YESTERDAY        7                         2      5        2
  MONTH TO DATE   90                        32     58       14
  SINCE MAR 1    135                        44     91       52
  SINCE JAN 1    140                        45     95       52
..................................................................


WIND (MPH)
  RESULTANT WIND SPEED   8   RESULTANT WIND DIRECTION  SW (240)
  HIGHEST WIND SPEED    21   HIGHEST WIND DIRECTION     N (20)
  HIGHEST GUST SPEED    26   HIGHEST GUST DIRECTION     W (290)
  AVERAGE WIND SPEED     8.8


SKY COVER
  AVERAGE SKY COVER 0.5


WEATHER CONDITIONS
 THE FOLLOWING WEATHER WAS RECORDED YESTERDAY.
  NO SIGNIFICANT WEATHER WAS OBSERVED.


RELATIVE HUMIDITY (PERCENT)
 HIGHEST    84           400 AM
 LOWEST     33          1200 PM
 AVERAGE    59

..........................................................


THE ATLANTA CLIMATE NORMALS FOR TODAY
                         NORMAL    RECORD    YEAR
 MAXIMUM TEMPERATURE (F)   74        91      1980
 MINIMUM TEMPERATURE (F)   54        32      1986


SUNRISE AND SUNSET
APRIL 23 2017.........SUNRISE   657 AM EDT   SUNSET   815 PM EDT
APRIL 24 2017.........SUNRISE   656 AM EDT   SUNSET   816 PM EDT


-  INDICATES NEGATIVE NUMBERS.
R  INDICATES RECORD WAS SET OR TIED.
MM INDICATES DATA IS MISSING.
T  INDICATES TRACE AMOUNT.




$$
