000
CDUS42 KFFC 240027
CLIATL


CLIMATE REPORT
NATIONAL WEATHER SERVICE PEACHTREE CITY GA
726 PM EST FRI FEB 23 2018


...................................

...THE ATLANTA CLIMATE SUMMARY FOR FEBRUARY 23 2018...
VALID AS OF 0700 PM LOCAL TIME.

CLIMATE NORMAL PERIOD 1981 TO 2010
CLIMATE RECORD PERIOD 1878 TO 2018


WEATHER ITEM   OBSERVED TIME   RECORD YEAR NORMAL DEPARTURE LAST
                VALUE   (LST)  VALUE       VALUE  FROM      YEAR
                                                  NORMAL
..................................................................
TEMPERATURE (F)
 TODAY
  MAXIMUM         78    510 PM  79    1980  59     19       76
  MINIMUM         60    752 AM  19    1939  39     21       55
  AVERAGE         69                        49     20       66

PRECIPITATION (IN)
  TODAY            0.00          2.01 1927   0.17  -0.17     0.00
  MONTH TO DATE    4.98                      3.86   1.12     1.81
  SINCE DEC 1     12.62                     11.96   0.66    12.99
  SINCE JAN 1      8.24                      8.06   0.18     9.99

SNOWFALL (IN)
  TODAY            0.0           0.0  2002   0.0    0.0      0.0
  MONTH TO DATE    0.0                       0.3   -0.3      0.0
  SINCE DEC 1      4.7                       2.0    2.7       T
  SINCE JUL 1      4.7                       2.0    2.7       T
  SNOW DEPTH       0

DEGREE DAYS
 HEATING
  TODAY            0                        16    -16        0
  MONTH TO DATE  212                       423   -211      203
  SINCE DEC 1   1522                      1709   -187     1092
  SINCE JUL 1   1919                      2177   -258     1314

 COOLING
  TODAY            4                         0      4        1
  MONTH TO DATE   21                         0     21        1
  SINCE DEC 1     21                         1     20        3
  SINCE JAN 1     21                         0     21        3
..................................................................


WIND (MPH)
  RESULTANT WIND SPEED   4   RESULTANT WIND DIRECTION   S (160)
  HIGHEST WIND SPEED    13   HIGHEST WIND DIRECTION    SE (150)
  HIGHEST GUST SPEED    17   HIGHEST GUST DIRECTION    SE (140)
  AVERAGE WIND SPEED     4.7


SKY COVER
  AVERAGE SKY COVER 0.4


WEATHER CONDITIONS
 THE FOLLOWING WEATHER WAS RECORDED TODAY.
  FOG


RELATIVE HUMIDITY (PERCENT)
 HIGHEST   100           500 AM
 LOWEST     54           400 PM

..........................................................


THE ATLANTA CLIMATE NORMALS FOR TOMORROW
                         NORMAL    RECORD    YEAR
 MAXIMUM TEMPERATURE (F)   59        78      2017
 MINIMUM TEMPERATURE (F)   40        17      1989
                                             1947


SUNRISE AND SUNSET
FEBRUARY 23 2018......SUNRISE   713 AM EST   SUNSET   629 PM EST
FEBRUARY 24 2018......SUNRISE   712 AM EST   SUNSET   630 PM EST


-  INDICATES NEGATIVE NUMBERS.
R  INDICATES RECORD WAS SET OR TIED.
MM INDICATES DATA IS MISSING.
T  INDICATES TRACE AMOUNT.




$$
