000
CDUS42 KFFC 250935
CLIATL


CLIMATE REPORT
NATIONAL WEATHER SERVICE PEACHTREE CITY GA
435 AM EST THU DEC 25 2014


...................................

...THE ATLANTA CLIMATE SUMMARY FOR DECEMBER 24 2014...

CLIMATE NORMAL PERIOD 1981 TO 2010
CLIMATE RECORD PERIOD 1878 TO 2014


WEATHER ITEM   OBSERVED TIME   RECORD YEAR NORMAL DEPARTURE LAST
                VALUE   (LST)  VALUE       VALUE  FROM      YEAR
                                                  NORMAL
..................................................................
TEMPERATURE (F)
 YESTERDAY
  MAXIMUM         62    417 PM  72    1984  52     10       41
                                      1964
  MINIMUM         47   1155 PM   3    1983  35     12       29
  AVERAGE         55                        44     11       35

PRECIPITATION (IN)
  YESTERDAY        0.94          2.10 2002   0.12   0.82     0.00
  MONTH TO DATE    3.34                      3.07   0.27     6.19
  SINCE DEC 1      3.34                      3.07   0.27     6.19
  SINCE JAN 1     45.45                     48.88  -3.43    64.41

SNOWFALL (IN)
  YESTERDAY       MM             0.0  2001   0.0   MM        0.0
  MONTH TO DATE    0.0                       0.2   -0.2      0.0
  SINCE DEC 1      0.0                       0.2   -0.2      0.0
  SINCE JUL 1      0.0                       0.2   -0.2      0.4
  SNOW DEPTH       0

DEGREE DAYS
 HEATING
  YESTERDAY       10                        21    -11       30
  MONTH TO DATE  348                       461   -113      365
  SINCE DEC 1    348                       461   -113      365
  SINCE JUL 1    895                       929    -34      892

 COOLING
  YESTERDAY        0                         0      0        0
  MONTH TO DATE    0                         0      0        7
  SINCE DEC 1      0                         0      0        7
  SINCE JAN 1   1986                      1882    104     1762
..................................................................


WIND (MPH)
  RESULTANT WIND SPEED   3   RESULTANT WIND DIRECTION   W (280)
  HIGHEST WIND SPEED    24   HIGHEST WIND DIRECTION     W (270)
  HIGHEST GUST SPEED    31   HIGHEST GUST DIRECTION     W (290)
  AVERAGE WIND SPEED     9.3


SKY COVER
  AVERAGE SKY COVER 0.9


WEATHER CONDITIONS
 THE FOLLOWING WEATHER WAS RECORDED YESTERDAY.
  THUNDERSTORM
  HEAVY RAIN
  RAIN
  LIGHT RAIN
  FOG
  FOG W/VISIBILITY <= 1/4 MILE


RELATIVE HUMIDITY (PERCENT)
 HIGHEST   100           200 AM
 LOWEST     74           800 PM
 AVERAGE    87

..........................................................


THE ATLANTA CLIMATE NORMALS FOR TODAY
                         NORMAL    RECORD    YEAR
 MAXIMUM TEMPERATURE (F)   52        72      1987
                                             1889
 MINIMUM TEMPERATURE (F)   35         0      1983


SUNRISE AND SUNSET
DECEMBER 25 2014......SUNRISE   740 AM EST   SUNSET   536 PM EST
DECEMBER 26 2014......SUNRISE   741 AM EST   SUNSET   536 PM EST


-  INDICATES NEGATIVE NUMBERS.
R  INDICATES RECORD WAS SET OR TIED.
MM INDICATES DATA IS MISSING.
T  INDICATES TRACE AMOUNT.




$$
