000
CDUS42 KFFC 240025
CLIATL


CLIMATE REPORT
NATIONAL WEATHER SERVICE PEACHTREE CITY GA
825 PM EDT SUN JUL 23 2017


...................................

...THE ATLANTA CLIMATE SUMMARY FOR JULY 23 2017...
VALID AS OF 0800 PM LOCAL TIME.

CLIMATE NORMAL PERIOD 1981 TO 2010
CLIMATE RECORD PERIOD 1878 TO 2017


WEATHER ITEM   OBSERVED TIME   RECORD YEAR NORMAL DEPARTURE LAST
                VALUE   (LST)  VALUE       VALUE  FROM      YEAR
                                                  NORMAL
..................................................................
TEMPERATURE (F)
 TODAY
  MAXIMUM         92    234 PM 100    1952  89      3       93
  MINIMUM         75    635 AM  60    1947  71      4       76
  AVERAGE         84                        80      4       85

PRECIPITATION (IN)
  TODAY            T             4.64 1898   0.16  -0.16     0.00
  MONTH TO DATE    2.56                      4.06  -1.50     2.05
  SINCE JUN 1     10.27                      8.01   2.26     5.31
  SINCE JAN 1     33.35                     28.72   4.63    24.45

SNOWFALL (IN)
  TODAY            0.0           0.0  2002   0.0    0.0      0.0
                                      2001
  MONTH TO DATE    0.0                       0.0    0.0      0.0
  SINCE JUN 1      0.0                       0.0    0.0      0.0
  SINCE JUL 1      0.0                       0.0    0.0      0.0
  SNOW DEPTH       0

DEGREE DAYS
 HEATING
  TODAY            0                         0      0        0
  MONTH TO DATE    0                         0      0        0
  SINCE JUN 1      0                         2     -2        0
  SINCE JUL 1      0                         0      0        0

 COOLING
  TODAY           19                        15      4       20
  MONTH TO DATE  382                       345     37      426
  SINCE JUN 1    738                       716     22      915
  SINCE JAN 1   1146                       966    180     1244
..................................................................


WIND (MPH)
  RESULTANT WIND SPEED   5   RESULTANT WIND DIRECTION   W (260)
  HIGHEST WIND SPEED    15   HIGHEST WIND DIRECTION     W (280)
  HIGHEST GUST SPEED    20   HIGHEST GUST DIRECTION     W (270)
  AVERAGE WIND SPEED     7.3


SKY COVER
  AVERAGE SKY COVER 0.4


WEATHER CONDITIONS
 THE FOLLOWING WEATHER WAS RECORDED TODAY.
  THUNDERSTORM


RELATIVE HUMIDITY (PERCENT)
 HIGHEST   100           100 AM
 LOWEST     52           200 PM

..........................................................


THE ATLANTA CLIMATE NORMALS FOR TOMORROW
                         NORMAL    RECORD    YEAR
 MAXIMUM TEMPERATURE (F)   89       100      1993
                                             1952
 MINIMUM TEMPERATURE (F)   71        61      1947


SUNRISE AND SUNSET
JULY 23 2017..........SUNRISE   644 AM EDT   SUNSET   844 PM EDT
JULY 24 2017..........SUNRISE   644 AM EDT   SUNSET   844 PM EDT


-  INDICATES NEGATIVE NUMBERS.
R  INDICATES RECORD WAS SET OR TIED.
MM INDICATES DATA IS MISSING.
T  INDICATES TRACE AMOUNT.




$$
