000
CDUS42 KFFC 270927
CLIATL


CLIMATE REPORT
NATIONAL WEATHER SERVICE PEACHTREE CITY GA
427 AM EST TUE JAN 27 2015


...................................

...THE ATLANTA CLIMATE SUMMARY FOR JANUARY 26 2015...

CLIMATE NORMAL PERIOD 1981 TO 2010
CLIMATE RECORD PERIOD 1878 TO 2015


WEATHER ITEM   OBSERVED TIME   RECORD YEAR NORMAL DEPARTURE LAST
                VALUE   (LST)  VALUE       VALUE  FROM      YEAR
                                                  NORMAL
..................................................................
TEMPERATURE (F)
 YESTERDAY
  MAXIMUM         46    140 AM  77    1950  53     -7       59
  MINIMUM         33   1159 PM   4    1940  35     -2       28
  AVERAGE         40                        44     -4       44

PRECIPITATION (IN)
  YESTERDAY        0.01          3.43 1976   0.14  -0.13     0.00
  MONTH TO DATE    4.36                      3.42   0.94     3.12
  SINCE DEC 1      9.87                      7.32   2.55    10.92
  SINCE JAN 1      4.36                      3.42   0.94     3.12

SNOWFALL (IN)
  YESTERDAY        0.0           0.0  2002   0.0    0.0      0.0
  MONTH TO DATE    0.0                       1.1   -1.1       T
  SINCE DEC 1      0.0                       1.5   -1.5       T
  SINCE JUL 1      0.0                       1.5   -1.5      0.4
  SNOW DEPTH       0

DEGREE DAYS
 HEATING
  YESTERDAY       25                        21      4       21
  MONTH TO DATE  569                       568      1      694
  SINCE DEC 1   1025                      1181   -156     1217
  SINCE JUL 1   1572                      1649    -77     1744

 COOLING
  YESTERDAY        0                         0      0        0
  MONTH TO DATE    0                         0      0        0
  SINCE DEC 1      0                         1     -1        7
  SINCE JAN 1      0                         0      0        0
..................................................................


WIND (MPH)
  RESULTANT WIND SPEED  13   RESULTANT WIND DIRECTION  NW (300)
  HIGHEST WIND SPEED    26   HIGHEST WIND DIRECTION    NW (330)
  HIGHEST GUST SPEED    33   HIGHEST GUST DIRECTION    NW (330)
  AVERAGE WIND SPEED    13.2


SKY COVER
  AVERAGE SKY COVER 0.8


WEATHER CONDITIONS
 THE FOLLOWING WEATHER WAS RECORDED YESTERDAY.
  LIGHT RAIN
  FOG


RELATIVE HUMIDITY (PERCENT)
 HIGHEST    89           100 AM
 LOWEST     64           500 PM
 AVERAGE    77

..........................................................


THE ATLANTA CLIMATE NORMALS FOR TODAY
                         NORMAL    RECORD    YEAR
 MAXIMUM TEMPERATURE (F)   53        75      1999
 MINIMUM TEMPERATURE (F)   35         5      1940


SUNRISE AND SUNSET
JANUARY 27 2015.......SUNRISE   737 AM EST   SUNSET   604 PM EST
JANUARY 28 2015.......SUNRISE   737 AM EST   SUNSET   605 PM EST


-  INDICATES NEGATIVE NUMBERS.
R  INDICATES RECORD WAS SET OR TIED.
MM INDICATES DATA IS MISSING.
T  INDICATES TRACE AMOUNT.




$$
