000
CDUS42 KFFC 220919
CLIATL


CLIMATE REPORT
NATIONAL WEATHER SERVICE PEACHTREE CITY GA
419 AM EST WED NOV 22 2017


...................................

...THE ATLANTA CLIMATE SUMMARY FOR NOVEMBER 21 2017...

CLIMATE NORMAL PERIOD 1981 TO 2010
CLIMATE RECORD PERIOD 1878 TO 2017


WEATHER ITEM   OBSERVED TIME   RECORD YEAR NORMAL DEPARTURE LAST
                VALUE   (LST)  VALUE       VALUE  FROM      YEAR
                                                  NORMAL
..................................................................
TEMPERATURE (F)
 YESTERDAY
  MAXIMUM         67    225 PM  77    2011  62      5       61
  MINIMUM         42    239 AM  16    1887  43     -1       36
  AVERAGE         55                        52      3       49

PRECIPITATION (IN)
  YESTERDAY        T             3.14 1962   0.14  -0.14     0.00
  MONTH TO DATE    1.04                      2.76  -1.72      T
  SINCE SEP 1      9.16                     10.64  -1.48     3.59
  SINCE JAN 1     48.10                     44.47   3.63    32.71

SNOWFALL (IN)
  YESTERDAY        0.0           T    2005   0.0    0.0      0.0
  MONTH TO DATE    0.0                       0.0    0.0      0.0
  SINCE SEP 1      0.0                       0.0    0.0      0.0
  SINCE JUL 1      0.0                       0.0    0.0      0.0
  SNOW DEPTH       0

DEGREE DAYS
 HEATING
  YESTERDAY       10                        13     -3       16
  MONTH TO DATE  184                       208    -24      133
  SINCE SEP 1    295                       337    -42      153
  SINCE JUL 1    295                       337    -42      153

 COOLING
  YESTERDAY        0                         0      0        0
  MONTH TO DATE   29                        11     18       25
  SINCE SEP 1    441                       344     97      611
  SINCE JAN 1   2165                      1883    282     2561
..................................................................


WIND (MPH)
  RESULTANT WIND SPEED   6   RESULTANT WIND DIRECTION   E (100)
  HIGHEST WIND SPEED    12   HIGHEST WIND DIRECTION     E (80)
  HIGHEST GUST SPEED    14   HIGHEST GUST DIRECTION     E (70)
  AVERAGE WIND SPEED     5.8


SKY COVER
  AVERAGE SKY COVER 0.7


WEATHER CONDITIONS
 THE FOLLOWING WEATHER WAS RECORDED YESTERDAY.
  LIGHT RAIN


RELATIVE HUMIDITY (PERCENT)
 HIGHEST    93          1100 PM
 LOWEST     63           200 PM
 AVERAGE    78

..........................................................


THE ATLANTA CLIMATE NORMALS FOR TODAY
                         NORMAL    RECORD    YEAR
 MAXIMUM TEMPERATURE (F)   61        77      2011
 MINIMUM TEMPERATURE (F)   42        19      1937


SUNRISE AND SUNSET
NOVEMBER 22 2017......SUNRISE   716 AM EST   SUNSET   531 PM EST
NOVEMBER 23 2017......SUNRISE   717 AM EST   SUNSET   531 PM EST


-  INDICATES NEGATIVE NUMBERS.
R  INDICATES RECORD WAS SET OR TIED.
MM INDICATES DATA IS MISSING.
T  INDICATES TRACE AMOUNT.




$$
