000
CDUS44 KEWX 262224
CLIATT


CLIMATE REPORT
NATIONAL WEATHER SERVICE AUSTIN/SAN ANTONIO, TX
523 PM CDT TUE JUL 26 2016


...................................

...THE AUSTIN CAMP MABRY CLIMATE SUMMARY FOR JULY 26 2016...
VALID TODAY AS OF 520 PM LOCAL TIME.

CLIMATE NORMAL PERIOD 1981 TO 2010
CLIMATE RECORD PERIOD 1897 TO 2016


WEATHER ITEM   OBSERVED TIME   RECORD YEAR NORMAL DEPARTURE LAST
                VALUE   (LST)  VALUE       VALUE  FROM      YEAR
                                                  NORMAL
..................................................................
TEMPERATURE (F)
 TODAY
  MAXIMUM         93    207 PM 109    1954  97     -4       98
  MINIMUM         75    629 AM  67    1924  75      0       76
  AVERAGE         84                        86     -2       87

PRECIPITATION (IN)
  TODAY            0.08          1.76 2007   0.06   0.02     0.00
  MONTH TO DATE    0.88                      1.60  -0.72      T
  SINCE JUN 1      3.49                      5.93  -2.44     8.89
  SINCE JAN 1     22.95                     19.46   3.49    39.14

SNOWFALL (IN)
  TODAY            0.0
  MONTH TO DATE    0.0
  SINCE JUN 1      0.0
  SINCE JUL 1      0.0
  SNOW DEPTH       0

DEGREE DAYS
 HEATING
  TODAY            0                         0      0        0
  MONTH TO DATE    0                         0      0        0
  SINCE JUN 1      0                         0      0        0
  SINCE JUL 1      0                         0      0        0

 COOLING
  TODAY           19                        21     -2       22
  MONTH TO DATE  617                       515    102      526
  SINCE JUN 1   1166                      1031    135     1016
  SINCE JAN 1   1781                      1644    137     1617
..................................................................


WIND (MPH)
  HIGHEST WIND SPEED     9   HIGHEST WIND DIRECTION     S (180)
  HIGHEST GUST SPEED    17   HIGHEST GUST DIRECTION     S (160)
  AVERAGE WIND SPEED     0.9


SKY COVER
  AVERAGE SKY COVER 0.5


WEATHER CONDITIONS
 THE FOLLOWING WEATHER WAS RECORDED TODAY.
  THUNDERSTORM
  HEAVY RAIN
  LIGHT RAIN
  FOG


RELATIVE HUMIDITY (PERCENT)
 HIGHEST   100          1200 AM
 LOWEST     52           200 PM
 AVERAGE    76

..........................................................


THE AUSTIN CAMP MABRY CLIMATE NORMALS FOR TOMORROW
                         NORMAL    RECORD    YEAR
 MAXIMUM TEMPERATURE (F)   97       105      2009
                                             1954
                                             1923
 MINIMUM TEMPERATURE (F)   75        68      1903
                                             1900


SUNRISE AND SUNSET
JULY 26 2016..........SUNRISE   646 AM CDT   SUNSET   828 PM CDT
JULY 27 2016..........SUNRISE   647 AM CDT   SUNSET   828 PM CDT


-  INDICATES NEGATIVE NUMBERS.
R  INDICATES RECORD WAS SET OR TIED.
MM INDICATES DATA IS MISSING.
T  INDICATES TRACE AMOUNT.




$$
