000
CDUS44 KEWX 280746
CLIATT


CLIMATE REPORT
NATIONAL WEATHER SERVICE AUSTIN/SAN ANTONIO, TX
244 AM CDT TUE MAR 28 2017


...................................

...THE AUSTIN CAMP MABRY CLIMATE SUMMARY FOR MARCH 27 2017...

CLIMATE NORMAL PERIOD 1981 TO 2010
CLIMATE RECORD PERIOD 1897 TO 2017


WEATHER ITEM   OBSERVED TIME   RECORD YEAR NORMAL DEPARTURE LAST
                VALUE   (LST)  VALUE       VALUE  FROM      YEAR
                                                  NORMAL
..................................................................
TEMPERATURE (F)
 YESTERDAY
  MAXIMUM         86    259 PM  96    1984  75     11       74
  MINIMUM         70    841 AM  31    1955  54     16       56
  AVERAGE         78                        64     14

PRECIPITATION (IN)
  YESTERDAY        0.00          2.69 1980   0.08  -0.08      T
  MONTH TO DATE    1.75                      2.43  -0.68     3.46
  SINCE MAR 1      1.75                      2.43  -0.68     3.46
  SINCE JAN 1      7.97                      6.67   1.30     5.14

SNOWFALL (IN)
  YESTERDAY        0.0
  MONTH TO DATE    0.0
  SINCE MAR 1      0.0
  SINCE JUL 1      0.0
  SNOW DEPTH       0

DEGREE DAYS
 HEATING
  YESTERDAY        0                         3     -3        0
  MONTH TO DATE   53                       149    -96       65
  SINCE MAR 1     53                       149    -96       65
  SINCE JUL 1    831                      1486   -655     1062

 COOLING
  YESTERDAY       13                         3     10        0
  MONTH TO DATE  143                        47     96       91
  SINCE MAR 1    143                        47     96       91
  SINCE JAN 1    260                        74    186      130
..................................................................


WIND (MPH)
  HIGHEST WIND SPEED    13   HIGHEST WIND DIRECTION    SE (140)
  HIGHEST GUST SPEED    20   HIGHEST GUST DIRECTION    SE (130)
  AVERAGE WIND SPEED     5.2


SKY COVER
  AVERAGE SKY COVER 0.7


WEATHER CONDITIONS
 THE FOLLOWING WEATHER WAS RECORDED YESTERDAY.
  FOG
  HAZE


RELATIVE HUMIDITY (PERCENT)
 HIGHEST    90           500 AM
 LOWEST     55          1200 PM
 AVERAGE    73

..........................................................


THE AUSTIN CAMP MABRY CLIMATE NORMALS FOR TODAY
                         NORMAL    RECORD    YEAR
 MAXIMUM TEMPERATURE (F)   75        98      1971
 MINIMUM TEMPERATURE (F)   54        27      1955


SUNRISE AND SUNSET
MARCH 28 2017.........SUNRISE   724 AM CDT   SUNSET   747 PM CDT
MARCH 29 2017.........SUNRISE   723 AM CDT   SUNSET   748 PM CDT


-  INDICATES NEGATIVE NUMBERS.
R  INDICATES RECORD WAS SET OR TIED.
MM INDICATES DATA IS MISSING.
T  INDICATES TRACE AMOUNT.




$$
