000
CDUS44 KEWX 251252
CLIATT


CLIMATE REPORT
NATIONAL WEATHER SERVICE AUSTIN/SAN ANTONIO, TX
751 AM CDT SUN JUN 25 2017


...................................

...THE AUSTIN CAMP MABRY CLIMATE SUMMARY FOR JUNE 25 2017...
VALID TODAY AS OF 0745 AM LOCAL TIME.

CLIMATE NORMAL PERIOD 1981 TO 2010
CLIMATE RECORD PERIOD 1897 TO 2017


WEATHER ITEM   OBSERVED TIME   RECORD YEAR NORMAL DEPARTURE LAST
                VALUE   (LST)  VALUE       VALUE  FROM      YEAR
                                                  NORMAL
..................................................................
TEMPERATURE (F)
 TODAY
  MAXIMUM         76    433 AM 106    2009  93    -17       88
  MINIMUM         75    559 AM  59    1974  74      1       77
  AVERAGE         76                        83     -7       83

PRECIPITATION (IN)
  TODAY            0.00          2.96 1905   0.13  -0.13     0.02
  MONTH TO DATE    1.95                      3.84  -1.89     2.28
  SINCE JUN 1      1.95                      3.84  -1.89     2.28
  SINCE JAN 1     14.73                     17.37  -2.64    21.74

SNOWFALL (IN)
  TODAY            0.0
  MONTH TO DATE    0.0
  SINCE JUN 1      0.0
  SINCE JUL 1      T
  SNOW DEPTH       0

DEGREE DAYS
 HEATING
  TODAY            0                         0      0        0
  MONTH TO DATE    0                         0      0        0
  SINCE JUN 1      0                         0      0        0
  SINCE JUL 1    834                      1539   -705     1081

 COOLING
  TODAY           11                        18     -7       18
  MONTH TO DATE  474                       422     52      446
  SINCE JUN 1    474                       422     52      446
  SINCE JAN 1   1336                      1035    301     1061
..................................................................


WIND (MPH)
  HIGHEST WIND SPEED     6   HIGHEST WIND DIRECTION     N (360)
  HIGHEST GUST SPEED     8   HIGHEST GUST DIRECTION     N (360)
  AVERAGE WIND SPEED     2.1


SKY COVER
  AVERAGE SKY COVER 0.2


WEATHER CONDITIONS
 THE FOLLOWING WEATHER WAS RECORDED TODAY.
  NO SIGNIFICANT WEATHER WAS OBSERVED.


RELATIVE HUMIDITY (PERCENT)
 HIGHEST    87           300 AM
 LOWEST     82          1200 AM
 AVERAGE    85

..........................................................


THE AUSTIN CAMP MABRY CLIMATE NORMALS FOR TOMORROW
                         NORMAL    RECORD    YEAR
 MAXIMUM TEMPERATURE (F)   93       109      2012
 MINIMUM TEMPERATURE (F)   74        59      1940


SUNRISE AND SUNSET
JUNE 25 2017..........SUNRISE   631 AM CDT   SUNSET   836 PM CDT
JUNE 26 2017..........SUNRISE   631 AM CDT   SUNSET   836 PM CDT


-  INDICATES NEGATIVE NUMBERS.
R  INDICATES RECORD WAS SET OR TIED.
MM INDICATES DATA IS MISSING.
T  INDICATES TRACE AMOUNT.




$$
