000
CDUS44 KEWX 262256
CLIATT


CLIMATE REPORT
NATIONAL WEATHER SERVICE AUSTIN/SAN ANTONIO, TX
556 PM CDT MON SEP 26 2016


...................................

...THE AUSTIN CAMP MABRY CLIMATE SUMMARY FOR SEPTEMBER 26 2016...
VALID TODAY AS OF 556 PM LOCAL TIME.

CLIMATE NORMAL PERIOD 1981 TO 2010
CLIMATE RECORD PERIOD 1897 TO 2016


WEATHER ITEM   OBSERVED TIME   RECORD YEAR NORMAL DEPARTURE LAST
                VALUE   (LST)  VALUE       VALUE  FROM      YEAR
                                                  NORMAL
..................................................................
TEMPERATURE (F)
 TODAY
  MAXIMUM         73    916 AM 107    2005  87    -14       95
  MINIMUM         70    359 PM  48    1942  66      4       68
  AVERAGE         72                        77     -5       82

PRECIPITATION (IN)
  TODAY            1.22          4.71 1973   0.08   1.14     0.00
  MONTH TO DATE    2.09                      2.62  -0.53     1.89
  SINCE SEP 1      2.09                      2.62  -0.53     1.89
  SINCE JAN 1     33.03                     24.71   8.32    41.38

SNOWFALL (IN)
  TODAY            0.0
  MONTH TO DATE    0.0
  SINCE SEP 1      0.0
  SINCE JUL 1      0.0
  SNOW DEPTH       0

DEGREE DAYS
 HEATING
  TODAY            0                         0      0        0
  MONTH TO DATE    0                         0      0        0
  SINCE SEP 1      0                         0      0        0
  SINCE JUL 1      0                         0      0        0

 COOLING
  TODAY            7                        12     -5       17
  MONTH TO DATE  495                       404     91      493
  SINCE SEP 1    495                       404     91      493
  SINCE JAN 1   2989                      2798    191     2933
..................................................................


WIND (MPH)
  HIGHEST WIND SPEED    13   HIGHEST WIND DIRECTION     N (10)
  HIGHEST GUST SPEED    20   HIGHEST GUST DIRECTION    NE (30)
  AVERAGE WIND SPEED     4.2


SKY COVER
  AVERAGE SKY COVER 1.0


WEATHER CONDITIONS
 THE FOLLOWING WEATHER WAS RECORDED TODAY.
  HEAVY RAIN
  RAIN
  LIGHT RAIN
  FOG


RELATIVE HUMIDITY (PERCENT)
 HIGHEST   100           600 AM
 LOWEST     84           200 PM
 AVERAGE    92

..........................................................


THE AUSTIN CAMP MABRY CLIMATE NORMALS FOR TOMORROW
                         NORMAL    RECORD    YEAR
 MAXIMUM TEMPERATURE (F)   87       103      2005
                                             1953
 MINIMUM TEMPERATURE (F)   66        41      1942


SUNRISE AND SUNSET
SEPTEMBER 26 2016.....SUNRISE   722 AM CDT   SUNSET   722 PM CDT
SEPTEMBER 27 2016.....SUNRISE   722 AM CDT   SUNSET   720 PM CDT


-  INDICATES NEGATIVE NUMBERS.
R  INDICATES RECORD WAS SET OR TIED.
MM INDICATES DATA IS MISSING.
T  INDICATES TRACE AMOUNT.




$$
