000
CDUS44 KEWX 060719
CLIATT


CLIMATE REPORT
NATIONAL WEATHER SERVICE AUSTIN/SAN ANTONIO, TX
118 AM CST TUE DEC 6 2016


...................................

...THE AUSTIN CAMP MABRY CLIMATE SUMMARY FOR DECEMBER 5 2016...

CLIMATE NORMAL PERIOD 1981 TO 2010
CLIMATE RECORD PERIOD 1897 TO 2016


WEATHER ITEM   OBSERVED TIME   RECORD YEAR NORMAL DEPARTURE LAST
                VALUE   (LST)  VALUE       VALUE  FROM      YEAR
                                                  NORMAL
..................................................................
TEMPERATURE (F)
 YESTERDAY
  MAXIMUM         52    451 PM  84    1995  65    -13       65
  MINIMUM         47   1159 PM  24    1950  44      3       37
  AVERAGE         50                        54     -4

PRECIPITATION (IN)
  YESTERDAY        0.63          2.45 1969   0.07   0.56     0.00
  MONTH TO DATE    2.51                      0.37   2.14     0.00
  SINCE DEC 1      2.51                      0.37   2.14     0.00
  SINCE JAN 1     38.82                     32.29   6.53    56.96

SNOWFALL (IN)
  YESTERDAY       MM
  MONTH TO DATE    0.0
  SINCE DEC 1      0.0
  SINCE JUL 1      0.0
  SNOW DEPTH       0

DEGREE DAYS
 HEATING
  YESTERDAY       15                        11      4       14
  MONTH TO DATE   62                        54      8       64
  SINCE DEC 1     62                        54      8       64
  SINCE JUL 1    122                       266   -144      224

 COOLING
  YESTERDAY        0                         1     -1        0
  MONTH TO DATE    0                         5     -5        0
  SINCE DEC 1      0                         5     -5        0
  SINCE JAN 1   3450                      3131    319     3364
..................................................................


WIND (MPH)
  HIGHEST WIND SPEED    10   HIGHEST WIND DIRECTION     N (10)
  HIGHEST GUST SPEED    17   HIGHEST GUST DIRECTION     N (20)
  AVERAGE WIND SPEED     3.2


SKY COVER
  AVERAGE SKY COVER 1.0


WEATHER CONDITIONS
 THE FOLLOWING WEATHER WAS RECORDED YESTERDAY.
  HEAVY RAIN
  RAIN
  LIGHT RAIN
  FOG


RELATIVE HUMIDITY (PERCENT)
 HIGHEST   100          1100 AM
 LOWEST     89           200 PM
 AVERAGE    95

..........................................................


THE AUSTIN CAMP MABRY CLIMATE NORMALS FOR TODAY
                         NORMAL    RECORD    YEAR
 MAXIMUM TEMPERATURE (F)   64        84      1966
 MINIMUM TEMPERATURE (F)   44        17      1950


SUNRISE AND SUNSET
DECEMBER  6 2016......SUNRISE   714 AM CST   SUNSET   530 PM CST
DECEMBER  7 2016......SUNRISE   715 AM CST   SUNSET   530 PM CST


-  INDICATES NEGATIVE NUMBERS.
R  INDICATES RECORD WAS SET OR TIED.
MM INDICATES DATA IS MISSING.
T  INDICATES TRACE AMOUNT.




$$
