000
CDUS43 KABR 261029
CLIATY


CLIMATE REPORT
NATIONAL WEATHER SERVICE ABERDEEN SD
429 AM CST MON JAN 26 2015


...................................

...THE WATERTOWN SD CLIMATE SUMMARY FOR JANUARY 25 2015...

CLIMATE NORMAL PERIOD 1981 TO 2010
CLIMATE RECORD PERIOD 1898 TO 2015


WEATHER ITEM   OBSERVED TIME   RECORD YEAR NORMAL DEPARTURE LAST
                VALUE   (LST)  VALUE       VALUE  FROM      YEAR
                                                  NORMAL
..................................................................
TEMPERATURE (F)
 YESTERDAY
  MAXIMUM         32    243 AM  50    1944  23      9       34
  MINIMUM         28   1053 AM -33    1904   3     25        5
  AVERAGE         30                        13     17       20

PRECIPITATION (IN)
  YESTERDAY        T             0.48 1925   0.02  -0.02      T
  MONTH TO DATE    0.40                      0.42  -0.02     0.18
  SINCE DEC 1      1.04                      0.95   0.09     0.79
  SINCE JAN 1      0.40                      0.42  -0.02     0.18

SNOWFALL (IN)
  YESTERDAY        T
  MONTH TO DATE    4.0
  SINCE OCT 1     18.2
  SINCE JUL 1     18.2
  SNOW DEPTH       0

DEGREE DAYS
 HEATING
  YESTERDAY       35                        52    -17       45
  MONTH TO DATE 1251                      1314    -63     1361
  SINCE DEC 1   2583                      2833   -250     3121
  SINCE JUL 1   4664                      4773   -109     4959

 COOLING
  YESTERDAY        0                         0      0        0
  MONTH TO DATE    0                         0      0        0
  SINCE DEC 1      0                         0      0        0
  SINCE JAN 1      0                         0      0        0
..................................................................


WIND (MPH)
  HIGHEST WIND SPEED    18   HIGHEST WIND DIRECTION     N (10)
  HIGHEST GUST SPEED    23   HIGHEST GUST DIRECTION     N (10)
  AVERAGE WIND SPEED     9.2


SKY COVER
  POSSIBLE SUNSHINE  MM
  AVERAGE SKY COVER 1.0


WEATHER CONDITIONS
 THE FOLLOWING WEATHER WAS RECORDED YESTERDAY.
  LIGHT SNOW
  FOG


RELATIVE HUMIDITY (PERCENT)
 HIGHEST   100           300 AM
 LOWEST     72           100 PM
 AVERAGE    86

..........................................................


THE WATERTOWN SD CLIMATE NORMALS FOR TODAY
                         NORMAL    RECORD    YEAR
 MAXIMUM TEMPERATURE (F)   23        54      1931
 MINIMUM TEMPERATURE (F)    3       -27      1950


SUNRISE AND SUNSET
JANUARY 26 2015.......SUNRISE   755 AM CST   SUNSET   528 PM CST
JANUARY 27 2015.......SUNRISE   754 AM CST   SUNSET   529 PM CST


-  INDICATES NEGATIVE NUMBERS.
R  INDICATES RECORD WAS SET OR TIED.
MM INDICATES DATA IS MISSING.
T  INDICATES TRACE AMOUNT.




$$
