000
CDUS43 KABR 032235
CLIATY


CLIMATE REPORT
NATIONAL WEATHER SERVICE ABERDEEN SD
533 PM CDT THU SEP 3 2015


...................................

...THE WATERTOWN SD CLIMATE SUMMARY FOR SEPTEMBER 3 2015...
VALID TODAY AS OF 0500 PM LOCAL TIME.

CLIMATE NORMAL PERIOD 1981 TO 2010
CLIMATE RECORD PERIOD 1898 TO 2015


WEATHER ITEM   OBSERVED TIME   RECORD YEAR NORMAL DEPARTURE LAST
                VALUE   (LST)  VALUE       VALUE  FROM      YEAR
                                                  NORMAL
..................................................................
TEMPERATURE (F)
 TODAY
  MAXIMUM         91    258 PM  97    1925  76     15       78
  MINIMUM         69    628 AM  30    1974  53     16       59
  AVERAGE         80                        64     16       69

PRECIPITATION (IN)
  TODAY            0.00          1.46 1913   0.10  -0.10     0.26
  MONTH TO DATE    0.00                      0.29  -0.29     0.26
  SINCE SEP 1      0.00                      0.29  -0.29     0.26
  SINCE JAN 1     17.94                     16.52   1.42    13.88

SNOWFALL (IN)
  TODAY            0.0
  MONTH TO DATE    0.0
  SINCE OCT 1     25.3
  SINCE JUL 1      0.0
  SNOW DEPTH       0

DEGREE DAYS
 HEATING
  TODAY            0                         3     -3        0
  MONTH TO DATE    0                         9     -9        2
  SINCE SEP 1      0                         9     -9        2
  SINCE JUL 1     62                        66     -4       56

 COOLING
  TODAY           15                         3     12        4
  MONTH TO DATE   35                         9     26        6
  SINCE SEP 1     35                         9     26        6
  SINCE JAN 1    512                       483     29      339
..................................................................


WIND (MPH)
  HIGHEST WIND SPEED    18   HIGHEST WIND DIRECTION    SE (150)
  HIGHEST GUST SPEED    24   HIGHEST GUST DIRECTION     S (180)
  AVERAGE WIND SPEED    11.6


SKY COVER
  POSSIBLE SUNSHINE  MM
  AVERAGE SKY COVER 0.0


WEATHER CONDITIONS
 THE FOLLOWING WEATHER WAS RECORDED TODAY.
  FOG


RELATIVE HUMIDITY (PERCENT)
 HIGHEST    93           200 AM
 LOWEST     52           200 PM
 AVERAGE    73

..........................................................


THE WATERTOWN SD CLIMATE NORMALS FOR TOMORROW
                         NORMAL    RECORD    YEAR
 MAXIMUM TEMPERATURE (F)   75       101      1933
 MINIMUM TEMPERATURE (F)   53        32      1902


SUNRISE AND SUNSET
SEPTEMBER  3 2015.....SUNRISE   653 AM CDT   SUNSET   802 PM CDT
SEPTEMBER  4 2015.....SUNRISE   654 AM CDT   SUNSET   800 PM CDT


-  INDICATES NEGATIVE NUMBERS.
R  INDICATES RECORD WAS SET OR TIED.
MM INDICATES DATA IS MISSING.
T  INDICATES TRACE AMOUNT.




$$
