000
CDUS43 KABR 171032
CLIATY


CLIMATE REPORT
NATIONAL WEATHER SERVICE ABERDEEN SD
530 AM CDT THU AUG 17 2017


...................................

...THE WATERTOWN SD CLIMATE SUMMARY FOR AUGUST 16 2017...

CLIMATE NORMAL PERIOD 1981 TO 2010
CLIMATE RECORD PERIOD 1898 TO 2017


WEATHER ITEM   OBSERVED TIME   RECORD YEAR NORMAL DEPARTURE LAST
                VALUE   (LST)  VALUE       VALUE  FROM      YEAR
                                                  NORMAL
..................................................................
TEMPERATURE (F)
 YESTERDAY
  MAXIMUM         68   1208 PM 101    1988  80    -12       86
  MINIMUM         63    222 AM  45    1944  58      5       63
  AVERAGE         66                        69     -3       75

PRECIPITATION (IN)
  YESTERDAY        0.76          1.25 1987   0.09   0.67     0.00
  MONTH TO DATE    1.94                      1.46   0.48     6.25
  SINCE JUN 1      8.89                      8.06   0.83    10.26
  SINCE JAN 1     13.84                     14.91  -1.07    15.91

DEGREE DAYS
 HEATING
  YESTERDAY        0                         1     -1        0
  MONTH TO DATE   17                        16      1        0
  SINCE JUN 1     66                       111    -45       37
  SINCE JUL 1     18                        33    -15       12

 COOLING
  YESTERDAY        1                         5     -4       10
  MONTH TO DATE   15                        90    -75      143
  SINCE JUN 1    345                       392    -47      587
  SINCE JAN 1    356                       414    -58      611
..................................................................


WIND (MPH)
  HIGHEST WIND SPEED    21   HIGHEST WIND DIRECTION     N (340)
  HIGHEST GUST SPEED    25   HIGHEST GUST DIRECTION     N (350)
  AVERAGE WIND SPEED     7.4


SKY COVER
  POSSIBLE SUNSHINE  MM
  AVERAGE SKY COVER 1.0


WEATHER CONDITIONS
 THE FOLLOWING WEATHER WAS RECORDED YESTERDAY.
  HEAVY RAIN
  RAIN
  LIGHT RAIN
  FOG


RELATIVE HUMIDITY (PERCENT)
 HIGHEST   100           200 AM
 LOWEST     93          1200 AM
 AVERAGE    97

..........................................................


THE WATERTOWN SD CLIMATE NORMALS FOR TODAY
                         NORMAL    RECORD    YEAR
 MAXIMUM TEMPERATURE (F)   80        98      1976
 MINIMUM TEMPERATURE (F)   57        39      1943


SUNRISE AND SUNSET
AUGUST 17 2017........SUNRISE   633 AM CDT   SUNSET   831 PM CDT
AUGUST 18 2017........SUNRISE   634 AM CDT   SUNSET   829 PM CDT


-  INDICATES NEGATIVE NUMBERS.
R  INDICATES RECORD WAS SET OR TIED.
MM INDICATES DATA IS MISSING.
T  INDICATES TRACE AMOUNT.




$$
