000
CDUS43 KABR 091709 CCA
CLIATY

CLIMATE REPORT
NATIONAL WEATHER SERVICE ABERDEEN SD
853 AM CST TUE FEB 9 2016


...................................

...THE WATERTOWN SD CLIMATE SUMMARY FOR FEBRUARY 8 2016...

CLIMATE NORMAL PERIOD 1981 TO 2010
CLIMATE RECORD PERIOD 1898 TO 2016


WEATHER ITEM   OBSERVED TIME   RECORD YEAR NORMAL DEPARTURE LAST
                VALUE   (LST)  VALUE       VALUE  FROM      YEAR
                                                  NORMAL
..................................................................
TEMPERATURE (F)
 YESTERDAY
  MAXIMUM         22    425 PM  57    2002  25     -3       36
  MINIMUM          9   1159 PM -35    1899   5      4       23
  AVERAGE         16                        15      1       30

PRECIPITATION (IN)
  YESTERDAY        T             0.29 1966   0.02  -0.02     0.02
  MONTH TO DATE    0.03                      0.13  -0.10     0.10
  SINCE DEC 1      0.83                      1.18  -0.35     1.14
  SINCE JAN 1      0.51                      0.65  -0.14     0.50

SNOWFALL (IN)
  YESTERDAY        T
  MONTH TO DATE    0.7
  SINCE OCT 1     21.0
  SINCE JUL 1     21.0
  SNOW DEPTH       4

DEGREE DAYS
 HEATING
  YESTERDAY       49                        50     -1       35
  MONTH TO DATE  348                       404    -56      405
  SINCE DEC 1   3123                      3546   -423     3208
  SINCE JUL 1   4482                      5486  -1004     5289

 COOLING
  YESTERDAY        0                         0      0        0
  MONTH TO DATE    0                         0      0        0
  SINCE DEC 1      0                         0      0        0
  SINCE JAN 1      0                         0      0        0
..................................................................


WIND (MPH)
  HIGHEST WIND SPEED    38   HIGHEST WIND DIRECTION     N (350)
  HIGHEST GUST SPEED    47   HIGHEST GUST DIRECTION     N (350)
  AVERAGE WIND SPEED    26.0


SKY COVER
  POSSIBLE SUNSHINE  MM
  AVERAGE SKY COVER 0.7


WEATHER CONDITIONS
 THE FOLLOWING WEATHER WAS RECORDED YESTERDAY.
  LIGHT SNOW


RELATIVE HUMIDITY (PERCENT)
 HIGHEST    76           900 PM
 LOWEST     62           300 PM
 AVERAGE    69

..........................................................


THE WATERTOWN SD CLIMATE NORMALS FOR TODAY
                         NORMAL    RECORD    YEAR
 MAXIMUM TEMPERATURE (F)   26        49      1987
 MINIMUM TEMPERATURE (F)    6       -36      1899


SUNRISE AND SUNSET
FEBRUARY  9 2016......SUNRISE   739 AM CST   SUNSET   548 PM CST
FEBRUARY 10 2016......SUNRISE   737 AM CST   SUNSET   549 PM CST


-  INDICATES NEGATIVE NUMBERS.
R  INDICATES RECORD WAS SET OR TIED.
MM INDICATES DATA IS MISSING.
T  INDICATES TRACE AMOUNT.




$$
