000
CDUS43 KABR 242234
CLIATY


CLIMATE REPORT
NATIONAL WEATHER SERVICE ABERDEEN SD
533 PM CDT WED MAY 24 2017


...................................

...THE WATERTOWN SD CLIMATE SUMMARY FOR MAY 24 2017...
VALID TODAY AS OF 0500 PM LOCAL TIME.

CLIMATE NORMAL PERIOD 1981 TO 2010
CLIMATE RECORD PERIOD 1898 TO 2017


WEATHER ITEM   OBSERVED TIME   RECORD YEAR NORMAL DEPARTURE LAST
                VALUE   (LST)  VALUE       VALUE  FROM      YEAR
                                                  NORMAL
..................................................................
TEMPERATURE (F)
 TODAY
  MAXIMUM         60    330 PM  95    1926  70    -10       84
  MINIMUM         36    150 AM  25    2002  48    -12       53
  AVERAGE         48                        59    -11       69

PRECIPITATION (IN)
  TODAY            0.00          1.62 1973   0.09  -0.09     0.00
  MONTH TO DATE    2.06                      1.98   0.08     1.01
  SINCE MAR 1      4.13                      5.11  -0.98     3.53
  SINCE JAN 1      4.91                      6.19  -1.28     4.56

SNOWFALL (IN)
  TODAY            0.0
  MONTH TO DATE    1.6
  SINCE OCT 1     40.7
  SINCE JUL 1     40.7
  SNOW DEPTH       0

DEGREE DAYS
 HEATING
  TODAY           17                         7     10        0
  MONTH TO DATE  259                       251      8      209
  SINCE MAR 1   1966                      1991    -25     1560
  SINCE JUL 1   7567                      8402   -835     6879

 COOLING
  TODAY            0                         1     -1        4
  MONTH TO DATE   11                        13     -2       17
  SINCE MAR 1     11                        15     -4       17
  SINCE JAN 1     11                        15     -4       17
..................................................................


WIND (MPH)
  HIGHEST WIND SPEED    15   HIGHEST WIND DIRECTION     S (160)
  HIGHEST GUST SPEED    19   HIGHEST GUST DIRECTION     S (160)
  AVERAGE WIND SPEED     5.6


SKY COVER
  POSSIBLE SUNSHINE  MM
  AVERAGE SKY COVER 0.8


WEATHER CONDITIONS
 THE FOLLOWING WEATHER WAS RECORDED TODAY.
  FOG


RELATIVE HUMIDITY (PERCENT)
 HIGHEST   100           600 AM
 LOWEST     55           300 PM
 AVERAGE    78

..........................................................


THE WATERTOWN SD CLIMATE NORMALS FOR TOMORROW
                         NORMAL    RECORD    YEAR
 MAXIMUM TEMPERATURE (F)   70        92      1926
 MINIMUM TEMPERATURE (F)   48        28      1925


SUNRISE AND SUNSET
MAY 24 2017...........SUNRISE   551 AM CDT   SUNSET   901 PM CDT
MAY 25 2017...........SUNRISE   550 AM CDT   SUNSET   902 PM CDT


-  INDICATES NEGATIVE NUMBERS.
R  INDICATES RECORD WAS SET OR TIED.
MM INDICATES DATA IS MISSING.
T  INDICATES TRACE AMOUNT.




$$
