000
CDUS43 KABR 250906
CLIATY


CLIMATE REPORT
NATIONAL WEATHER SERVICE ABERDEEN SD
405 AM CDT SAT OCT 25 2014


...................................

...THE WATERTOWN SD CLIMATE SUMMARY FOR OCTOBER 24 2014...

CLIMATE NORMAL PERIOD 1981 TO 2010
CLIMATE RECORD PERIOD 1898 TO 2014


WEATHER ITEM   OBSERVED TIME   RECORD YEAR NORMAL DEPARTURE LAST
                VALUE   (LST)  VALUE       VALUE  FROM      YEAR
                                                  NORMAL
..................................................................
TEMPERATURE (F)
 YESTERDAY
  MAXIMUM         74    159 PM  80    1989  53     21       45
  MINIMUM         39    708 AM   9    1917  32      7       24
  AVERAGE         57                        42     15       35

PRECIPITATION (IN)
  YESTERDAY        0.00          0.54 1975   0.05  -0.05     0.00
  MONTH TO DATE    0.31                      1.59  -1.28     4.21
  SINCE SEP 1      1.15                      4.23  -3.08     7.33
  SINCE JAN 1     14.77                     20.46  -5.69    24.15

SNOWFALL (IN)
  YESTERDAY        0.0
  MONTH TO DATE    0.0
  SINCE OCT 1      0.0
  SINCE JUL 1      0.0
  SNOW DEPTH       0

DEGREE DAYS
 HEATING
  YESTERDAY        8                        23    -15       30
  MONTH TO DATE  368                       435    -67      432
  SINCE SEP 1    559                       654    -95      517
  SINCE JUL 1    613                       711    -98      568

 COOLING
  YESTERDAY        0                         0      0        0
  MONTH TO DATE    0                         0      0        0
  SINCE SEP 1     36                        39     -3      104
  SINCE JAN 1    369                       513   -144      618
..................................................................


WIND (MPH)
  HIGHEST WIND SPEED    13   HIGHEST WIND DIRECTION    NW (310)
  HIGHEST GUST SPEED    16   HIGHEST GUST DIRECTION    NW (300)
  AVERAGE WIND SPEED     5.9


SKY COVER
  POSSIBLE SUNSHINE  MM
  AVERAGE SKY COVER 0.0


WEATHER CONDITIONS
 THE FOLLOWING WEATHER WAS RECORDED YESTERDAY.
  FOG
  FOG W/VISIBILITY <= 1/4 MILE


RELATIVE HUMIDITY (PERCENT)
 HIGHEST   100           700 AM
 LOWEST     27           200 PM
 AVERAGE    64

..........................................................


THE WATERTOWN SD CLIMATE NORMALS FOR TODAY
                         NORMAL    RECORD    YEAR
 MAXIMUM TEMPERATURE (F)   52        84      1927
 MINIMUM TEMPERATURE (F)   31        11      1942


SUNRISE AND SUNSET
OCTOBER 25 2014.......SUNRISE   757 AM CDT   SUNSET   627 PM CDT
OCTOBER 26 2014.......SUNRISE   759 AM CDT   SUNSET   626 PM CDT


-  INDICATES NEGATIVE NUMBERS.
R  INDICATES RECORD WAS SET OR TIED.
MM INDICATES DATA IS MISSING.
T  INDICATES TRACE AMOUNT.




$$
