000
CDUS43 KABR 171457
CLIATY


CLIMATE REPORT
NATIONAL WEATHER SERVICE ABERDEEN SD
857 AM CST WED DEC 17 2014


...................................

...THE WATERTOWN SD CLIMATE SUMMARY FOR DECEMBER 16 2014...

CLIMATE NORMAL PERIOD 1981 TO 2010
CLIMATE RECORD PERIOD 1898 TO 2014


WEATHER ITEM   OBSERVED TIME   RECORD YEAR NORMAL DEPARTURE LAST
                VALUE   (LST)  VALUE       VALUE  FROM      YEAR
                                                  NORMAL
..................................................................
TEMPERATURE (F)
 YESTERDAY
  MAXIMUM         16   1238 AM  58    1939  24     -8       31
  MINIMUM          1   1047 PM -24    1914   7     -6        4
  AVERAGE          9                        15     -6       18

PRECIPITATION (IN)
  YESTERDAY        T             0.25 1904   0.02  -0.02      T
  MONTH TO DATE    0.25                      0.29  -0.04     0.29
  SINCE DEC 1      0.25                      0.29  -0.04     0.29
  SINCE JAN 1     16.04                     21.84  -5.80    24.44

SNOWFALL (IN)
  YESTERDAY        T
  MONTH TO DATE    1.0
  SINCE OCT 1     11.4
  SINCE JUL 1     11.4
  SNOW DEPTH       1

DEGREE DAYS
 HEATING
  YESTERDAY       56                        50      6       47
  MONTH TO DATE  630                       752   -122      901
  SINCE DEC 1    630                       752   -122      901
  SINCE JUL 1   2711                      2692     19     2739

 COOLING
  YESTERDAY        0                         0      0        0
  MONTH TO DATE    0                         0      0        0
  SINCE DEC 1      0                         0      0        0
  SINCE JAN 1    369                       515   -146      618
..................................................................


WIND (MPH)
  HIGHEST WIND SPEED    31   HIGHEST WIND DIRECTION     N (350)
  HIGHEST GUST SPEED    39   HIGHEST GUST DIRECTION     N (350)
  AVERAGE WIND SPEED    13.9


SKY COVER
  POSSIBLE SUNSHINE  MM
  AVERAGE SKY COVER 0.7


WEATHER CONDITIONS
 THE FOLLOWING WEATHER WAS RECORDED YESTERDAY.
  LIGHT SNOW
  FOG


RELATIVE HUMIDITY (PERCENT)
 HIGHEST    88          1200 AM
 LOWEST     76          1000 AM
 AVERAGE    82

..........................................................


THE WATERTOWN SD CLIMATE NORMALS FOR TODAY
                         NORMAL    RECORD    YEAR
 MAXIMUM TEMPERATURE (F)   24        58      1939
 MINIMUM TEMPERATURE (F)    6       -23      1914


SUNRISE AND SUNSET
DECEMBER 17 2014......SUNRISE   801 AM CST   SUNSET   448 PM CST
DECEMBER 18 2014......SUNRISE   802 AM CST   SUNSET   449 PM CST


-  INDICATES NEGATIVE NUMBERS.
R  INDICATES RECORD WAS SET OR TIED.
MM INDICATES DATA IS MISSING.
T  INDICATES TRACE AMOUNT.




$$
