000
CDUS43 KABR 301028
CLIATY


CLIMATE REPORT
NATIONAL WEATHER SERVICE ABERDEEN SD
527 AM CDT MON MAR 30 2015


...................................

...THE WATERTOWN SD CLIMATE SUMMARY FOR MARCH 29 2015...

CLIMATE NORMAL PERIOD 1981 TO 2010
CLIMATE RECORD PERIOD 1898 TO 2015


WEATHER ITEM   OBSERVED TIME   RECORD YEAR NORMAL DEPARTURE LAST
                VALUE   (LST)  VALUE       VALUE  FROM      YEAR
                                                  NORMAL
..................................................................
TEMPERATURE (F)
 YESTERDAY
  MAXIMUM         56    249 PM  76    1967  46     10       44
  MINIMUM         30   1150 PM -12    1969  25      5       13
  AVERAGE         43                        35      8       29

PRECIPITATION (IN)
  YESTERDAY        0.05          1.50 1924   0.04   0.01     0.00
  MONTH TO DATE    0.33                      1.01  -0.68     0.87
  SINCE MAR 1      0.33                      1.01  -0.68     0.87
  SINCE JAN 1      0.98                      2.09  -1.11     1.30

SNOWFALL (IN)
  YESTERDAY        0.0
  MONTH TO DATE    6.5
  SINCE OCT 1     27.4
  SINCE JUL 1     27.4
  SNOW DEPTH       0

DEGREE DAYS
 HEATING
  YESTERDAY       22                        30     -8       36
  MONTH TO DATE  934                      1046   -112     1198
  SINCE MAR 1    934                      1046   -112     1198
  SINCE JUL 1   7326                      7457   -131     8164

 COOLING
  YESTERDAY        0                         0      0        0
  MONTH TO DATE    0                         0      0        0
  SINCE MAR 1      0                         0      0        0
  SINCE JAN 1      0                         0      0        0
..................................................................


WIND (MPH)
  HIGHEST WIND SPEED    37   HIGHEST WIND DIRECTION    NW (320)
  HIGHEST GUST SPEED    46   HIGHEST GUST DIRECTION    NW (320)
  AVERAGE WIND SPEED    19.0


SKY COVER
  POSSIBLE SUNSHINE  MM
  AVERAGE SKY COVER 0.2


WEATHER CONDITIONS
 THE FOLLOWING WEATHER WAS RECORDED YESTERDAY.
  LIGHT RAIN
  HAZE


RELATIVE HUMIDITY (PERCENT)
 HIGHEST    86           800 AM
 LOWEST     27           400 PM
 AVERAGE    57

..........................................................


THE WATERTOWN SD CLIMATE NORMALS FOR TODAY
                         NORMAL    RECORD    YEAR
 MAXIMUM TEMPERATURE (F)   46        81      1943
 MINIMUM TEMPERATURE (F)   25       -12      1969


SUNRISE AND SUNSET
MARCH 30 2015.........SUNRISE   713 AM CDT   SUNSET   754 PM CDT
MARCH 31 2015.........SUNRISE   712 AM CDT   SUNSET   755 PM CDT


-  INDICATES NEGATIVE NUMBERS.
R  INDICATES RECORD WAS SET OR TIED.
MM INDICATES DATA IS MISSING.
T  INDICATES TRACE AMOUNT.




$$
