000
CDUS43 KABR 192235
CLIATY


CLIMATE REPORT
NATIONAL WEATHER SERVICE ABERDEEN SD
533 PM CDT THU OCT 19 2017


...................................

...THE WATERTOWN SD CLIMATE SUMMARY FOR OCTOBER 19 2017...
VALID TODAY AS OF 0500 PM LOCAL TIME.

CLIMATE NORMAL PERIOD 1981 TO 2010
CLIMATE RECORD PERIOD 1898 TO 2017


WEATHER ITEM   OBSERVED TIME   RECORD YEAR NORMAL DEPARTURE LAST
                VALUE   (LST)  VALUE       VALUE  FROM      YEAR
                                                  NORMAL
..................................................................
TEMPERATURE (F)
 TODAY
  MAXIMUM         72    259 PM  85    2003  55     17       47
  MINIMUM         36    235 AM  13    1972  33      3       30
  AVERAGE         54                        44     10       39

PRECIPITATION (IN)
  TODAY            0.00          0.79 1984   0.06  -0.06     0.00
  MONTH TO DATE    2.16                      1.32   0.84     1.48
  SINCE SEP 1      7.56                      3.96   3.60     3.54
  SINCE JAN 1     22.77                     20.19   2.58    20.18

SNOWFALL (IN)
  TODAY            0.0
  MONTH TO DATE    0.0
  SINCE OCT 1      0.0
  SINCE JUL 1      0.0
  SNOW DEPTH       0

DEGREE DAYS
 HEATING
  TODAY           11                        21    -10       26
  MONTH TO DATE  286                       324    -38      259
  SINCE SEP 1    437                       543   -106      377
  SINCE JUL 1    465                       600   -135      403

 COOLING
  TODAY            0                         0      0        0
  MONTH TO DATE    0                         0      0        0
  SINCE SEP 1     65                        39     26       36
  SINCE JAN 1    440                       513    -73      721
..................................................................


WIND (MPH)
  HIGHEST WIND SPEED    25   HIGHEST WIND DIRECTION     S (200)
  HIGHEST GUST SPEED    34   HIGHEST GUST DIRECTION     S (200)
  AVERAGE WIND SPEED    12.7


SKY COVER
  POSSIBLE SUNSHINE  MM
  AVERAGE SKY COVER 0.0


WEATHER CONDITIONS
 THE FOLLOWING WEATHER WAS RECORDED TODAY.
  NO SIGNIFICANT WEATHER WAS OBSERVED.


RELATIVE HUMIDITY (PERCENT)
 HIGHEST    82           300 AM
 LOWEST     41           200 PM
 AVERAGE    62

..........................................................


THE WATERTOWN SD CLIMATE NORMALS FOR TOMORROW
                         NORMAL    RECORD    YEAR
 MAXIMUM TEMPERATURE (F)   55        84      1947
 MINIMUM TEMPERATURE (F)   33        13      1916


SUNRISE AND SUNSET
OCTOBER 19 2017.......SUNRISE   750 AM CDT   SUNSET   636 PM CDT
OCTOBER 20 2017.......SUNRISE   751 AM CDT   SUNSET   635 PM CDT


-  INDICATES NEGATIVE NUMBERS.
R  INDICATES RECORD WAS SET OR TIED.
MM INDICATES DATA IS MISSING.
T  INDICATES TRACE AMOUNT.




$$
