000
CDUS43 KABR 031032
CLIATY


CLIMATE REPORT
NATIONAL WEATHER SERVICE ABERDEEN SD
531 AM CDT MON AUG 3 2015


...................................

...THE WATERTOWN SD CLIMATE SUMMARY FOR AUGUST 2 2015...

CLIMATE NORMAL PERIOD 1981 TO 2010
CLIMATE RECORD PERIOD 1898 TO 2015


WEATHER ITEM   OBSERVED TIME   RECORD YEAR NORMAL DEPARTURE LAST
                VALUE   (LST)  VALUE       VALUE  FROM      YEAR
                                                  NORMAL
..................................................................
TEMPERATURE (F)
 YESTERDAY
  MAXIMUM         80    220 PM 103    1930  82     -2       82
  MINIMUM         60   1158 PM  39    1971  59      1       58
  AVERAGE         70                        71     -1       70

PRECIPITATION (IN)
  YESTERDAY        0.00          2.28 1956   0.09  -0.09     0.00
  MONTH TO DATE    T                         0.18  -0.18     0.00
  SINCE JUN 1      6.50                      6.78  -0.28     5.85
  SINCE JAN 1     12.50                     13.63  -1.13    10.72

DEGREE DAYS
 HEATING
  YESTERDAY        0                         1     -1        0
  MONTH TO DATE    0                         2     -2        0
  SINCE JUN 1     40                        97    -57       98
  SINCE JUL 1     13                        19     -6       35

 COOLING
  YESTERDAY        5                         6     -1        5
  MONTH TO DATE   13                        12      1        8
  SINCE JUN 1    333                       314     19      190
  SINCE JAN 1    341                       336      5      231
..................................................................


WIND (MPH)
  HIGHEST WIND SPEED    25   HIGHEST WIND DIRECTION     N (10)
  HIGHEST GUST SPEED    31   HIGHEST GUST DIRECTION     N (20)
  AVERAGE WIND SPEED    11.2


SKY COVER
  POSSIBLE SUNSHINE  MM
  AVERAGE SKY COVER 0.0


WEATHER CONDITIONS
 THE FOLLOWING WEATHER WAS RECORDED YESTERDAY.
  NO SIGNIFICANT WEATHER WAS OBSERVED.


RELATIVE HUMIDITY (PERCENT)
 HIGHEST    87           300 AM
 LOWEST     48           100 PM
 AVERAGE    68

..........................................................


THE WATERTOWN SD CLIMATE NORMALS FOR TODAY
                         NORMAL    RECORD    YEAR
 MAXIMUM TEMPERATURE (F)   82       104      1930
 MINIMUM TEMPERATURE (F)   59        38      1971


SUNRISE AND SUNSET
AUGUST  3 2015........SUNRISE   616 AM CDT   SUNSET   853 PM CDT
AUGUST  4 2015........SUNRISE   617 AM CDT   SUNSET   851 PM CDT


-  INDICATES NEGATIVE NUMBERS.
R  INDICATES RECORD WAS SET OR TIED.
MM INDICATES DATA IS MISSING.
T  INDICATES TRACE AMOUNT.




$$
