000
CDUS43 KABR 231033
CLIATY


CLIMATE REPORT
NATIONAL WEATHER SERVICE ABERDEEN SD
532 AM CDT WED JUL 23 2014


...................................

...THE WATERTOWN SD CLIMATE SUMMARY FOR JULY 22 2014...

CLIMATE NORMAL PERIOD 1981 TO 2010
CLIMATE RECORD PERIOD 1898 TO 2014


WEATHER ITEM   OBSERVED TIME   RECORD YEAR NORMAL DEPARTURE LAST
                VALUE   (LST)  VALUE       VALUE  FROM      YEAR
                                                  NORMAL
..................................................................
TEMPERATURE (F)
 YESTERDAY
  MAXIMUM         80    417 PM 106    1934  83     -3       77
  MINIMUM         59   1159 PM  39    1925  60     -1       55
  AVERAGE         70                        71     -1       66

PRECIPITATION (IN)
  YESTERDAY        T             1.79 1981   0.09  -0.09     0.07
  MONTH TO DATE    0.49                      2.17  -1.68     2.49
  SINCE JUN 1      5.09                      5.75  -0.66     8.00
  SINCE JAN 1      9.96                     12.60  -2.64    15.99

DEGREE DAYS
 HEATING
  YESTERDAY        0                         1     -1        0
  MONTH TO DATE   26                         9     17        0
  SINCE JUN 1     89                        87      2       88
  SINCE JUL 1     26                         9     17        0

 COOLING
  YESTERDAY        5                         7     -2        1
  MONTH TO DATE  101                       147    -46      186
  SINCE JUN 1    162                       243    -81      275
  SINCE JAN 1    203                       265    -62      297
..................................................................


WIND (MPH)
  HIGHEST WIND SPEED    25   HIGHEST WIND DIRECTION     N (10)
  HIGHEST GUST SPEED    31   HIGHEST GUST DIRECTION     N (10)
  AVERAGE WIND SPEED    11.7


SKY COVER
  POSSIBLE SUNSHINE  MM
  AVERAGE SKY COVER 0.1


WEATHER CONDITIONS
 THE FOLLOWING WEATHER WAS RECORDED YESTERDAY.
  THUNDERSTORM
  LIGHT RAIN


RELATIVE HUMIDITY (PERCENT)
 HIGHEST    93           500 AM
 LOWEST     45          1200 PM
 AVERAGE    69

..........................................................


THE WATERTOWN SD CLIMATE NORMALS FOR TODAY
                         NORMAL    RECORD    YEAR
 MAXIMUM TEMPERATURE (F)   83       106      1934
 MINIMUM TEMPERATURE (F)   60        43      1904


SUNRISE AND SUNSET
JULY 23 2014..........SUNRISE   604 AM CDT   SUNSET   905 PM CDT
JULY 24 2014..........SUNRISE   605 AM CDT   SUNSET   904 PM CDT


-  INDICATES NEGATIVE NUMBERS.
R  INDICATES RECORD WAS SET OR TIED.
MM INDICATES DATA IS MISSING.
T  INDICATES TRACE AMOUNT.




$$
