000
CDUS43 KABR 270908
CLIATY


CLIMATE REPORT
NATIONAL WEATHER SERVICE ABERDEEN SD
406 AM CDT TUE JUN 27 2017


...................................

...THE WATERTOWN SD CLIMATE SUMMARY FOR JUNE 26 2017...

CLIMATE NORMAL PERIOD 1981 TO 2010
CLIMATE RECORD PERIOD 1898 TO 2017


WEATHER ITEM   OBSERVED TIME   RECORD YEAR NORMAL DEPARTURE LAST
                VALUE   (LST)  VALUE       VALUE  FROM      YEAR
                                                  NORMAL
..................................................................
TEMPERATURE (F)
 YESTERDAY
  MAXIMUM         69    447 PM 106    1933  80    -11       88
  MINIMUM         42    516 AM  37    1926  58    -16       61
  AVERAGE         56                        69    -13       75

PRECIPITATION (IN)
  YESTERDAY        0.00          1.30 1961   0.11  -0.11     0.00
  MONTH TO DATE    3.72                      3.14   0.58     1.53
  SINCE JUN 1      3.72                      3.14   0.58     1.53
  SINCE JAN 1      8.67                      9.99  -1.32     7.18

DEGREE DAYS
 HEATING
  YESTERDAY        9                         1      8        0
  MONTH TO DATE   42                        73    -31       23
  SINCE JUN 1     42                        73    -31       23
  SINCE JUL 1   7666                      8520   -854     6911

 COOLING
  YESTERDAY        0                         5     -5       10
  MONTH TO DATE  101                        74     27      190
  SINCE JUN 1    101                        74     27      190
  SINCE JAN 1    112                        96     16      214
..................................................................


WIND (MPH)
  HIGHEST WIND SPEED    14   HIGHEST WIND DIRECTION     N (20)
  HIGHEST GUST SPEED    19   HIGHEST GUST DIRECTION    NW (320)
  AVERAGE WIND SPEED     4.8


SKY COVER
  POSSIBLE SUNSHINE  MM
  AVERAGE SKY COVER 0.0


WEATHER CONDITIONS
 THE FOLLOWING WEATHER WAS RECORDED YESTERDAY.
  FOG


RELATIVE HUMIDITY (PERCENT)
 HIGHEST    93           100 AM
 LOWEST     32           400 PM
 AVERAGE    63

..........................................................


THE WATERTOWN SD CLIMATE NORMALS FOR TODAY
                         NORMAL    RECORD    YEAR
 MAXIMUM TEMPERATURE (F)   80       103      1931
 MINIMUM TEMPERATURE (F)   58        38      1925


SUNRISE AND SUNSET
JUNE 27 2017..........SUNRISE   544 AM CDT   SUNSET   919 PM CDT
JUNE 28 2017..........SUNRISE   545 AM CDT   SUNSET   919 PM CDT


-  INDICATES NEGATIVE NUMBERS.
R  INDICATES RECORD WAS SET OR TIED.
MM INDICATES DATA IS MISSING.
T  INDICATES TRACE AMOUNT.




$$
