000
CDUS43 KABR 281031
CLIATY


CLIMATE REPORT
NATIONAL WEATHER SERVICE ABERDEEN SD
530 AM CDT SAT MAY 28 2016


...................................

...THE WATERTOWN SD CLIMATE SUMMARY FOR MAY 27 2016...

CLIMATE NORMAL PERIOD 1981 TO 2010
CLIMATE RECORD PERIOD 1898 TO 2016


WEATHER ITEM   OBSERVED TIME   RECORD YEAR NORMAL DEPARTURE LAST
                VALUE   (LST)  VALUE       VALUE  FROM      YEAR
                                                  NORMAL
..................................................................
TEMPERATURE (F)
 YESTERDAY
  MAXIMUM         69    554 PM  93    1900  71     -2       82
  MINIMUM         54   1159 PM  28    1928  49      5       52
  AVERAGE         62                        60      2       67

PRECIPITATION (IN)
  YESTERDAY        0.13          7.14 1931   0.09   0.04     0.00
  MONTH TO DATE    1.41                      2.25  -0.84     3.75
  SINCE MAR 1      3.93                      5.38  -1.45     4.49
  SINCE JAN 1      4.96                      6.46  -1.50     5.14

DEGREE DAYS
 HEATING
  YESTERDAY        3                         6     -3        0
  MONTH TO DATE  212                       271    -59      277
  SINCE MAR 1   1563                      2011   -448     1759
  SINCE JUL 1   6882                      8422  -1540     8151

 COOLING
  YESTERDAY        0                         1     -1        2
  MONTH TO DATE   20                        16      4        2
  SINCE MAR 1     20                        18      2        2
  SINCE JAN 1     20                        18      2        2
..................................................................


WIND (MPH)
  HIGHEST WIND SPEED    18   HIGHEST WIND DIRECTION    NE (60)
  HIGHEST GUST SPEED    23   HIGHEST GUST DIRECTION    NE (60)
  AVERAGE WIND SPEED     5.7


SKY COVER
  POSSIBLE SUNSHINE  MM
  AVERAGE SKY COVER 0.5


WEATHER CONDITIONS
 THE FOLLOWING WEATHER WAS RECORDED YESTERDAY.
  THUNDERSTORM
  LIGHT RAIN
  FOG


RELATIVE HUMIDITY (PERCENT)
 HIGHEST    93          1100 PM
 LOWEST     57           500 PM
 AVERAGE    75

..........................................................


THE WATERTOWN SD CLIMATE NORMALS FOR TODAY
                         NORMAL    RECORD    YEAR
 MAXIMUM TEMPERATURE (F)   71       102      1934
 MINIMUM TEMPERATURE (F)   49        31      1965


SUNRISE AND SUNSET
MAY 28 2016...........SUNRISE   548 AM CDT   SUNSET   905 PM CDT
MAY 29 2016...........SUNRISE   547 AM CDT   SUNSET   906 PM CDT


-  INDICATES NEGATIVE NUMBERS.
R  INDICATES RECORD WAS SET OR TIED.
MM INDICATES DATA IS MISSING.
T  INDICATES TRACE AMOUNT.




$$
