224
CDUS43 KABR 102335
CLIATY


CLIMATE REPORT
NATIONAL WEATHER SERVICE ABERDEEN SD
531 PM CST SAT DEC 10 2016


...................................

...THE WATERTOWN SD CLIMATE SUMMARY FOR DECEMBER 10 2016...
VALID TODAY AS OF 0500 PM LOCAL TIME.

CLIMATE NORMAL PERIOD 1981 TO 2010
CLIMATE RECORD PERIOD 1898 TO 2016


WEATHER ITEM   OBSERVED TIME   RECORD YEAR NORMAL DEPARTURE LAST
                VALUE   (LST)  VALUE       VALUE  FROM      YEAR
                                                  NORMAL
..................................................................
TEMPERATURE (F)
 TODAY
  MAXIMUM          4    346 PM  53    1928  26    -22       48
  MINIMUM         -5    312 AM -20    1917   9    -14       35
                                      1972
  AVERAGE          0                        17    -17       42

PRECIPITATION (IN)
  TODAY           MM             0.47 1947   0.02  MM        0.01
  MONTH TO DATE    0.03                      0.19  -0.16     0.10
  SINCE DEC 1      0.03                      0.19  -0.16     0.10
  SINCE JAN 1     22.19                     21.74   0.45    21.20

SNOWFALL (IN)
  TODAY           MM
  MONTH TO DATE    0.6
  SINCE OCT 1      4.7
  SINCE JUL 1      4.7
  SNOW DEPTH      MM

DEGREE DAYS
 HEATING
  TODAY           65                        48     17       23
  MONTH TO DATE  480                       459     21      352
  SINCE DEC 1    480                       459     21      352
  SINCE JUL 1   1851                      2399   -548     1711

 COOLING
  TODAY            0                         0      0        0
  MONTH TO DATE    0                         0      0        0
  SINCE DEC 1      0                         0      0        0
  SINCE JAN 1    721                       515    206      588
..................................................................


WIND (MPH)
  HIGHEST WIND SPEED    15   HIGHEST WIND DIRECTION     E (90)
  HIGHEST GUST SPEED    23   HIGHEST GUST DIRECTION     E (90)
  AVERAGE WIND SPEED     5.8


SKY COVER
  POSSIBLE SUNSHINE  MM
  AVERAGE SKY COVER 0.7


WEATHER CONDITIONS
 THE FOLLOWING WEATHER WAS RECORDED TODAY.
  HEAVY SNOW
  SNOW
  LIGHT SNOW
  FOG


RELATIVE HUMIDITY (PERCENT)
 HIGHEST    91           200 AM
 LOWEST     79          1200 AM
 AVERAGE    85

..........................................................


THE WATERTOWN SD CLIMATE NORMALS FOR TOMORROW
                         NORMAL    RECORD    YEAR
 MAXIMUM TEMPERATURE (F)   26        57      1913
 MINIMUM TEMPERATURE (F)    8       -20      2013
                                             1945


SUNRISE AND SUNSET
DECEMBER 10 2016......SUNRISE   756 AM CST   SUNSET   447 PM CST
DECEMBER 11 2016......SUNRISE   757 AM CST   SUNSET   447 PM CST


-  INDICATES NEGATIVE NUMBERS.
R  INDICATES RECORD WAS SET OR TIED.
MM INDICATES DATA IS MISSING.
T  INDICATES TRACE AMOUNT.




$$
