000
CDUS41 KGYX 250909
CLIAUG


CLIMATE REPORT
NATIONAL WEATHER SERVICE GRAY ME
409 AM EST SUN JAN 25 2015


...................................

...THE AUGUSTA CLIMATE SUMMARY FOR JANUARY 24 2015...

CLIMATE NORMAL PERIOD 1981 TO 2010
CLIMATE RECORD PERIOD 1948 TO 2015


WEATHER ITEM   OBSERVED TIME   RECORD YEAR NORMAL DEPARTURE LAST
                VALUE   (LST)  VALUE       VALUE  FROM      YEAR
                                                  NORMAL
..................................................................
TEMPERATURE (F)
 YESTERDAY
  MAXIMUM         28   1159 PM  MM      MM  27      1       13
  MINIMUM         19    637 AM  MM      MM  11      8       -1
  AVERAGE         24                        19      5        6

PRECIPITATION (IN)
  YESTERDAY       MM            MM      MM   0.09  MM        0.00
  MONTH TO DATE    1.14                      2.03  -0.89     3.03
  SINCE DEC 1      5.62                      5.27   0.35     5.65
  SINCE JAN 1      1.14                      2.03  -0.89     3.03

DEGREE DAYS
 HEATING
  YESTERDAY       41                        46     -5       59
  MONTH TO DATE 1148                      1095     53     1088
  SINCE DEC 1   2254                      2302    -48     2452
  SINCE JUL 1   3743                      3850   -107     3961

 COOLING
  YESTERDAY        0                         0      0        0
  MONTH TO DATE    0                         0      0        0
  SINCE DEC 1      0                         0      0        0
  SINCE JAN 1      0                         0      0        0
..................................................................


WIND (MPH)
  HIGHEST WIND SPEED    16   HIGHEST WIND DIRECTION     N (340)
  HIGHEST GUST SPEED    21   HIGHEST GUST DIRECTION     N (350)
  AVERAGE WIND SPEED     5.7


SKY COVER
  AVERAGE SKY COVER 0.6


WEATHER CONDITIONS
 THE FOLLOWING WEATHER WAS RECORDED YESTERDAY.
  SNOW
  LIGHT SNOW
  FOG


RELATIVE HUMIDITY (PERCENT)
 HIGHEST    92           200 PM
 LOWEST     62          1200 AM
 AVERAGE    77

..........................................................


THE AUGUSTA CLIMATE NORMALS FOR TODAY
                         NORMAL
 MAXIMUM TEMPERATURE (F)   28
 MINIMUM TEMPERATURE (F)   11


SUNRISE AND SUNSET
JANUARY 25 2015.......SUNRISE   705 AM EST   SUNSET   439 PM EST
JANUARY 26 2015.......SUNRISE   704 AM EST   SUNSET   440 PM EST


-  INDICATES NEGATIVE NUMBERS.
R  INDICATES RECORD WAS SET OR TIED.
MM INDICATES DATA IS MISSING.
T  INDICATES TRACE AMOUNT.




$$
