000
CDUS41 KGYX 250806
CLIAUG


CLIMATE REPORT
NATIONAL WEATHER SERVICE GRAY ME
406 AM EDT TUE JUL 25 2017


...................................

...THE AUGUSTA CLIMATE SUMMARY FOR JULY 24 2017...

CLIMATE NORMAL PERIOD 1981 TO 2010
CLIMATE RECORD PERIOD 1948 TO 2017


WEATHER ITEM   OBSERVED TIME   RECORD YEAR NORMAL DEPARTURE LAST
                VALUE   (LST)  VALUE       VALUE  FROM      YEAR
                                                  NORMAL
..................................................................
TEMPERATURE (F)
 YESTERDAY
  MAXIMUM         68   1158 AM  95    1987  80    -12       83
  MINIMUM         56   1159 PM  50    1981  60     -4       64
  AVERAGE         62                        70     -8       74

PRECIPITATION (IN)
  YESTERDAY        0.11          2.10 1976   0.11   0.00     0.00
  MONTH TO DATE    1.20                      2.61  -1.41     1.46
  SINCE JUN 1      3.24                      6.17  -2.93     5.20
  SINCE JAN 1     22.19                     22.06   0.13    18.77

DEGREE DAYS
 HEATING
  YESTERDAY        3                         0      3        0
  MONTH TO DATE   10                        12     -2       21
  SINCE JUN 1     88                       106    -18       99
  SINCE JUL 1     10                        12     -2       21

 COOLING
  YESTERDAY        0                         5     -5        9
  MONTH TO DATE  135                       115     20      140
  SINCE JUN 1    216                       179     37      175
  SINCE JAN 1    227                       188     39      190
..................................................................


WIND (MPH)
  HIGHEST WIND SPEED    13   HIGHEST WIND DIRECTION    SE (150)
  HIGHEST GUST SPEED    16   HIGHEST GUST DIRECTION    SE (140)
  AVERAGE WIND SPEED     4.6


SKY COVER
  AVERAGE SKY COVER 0.7


WEATHER CONDITIONS
 THE FOLLOWING WEATHER WAS RECORDED YESTERDAY.
  LIGHT RAIN


RELATIVE HUMIDITY (PERCENT)
 HIGHEST    86           500 PM
 LOWEST     49          1200 PM
 AVERAGE    68

..........................................................


THE AUGUSTA CLIMATE NORMALS FOR TODAY
                         NORMAL    RECORD    YEAR
 MAXIMUM TEMPERATURE (F)   80        96      1963
 MINIMUM TEMPERATURE (F)   60        50      2002


SUNRISE AND SUNSET
JULY 25 2017..........SUNRISE   519 AM EDT   SUNSET   812 PM EDT
JULY 26 2017..........SUNRISE   520 AM EDT   SUNSET   811 PM EDT


-  INDICATES NEGATIVE NUMBERS.
R  INDICATES RECORD WAS SET OR TIED.
MM INDICATES DATA IS MISSING.
T  INDICATES TRACE AMOUNT.




$$
