000
CDUS41 KGYX 072041
CLIAUG


CLIMATE REPORT
NATIONAL WEATHER SERVICE GRAY ME
441 PM EDT TUE JUL 7 2015


...................................

...THE AUGUSTA CLIMATE SUMMARY FOR JULY 7 2015...
VALID TODAY AS OF 0400 PM LOCAL TIME.

CLIMATE NORMAL PERIOD 1981 TO 2010
CLIMATE RECORD PERIOD 1948 TO 2015


WEATHER ITEM   OBSERVED TIME   RECORD YEAR NORMAL DEPARTURE LAST
                VALUE   (LST)  VALUE       VALUE  FROM      YEAR
                                                  NORMAL
..................................................................
TEMPERATURE (F)
 TODAY
  MAXIMUM         79   1218 PM  MM      MM  79      0       81
  MINIMUM         59    437 AM  43    1965  59      0       61
  AVERAGE         69                        69      0       71

PRECIPITATION (IN)
  TODAY            0.00         MM      MM   0.11  -0.11     0.03
  MONTH TO DATE    0.25                      0.71  -0.46     3.04
  SINCE JUN 1      5.71                      4.27   1.44     7.95
  SINCE JAN 1     15.39                     20.16  -4.77    22.07

DEGREE DAYS
 HEATING
  TODAY            0                         1     -1        0
  MONTH TO DATE    4                         7     -3        2
  SINCE JUN 1    155                       101     54       78
  SINCE JUL 1      4                         7     -3        2

 COOLING
  TODAY            4                         5     -1        6
  MONTH TO DATE   16                        30    -14       52
  SINCE JUN 1     49                        94    -45      111
  SINCE JAN 1     83                       103    -20      111
..................................................................


WIND (MPH)
  HIGHEST WIND SPEED    20   HIGHEST WIND DIRECTION     S (160)
  HIGHEST GUST SPEED    28   HIGHEST GUST DIRECTION    SE (150)
  AVERAGE WIND SPEED     6.5


SKY COVER
  AVERAGE SKY COVER 0.5


WEATHER CONDITIONS
 THE FOLLOWING WEATHER WAS RECORDED TODAY.
  FOG


RELATIVE HUMIDITY (PERCENT)
 HIGHEST    97           600 AM
 LOWEST     64          1000 AM
 AVERAGE    81

..........................................................


THE AUGUSTA CLIMATE NORMALS FOR TOMORROW
                         NORMAL
 MAXIMUM TEMPERATURE (F)   79
 MINIMUM TEMPERATURE (F)   60


SUNRISE AND SUNSET
JULY  7 2015..........SUNRISE   503 AM EDT   SUNSET   825 PM EDT
JULY  8 2015..........SUNRISE   503 AM EDT   SUNSET   825 PM EDT


-  INDICATES NEGATIVE NUMBERS.
R  INDICATES RECORD WAS SET OR TIED.
MM INDICATES DATA IS MISSING.
T  INDICATES TRACE AMOUNT.




$$
