000
CDUS41 KGYX 172143
CLIAUG


CLIMATE REPORT
NATIONAL WEATHER SERVICE GRAY ME
443 PM EST TUE JAN 17 2017


...................................

...THE AUGUSTA CLIMATE SUMMARY FOR JANUARY 17 2017...
VALID TODAY AS OF 0400 PM LOCAL TIME.

CLIMATE NORMAL PERIOD 1981 TO 2010
CLIMATE RECORD PERIOD 1948 TO 2017


WEATHER ITEM   OBSERVED TIME   RECORD YEAR NORMAL DEPARTURE LAST
                VALUE   (LST)  VALUE       VALUE  FROM      YEAR
                                                  NORMAL
..................................................................
TEMPERATURE (F)
 TODAY
  MAXIMUM         35    246 PM  53    1995  27      8       30
  MINIMUM         25    700 AM -15    1974  10     15       17
  AVERAGE         30                        19     11       24

PRECIPITATION (IN)
  TODAY            0.00          0.68 1994   0.08  -0.08      T
  MONTH TO DATE    1.38                      1.42  -0.04     2.35
  SINCE DEC 1      5.35                      4.66   0.69     6.32
  SINCE JAN 1      1.38                      1.42  -0.04     2.35

DEGREE DAYS
 HEATING
  TODAY           35                        46    -11       41
  MONTH TO DATE  688                       773    -85      676
  SINCE DEC 1   1931                      1980    -49     1605
  SINCE JUL 1   3249                      3528   -279     2983

 COOLING
  TODAY            0                         0      0        0
  MONTH TO DATE    0                         0      0        0
  SINCE DEC 1      0                         0      0        0
  SINCE JAN 1      0                         0      0        0
..................................................................


WIND (MPH)
  HIGHEST WIND SPEED    14   HIGHEST WIND DIRECTION    NE (40)
  HIGHEST GUST SPEED    17   HIGHEST GUST DIRECTION    NE (40)
  AVERAGE WIND SPEED     6.5


SKY COVER
  AVERAGE SKY COVER 0.1


WEATHER CONDITIONS
 THE FOLLOWING WEATHER WAS RECORDED TODAY.
  NO SIGNIFICANT WEATHER WAS OBSERVED.


RELATIVE HUMIDITY (PERCENT)
 HIGHEST    63           700 AM
 LOWEST     41           100 AM
 AVERAGE    52

..........................................................


THE AUGUSTA CLIMATE NORMALS FOR TOMORROW
                         NORMAL    RECORD    YEAR
 MAXIMUM TEMPERATURE (F)   27        56      1990
 MINIMUM TEMPERATURE (F)   10       -18      1957


SUNRISE AND SUNSET
JANUARY 17 2017.......SUNRISE   710 AM EST   SUNSET   429 PM EST
JANUARY 18 2017.......SUNRISE   710 AM EST   SUNSET   430 PM EST


-  INDICATES NEGATIVE NUMBERS.
R  INDICATES RECORD WAS SET OR TIED.
MM INDICATES DATA IS MISSING.
T  INDICATES TRACE AMOUNT.




$$
