000
CDUS41 KGYX 200913
CLIAUG


CLIMATE REPORT
NATIONAL WEATHER SERVICE GRAY ME
412 AM EST SAT JAN 20 2018


...................................

...THE AUGUSTA CLIMATE SUMMARY FOR JANUARY 19 2018...

CLIMATE NORMAL PERIOD 1981 TO 2010
CLIMATE RECORD PERIOD 1948 TO 2018


WEATHER ITEM   OBSERVED TIME   RECORD YEAR NORMAL DEPARTURE LAST
                VALUE   (LST)  VALUE       VALUE  FROM      YEAR
                                                  NORMAL
..................................................................
TEMPERATURE (F)
 YESTERDAY
  MAXIMUM         31    347 PM  57    1972  27      4       37
  MINIMUM         13    357 AM -15    1976  10      3       22
  AVERAGE         22                        19      3       30

PRECIPITATION (IN)
  YESTERDAY        0.03          0.94 1996   0.08  -0.05     0.10
  MONTH TO DATE    3.43                      1.59   1.84     1.49
  SINCE DEC 1      6.35                      4.83   1.52     5.46
  SINCE JAN 1      3.43                      1.59   1.84     1.49

DEGREE DAYS
 HEATING
  YESTERDAY       43                        46     -3       35
  MONTH TO DATE  904                       865     39      766
  SINCE DEC 1   2266                      2072    194     2009
  SINCE JUL 1   3502                      3620   -118     3327

 COOLING
  YESTERDAY        0                         0      0        0
  MONTH TO DATE    0                         0      0        0
  SINCE DEC 1      0                         0      0        0
  SINCE JAN 1      0                         0      0        0
..................................................................


WIND (MPH)
  HIGHEST WIND SPEED     9   HIGHEST WIND DIRECTION     S (170)
  HIGHEST GUST SPEED    14   HIGHEST GUST DIRECTION     W (250)
  AVERAGE WIND SPEED     3.5


SKY COVER
  AVERAGE SKY COVER 0.8


WEATHER CONDITIONS
 THE FOLLOWING WEATHER WAS RECORDED YESTERDAY.
  LIGHT SNOW
  FOG


RELATIVE HUMIDITY (PERCENT)
 HIGHEST    96           100 AM
 LOWEST     63           100 PM
 AVERAGE    80

..........................................................


THE AUGUSTA CLIMATE NORMALS FOR TODAY
                         NORMAL    RECORD    YEAR
 MAXIMUM TEMPERATURE (F)   27        48      2006
 MINIMUM TEMPERATURE (F)   10       -16      1971


SUNRISE AND SUNSET
JANUARY 20 2018.......SUNRISE   708 AM EST   SUNSET   432 PM EST
JANUARY 21 2018.......SUNRISE   708 AM EST   SUNSET   434 PM EST


-  INDICATES NEGATIVE NUMBERS.
R  INDICATES RECORD WAS SET OR TIED.
MM INDICATES DATA IS MISSING.
T  INDICATES TRACE AMOUNT.




$$
