000
CDUS41 KGYX 282043
CLIAUG


CLIMATE REPORT
NATIONAL WEATHER SERVICE GRAY ME
443 PM EDT SAT MAY 28 2016


...................................

...THE AUGUSTA CLIMATE SUMMARY FOR MAY 28 2016...
VALID TODAY AS OF 0400 PM LOCAL TIME.

CLIMATE NORMAL PERIOD 1981 TO 2010
CLIMATE RECORD PERIOD 1948 TO 2016


WEATHER ITEM   OBSERVED TIME   RECORD YEAR NORMAL DEPARTURE LAST
                VALUE   (LST)  VALUE       VALUE  FROM      YEAR
                                                  NORMAL
..................................................................
TEMPERATURE (F)
 TODAY
  MAXIMUM         90R   253 PM  88    1988  69     21       83
  MINIMUM         52    533 AM  39    1994  48      4       59
  AVERAGE         71                        58     13       71

PRECIPITATION (IN)
  TODAY            0.00          1.00 1951   0.12  -0.12     0.20
  MONTH TO DATE    1.44                      3.34  -1.90     1.62
  SINCE MAR 1      7.66                     10.50  -2.84     7.15
  SINCE JAN 1     13.53                     15.54  -2.01     9.42

DEGREE DAYS
 HEATING
  TODAY            0                         7     -7        0
  MONTH TO DATE  278                       302    -24      188
  SINCE MAR 1   1900                      1963    -63     2030
  SINCE JUL 1   6579                      7306   -727     7657

 COOLING
  TODAY            6                         1      5        6
  MONTH TO DATE    8                         4      4       27
  SINCE MAR 1      8                         4      4       27
  SINCE JAN 1      8                         4      4       27
..................................................................


WIND (MPH)
  HIGHEST WIND SPEED    13   HIGHEST WIND DIRECTION     W (280)
  HIGHEST GUST SPEED    16   HIGHEST GUST DIRECTION     W (290)
  AVERAGE WIND SPEED     2.8


SKY COVER
  AVERAGE SKY COVER 0.5


WEATHER CONDITIONS
 THE FOLLOWING WEATHER WAS RECORDED TODAY.
  FOG
  FOG W/VISIBILITY <= 1/4 MILE


RELATIVE HUMIDITY (PERCENT)
 HIGHEST   100           300 AM
 LOWEST     32           300 PM
 AVERAGE    66

..........................................................


THE AUGUSTA CLIMATE NORMALS FOR TOMORROW
                         NORMAL    RECORD    YEAR
 MAXIMUM TEMPERATURE (F)   69        89      1998
 MINIMUM TEMPERATURE (F)   49        36      2014


SUNRISE AND SUNSET
MAY 28 2016...........SUNRISE   500 AM EDT   SUNSET   813 PM EDT
MAY 29 2016...........SUNRISE   500 AM EDT   SUNSET   814 PM EDT


-  INDICATES NEGATIVE NUMBERS.
R  INDICATES RECORD WAS SET OR TIED.
MM INDICATES DATA IS MISSING.
T  INDICATES TRACE AMOUNT.




$$
