000
CDUS41 KGYX 030542
CLIAUG


CLIMATE REPORT
NATIONAL WEATHER SERVICE GRAY ME
142 AM EDT THU SEP 3 2015


...................................

...THE AUGUSTA CLIMATE SUMMARY FOR SEPTEMBER 2 2015...

CLIMATE NORMAL PERIOD 1981 TO 2010
CLIMATE RECORD PERIOD 1948 TO 2015


WEATHER ITEM   OBSERVED TIME   RECORD YEAR NORMAL DEPARTURE LAST
                VALUE   (LST)  VALUE       VALUE  FROM      YEAR
                                                  NORMAL
..................................................................
TEMPERATURE (F)
 YESTERDAY
  MAXIMUM         85    222 PM  MM      MM  75     10       82
  MINIMUM         58    502 AM  MM      MM  55      3       63
  AVERAGE         72                        65      7       73

PRECIPITATION (IN)
  YESTERDAY        0.00         MM      MM   0.11  -0.11     0.00
  MONTH TO DATE    0.00                      0.22  -0.22      T
  SINCE SEP 1      0.00                      0.22  -0.22      T
  SINCE JAN 1     22.46                     26.40  -3.94    30.63

DEGREE DAYS
 HEATING
  YESTERDAY        0                         2     -2        0
  MONTH TO DATE    0                         4     -4        0
  SINCE SEP 1      0                         4     -4        0
  SINCE JUL 1     18                        46    -28       19

 COOLING
  YESTERDAY        7                         2      5        8
  MONTH TO DATE   11                         4      7       19
  SINCE SEP 1     11                         4      7       19
  SINCE JAN 1    368                       361      7      333
..................................................................


WIND (MPH)
  HIGHEST WIND SPEED     9   HIGHEST WIND DIRECTION    NW (330)
  HIGHEST GUST SPEED    12   HIGHEST GUST DIRECTION    NW (300)
  AVERAGE WIND SPEED     4.1


SKY COVER
  AVERAGE SKY COVER 0.0


WEATHER CONDITIONS
 THE FOLLOWING WEATHER WAS RECORDED YESTERDAY.
  NO SIGNIFICANT WEATHER WAS OBSERVED.


RELATIVE HUMIDITY (PERCENT)
 HIGHEST   100           500 AM
 LOWEST     51           100 PM
 AVERAGE    76

..........................................................


THE AUGUSTA CLIMATE NORMALS FOR TODAY
                         NORMAL
 MAXIMUM TEMPERATURE (F)   74
 MINIMUM TEMPERATURE (F)   55


SUNRISE AND SUNSET
SEPTEMBER  3 2015.....SUNRISE   604 AM EDT   SUNSET   712 PM EDT
SEPTEMBER  4 2015.....SUNRISE   605 AM EDT   SUNSET   711 PM EDT


-  INDICATES NEGATIVE NUMBERS.
R  INDICATES RECORD WAS SET OR TIED.
MM INDICATES DATA IS MISSING.
T  INDICATES TRACE AMOUNT.




$$
