000
CDUS41 KGYX 060914
CLIAUG


CLIMATE REPORT
NATIONAL WEATHER SERVICE GRAY ME
414 AM EST FRI MAR 6 2015


...................................

...THE AUGUSTA CLIMATE SUMMARY FOR MARCH 5 2015...

CLIMATE NORMAL PERIOD 1981 TO 2010
CLIMATE RECORD PERIOD 1948 TO 2015


WEATHER ITEM   OBSERVED TIME   RECORD YEAR NORMAL DEPARTURE LAST
                VALUE   (LST)  VALUE       VALUE  FROM      YEAR
                                                  NORMAL
..................................................................
TEMPERATURE (F)
 YESTERDAY
  MAXIMUM         36   1220 AM  MM      MM  37     -1       18
  MINIMUM          5   1156 PM  MM      MM  20    -15        6
  AVERAGE         21                        28     -7       12

PRECIPITATION (IN)
  YESTERDAY        0.00         MM      MM   0.10  -0.10      T
  MONTH TO DATE    0.24                      0.48  -0.24      T
  SINCE MAR 1      0.24                      0.48  -0.24      T
  SINCE JAN 1      2.51                      5.52  -3.01     4.79

DEGREE DAYS
 HEATING
  YESTERDAY       44                        37      7       53
  MONTH TO DATE  211                       187     24      255
  SINCE MAR 1    211                       187     24      255
  SINCE JUL 1   5838                      5530    308     5761

 COOLING
  YESTERDAY        0                         0      0        0
  MONTH TO DATE    0                         0      0        0
  SINCE MAR 1      0                         0      0        0
  SINCE JAN 1      0                         0      0        0
..................................................................


WIND (MPH)
  HIGHEST WIND SPEED    23   HIGHEST WIND DIRECTION    NW (320)
  HIGHEST GUST SPEED    32   HIGHEST GUST DIRECTION    NW (310)
  AVERAGE WIND SPEED    12.0


SKY COVER
  AVERAGE SKY COVER 0.1


WEATHER CONDITIONS
 THE FOLLOWING WEATHER WAS RECORDED YESTERDAY.
  NO SIGNIFICANT WEATHER WAS OBSERVED.


RELATIVE HUMIDITY (PERCENT)
 HIGHEST    52           900 AM
 LOWEST     26           300 AM
 AVERAGE    39

..........................................................


THE AUGUSTA CLIMATE NORMALS FOR TODAY
                         NORMAL
 MAXIMUM TEMPERATURE (F)   37
 MINIMUM TEMPERATURE (F)   20


SUNRISE AND SUNSET
MARCH  6 2015.........SUNRISE   608 AM EST   SUNSET   533 PM EST
MARCH  7 2015.........SUNRISE   606 AM EST   SUNSET   535 PM EST


-  INDICATES NEGATIVE NUMBERS.
R  INDICATES RECORD WAS SET OR TIED.
MM INDICATES DATA IS MISSING.
T  INDICATES TRACE AMOUNT.




$$
