000
CDUS41 KGYX 210903
CLIAUG


CLIMATE REPORT
NATIONAL WEATHER SERVICE GRAY ME
403 AM EST TUE FEB 21 2017


...................................

...THE AUGUSTA CLIMATE SUMMARY FOR FEBRUARY 20 2017...

CLIMATE NORMAL PERIOD 1981 TO 2010
CLIMATE RECORD PERIOD 1948 TO 2017


WEATHER ITEM   OBSERVED TIME   RECORD YEAR NORMAL DEPARTURE LAST
                VALUE   (LST)  VALUE       VALUE  FROM      YEAR
                                                  NORMAL
..................................................................
TEMPERATURE (F)
 YESTERDAY
  MAXIMUM         39    424 PM  59    1994  33      6       47
  MINIMUM         24   1152 PM -10    1967  16      8       29
  AVERAGE         32                        24      8       38

PRECIPITATION (IN)
  YESTERDAY        0.00          1.10 1988   0.08  -0.08     0.31
  MONTH TO DATE    3.25                      1.69   1.56     2.05
  SINCE DEC 1      9.96                      7.54   2.42     8.42
  SINCE JAN 1      5.99                      4.30   1.69     4.45

DEGREE DAYS
 HEATING
  YESTERDAY       33                        40     -7       27
  MONTH TO DATE  857                       858     -1      815
  SINCE DEC 1   3280                      3481   -201     2997
  SINCE JUL 1   4598                      5029   -431     4375

 COOLING
  YESTERDAY        0                         0      0        0
  MONTH TO DATE    0                         0      0        0
  SINCE DEC 1      0                         0      0        0
  SINCE JAN 1      0                         0      0        0
..................................................................


WIND (MPH)
  HIGHEST WIND SPEED    20   HIGHEST WIND DIRECTION     N (350)
  HIGHEST GUST SPEED    27   HIGHEST GUST DIRECTION    NW (320)
  AVERAGE WIND SPEED    11.9


SKY COVER
  AVERAGE SKY COVER 0.5


WEATHER CONDITIONS
 THE FOLLOWING WEATHER WAS RECORDED YESTERDAY.
  NO SIGNIFICANT WEATHER WAS OBSERVED.


RELATIVE HUMIDITY (PERCENT)
 HIGHEST    64          1200 AM
 LOWEST     33           300 PM
 AVERAGE    49

..........................................................


THE AUGUSTA CLIMATE NORMALS FOR TODAY
                         NORMAL    RECORD    YEAR
 MAXIMUM TEMPERATURE (F)   34        52      1981
 MINIMUM TEMPERATURE (F)   16       -11      1968


SUNRISE AND SUNSET
FEBRUARY 21 2017......SUNRISE   629 AM EST   SUNSET   517 PM EST
FEBRUARY 22 2017......SUNRISE   628 AM EST   SUNSET   518 PM EST


-  INDICATES NEGATIVE NUMBERS.
R  INDICATES RECORD WAS SET OR TIED.
MM INDICATES DATA IS MISSING.
T  INDICATES TRACE AMOUNT.




$$
