000
CDUS41 KGYX 020729
CLIAUG


CLIMATE REPORT
NATIONAL WEATHER SERVICE GRAY ME
329 AM EDT TUE JUN 2 2015


...................................

...THE AUGUSTA CLIMATE SUMMARY FOR JUNE 1 2015...

CLIMATE NORMAL PERIOD 1981 TO 2010
CLIMATE RECORD PERIOD 1948 TO 2015


WEATHER ITEM   OBSERVED TIME   RECORD YEAR NORMAL DEPARTURE LAST
                VALUE   (LST)  VALUE       VALUE  FROM      YEAR
                                                  NORMAL
..................................................................
TEMPERATURE (F)
 YESTERDAY
  MAXIMUM         49   1229 AM  MM      MM  70    -21       76
  MINIMUM         45   1159 PM  MM      MM  50     -5       45
  AVERAGE         47                        60    -13       61

PRECIPITATION (IN)
  YESTERDAY        0.87         MM      MM   0.13   0.74     0.00
  MONTH TO DATE    0.87                      0.13   0.74     0.00
  SINCE JUN 1      0.87                      0.13   0.74     0.00
  SINCE JAN 1     10.55                     16.02  -5.47    14.12

DEGREE DAYS
 HEATING
  YESTERDAY       18                         6     12        4
  MONTH TO DATE   18                         6     12        4
  SINCE JUN 1     18                         6     12        4
  SINCE JUL 1   7683                      7332    351     7700

 COOLING
  YESTERDAY        0                         1     -1        0
  MONTH TO DATE    0                         1     -1        0
  SINCE JUN 1      0                         1     -1        0
  SINCE JAN 1     34                        10     24        0
..................................................................


WIND (MPH)
  HIGHEST WIND SPEED    17   HIGHEST WIND DIRECTION     E (70)
  HIGHEST GUST SPEED    27   HIGHEST GUST DIRECTION     E (80)
  AVERAGE WIND SPEED     9.1


SKY COVER
  AVERAGE SKY COVER 1.0


WEATHER CONDITIONS
 THE FOLLOWING WEATHER WAS RECORDED YESTERDAY.
  HEAVY RAIN
  RAIN
  LIGHT RAIN
  FOG


RELATIVE HUMIDITY (PERCENT)
 HIGHEST   100           400 AM
 LOWEST     86           900 AM
 AVERAGE    93

..........................................................


THE AUGUSTA CLIMATE NORMALS FOR TODAY
                         NORMAL
 MAXIMUM TEMPERATURE (F)   70
 MINIMUM TEMPERATURE (F)   50


SUNRISE AND SUNSET
JUNE  2 2015..........SUNRISE   458 AM EDT   SUNSET   817 PM EDT
JUNE  3 2015..........SUNRISE   457 AM EDT   SUNSET   818 PM EDT


-  INDICATES NEGATIVE NUMBERS.
R  INDICATES RECORD WAS SET OR TIED.
MM INDICATES DATA IS MISSING.
T  INDICATES TRACE AMOUNT.




$$
