000
CDUS44 KEWX 222250
CLIAUS


CLIMATE REPORT
NATIONAL WEATHER SERVICE AUSTIN/SAN ANTONIO, TX
549 PM CDT TUE JUL 22 2014


...................................

...THE AUSTIN BERGSTROM CLIMATE SUMMARY FOR JULY 22 2014...
VALID TODAY AS OF 549 PM LOCAL TIME.

CLIMATE NORMAL PERIOD 1981 TO 2010
CLIMATE RECORD PERIOD 1943 TO 2014


WEATHER ITEM   OBSERVED TIME   RECORD YEAR NORMAL DEPARTURE LAST
                VALUE   (LST)  VALUE       VALUE  FROM      YEAR
                                                  NORMAL
..................................................................
TEMPERATURE (F)
 TODAY
  MAXIMUM         97    311 PM 102    2009  96      1       98
                                      2006
                                      2001
  MINIMUM         73    511 AM  66    2008  72      1       77
                                      2001
                                      1988
  AVERAGE         85                        84      1       88

PRECIPITATION (IN)
  TODAY            0.00          1.10 2009   0.07  -0.07     0.00
  MONTH TO DATE    1.98                      1.97   0.01     1.04
  SINCE JUN 1      3.66                      6.60  -2.94     1.79
  SINCE JAN 1     15.48                     20.65  -5.17    17.17

SNOWFALL (IN)
  TODAY            0.0
  MONTH TO DATE    0.0
  SINCE JUN 1      0.0
  SINCE JUL 1      0.0
  SNOW DEPTH       0

DEGREE DAYS
 HEATING
  TODAY            0                         0      0        0
  MONTH TO DATE    0                         0      0        0
  SINCE JUN 1      0                         0      0        0
  SINCE JUL 1      0                         0      0        0

 COOLING
  TODAY           20                        19      1       23
  MONTH TO DATE  376                       402    -26      406
  SINCE JUN 1    883                       883      0      975
  SINCE JAN 1   1338                      1390    -52     1489
..................................................................


WIND (MPH)
  HIGHEST WIND SPEED    13   HIGHEST WIND DIRECTION     S (190)
  HIGHEST GUST SPEED    15   HIGHEST GUST DIRECTION     S (200)
  AVERAGE WIND SPEED     3.6


SKY COVER
  AVERAGE SKY COVER 0.5


WEATHER CONDITIONS
 THE FOLLOWING WEATHER WAS RECORDED TODAY.
  FOG


RELATIVE HUMIDITY (PERCENT)
 HIGHEST    94           300 AM
 LOWEST     42           200 PM
 AVERAGE    68

..........................................................


THE AUSTIN BERGSTROM CLIMATE NORMALS FOR TOMORROW
                         NORMAL    RECORD    YEAR
 MAXIMUM TEMPERATURE (F)   96       103      1994
                                             1980
 MINIMUM TEMPERATURE (F)   72        62      1970


SUNRISE AND SUNSET
JULY 22 2014..........SUNRISE   643 AM CDT   SUNSET   831 PM CDT
JULY 23 2014..........SUNRISE   644 AM CDT   SUNSET   830 PM CDT


-  INDICATES NEGATIVE NUMBERS.
R  INDICATES RECORD WAS SET OR TIED.
MM INDICATES DATA IS MISSING.
T  INDICATES TRACE AMOUNT.




$$
