000
CDUS44 KEWX 312231
CLIAUS


CLIMATE REPORT
NATIONAL WEATHER SERVICE AUSTIN/SAN ANTONIO, TX
530 PM CDT FRI JUL 31 2015


...................................

...THE AUSTIN BERGSTROM CLIMATE SUMMARY FOR JULY 31 2015...
VALID TODAY AS OF 0530 PM LOCAL TIME.

CLIMATE NORMAL PERIOD 1981 TO 2010
CLIMATE RECORD PERIOD 1943 TO 2015


WEATHER ITEM   OBSERVED TIME   RECORD YEAR NORMAL DEPARTURE LAST
                VALUE   (LST)  VALUE       VALUE  FROM      YEAR
                                                  NORMAL
..................................................................
TEMPERATURE (F)
 TODAY
  MAXIMUM        101    151 PM 103    2013  97      4       98
                                      1998
  MINIMUM         77    624 AM  64    1965  72      5       76
  AVERAGE         89                        84      5       87

PRECIPITATION (IN)
  TODAY            0.00          0.34 1978   0.05  -0.05     0.00
  MONTH TO DATE    0.01                      2.44  -2.43     2.05
  SINCE JUN 1      3.22                      7.07  -3.85     3.73
  SINCE JAN 1     28.79                     20.68   8.11    15.55

SNOWFALL (IN)
  TODAY            0.0
  MONTH TO DATE    0.0
  SINCE JUN 1      0.0
  SINCE JUL 1      0.0
  SNOW DEPTH       0

DEGREE DAYS
 HEATING
  TODAY            0                         0      0        0
  MONTH TO DATE    0                         0      0        0
  SINCE JUN 1      0                         0      0        0
  SINCE JUL 1      0                         0      0        0

 COOLING
  TODAY           24                        19      5       22
  MONTH TO DATE  568                       572     -4      558
  SINCE JUN 1    998                      1053    -55     1065
  SINCE JAN 1   1491                      1560    -69     1520
..................................................................


WIND (MPH)
  HIGHEST WIND SPEED    18   HIGHEST WIND DIRECTION     E (90)
  HIGHEST GUST SPEED    23   HIGHEST GUST DIRECTION    NE (30)
  AVERAGE WIND SPEED     6.4


SKY COVER
  AVERAGE SKY COVER 0.6


WEATHER CONDITIONS
 THE FOLLOWING WEATHER WAS RECORDED TODAY.
  NO SIGNIFICANT WEATHER WAS OBSERVED.


RELATIVE HUMIDITY (PERCENT)
 HIGHEST    79           400 AM
 LOWEST     37           100 PM
 AVERAGE    58

..........................................................


THE AUSTIN BERGSTROM CLIMATE NORMALS FOR TOMORROW
                         NORMAL    RECORD    YEAR
 MAXIMUM TEMPERATURE (F)   97       105      2011
 MINIMUM TEMPERATURE (F)   72        65      1998


SUNRISE AND SUNSET
JULY 31 2015..........SUNRISE   649 AM CDT   SUNSET   825 PM CDT
AUGUST  1 2015........SUNRISE   649 AM CDT   SUNSET   824 PM CDT


-  INDICATES NEGATIVE NUMBERS.
R  INDICATES RECORD WAS SET OR TIED.
MM INDICATES DATA IS MISSING.
T  INDICATES TRACE AMOUNT.




$$
