906
CDUS44 KEWX 270719
CLIAUS


CLIMATE REPORT
NATIONAL WEATHER SERVICE AUSTIN/SAN ANTONIO, TX
219 AM CDT THU APR 27 2017


...................................

...THE AUSTIN BERGSTROM CLIMATE SUMMARY FOR APRIL 26 2017...

CLIMATE NORMAL PERIOD 1981 TO 2010
CLIMATE RECORD PERIOD 1943 TO 2017


WEATHER ITEM   OBSERVED TIME   RECORD YEAR NORMAL DEPARTURE LAST
                VALUE   (LST)  VALUE       VALUE  FROM      YEAR
                                                  NORMAL
..................................................................
TEMPERATURE (F)
 YESTERDAY
  MAXIMUM         92    147 PM  96    1984  82     10       86
  MINIMUM         62   1159 PM  44    2001  58      4       72
  AVERAGE         77                        70      7       79

PRECIPITATION (IN)
  YESTERDAY        0.00          3.41 1957   0.09  -0.09     0.00
  MONTH TO DATE    0.99                      1.88  -0.89     4.92
  SINCE MAR 1      4.32                      4.66  -0.34     8.73
  SINCE JAN 1     11.63                      9.17   2.46    10.91

SNOWFALL (IN)
  YESTERDAY        0.0
  MONTH TO DATE    0.0
  SINCE MAR 1      0.0
  SINCE JUL 1      0.0
  SNOW DEPTH       0

DEGREE DAYS
 HEATING
  YESTERDAY        0                         1     -1        0
  MONTH TO DATE   13                        60    -47       35
  SINCE MAR 1     86                       282   -196      143
  SINCE JUL 1    960                      1897   -937     1377

 COOLING
  YESTERDAY       12                         6      6       14
  MONTH TO DATE  157                       106     51       92
  SINCE MAR 1    310                       148    162      164
  SINCE JAN 1    419                       164    255      187
..................................................................


WIND (MPH)
  HIGHEST WIND SPEED    26   HIGHEST WIND DIRECTION     S (170)
  HIGHEST GUST SPEED    37   HIGHEST GUST DIRECTION    NW (300)
  AVERAGE WIND SPEED    13.9


SKY COVER
  AVERAGE SKY COVER 0.5


WEATHER CONDITIONS
 THE FOLLOWING WEATHER WAS RECORDED YESTERDAY.
  NO SIGNIFICANT WEATHER WAS OBSERVED.


RELATIVE HUMIDITY (PERCENT)
 HIGHEST    87          1200 AM
 LOWEST     16           300 PM
 AVERAGE    52

..........................................................


THE AUSTIN BERGSTROM CLIMATE NORMALS FOR TODAY
                         NORMAL    RECORD    YEAR
 MAXIMUM TEMPERATURE (F)   83        94      1961
 MINIMUM TEMPERATURE (F)   58        45      2005
                                             2001


SUNRISE AND SUNSET
APRIL 27 2017.........SUNRISE   651 AM CDT   SUNSET   806 PM CDT
APRIL 28 2017.........SUNRISE   650 AM CDT   SUNSET   807 PM CDT


-  INDICATES NEGATIVE NUMBERS.
R  INDICATES RECORD WAS SET OR TIED.
MM INDICATES DATA IS MISSING.
T  INDICATES TRACE AMOUNT.




$$
