000
CDUS44 KEWX 230654
CLIAUS


CLIMATE REPORT
NATIONAL WEATHER SERVICE AUSTIN/SAN ANTONIO, TX
151 AM CDT FRI JUN 23 2017


...................................

...THE AUSTIN BERGSTROM CLIMATE SUMMARY FOR JUNE 22 2017...

CLIMATE NORMAL PERIOD 1981 TO 2010
CLIMATE RECORD PERIOD 1943 TO 2017


WEATHER ITEM   OBSERVED TIME   RECORD YEAR NORMAL DEPARTURE LAST
                VALUE   (LST)  VALUE       VALUE  FROM      YEAR
                                                  NORMAL
..................................................................
TEMPERATURE (F)
 YESTERDAY
  MAXIMUM         99    454 PM 103    1953  93      6       95
  MINIMUM         77    524 AM  64    1961  71      6       73
  AVERAGE         88                        82      6       84

PRECIPITATION (IN)
  YESTERDAY        0.00          1.82 1985   0.17  -0.17     0.00
  MONTH TO DATE    1.93                      3.34  -1.41     2.05
  SINCE JUN 1      1.93                      3.34  -1.41     2.05
  SINCE JAN 1     16.71                     16.95  -0.24    30.34

SNOWFALL (IN)
  YESTERDAY        0.0
  MONTH TO DATE    0.0
  SINCE JUN 1      0.0
  SINCE JUL 1      T
  SNOW DEPTH       0

DEGREE DAYS
 HEATING
  YESTERDAY        0                         0      0        0
  MONTH TO DATE    0                         0      0        0
  SINCE JUN 1      0                         0      0        0
  SINCE JUL 1    960                      1903   -943     1380

 COOLING
  YESTERDAY       23                        17      6       19
  MONTH TO DATE  407                       344     63      369
  SINCE JUN 1    407                       344     63      369
  SINCE JAN 1   1192                       851    341      873
..................................................................


WIND (MPH)
  HIGHEST WIND SPEED    15   HIGHEST WIND DIRECTION     N (10)
  HIGHEST GUST SPEED    18   HIGHEST GUST DIRECTION     N (10)
  AVERAGE WIND SPEED     6.7


SKY COVER
  AVERAGE SKY COVER 0.6


WEATHER CONDITIONS
 THE FOLLOWING WEATHER WAS RECORDED YESTERDAY.
  NO SIGNIFICANT WEATHER WAS OBSERVED.


RELATIVE HUMIDITY (PERCENT)
 HIGHEST    74           400 AM
 LOWEST     35           600 PM
 AVERAGE    55

..........................................................


THE AUSTIN BERGSTROM CLIMATE NORMALS FOR TODAY
                         NORMAL    RECORD    YEAR
 MAXIMUM TEMPERATURE (F)   93       103      1953
 MINIMUM TEMPERATURE (F)   71        63      2002


SUNRISE AND SUNSET
JUNE 23 2017..........SUNRISE   630 AM CDT   SUNSET   836 PM CDT
JUNE 24 2017..........SUNRISE   630 AM CDT   SUNSET   836 PM CDT


-  INDICATES NEGATIVE NUMBERS.
R  INDICATES RECORD WAS SET OR TIED.
MM INDICATES DATA IS MISSING.
T  INDICATES TRACE AMOUNT.




$$
