000
CDUS43 KGRB 030718
CLIAUW


CLIMATE REPORT
NATIONAL WEATHER SERVICE GREEN BAY
218 AM CDT TUE MAY 3 2016


...................................

...THE WAUSAU WI CLIMATE SUMMARY FOR MAY 2 2016...

CLIMATE NORMAL PERIOD 1981 TO 2010
CLIMATE RECORD PERIOD 1896 TO 2016


WEATHER ITEM   OBSERVED TIME   RECORD YEAR NORMAL DEPARTURE LAST
                VALUE   (LST)  VALUE       VALUE  FROM      YEAR
                                                  NORMAL
..................................................................
TEMPERATURE (F)
 YESTERDAY
  MAXIMUM         66    229 PM  91    1959  63      3       77
  MINIMUM         36    518 AM  21    1911  40     -4       53
  AVERAGE         51                        51      0

PRECIPITATION (IN)
  YESTERDAY        0.00          1.38 1954   0.11  -0.11     0.00
  MONTH TO DATE    0.00                      0.21  -0.21     0.00
  SINCE MAR 1      7.34                      4.70   2.64     3.97
  SINCE JAN 1      8.77                      6.64   2.13     4.72

SNOWFALL (IN)
  YESTERDAY        0.0           5.5  1935   0.0    0.0      0.0
  MONTH TO DATE    0.0                       0.0    0.0      0.0
  SINCE JUL 1     43.4                      59.4  -16.0     53.7
  SNOW DEPTH       0

DEGREE DAYS
 HEATING
  YESTERDAY       14                        14      0        0
  MONTH TO DATE   24                        28     -4       12
  SINCE MAR 1   1447                      1744   -297     1613
  SINCE JUL 1   6570                      7880  -1310     8193

 COOLING
  YESTERDAY        0                         0      0        0
  MONTH TO DATE    0                         0      0        0
  SINCE MAR 1      2                         2      0        0
  SINCE JAN 1      2                         2      0        0
..................................................................


WIND (MPH)
  HIGHEST WIND SPEED    10   HIGHEST WIND DIRECTION     W (290)
  HIGHEST GUST SPEED    15   HIGHEST GUST DIRECTION     N (340)
  AVERAGE WIND SPEED     2.6


SKY COVER
  POSSIBLE SUNSHINE  MM
  AVERAGE SKY COVER 0.3


WEATHER CONDITIONS
 THE FOLLOWING WEATHER WAS RECORDED YESTERDAY.
  NO SIGNIFICANT WEATHER WAS OBSERVED.


RELATIVE HUMIDITY (PERCENT)
 HIGHEST    92           500 AM
 LOWEST     28           100 PM
 AVERAGE    60

..........................................................


THE WAUSAU WI CLIMATE NORMALS FOR TODAY
                         NORMAL    RECORD    YEAR
 MAXIMUM TEMPERATURE (F)   63        87      1955
 MINIMUM TEMPERATURE (F)   40        21      1909


SUNRISE AND SUNSET
MAY  3 2016...........SUNRISE   544 AM CDT   SUNSET   807 PM CDT
MAY  4 2016...........SUNRISE   543 AM CDT   SUNSET   808 PM CDT


-  INDICATES NEGATIVE NUMBERS.
R  INDICATES RECORD WAS SET OR TIED.
MM INDICATES DATA IS MISSING.
T  INDICATES TRACE AMOUNT.




$$
