000
CDUS43 KGRB 292124
CLIAUW


CLIMATE REPORT
NATIONAL WEATHER SERVICE GREEN BAY
421 PM CDT TUE JUL 29 2014


...................................

...THE WAUSAU WI CLIMATE SUMMARY FOR JULY 29 2014...
VALID TODAY AS OF 0400 PM LOCAL TIME.

CLIMATE NORMAL PERIOD 1981 TO 2010
CLIMATE RECORD PERIOD 1896 TO 2014


WEATHER ITEM   OBSERVED TIME   RECORD YEAR NORMAL DEPARTURE LAST
                VALUE   (LST)  VALUE       VALUE  FROM      YEAR
                                                  NORMAL
..................................................................
TEMPERATURE (F)
 TODAY
  MAXIMUM         78    259 PM  97    1916  80     -2       76
  MINIMUM         54    446 AM  44    1952  59     -5       50
  AVERAGE         66                        69     -3       63

PRECIPITATION (IN)
  TODAY            0.00          2.10 1924   0.13  -0.13     0.00
  MONTH TO DATE    2.29                      3.57  -1.28     3.66
  SINCE JUN 1      7.80                      7.88  -0.08     9.47
  SINCE JAN 1     19.24                     17.79   1.45    23.94

SNOWFALL (IN)
  TODAY            0.0           0.0    MM   0.0             0.0
  MONTH TO DATE    0.0                       0.0             0.0
  SINCE JUN 1      0.0                       0.0             0.0
  SINCE JUL 1      0.0                       0.0             0.0
  SNOW DEPTH       0

DEGREE DAYS
 HEATING
  TODAY            0                         1     -1        2
  MONTH TO DATE   37                        29      8       29
  SINCE JUN 1     59                       118    -59      115
  SINCE JUL 1     37                        29      8       29

 COOLING
  TODAY            1                         5     -4        0
  MONTH TO DATE   81                       145    -64      181
  SINCE JAN 1    216                       249    -33      302
..................................................................


WIND (MPH)
  HIGHEST WIND SPEED    17   HIGHEST WIND DIRECTION    NW (300)
  HIGHEST GUST SPEED    22   HIGHEST GUST DIRECTION    NW (300)
  AVERAGE WIND SPEED     9.0


SKY COVER
  POSSIBLE SUNSHINE  MM
  AVERAGE SKY COVER 0.4


WEATHER CONDITIONS
 THE FOLLOWING WEATHER WAS RECORDED TODAY.
  NO SIGNIFICANT WEATHER WAS OBSERVED.


RELATIVE HUMIDITY (PERCENT)
 HIGHEST    93           300 AM
 LOWEST     43           300 PM
 AVERAGE    68

..........................................................


THE WAUSAU WI CLIMATE NORMALS FOR TOMORROW
                         NORMAL    RECORD    YEAR
 MAXIMUM TEMPERATURE (F)   80        99      1933
 MINIMUM TEMPERATURE (F)   59        41      1902


SUNRISE AND SUNSET
JULY 29 2014..........SUNRISE   541 AM CDT   SUNSET   829 PM CDT
JULY 30 2014..........SUNRISE   542 AM CDT   SUNSET   827 PM CDT


-  INDICATES NEGATIVE NUMBERS.
R  INDICATES RECORD WAS SET OR TIED.
MM INDICATES DATA IS MISSING.
T  INDICATES TRACE AMOUNT.




$$
