000
CDUS43 KGRB 100832
CLIAUW


CLIMATE REPORT
NATIONAL WEATHER SERVICE GREEN BAY
331 AM CDT THU JUL 10 2014


...................................

...THE WAUSAU WI CLIMATE SUMMARY FOR JULY 9 2014...

CLIMATE NORMAL PERIOD 1981 TO 2010
CLIMATE RECORD PERIOD 1896 TO 2014


WEATHER ITEM   OBSERVED TIME   RECORD YEAR NORMAL DEPARTURE LAST
                VALUE   (LST)  VALUE       VALUE  FROM      YEAR
                                                  NORMAL
..................................................................
TEMPERATURE (F)
 YESTERDAY
  MAXIMUM         71    158 PM 100    1936  80     -9       84
  MINIMUM         53   1159 PM  48    1953  59     -6       67
  AVERAGE         62                        69     -7

PRECIPITATION (IN)
  YESTERDAY        T             2.13 1984   0.11  -0.11     0.07
  MONTH TO DATE    1.47                      1.08   0.39     2.46
  SINCE JUN 1      6.98                      5.39   1.59     8.27
  SINCE JAN 1     18.42                     15.30   3.12    22.74

SNOWFALL (IN)
  YESTERDAY        0.0           0.0    MM   0.0    0.0      0.0
  MONTH TO DATE    0.0                       0.0    0.0      0.0
  SINCE JUN 1      0.0                       0.0    0.0      0.0
  SINCE JUL 1      0.0                       0.0    0.0      0.0
  SNOW DEPTH       0

DEGREE DAYS
 HEATING
  YESTERDAY        3                         1      2        0
  MONTH TO DATE   13                         9      4        3
  SINCE JUN 1     35                        98    -63       89
  SINCE JUL 1     13                         9      4        3

 COOLING
  YESTERDAY        0                         5     -5       11
  MONTH TO DATE   21                        45    -24       65
  SINCE JUN 1    131                       130      1      149
  SINCE JAN 1    156                       149      7      186
..................................................................


WIND (MPH)
  HIGHEST WIND SPEED    18   HIGHEST WIND DIRECTION    NW (310)
  HIGHEST GUST SPEED    30   HIGHEST GUST DIRECTION     W (290)
  AVERAGE WIND SPEED     6.9


SKY COVER
  POSSIBLE SUNSHINE  MM
  AVERAGE SKY COVER 0.6


WEATHER CONDITIONS
 THE FOLLOWING WEATHER WAS RECORDED YESTERDAY.
  LIGHT RAIN


RELATIVE HUMIDITY (PERCENT)
 HIGHEST    86           300 AM
 LOWEST     44           300 PM
 AVERAGE    65

..........................................................


THE WAUSAU WI CLIMATE NORMALS FOR TODAY
                         NORMAL    RECORD    YEAR
 MAXIMUM TEMPERATURE (F)   80        99      1936
 MINIMUM TEMPERATURE (F)   59        44      1898


SUNRISE AND SUNSET
JULY 10 2014..........SUNRISE   522 AM CDT   SUNSET   845 PM CDT
JULY 11 2014..........SUNRISE   523 AM CDT   SUNSET   845 PM CDT


-  INDICATES NEGATIVE NUMBERS.
R  INDICATES RECORD WAS SET OR TIED.
MM INDICATES DATA IS MISSING.
T  INDICATES TRACE AMOUNT.




$$
