000
CDUS43 KGRB 260703
CLIAUW

CLIMATE REPORT
NATIONAL WEATHER SERVICE GREEN BAY
1259 AM CST MON JAN 26 2015

...................................

...THE WAUSAU WI CLIMATE SUMMARY FOR JANUARY 25 2015...

CLIMATE NORMAL PERIOD 1981 TO 2010
CLIMATE RECORD PERIOD 1896 TO 2015

WEATHER ITEM   OBSERVED TIME   RECORD YEAR NORMAL DEPARTURE LAST
                VALUE   (LST)  VALUE       VALUE  FROM      YEAR
                                                  NORMAL
..................................................................
TEMPERATURE (F)
 YESTERDAY
  MAXIMUM         30   1219 AM  53    1944  23      7       25
  MINIMUM         12   1159 PM -31    1904   6      6       -5
  AVERAGE         21                        15      6

PRECIPITATION (IN)
  YESTERDAY        T             0.48 1899   0.03  -0.03     0.02
  MONTH TO DATE    0.46                      0.83  -0.37     1.12
  SINCE DEC 1      1.86                      2.19  -0.33     2.69
  SINCE JAN 1      0.46                      0.83  -0.37     1.12

SNOWFALL (IN)
  YESTERDAY        T             7.0  1950   0.5   -0.5      0.5
  MONTH TO DATE    7.9                      11.0   -3.1     17.2
  SINCE JUL 1     38.9                      33.2    5.7     45.9
  SNOW DEPTH       8

DEGREE DAYS
 HEATING
  YESTERDAY       44                        50     -6       55
  MONTH TO DATE 1287                      1267     20     1446
  SINCE DEC 1   2611                      2694    -83     3109
  SINCE JUL 1   4694                      4553    141     4919

COOLING
  YESTERDAY        0                         0      0        0
  MONTH TO DATE    0                         0      0        0
  SINCE DEC 1      0                         0      0        0
  SINCE JAN 1      0                         0      0        0
..................................................................

WIND (MPH)
  HIGHEST WIND SPEED    16   HIGHEST WIND DIRECTION     E (90)
  HIGHEST GUST SPEED    22   HIGHEST GUST DIRECTION    NE (60)
  AVERAGE WIND SPEED     7.8

SKY COVER
  POSSIBLE SUNSHINE  MM
  AVERAGE SKY COVER 0.8

WEATHER CONDITIONS
 THE FOLLOWING WEATHER WAS RECORDED YESTERDAY.
  LIGHT SNOW

RELATIVE HUMIDITY (PERCENT)
 HIGHEST    78          1200 AM
 LOWEST     49           500 PM
 AVERAGE    64
..........................................................

THE WAUSAU WI CLIMATE NORMALS FOR TODAY
                         NORMAL    RECORD    YEAR
 MAXIMUM TEMPERATURE (F)   24        51      2002
 MINIMUM TEMPERATURE (F)    6       -30      1963

SUNRISE AND SUNSET
JANUARY 26 2015.......SUNRISE   725 AM CST   SUNSET   458 PM CST
JANUARY 27 2015.......SUNRISE   724 AM CST   SUNSET   459 PM CST

-  INDICATES NEGATIVE NUMBERS.
R  INDICATES RECORD WAS SET OR TIED.
MM INDICATES DATA IS MISSING.
T  INDICATES TRACE AMOUNT.

$$
