000
CDUS43 KGRB 140731
CLIAUW


CLIMATE REPORT
NATIONAL WEATHER SERVICE GREEN BAY
130 AM CST THU DEC 14 2017


...................................

...THE WAUSAU WI CLIMATE SUMMARY FOR DECEMBER 13 2017...

CLIMATE NORMAL PERIOD 1981 TO 2010
CLIMATE RECORD PERIOD 1896 TO 2017


WEATHER ITEM   OBSERVED TIME   RECORD YEAR NORMAL DEPARTURE LAST
                VALUE   (LST)  VALUE       VALUE  FROM      YEAR
                                                  NORMAL
..................................................................
TEMPERATURE (F)
 YESTERDAY
  MAXIMUM         20    355 PM  49    1998  27     -7        8
                                      1913
  MINIMUM         10   1159 PM -24    1903  12     -2       -6
  AVERAGE         15                        19     -4

PRECIPITATION (IN)
  YESTERDAY        0.28          1.09 2015   0.05   0.23     0.00
  MONTH TO DATE    0.96                      0.63   0.33     0.78
  SINCE DEC 1      0.96                      0.63   0.33     0.78
  SINCE JAN 1     37.07                     31.68   5.39    35.10

SNOWFALL (IN)
  YESTERDAY        3.1           5.1  1995   0.5    2.6      0.0
  MONTH TO DATE    5.1                       5.8   -0.7     11.9
  SINCE JUL 1     13.4                      14.1   -0.7     15.0
  SNOW DEPTH       3

DEGREE DAYS
 HEATING
  YESTERDAY       50                        46      4       64
  MONTH TO DATE  524                       562    -38      563
  SINCE DEC 1    524                       562    -38      563
  SINCE JUL 1   2209                      2421   -212     1841

 COOLING
  YESTERDAY        0                         0      0        0
  MONTH TO DATE    0                         0      0        0
  SINCE DEC 1      0                         0      0        0
  SINCE JAN 1    339                       407    -68      512
..................................................................


WIND (MPH)
  HIGHEST WIND SPEED    16   HIGHEST WIND DIRECTION     N (10)
  HIGHEST GUST SPEED    24   HIGHEST GUST DIRECTION     N (360)
  AVERAGE WIND SPEED     8.4


SKY COVER
  POSSIBLE SUNSHINE  MM
  AVERAGE SKY COVER 1.0


WEATHER CONDITIONS
 THE FOLLOWING WEATHER WAS RECORDED YESTERDAY.
  LIGHT SNOW
  FOG


RELATIVE HUMIDITY (PERCENT)
 HIGHEST    92           300 AM
 LOWEST     76          1200 AM
 AVERAGE    84

..........................................................


THE WAUSAU WI CLIMATE NORMALS FOR TODAY
                         NORMAL    RECORD    YEAR
 MAXIMUM TEMPERATURE (F)   27        52      1998
 MINIMUM TEMPERATURE (F)   12       -25      1901


SUNRISE AND SUNSET
DECEMBER 14 2017......SUNRISE   729 AM CST   SUNSET   418 PM CST
DECEMBER 15 2017......SUNRISE   730 AM CST   SUNSET   418 PM CST


-  INDICATES NEGATIVE NUMBERS.
R  INDICATES RECORD WAS SET OR TIED.
MM INDICATES DATA IS MISSING.
T  INDICATES TRACE AMOUNT.




$$
