000
CDUS42 KGSP 270633
CLIAVL

CLIMATE REPORT
NATIONAL WEATHER SERVICE GREENVILLE-SPARTANBURG SC
231 AM EDT WED MAY 27 2015


...................................

...THE ASHEVILLE NC CLIMATE SUMMARY FOR MAY 26 2015...

CLIMATE NORMAL PERIOD 1981 TO 2010
CLIMATE RECORD PERIOD 1869 TO 2015


WEATHER ITEM   OBSERVED TIME   RECORD YEAR NORMAL DEPARTURE LAST
                VALUE   (LST)  VALUE       VALUE  FROM      YEAR
                                                  NORMAL
..................................................................
TEMPERATURE (F)
 YESTERDAY
  MAXIMUM         79    336 PM  88    1989  77      2       81
                                      1916
  MINIMUM         64   1159 PM  34    1925  54     10       58
  AVERAGE         72                        66      6       70

PRECIPITATION (IN)
  YESTERDAY        1.13          1.15 1906   0.12   1.01     0.52
  MONTH TO DATE    1.33                      3.02  -1.69     3.58
  SINCE MAR 1      8.39                     10.18  -1.79    10.97
  SINCE JAN 1     14.23                     17.61  -3.38    16.32

SNOWFALL (IN)
  YESTERDAY        0.0           0.0    MM   0.0             0.0
  MONTH TO DATE    0.0                       0.0             0.0
  SINCE MAR 1      T                         2.6             0.4
  SINCE JUL 1     13.3                       9.9             9.8
  SNOW DEPTH       0

DEGREE DAYS
 HEATING
  YESTERDAY        0                         2     -2        0
  MONTH TO DATE   43                       101    -58       83
  SINCE MAR 1    674                       956   -282      975
  SINCE JUL 1   3983                      4173   -190     4294

 COOLING
  YESTERDAY        7                         3      4        5
  MONTH TO DATE   77                        38     39       52
  SINCE MAR 1     96                        46     50       54
  SINCE JAN 1     96                        46     50       54
..................................................................


WIND (MPH)
  HIGHEST WIND SPEED    15   HIGHEST WIND DIRECTION     S (160)
  HIGHEST GUST SPEED    20   HIGHEST GUST DIRECTION     S (180)
  AVERAGE WIND SPEED     6.9


SKY COVER
  POSSIBLE SUNSHINE  MM
  AVERAGE SKY COVER 0.9


WEATHER CONDITIONS
 THE FOLLOWING WEATHER WAS RECORDED YESTERDAY.
  THUNDERSTORM
  HEAVY RAIN
  RAIN
  LIGHT RAIN
  FOG


RELATIVE HUMIDITY (PERCENT)
 HIGHEST    93           200 AM
 LOWEST     58           300 PM
 AVERAGE    76

..........................................................


THE ASHEVILLE NC CLIMATE NORMALS FOR TODAY
                         NORMAL    RECORD    YEAR
 MAXIMUM TEMPERATURE (F)   77        93      1890
 MINIMUM TEMPERATURE (F)   55        36      1961


SUNRISE AND SUNSET
MAY 27 2015...........SUNRISE   618 AM EDT   SUNSET   837 PM EDT
MAY 28 2015...........SUNRISE   618 AM EDT   SUNSET   837 PM EDT


-  INDICATES NEGATIVE NUMBERS.
R  INDICATES RECORD WAS SET OR TIED.
MM INDICATES DATA IS MISSING.
T  INDICATES TRACE AMOUNT.




$$
