000
CDUS42 KGSP 200628
CLIAVL

CLIMATE REPORT
NATIONAL WEATHER SERVICE GREENVILLE-SPARTANBURG SC
227 AM EDT SAT SEP 20 2014


...................................

...THE ASHEVILLE NC CLIMATE SUMMARY FOR SEPTEMBER 19 2014...

CLIMATE NORMAL PERIOD 1981 TO 2010
CLIMATE RECORD PERIOD 1869 TO 2014


WEATHER ITEM   OBSERVED TIME   RECORD YEAR NORMAL DEPARTURE LAST
                VALUE   (LST)  VALUE       VALUE  FROM      YEAR
                                                  NORMAL
..................................................................
TEMPERATURE (F)
 YESTERDAY
  MAXIMUM         75    204 PM  91    1925  76     -1       79
  MINIMUM         59    629 AM  36    1903  55      4       60
  AVERAGE         67                        65      2       70

PRECIPITATION (IN)
  YESTERDAY        0.00          2.14 1977   0.12  -0.12     0.00
  MONTH TO DATE    5.79                      2.50   3.29     0.54
  SINCE SEP 1      5.79                      2.50   3.29     0.54
  SINCE JAN 1     36.57                     34.11   2.46    59.30

SNOWFALL (IN)
  YESTERDAY        0.0           0.0    MM   0.0             0.0
  MONTH TO DATE    0.0                       0.0             0.0
  SINCE SEP 1      0.0                       0.0             0.0
  SINCE JUL 1      0.0                       0.0             0.0
  SNOW DEPTH       0

DEGREE DAYS
 HEATING
  YESTERDAY        0                         2     -2        0
  MONTH TO DATE    2                        15    -13        4
  SINCE SEP 1      2                        15    -13        4
  SINCE JUL 1      4                        17    -13        9

 COOLING
  YESTERDAY        2                         2      0        5
  MONTH TO DATE  137                        78     59       98
  SINCE SEP 1    137                        78     59       98
  SINCE JAN 1    889                       835     54      836
..................................................................


WIND (MPH)
  HIGHEST WIND SPEED    15   HIGHEST WIND DIRECTION     S (170)
  HIGHEST GUST SPEED    20   HIGHEST GUST DIRECTION     S (170)
  AVERAGE WIND SPEED     2.8


SKY COVER
  POSSIBLE SUNSHINE  MM
  AVERAGE SKY COVER 0.7


WEATHER CONDITIONS
 THE FOLLOWING WEATHER WAS RECORDED YESTERDAY.
  FOG
  FOG W/VISIBILITY <= 1/4 MILE
  HAZE


RELATIVE HUMIDITY (PERCENT)
 HIGHEST   100           200 AM
 LOWEST     64           200 PM
 AVERAGE    82

..........................................................


THE ASHEVILLE NC CLIMATE NORMALS FOR TODAY
                         NORMAL    RECORD    YEAR
 MAXIMUM TEMPERATURE (F)   76        93      1925
 MINIMUM TEMPERATURE (F)   54        36      1889


SUNRISE AND SUNSET
SEPTEMBER 20 2014.....SUNRISE   717 AM EDT   SUNSET   730 PM EDT
SEPTEMBER 21 2014.....SUNRISE   717 AM EDT   SUNSET   728 PM EDT


-  INDICATES NEGATIVE NUMBERS.
R  INDICATES RECORD WAS SET OR TIED.
MM INDICATES DATA IS MISSING.
T  INDICATES TRACE AMOUNT.

$$
07
