000
CDUS42 KGSP 282051
CLIAVL

CLIMATE REPORT
NATIONAL WEATHER SERVICE GREENVILLE-SPARTANBURG SC
441 PM EDT WED SEP 28 2016


...................................

...THE ASHEVILLE NC CLIMATE SUMMARY FOR SEPTEMBER 28 2016...
VALID TODAY AS OF 0430 PM LOCAL TIME.

CLIMATE NORMAL PERIOD 1981 TO 2010
CLIMATE RECORD PERIOD 1869 TO 2016


WEATHER ITEM   OBSERVED TIME   RECORD YEAR NORMAL DEPARTURE LAST
                VALUE   (LST)  VALUE       VALUE  FROM      YEAR
                                                  NORMAL
..................................................................
TEMPERATURE (F)
 TODAY
  MAXIMUM         82    140 PM  89    1939  73      9       75
  MINIMUM         61   1238 AM  35    1940  51     10       63
  AVERAGE         72                        62     10       69

PRECIPITATION (IN)
  TODAY            0.00          2.24 1963   0.12  -0.12     0.13
  MONTH TO DATE    0.58                      3.57  -2.99     3.09
  SINCE SEP 1      0.58                      3.57  -2.99     3.09
  SINCE JAN 1     29.03                     35.18  -6.15    29.19

SNOWFALL (IN)
  TODAY            0.0           0.0    MM   0.0    0.0      0.0
  MONTH TO DATE    0.0                       0.0    0.0      0.0
  SINCE SEP 1      0.0                       0.0    0.0      0.0
  SINCE JUL 1      0.0                       0.0    0.0      0.0
  SNOW DEPTH       0

DEGREE DAYS
 HEATING
  TODAY            0                         4     -4        0
  MONTH TO DATE    0                        44    -44       35
  SINCE SEP 1      0                        44    -44       35
  SINCE JUL 1      0                        46    -46       35

 COOLING
  TODAY            7                         1      6        4
  MONTH TO DATE  222                        93    129      126
  SINCE SEP 1    222                        93    129      126
  SINCE JAN 1   1305                       850    455     1131
..................................................................


WIND (MPH)
  HIGHEST WIND SPEED    20   HIGHEST WIND DIRECTION     S (180)
  HIGHEST GUST SPEED    25   HIGHEST GUST DIRECTION     S (200)
  AVERAGE WIND SPEED     5.2


SKY COVER
  POSSIBLE SUNSHINE  MM
  AVERAGE SKY COVER 0.6


WEATHER CONDITIONS
 THE FOLLOWING WEATHER WAS RECORDED TODAY.
  FOG
  FOG W/VISIBILITY <= 1/4 MILE


RELATIVE HUMIDITY (PERCENT)
 HIGHEST   100           200 AM
 LOWEST     42           300 PM
 AVERAGE    71

..........................................................


THE ASHEVILLE NC CLIMATE NORMALS FOR TOMORROW
                         NORMAL    RECORD    YEAR
 MAXIMUM TEMPERATURE (F)   73        87      1904
 MINIMUM TEMPERATURE (F)   51        35      1967
                                             1909


SUNRISE AND SUNSET
SEPTEMBER 28 2016.....SUNRISE   723 AM EDT   SUNSET   718 PM EDT
SEPTEMBER 29 2016.....SUNRISE   724 AM EDT   SUNSET   716 PM EDT


-  INDICATES NEGATIVE NUMBERS.
R  INDICATES RECORD WAS SET OR TIED.
MM INDICATES DATA IS MISSING.
T  INDICATES TRACE AMOUNT.




$$

LEV
