000
CDUS42 KGSP 300635
CLIAVL

CLIMATE REPORT
NATIONAL WEATHER SERVICE GREENVILLE-SPARTANBURG SC
231 AM EDT THU MAR 30 2017


...................................

...THE ASHEVILLE NC CLIMATE SUMMARY FOR MARCH 29 2017...

CLIMATE NORMAL PERIOD 1981 TO 2010
CLIMATE RECORD PERIOD 1869 TO 2017


WEATHER ITEM   OBSERVED TIME   RECORD YEAR NORMAL DEPARTURE LAST
                VALUE   (LST)  VALUE       VALUE  FROM      YEAR
                                                  NORMAL
..................................................................
TEMPERATURE (F)
 YESTERDAY
  MAXIMUM         75    352 PM  84    1907  63     12       64
  MINIMUM         45    704 AM  19    1982  38      7       42
                                      1887
  AVERAGE         60                        50     10       53

PRECIPITATION (IN)
  YESTERDAY        0.00          3.66 1991   0.13  -0.13     0.00
  MONTH TO DATE    2.41                      3.58  -1.17     1.19
  SINCE MAR 1      2.41                      3.58  -1.17     1.19
  SINCE JAN 1      6.83                     11.01  -4.18    10.17

SNOWFALL (IN)
  YESTERDAY        0.0           0.5  1941   0.0             0.0
  MONTH TO DATE    2.1                       1.8              T
  SINCE MAR 1      2.1                       1.8              T
  SINCE JUL 1      9.4                       9.1            13.9
  SNOW DEPTH       0

DEGREE DAYS
 HEATING
  YESTERDAY        5                        15    -10       12
  MONTH TO DATE  496                       526    -30      341
  SINCE MAR 1    496                       526    -30      341
  SINCE JUL 1   2890                      3743   -853     3088

 COOLING
  YESTERDAY        0                         0      0        0
  MONTH TO DATE    0                         0      0        0
  SINCE MAR 1      0                         0      0        0
  SINCE JAN 1      0                         0      0        0
..................................................................


WIND (MPH)
  HIGHEST WIND SPEED    13   HIGHEST WIND DIRECTION     S (170)
  HIGHEST GUST SPEED    16   HIGHEST GUST DIRECTION     S (170)
  AVERAGE WIND SPEED     2.2


SKY COVER
  POSSIBLE SUNSHINE  MM
  AVERAGE SKY COVER 0.2


WEATHER CONDITIONS
 THE FOLLOWING WEATHER WAS RECORDED YESTERDAY.
  FOG
  FOG W/VISIBILITY <= 1/4 MILE


RELATIVE HUMIDITY (PERCENT)
 HIGHEST   100           700 AM
 LOWEST     35           300 PM
 AVERAGE    68

..........................................................


THE ASHEVILLE NC CLIMATE NORMALS FOR TODAY
                         NORMAL    RECORD    YEAR
 MAXIMUM TEMPERATURE (F)   63        83      1985
 MINIMUM TEMPERATURE (F)   39        15      1964


SUNRISE AND SUNSET
MARCH 30 2017.........SUNRISE   719 AM EDT   SUNSET   750 PM EDT
MARCH 31 2017.........SUNRISE   718 AM EDT   SUNSET   751 PM EDT


-  INDICATES NEGATIVE NUMBERS.
R  INDICATES RECORD WAS SET OR TIED.
MM INDICATES DATA IS MISSING.
T  INDICATES TRACE AMOUNT.




$$
