000
CDUS42 KGSP 230633
CLIAVL

CLIMATE REPORT
NATIONAL WEATHER SERVICE GREENVILLE-SPARTANBURG SC
229 AM EDT WED APR 23 2014


...................................

...THE ASHEVILLE NC CLIMATE SUMMARY FOR APRIL 22 2014...

CLIMATE NORMAL PERIOD 1981 TO 2010
CLIMATE RECORD PERIOD 1869 TO 2014


WEATHER ITEM   OBSERVED TIME   RECORD YEAR NORMAL DEPARTURE LAST
                VALUE   (LST)  VALUE       VALUE  FROM      YEAR
                                                  NORMAL
..................................................................
TEMPERATURE (F)
 YESTERDAY
  MAXIMUM         66    523 PM  86    1963  70     -4       64
                                      1896
  MINIMUM         49    542 AM  30    1953  45      4       39
  AVERAGE         58                        57      1       52

PRECIPITATION (IN)
  YESTERDAY        0.13          1.74 1931   0.11   0.02     0.00
  MONTH TO DATE    4.27                      2.42   1.85     3.09
  SINCE MAR 1      6.57                      6.25   0.32     6.41
  SINCE JAN 1     11.92                     13.68  -1.76    18.55

SNOWFALL (IN)
  YESTERDAY        0.0           T    1993   0.0             0.0
  MONTH TO DATE    0.0                       0.7             0.0
  SINCE MAR 1      0.4                       2.6             0.3
  SINCE JUL 1      9.8                       9.9             0.5
  SNOW DEPTH       0

DEGREE DAYS
 HEATING
  YESTERDAY        7                         8     -1       13
  MONTH TO DATE  237                       243     -6      209
  SINCE MAR 1    866                       798     68      919
  SINCE JUL 1   4185                      4015    170     3860

 COOLING
  YESTERDAY        0                         0      0        0
  MONTH TO DATE    0                         0      0        5
  SINCE MAR 1      0                         1     -1        5
  SINCE JAN 1      0                         1     -1        5
..................................................................


WIND (MPH)
  HIGHEST WIND SPEED    15   HIGHEST WIND DIRECTION     N (340)
  HIGHEST GUST SPEED    20   HIGHEST GUST DIRECTION    NW (330)
  AVERAGE WIND SPEED     3.5


SKY COVER
  POSSIBLE SUNSHINE  MM
  AVERAGE SKY COVER 0.6


WEATHER CONDITIONS
 THE FOLLOWING WEATHER WAS RECORDED YESTERDAY.
  RAIN
  LIGHT RAIN
  FOG


RELATIVE HUMIDITY (PERCENT)
 HIGHEST    87           100 PM
 LOWEST     52           900 AM
 AVERAGE    70

..........................................................


THE ASHEVILLE NC CLIMATE NORMALS FOR TODAY
                         NORMAL    RECORD    YEAR
 MAXIMUM TEMPERATURE (F)   70        88      1960
 MINIMUM TEMPERATURE (F)   45        29      1986


SUNRISE AND SUNSET
APRIL 23 2014.........SUNRISE   648 AM EDT   SUNSET   810 PM EDT
APRIL 24 2014.........SUNRISE   647 AM EDT   SUNSET   811 PM EDT


-  INDICATES NEGATIVE NUMBERS.
R  INDICATES RECORD WAS SET OR TIED.
MM INDICATES DATA IS MISSING.
T  INDICATES TRACE AMOUNT.




$$
