000
CDUS42 KGSP 200631
CLIAVL

CLIMATE REPORT
NATIONAL WEATHER SERVICE GREENVILLE-SPARTANBURG SC
128 AM EST SAT JAN 20 2018


...................................

...THE ASHEVILLE NC CLIMATE SUMMARY FOR JANUARY 19 2018...

CLIMATE NORMAL PERIOD 1981 TO 2010
CLIMATE RECORD PERIOD 1869 TO 2018


WEATHER ITEM   OBSERVED TIME   RECORD YEAR NORMAL DEPARTURE LAST
                VALUE   (LST)  VALUE       VALUE  FROM      YEAR
                                                  NORMAL
..................................................................
TEMPERATURE (F)
 YESTERDAY
  MAXIMUM         51    358 PM  70    1974  47      4       62
  MINIMUM         23    447 AM  -5    1994  27     -4       36
  AVERAGE         37                        37      0       49

PRECIPITATION (IN)
  YESTERDAY        0.00          1.38 1950   0.13  -0.13      T
  MONTH TO DATE    2.48                      2.21   0.27     1.46
  SINCE DEC 1      4.95                      5.80  -0.85     3.77
  SINCE JAN 1      2.48                      2.21   0.27     1.46

SNOWFALL (IN)
  YESTERDAY        0.0           3.5  1893   0.1             0.0
  MONTH TO DATE    2.1                       2.5             7.0
  SINCE DEC 1     10.8                       3.4             7.0
  SINCE JUL 1     10.8                       3.5             7.0
  SNOW DEPTH       0

DEGREE DAYS
 HEATING
  YESTERDAY       28                        28      0       16
  MONTH TO DATE  681                       532    149      399
  SINCE DEC 1   1439                      1326    113     1106
  SINCE JUL 1   2157                      2193    -36     1677

 COOLING
  YESTERDAY        0                         0      0        0
  MONTH TO DATE    0                         0      0        0
  SINCE DEC 1      0                         0      0        0
  SINCE JAN 1      0                         0      0        0
..................................................................


WIND (MPH)
  HIGHEST WIND SPEED    24   HIGHEST WIND DIRECTION    NW (330)
  HIGHEST GUST SPEED    29   HIGHEST GUST DIRECTION     N (340)
  AVERAGE WIND SPEED     7.0


SKY COVER
  POSSIBLE SUNSHINE  MM
  AVERAGE SKY COVER 0.0


WEATHER CONDITIONS
 THE FOLLOWING WEATHER WAS RECORDED YESTERDAY.
  NO SIGNIFICANT WEATHER WAS OBSERVED.


RELATIVE HUMIDITY (PERCENT)
 HIGHEST    75          1100 PM
 LOWEST     14           400 PM
 AVERAGE    45

..........................................................


THE ASHEVILLE NC CLIMATE NORMALS FOR TODAY
                         NORMAL    RECORD    YEAR
 MAXIMUM TEMPERATURE (F)   47        69      1906
                                             1890
 MINIMUM TEMPERATURE (F)   27       -13      1985


SUNRISE AND SUNSET
JANUARY 20 2018.......SUNRISE   737 AM EST   SUNSET   546 PM EST
JANUARY 21 2018.......SUNRISE   736 AM EST   SUNSET   547 PM EST


-  INDICATES NEGATIVE NUMBERS.
R  INDICATES RECORD WAS SET OR TIED.
MM INDICATES DATA IS MISSING.
T  INDICATES TRACE AMOUNT.




$$
