000
CDUS42 KGSP 300645 RRA
CLIAVL

CLIMATE REPORT
NATIONAL WEATHER SERVICE GREENVILLE-SPARTANBURG SC
229 AM EDT MON MAY 30 2016


...................................

...THE ASHEVILLE NC CLIMATE SUMMARY FOR MAY 29 2016...

CLIMATE NORMAL PERIOD 1981 TO 2010
CLIMATE RECORD PERIOD 1869 TO 2016


WEATHER ITEM   OBSERVED TIME   RECORD YEAR NORMAL DEPARTURE LAST
                VALUE   (LST)  VALUE       VALUE  FROM      YEAR
                                                  NORMAL
..................................................................
TEMPERATURE (F)
 YESTERDAY
  MAXIMUM         76    139 PM  92    1941  78     -2       79
  MINIMUM         62    245 AM  40    1894  55      7       61
  AVERAGE         69                        66      3       70

PRECIPITATION (IN)
  YESTERDAY        T             1.94 1976   0.12  -0.12      T
  MONTH TO DATE    1.83                      3.40  -1.57     1.34
  SINCE MAR 1      5.89                     10.56  -4.67     8.40
  SINCE JAN 1     14.87                     17.99  -3.12    14.24

SNOWFALL (IN)
  YESTERDAY        0.0           0.0    MM   0.0             0.0
  MONTH TO DATE    0.0                       0.0             0.0
  SINCE MAR 1      T                         2.6              T
  SINCE JUL 1     13.9                       9.9            13.3
  SNOW DEPTH       0

DEGREE DAYS
 HEATING
  YESTERDAY        0                         2     -2        0
  MONTH TO DATE   93                       107    -14       43
  SINCE MAR 1    709                       962   -253      674
  SINCE JUL 1   3456                      4179   -723     3983

 COOLING
  YESTERDAY        4                         3      1        5
  MONTH TO DATE   44                        47     -3       92
  SINCE MAR 1     60                        55      5      111
  SINCE JAN 1     60                        55      5      111
..................................................................


WIND (MPH)
  HIGHEST WIND SPEED    10   HIGHEST WIND DIRECTION     N (340)
  HIGHEST GUST SPEED    12   HIGHEST GUST DIRECTION    NW (330)
  AVERAGE WIND SPEED     2.6


SKY COVER
  POSSIBLE SUNSHINE  MM
  AVERAGE SKY COVER 0.5


WEATHER CONDITIONS
 THE FOLLOWING WEATHER WAS RECORDED YESTERDAY.
  LIGHT RAIN


RELATIVE HUMIDITY (PERCENT)
 HIGHEST    84           100 AM
 LOWEST     53           200 PM
 AVERAGE    69

..........................................................


THE ASHEVILLE NC CLIMATE NORMALS FOR TODAY
                         NORMAL    RECORD    YEAR
 MAXIMUM TEMPERATURE (F)   78        91      1969
 MINIMUM TEMPERATURE (F)   55        40      1893


SUNRISE AND SUNSET
MAY 30 2016...........SUNRISE   617 AM EDT   SUNSET   839 PM EDT
MAY 31 2016...........SUNRISE   617 AM EDT   SUNSET   840 PM EDT


-  INDICATES NEGATIVE NUMBERS.
R  INDICATES RECORD WAS SET OR TIED.
MM INDICATES DATA IS MISSING.
T  INDICATES TRACE AMOUNT.




$$
