000
CDUS42 KGSP 230643
CLIAVL

CLIMATE REPORT
NATIONAL WEATHER SERVICE GREENVILLE-SPARTANBURG SC
243 AM EDT TUE MAY 23 2017


...................................

...THE ASHEVILLE NC CLIMATE SUMMARY FOR MAY 22 2017...

CLIMATE NORMAL PERIOD 1981 TO 2010
CLIMATE RECORD PERIOD 1869 TO 2017


WEATHER ITEM   OBSERVED TIME   RECORD YEAR NORMAL DEPARTURE LAST
                VALUE   (LST)  VALUE       VALUE  FROM      YEAR
                                                  NORMAL
..................................................................
TEMPERATURE (F)
 YESTERDAY
  MAXIMUM         75    102 PM  93    1941  76     -1       71
  MINIMUM         61    338 AM  37    2002  53      8       54
                                      1954
  AVERAGE         68                        65      3       63

PRECIPITATION (IN)
  YESTERDAY        0.02          2.15 1901   0.12  -0.10     0.01
  MONTH TO DATE    5.83                      2.55   3.28     1.55
  SINCE MAR 1     17.40                      9.71   7.69     5.61
  SINCE JAN 1     21.82                     17.14   4.68    14.59

SNOWFALL (IN)
  YESTERDAY        0.0           0.0    MM   0.0             0.0
  MONTH TO DATE    0.0                       0.0             0.0
  SINCE MAR 1      2.1                       2.6              T
  SINCE JUL 1      9.4                       9.9            13.9
  SNOW DEPTH       0

DEGREE DAYS
 HEATING
  YESTERDAY        0                         3     -3        2
  MONTH TO DATE   63                        93    -30       86
  SINCE MAR 1    722                       948   -226      702
  SINCE JUL 1   3116                      4165  -1049     3449

 COOLING
  YESTERDAY        3                         2      1        0
  MONTH TO DATE   48                        28     20       25
  SINCE MAR 1     76                        36     40       41
  SINCE JAN 1     76                        36     40       41
..................................................................


WIND (MPH)
  HIGHEST WIND SPEED    12   HIGHEST WIND DIRECTION     N (340)
  HIGHEST GUST SPEED    15   HIGHEST GUST DIRECTION     N (340)
  AVERAGE WIND SPEED     3.3


SKY COVER
  POSSIBLE SUNSHINE  MM
  AVERAGE SKY COVER 0.8


WEATHER CONDITIONS
 THE FOLLOWING WEATHER WAS RECORDED YESTERDAY.
  THUNDERSTORM
  RAIN
  LIGHT RAIN
  FOG
  HAZE


RELATIVE HUMIDITY (PERCENT)
 HIGHEST    93          1200 AM
 LOWEST     60           100 PM
 AVERAGE    77

..........................................................


THE ASHEVILLE NC CLIMATE NORMALS FOR TODAY
                         NORMAL    RECORD    YEAR
 MAXIMUM TEMPERATURE (F)   76        90      1953
 MINIMUM TEMPERATURE (F)   53        35      2002


SUNRISE AND SUNSET
MAY 23 2017...........SUNRISE   620 AM EDT   SUNSET   834 PM EDT
MAY 24 2017...........SUNRISE   620 AM EDT   SUNSET   835 PM EDT


-  INDICATES NEGATIVE NUMBERS.
R  INDICATES RECORD WAS SET OR TIED.
MM INDICATES DATA IS MISSING.
T  INDICATES TRACE AMOUNT.

$$

OUTLAW
