000
CDUS41 KBGM 050622
CLIAVP


CLIMATE REPORT
NATIONAL WEATHER SERVICE BINGHAMTON NY
120 AM EST THU MAR 5 2015


...................................

...THE AVOCA PA CLIMATE SUMMARY FOR MARCH 4 2015...

CLIMATE NORMAL PERIOD 1981 TO 2010
CLIMATE RECORD PERIOD 1901 TO 2015


WEATHER ITEM   OBSERVED TIME   RECORD YEAR NORMAL DEPARTURE LAST
                VALUE   (LST)  VALUE       VALUE  FROM      YEAR
                                                  NORMAL
..................................................................
TEMPERATURE (F)
 YESTERDAY
  MAXIMUM         40    510 PM  68    1974  42     -2       27
  MINIMUM         30    231 AM   0    2014  24      6        0
                                      1943
  AVERAGE         35                        33      2       14

PRECIPITATION (IN)
  YESTERDAY        0.06          1.09 1917   0.07  -0.01      T
  MONTH TO DATE    0.45                      0.28   0.17      T
  SINCE MAR 1      0.45                      0.28   0.17      T
  SINCE JAN 1      3.45                      4.68  -1.23     4.88

SNOWFALL (IN)
  YESTERDAY        T             4.1  1971   0.4   -0.4       T
  MONTH TO DATE    2.6                       1.5    1.1       T
  SINCE MAR 1      2.6                       1.5    1.1       T
  SINCE JUL 1     44.7                      35.4    9.3     55.8

DEGREE DAYS
 HEATING
  YESTERDAY       30                        32     -2       51
  MONTH TO DATE  159                       130     29      187
  SINCE MAR 1    159                       130     29      187
  SINCE JUL 1   4856                      4736    120     5010

 COOLING
  YESTERDAY        0                         0      0        0
  MONTH TO DATE    0                         0      0        0
  SINCE MAR 1      0                         0      0        0
  SINCE JAN 1      0                         0      0        0
..................................................................


WIND (MPH)
  HIGHEST WIND SPEED    14   HIGHEST WIND DIRECTION    SW (240)
  HIGHEST GUST SPEED    19   HIGHEST GUST DIRECTION    SW (230)
  AVERAGE WIND SPEED     7.2


SKY COVER
  AVERAGE SKY COVER 1.0



RELATIVE HUMIDITY (PERCENT)
 HIGHEST    89           900 AM
 LOWEST     76           100 PM
 AVERAGE    83

..........................................................


THE AVOCA PA CLIMATE NORMALS FOR TODAY
                         NORMAL    RECORD    YEAR
 MAXIMUM TEMPERATURE (F)   42        69      1976
 MINIMUM TEMPERATURE (F)   24         2      1948


SUNRISE AND SUNSET
MARCH  5 2015.........SUNRISE   631 AM EST   SUNSET   558 PM EST
MARCH  6 2015.........SUNRISE   630 AM EST   SUNSET   559 PM EST


-  INDICATES NEGATIVE NUMBERS.
R  INDICATES RECORD WAS SET OR TIED.
MM INDICATES DATA IS MISSING.
T  INDICATES TRACE AMOUNT.




$$
