000
CDUS41 KBGM 180548
CLIAVP


CLIMATE REPORT
NATIONAL WEATHER SERVICE BINGHAMTON NY
1248 AM EST THU JAN 18 2018


...................................

...THE AVOCA PA CLIMATE SUMMARY FOR JANUARY 17 2018...

CLIMATE NORMAL PERIOD 1981 TO 2010
CLIMATE RECORD PERIOD 1901 TO 2018


WEATHER ITEM   OBSERVED TIME   RECORD YEAR NORMAL DEPARTURE LAST
                VALUE   (LST)  VALUE       VALUE  FROM      YEAR
                                                  NORMAL
..................................................................
TEMPERATURE (F)
 YESTERDAY
  MAXIMUM         28    252 AM  60    1990  33     -5       40
  MINIMUM          7   1108 PM -10    1977  18    -11       34
  AVERAGE         18                        26     -8       37

PRECIPITATION (IN)
  YESTERDAY        0.15          1.05 1994   0.08   0.07     0.50
  MONTH TO DATE    1.81                      1.26   0.55     1.71
  SINCE DEC 1      3.49                      3.94  -0.45     3.77
  SINCE JAN 1      1.81                      1.26   0.55     1.71

SNOWFALL (IN)
  YESTERDAY        3.5          16.4  1994   0.5    3.0      0.0
  MONTH TO DATE   10.4                       8.0    2.4      1.9
  SINCE DEC 1     17.5                      15.4    2.1      8.8
  SINCE JUL 1     17.6                      18.4   -0.8     14.5

DEGREE DAYS
 HEATING
  YESTERDAY       47                        39      8       28
  MONTH TO DATE  756                       662     94      596
  SINCE DEC 1   1867                      1727    140     1590
  SINCE JUL 1   2907                      3040   -133     2608

 COOLING
  YESTERDAY        0                         0      0        0
  MONTH TO DATE    0                         0      0        0
  SINCE DEC 1      0                         0      0        0
  SINCE JAN 1      0                         0      0        0
..................................................................


WIND (MPH)
  HIGHEST WIND SPEED    15   HIGHEST WIND DIRECTION     N (350)
  HIGHEST GUST SPEED    21   HIGHEST GUST DIRECTION    NW (330)
  AVERAGE WIND SPEED     6.3


SKY COVER
  AVERAGE SKY COVER 0.5



RELATIVE HUMIDITY (PERCENT)
 HIGHEST   100          1200 AM
 LOWEST     61           500 PM
 AVERAGE    81

..........................................................


THE AVOCA PA CLIMATE NORMALS FOR TODAY
                         NORMAL    RECORD    YEAR
 MAXIMUM TEMPERATURE (F)   33        60      2006
                                             1990
                                             1929
 MINIMUM TEMPERATURE (F)   18        -7      1982


SUNRISE AND SUNSET
JANUARY 18 2018.......SUNRISE   725 AM EST   SUNSET   502 PM EST
JANUARY 19 2018.......SUNRISE   724 AM EST   SUNSET   503 PM EST


-  INDICATES NEGATIVE NUMBERS.
R  INDICATES RECORD WAS SET OR TIED.
MM INDICATES DATA IS MISSING.
T  INDICATES TRACE AMOUNT.




$$
