000
CDUS41 KBGM 290219
CLIAVP


CLIMATE REPORT
NATIONAL WEATHER SERVICE BINGHAMTON NY
1018 PM EDT SUN MAY 28 2017


...................................

...THE AVOCA PA CLIMATE SUMMARY FOR MAY 28 2017...
VALID AS OF 1000 PM LOCAL TIME.

CLIMATE NORMAL PERIOD 1981 TO 2010
CLIMATE RECORD PERIOD 1901 TO 2017


WEATHER ITEM   OBSERVED TIME   RECORD YEAR NORMAL DEPARTURE LAST
                VALUE   (LST)  VALUE       VALUE  FROM      YEAR
                                                  NORMAL
..................................................................
TEMPERATURE (F)
 TODAY
  MAXIMUM         75    142 PM  92    2016  73      2       92
  MINIMUM         59    500 AM  36    1994  51      8       65
  AVERAGE         67                        62      5       79

PRECIPITATION (IN)
  TODAY            T             1.05 1984   0.12  -0.12     0.00
  MONTH TO DATE    2.96                      3.15  -0.19     2.33
  SINCE MAR 1     11.40                      9.03   2.37     6.80
  SINCE JAN 1     17.63                     13.43   4.20    12.60

SNOWFALL (IN)
  TODAY            0.0           0.0    MM   0.0    0.0      0.0
  MONTH TO DATE    0.0                       0.3   -0.3      0.0
  SINCE MAR 1     30.7                      12.6   18.1      3.5
  SINCE JUL 1     55.5                      46.5    9.0     15.5

DEGREE DAYS
 HEATING
  TODAY            0                         5     -5        0
  MONTH TO DATE  203                       216    -13      231
  SINCE MAR 1   1427                      1583   -156     1372
  SINCE JUL 1   5182                      6189  -1007     4942

 COOLING
  TODAY            2                         2      0       14
  MONTH TO DATE   28                        25      3       40
  SINCE MAR 1     50                        31     19       41
  SINCE JAN 1     50                        31     19       41
..................................................................


WIND (MPH)
  HIGHEST WIND SPEED    13   HIGHEST WIND DIRECTION     S (200)
  HIGHEST GUST SPEED    19   HIGHEST GUST DIRECTION     S (180)
  AVERAGE WIND SPEED     4.9


SKY COVER
  AVERAGE SKY COVER 0.8


WEATHER CONDITIONS
 THE FOLLOWING WEATHER WAS RECORDED TODAY.
  LIGHT RAIN


RELATIVE HUMIDITY (PERCENT)
 HIGHEST    84           100 AM
 LOWEST     46          1000 AM
 AVERAGE    65

..........................................................


THE AVOCA PA CLIMATE NORMALS FOR TOMORROW
                         NORMAL    RECORD    YEAR
 MAXIMUM TEMPERATURE (F)   73        91      1969
                                             1931
 MINIMUM TEMPERATURE (F)   51        36      2008


SUNRISE AND SUNSET
MAY 28 2017...........SUNRISE   534 AM EDT   SUNSET   827 PM EDT
MAY 29 2017...........SUNRISE   533 AM EDT   SUNSET   828 PM EDT


-  INDICATES NEGATIVE NUMBERS.
R  INDICATES RECORD WAS SET OR TIED.
MM INDICATES DATA IS MISSING.
T  INDICATES TRACE AMOUNT.




$$
