000
CDUS41 KBGM 210532
CLIAVP


CLIMATE REPORT
NATIONAL WEATHER SERVICE BINGHAMTON NY
132 AM EDT THU SEP 21 2017


...................................

...THE AVOCA PA CLIMATE SUMMARY FOR SEPTEMBER 20 2017...

CLIMATE NORMAL PERIOD 1981 TO 2010
CLIMATE RECORD PERIOD 1901 TO 2017


WEATHER ITEM   OBSERVED TIME   RECORD YEAR NORMAL DEPARTURE LAST
                VALUE   (LST)  VALUE       VALUE  FROM      YEAR
                                                  NORMAL
..................................................................
TEMPERATURE (F)
 YESTERDAY
  MAXIMUM         85    241 PM  91    1983  71     14       82
  MINIMUM         58    556 AM  33    1993  51      7       64
  AVERAGE         72                        61     11       73

PRECIPITATION (IN)
  YESTERDAY        0.00          1.43 1938   0.15  -0.15     0.00
  MONTH TO DATE    1.65                      2.67  -1.02     1.81
  SINCE SEP 1      1.65                      2.67  -1.02     1.81
  SINCE JAN 1     31.77                     27.70   4.07    23.37

SNOWFALL (IN)
  YESTERDAY        0.0           T    1956   0.0    0.0      0.0
  MONTH TO DATE    0.0                       0.0    0.0      0.0
  SINCE SEP 1      0.0                       0.0    0.0      0.0
  SINCE JUL 1      0.0                       0.0    0.0      0.0

DEGREE DAYS
 HEATING
  YESTERDAY        0                         6     -6        0
  MONTH TO DATE   64                        63      1        8
  SINCE SEP 1     64                        63      1        8
  SINCE JUL 1     81                        89     -8        9

 COOLING
  YESTERDAY        7                         1      6        8
  MONTH TO DATE   60                        44     16      112
  SINCE SEP 1     60                        44     16      112
  SINCE JAN 1    699                       568    131      978
..................................................................


WIND (MPH)
  HIGHEST WIND SPEED    15   HIGHEST WIND DIRECTION     N (350)
  HIGHEST GUST SPEED    21   HIGHEST GUST DIRECTION     N (10)
  AVERAGE WIND SPEED     5.2


SKY COVER
  AVERAGE SKY COVER 0.0



RELATIVE HUMIDITY (PERCENT)
 HIGHEST   100           600 AM
 LOWEST     44           200 PM
 AVERAGE    72

..........................................................


THE AVOCA PA CLIMATE NORMALS FOR TODAY
                         NORMAL    RECORD    YEAR
 MAXIMUM TEMPERATURE (F)   70        92      1931
 MINIMUM TEMPERATURE (F)   50        32      1956


SUNRISE AND SUNSET
SEPTEMBER 21 2017.....SUNRISE   650 AM EDT   SUNSET   701 PM EDT
SEPTEMBER 22 2017.....SUNRISE   651 AM EDT   SUNSET   700 PM EDT


-  INDICATES NEGATIVE NUMBERS.
R  INDICATES RECORD WAS SET OR TIED.
MM INDICATES DATA IS MISSING.
T  INDICATES TRACE AMOUNT.




$$
