000
CDUS41 KBGM 282138
CLIAVP


CLIMATE REPORT
NATIONAL WEATHER SERVICE BINGHAMTON NY
537 PM EDT SUN AUG 28 2016


...................................

...THE AVOCA PA CLIMATE SUMMARY FOR AUGUST 28 2016...
VALID TODAY AS OF 0500 PM LOCAL TIME.

CLIMATE NORMAL PERIOD 1981 TO 2010
CLIMATE RECORD PERIOD 1901 TO 2016


WEATHER ITEM   OBSERVED TIME   RECORD YEAR NORMAL DEPARTURE LAST
                VALUE   (LST)  VALUE       VALUE  FROM      YEAR
                                                  NORMAL
..................................................................
TEMPERATURE (F)
 TODAY
  MAXIMUM         87    308 PM  95    1948  78      9       77
  MINIMUM         63    607 AM  44    1957  58      5       54
  AVERAGE         75                        68      7       66

PRECIPITATION (IN)
  TODAY            0.00          3.23 2011   0.10  -0.10     0.00
  MONTH TO DATE    3.07                      3.10  -0.03     2.36
  SINCE JUN 1      8.74                     10.92  -2.18    11.21
  SINCE JAN 1     21.56                     24.72  -3.16    20.77

SNOWFALL (IN)
  TODAY            0.0           T    1993   0.0    0.0      0.0
  MONTH TO DATE    0.0                       0.0    0.0      0.0
  SINCE JUN 1      0.0                       0.0    0.0      0.0
  SINCE JUL 1      0.0                       0.0    0.0      0.0

DEGREE DAYS
 HEATING
  TODAY            0                         1     -1        0
  MONTH TO DATE    1                        11    -10        0
  SINCE JUN 1     25                        73    -48       24
  SINCE JUL 1      1                        19    -18        0

 COOLING
  TODAY           10                         4      6        1
  MONTH TO DATE  278                       151    127      195
  SINCE JUN 1    771                       474    297      603
  SINCE JAN 1    843                       511    332      751
..................................................................


WIND (MPH)
  HIGHEST WIND SPEED    14   HIGHEST WIND DIRECTION    SW (230)
  HIGHEST GUST SPEED    19   HIGHEST GUST DIRECTION    SW (230)
  AVERAGE WIND SPEED     4.2


SKY COVER
  AVERAGE SKY COVER 0.0


WEATHER CONDITIONS
 THE FOLLOWING WEATHER WAS RECORDED TODAY.
  NO SIGNIFICANT WEATHER WAS OBSERVED.


RELATIVE HUMIDITY (PERCENT)
 HIGHEST    90           500 AM
 LOWEST     43           200 PM
 AVERAGE    67

..........................................................


THE AVOCA PA CLIMATE NORMALS FOR TOMORROW
                         NORMAL    RECORD    YEAR
 MAXIMUM TEMPERATURE (F)   78        95      1953
 MINIMUM TEMPERATURE (F)   58        38      1982


SUNRISE AND SUNSET
AUGUST 28 2016........SUNRISE   626 AM EDT   SUNSET   741 PM EDT
AUGUST 29 2016........SUNRISE   627 AM EDT   SUNSET   740 PM EDT


-  INDICATES NEGATIVE NUMBERS.
R  INDICATES RECORD WAS SET OR TIED.
MM INDICATES DATA IS MISSING.
T  INDICATES TRACE AMOUNT.




$$
