000
CDUS43 KGRR 221435
CLIAZO


CLIMATE REPORT
NATIONAL WEATHER SERVICE GRAND RAPIDS, MI
935 AM EST SUN JAN 22 2017


...................................

...THE KALAMAZOO MI CLIMATE SUMMARY FOR JANUARY 22 2017...
VALID AS OF 0900 AM LOCAL TIME.

CLIMATE NORMAL PERIOD 1981 TO 2010
CLIMATE RECORD PERIOD 1998 TO 2017


WEATHER ITEM   OBSERVED TIME   NORMAL DEPARTURE LAST
                VALUE   (LST)  VALUE  FROM      YEAR
                                      NORMAL
......................................................
TEMPERATURE (F)
 TODAY
  MAXIMUM         44   1217 AM  31     13       31
  MINIMUM         38    859 AM  18     20       18
  AVERAGE         41            24     17       25

PRECIPITATION (IN)
  TODAY            0.00          0.06  -0.06      T
  MONTH TO DATE    2.36          1.26   1.10     0.74
  SINCE DEC 1      3.41          3.24   0.17     3.93
  SINCE JAN 1      2.36          1.26   1.10     0.74

DEGREE DAYS
 HEATING
  TODAY           24            41    -17       40
  MONTH TO DATE  767           894   -127      888
  SINCE DEC 1   1920          2018    -98     1653
  SINCE JUL 1   2820          3345   -525     2718

 COOLING
  TODAY            0             0      0        0
  MONTH TO DATE    0             0      0        0
  SINCE DEC 1      0             0      0        0
  SINCE JAN 1      0             0      0        0
......................................................


WIND (MPH)
  RESULTANT WIND SPEED   0   RESULTANT WIND DIRECTION  MM
  HIGHEST WIND SPEED     3   HIGHEST WIND DIRECTION     N (20)
  HIGHEST GUST SPEED     4   HIGHEST GUST DIRECTION     N (350)
  AVERAGE WIND SPEED     0.0


SKY COVER
  AVERAGE SKY COVER 1.0


WEATHER CONDITIONS
 THE FOLLOWING WEATHER WAS RECORDED TODAY.
  FOG W/VISIBILITY <= 1/4 MILE


RELATIVE HUMIDITY (PERCENT)
 HIGHEST   100           200 AM
 LOWEST     92          1200 AM
 AVERAGE    96

..........................................................


THE KALAMAZOO MI CLIMATE NORMALS FOR TOMORROW
                         NORMAL
 MAXIMUM TEMPERATURE (F)   31
 MINIMUM TEMPERATURE (F)   18


SUNRISE AND SUNSET
JANUARY 22 2017.......SUNRISE   804 AM EST   SUNSET   544 PM EST
JANUARY 23 2017.......SUNRISE   803 AM EST   SUNSET   545 PM EST


-  INDICATES NEGATIVE NUMBERS.
R  INDICATES RECORD WAS SET OR TIED.
MM INDICATES DATA IS MISSING.
T  INDICATES TRACE AMOUNT.




$$
