000
CDUS43 KGRR 171346
CLIAZO


CLIMATE REPORT
NATIONAL WEATHER SERVICE GRAND RAPIDS, MI
946 AM EDT TUE OCT 17 2017


...................................

...THE KALAMAZOO MI CLIMATE SUMMARY FOR OCTOBER 17 2017...
VALID AS OF 0900 AM LOCAL TIME.

CLIMATE NORMAL PERIOD 1981 TO 2010
CLIMATE RECORD PERIOD 1998 TO 2017


WEATHER ITEM   OBSERVED TIME   NORMAL DEPARTURE LAST
                VALUE   (LST)  VALUE  FROM      YEAR
                                      NORMAL
......................................................
TEMPERATURE (F)
 TODAY
  MAXIMUM         47    759 AM  60    -13       79
  MINIMUM         42    242 AM  41      1       64
  AVERAGE         45            50     -5       72

PRECIPITATION (IN)
  TODAY            0.00          0.11  -0.11      T
  MONTH TO DATE    9.60          1.82   7.78     2.10
  SINCE SEP 1     11.41          5.64   5.77     5.43
  SINCE JAN 1     32.44         29.23   3.21    33.14

DEGREE DAYS
 HEATING
  TODAY           20            15      5        0
  MONTH TO DATE   84           209   -125       98
  SINCE SEP 1    166           342   -176      125
  SINCE JUL 1    184           358   -174      126

 COOLING
  TODAY            0             0      0        7
  MONTH TO DATE   17             7     10       17
  SINCE SEP 1    149            63     86      118
  SINCE JAN 1    765           674     91      912
......................................................


WIND (MPH)
  RESULTANT WIND SPEED  10   RESULTANT WIND DIRECTION   S (200)
  HIGHEST WIND SPEED    12   HIGHEST WIND DIRECTION     S (200)
  HIGHEST GUST SPEED    15   HIGHEST GUST DIRECTION     S (190)
  AVERAGE WIND SPEED    10.4


SKY COVER
  AVERAGE SKY COVER 0.0


WEATHER CONDITIONS
 THE FOLLOWING WEATHER WAS RECORDED TODAY.
  NO SIGNIFICANT WEATHER WAS OBSERVED.


RELATIVE HUMIDITY (PERCENT)
 HIGHEST    71           800 AM
 LOWEST     71           800 AM
 AVERAGE    71

..........................................................


THE KALAMAZOO MI CLIMATE NORMALS FOR TOMORROW
                         NORMAL
 MAXIMUM TEMPERATURE (F)   60
 MINIMUM TEMPERATURE (F)   41


SUNRISE AND SUNSET
OCTOBER 17 2017.......SUNRISE   758 AM EDT   SUNSET   657 PM EDT
OCTOBER 18 2017.......SUNRISE   759 AM EDT   SUNSET   655 PM EDT


-  INDICATES NEGATIVE NUMBERS.
R  INDICATES RECORD WAS SET OR TIED.
MM INDICATES DATA IS MISSING.
T  INDICATES TRACE AMOUNT.




$$
