000
CDUS43 KGRR 180512
CLIAZO


CLIMATE REPORT
NATIONAL WEATHER SERVICE GRAND RAPIDS, MI
111 AM EDT FRI APR 18 2014


...................................

...THE KALAMAZOO MI CLIMATE SUMMARY FOR APRIL 17 2014...

CLIMATE NORMAL PERIOD 1981 TO 2010
CLIMATE RECORD PERIOD 9999 TO 9999


WEATHER ITEM   OBSERVED TIME   NORMAL DEPARTURE LAST
                VALUE   (LST)  VALUE  FROM      YEAR
                                      NORMAL
......................................................
TEMPERATURE (F)
 YESTERDAY
  MAXIMUM         67    412 PM  61      6       57
  MINIMUM         36    632 AM  39     -3       42
  AVERAGE         52            50      2       50

PRECIPITATION (IN)
  YESTERDAY        0.00          0.11  -0.11     0.66
  MONTH TO DATE    1.28          1.66  -0.38     3.47
  SINCE MAR 1      2.53          3.91  -1.38     4.15
  SINCE JAN 1      5.06          7.15  -2.09     8.81

DEGREE DAYS
 HEATING
  YESTERDAY       13            15     -2       15
  MONTH TO DATE  341           316     25      360
  SINCE MAR 1   1500          1200    300     1380
  SINCE JUL 1   6668          5973    695     5930

 COOLING
  YESTERDAY        0             0      0        0
  MONTH TO DATE    0             0      0        0
  SINCE MAR 1      0             0      0        0
  SINCE JAN 1      0             0      0        0
......................................................


WIND (MPH)
  RESULTANT WIND SPEED   7   RESULTANT WIND DIRECTION   S (180)
  HIGHEST WIND SPEED    24   HIGHEST WIND DIRECTION     S (200)
  HIGHEST GUST SPEED    29   HIGHEST GUST DIRECTION    SW (210)
  AVERAGE WIND SPEED     9.8


SKY COVER
  AVERAGE SKY COVER 0.0


WEATHER CONDITIONS
 THE FOLLOWING WEATHER WAS RECORDED YESTERDAY.
  NO SIGNIFICANT WEATHER WAS OBSERVED.


RELATIVE HUMIDITY (PERCENT)
 HIGHEST    70          1200 AM
 LOWEST     28           200 PM
 AVERAGE    49

..........................................................


THE KALAMAZOO MI CLIMATE NORMALS FOR TODAY
                         NORMAL
 MAXIMUM TEMPERATURE (F)   61
 MINIMUM TEMPERATURE (F)   39


SUNRISE AND SUNSET
APRIL 18 2014.........SUNRISE   657 AM EDT   SUNSET   827 PM EDT
APRIL 19 2014.........SUNRISE   655 AM EDT   SUNSET   828 PM EDT


-  INDICATES NEGATIVE NUMBERS.
R  INDICATES RECORD WAS SET OR TIED.
MM INDICATES DATA IS MISSING.
T  INDICATES TRACE AMOUNT.




$$
