000
CDUS41 KOKX 302032
CLIBDR


CLIMATE REPORT
NATIONAL WEATHER SERVICE NEW YORK NY
432 PM EDT SUN AUG 30 2015


...................................

...THE BRIDGEPORT CT CLIMATE SUMMARY FOR AUGUST 30 2015...
VALID TODAY AS OF 0400 PM LOCAL TIME.

CLIMATE NORMAL PERIOD 1981 TO 2010
CLIMATE RECORD PERIOD 1948 TO 2015


WEATHER ITEM   OBSERVED TIME   RECORD YEAR NORMAL DEPARTURE LAST
                VALUE   (LST)  VALUE       VALUE  FROM      YEAR
                                                  NORMAL
..................................................................
TEMPERATURE (F)
 TODAY
  MAXIMUM         86    259 PM  96    1953  79      7       79
  MINIMUM         69    546 AM  46    1986  64      5       66
  AVERAGE         78                        71      7       73

PRECIPITATION (IN)
  TODAY            0.00          2.42 1985   0.11  -0.11     0.00
  MONTH TO DATE    1.89                      3.85  -1.96     2.05
  SINCE JUN 1      9.29                     10.92  -1.63     9.52
  SINCE JAN 1     23.59                     28.79  -5.20    31.18

SNOWFALL (IN)
  TODAY            0.0           0.0  2002   0.0    0.0      0.0
                                      2001
  MONTH TO DATE    0.0                       0.0    0.0      0.0
  SINCE OCT 1     59.7                      27.6   32.1     57.4
  SINCE JUL 1      0.0                       0.0    0.0      0.0
  SNOW DEPTH       0

DEGREE DAYS
 HEATING
  TODAY            0                         0      0        0
  MONTH TO DATE    0                         0      0        0
  SINCE JUN 1     52                        33     19        4
  SINCE JUL 1      0                         1     -1        0

 COOLING
  TODAY           13                         7      6        8
  MONTH TO DATE  336                       256     80      228
  SINCE JUN 1    850                       688    162      697
  SINCE JAN 1    904                       712    192      720
..................................................................


WIND (MPH)
  HIGHEST WIND SPEED    14   HIGHEST WIND DIRECTION    SW (220)
  HIGHEST GUST SPEED    16   HIGHEST GUST DIRECTION    SW (230)
  AVERAGE WIND SPEED     8.6


SKY COVER
  AVERAGE SKY COVER 0.0


WEATHER CONDITIONS
 THE FOLLOWING WEATHER WAS RECORDED TODAY.
  NO SIGNIFICANT WEATHER WAS OBSERVED.


RELATIVE HUMIDITY (PERCENT)
 HIGHEST    79           400 AM
 LOWEST     51           200 PM
 AVERAGE    65

..........................................................


THE BRIDGEPORT CT CLIMATE NORMALS FOR TOMORROW
                         NORMAL    RECORD    YEAR
 MAXIMUM TEMPERATURE (F)   79        94      2010
                                             1953
 MINIMUM TEMPERATURE (F)   64        50      1976
                                             1965


SUNRISE AND SUNSET
AUGUST 30 2015........SUNRISE   617 AM EDT   SUNSET   729 PM EDT
AUGUST 31 2015........SUNRISE   618 AM EDT   SUNSET   727 PM EDT


-  INDICATES NEGATIVE NUMBERS.
R  INDICATES RECORD WAS SET OR TIED.
MM INDICATES DATA IS MISSING.
T  INDICATES TRACE AMOUNT.




$$
