000
CDAK48 PABE 242327
CLIBET

CLIMATE REPORT
NATIONAL WEATHER SERVICE BETHEL, AK
327 PM AKDT THU APR 24 2014

...................................
...THE BETHEL AP CLIMATE SUMMARY FOR APRIL 24 2014...
VALID TODAY AS OF 2:00 PM LOCAL TIME

CLIMATE NORMAL PERIOD  1981 TO  2010
CLIMATE RECORD PERIOD  1948 TO  2014

WEATHER ITEM   OBSERVED TIME    RECORD YEAR NORMAL DEPARTURE LAST
               VALUE    (LST)   VALUE       VALUE  FROM      YEAR
                                                   NORMAL
...................................................................
TEMPERATURE
TODAY
 MAXIMUM            51  0157 PM    57  1998     40      11     32
 MINIMUM            26  0701 AM     1  1960     24       2     21
 AVERAGE            39                          32       7     27

PRECIPITATION
(INCHES)
 TODAY            0.00           0.25  1995   0.03   -0.03   0.00
 MONTH TO DATE    0.31                        0.57   -0.26   0.03
 SINCE MAR 1      0.79                        1.28   -0.49   0.81
 SINCE JAN 1      2.37                        2.78   -0.41   3.10

SNOWFALL
(INCHES)
 TODAY             0.0            1.6  1976    0.1    -0.1    0.0
 MONTH TO DATE     1.0                         4.9    -3.9    0.4
 SINCE MAR 1       5.7                        13.1    -7.4    6.2
 SINCE JUL 1      27.8                        58.9   -31.1   41.4
 SNOW DEPTH (IN)     0                                          1

DEGREE DAYS
 HEATING
  TODAY             26                          33      -7     38
  MONTH TO DATE    793                         953    -160   1193
  SINCE MAR 1     2406                        2497     -91   2820
  SINCE JUL 1     9871                       11243   -1372  12060

 COOLING
  TODAY              0                           0       0      0
  MONTH TO DATE      0                           0       0      0
  SINCE MAR 1        0                           0       0      0
  SINCE JAN 1        0                           0       0      0
...................................................................

WIND (MPH)
 HIGHEST WIND SPEED    14     HIGHEST WIND DIRECTION    330
 HIGHEST GUST SPEED    16     HIGHEST GUST DIRECTION    330
 AVERAGE WIND SPEED    MM

SKY COVER
  POSSIBLE SUNSHINE  MM            AVERAGE SKY COVER MM

WEATHER CONDITIONS
 THE FOLLOWING WEATHER WAS RECORDED TODAY.
FOG


RELATIVE HUMIDITY
 HIGHEST RH     MM PERCENT       MM
 LOWEST  RH     MM PERCENT       MM
 AVERAGE RH     MM PERCENT       MM
...................................................................

THE BETHEL CLIMATE NORMALS FOR TOMORROW
                        NORMAL    RECORD   YEAR
 MAXIMUM TEMPERATURE      40        56     1998
 MINIMUM TEMPERATURE      25        -3     1964

SUNRISE AND SUNSET
 APR 24 2014..........SUNRISE  7:01 AM      SUNSET 10:33 PM
 APR 25 2014..........SUNRISE  6:58 AM      SUNSET 10:35 PM

-  INDICATES NEGATIVE NUMBERS.
R  INDICATES RECORD HAS BEEN SET OR TIED.
MM INDICATES DATA IS MISSING.
T  INDICATES TRACE OF PRECIPITATION.

&&
-------------------------------------------------------------------

AMOUNT OF DAYLIGHT TODAY  (HOUR:MIN)........15 HOURS 32 MINUTES
GAIN/LOSS SINCE YESTERDAY (HOUR:MIN:SEC)....+0:05:32

$$
DPA APR 14
