911
CDAK48 PAFC 031255 RRA
CLIBET

CLIMATE REPORT
NATIONAL WEATHER SERVICE ANCHORAGE, AK
354 AM AKST SAT DEC 3 2016


...................................

...THE BETHEL CLIMATE SUMMARY FOR DECEMBER 2 2016...

CLIMATE NORMAL PERIOD 1981 TO 2010
CLIMATE RECORD PERIOD 1948 TO 2016


WEATHER ITEM   OBSERVED TIME   RECORD YEAR NORMAL DEPARTURE LAST
                VALUE   (LST)  VALUE       VALUE  FROM      YEAR
                                                  NORMAL
..................................................................
TEMPERATURE (F)
 YESTERDAY
  MAXIMUM          4    619 PM  40    1928  20    -16        9
  MINIMUM        -18    230 AM -40    1939   7    -25       -2
  AVERAGE         -7                        13    -20        4

PRECIPITATION (IN)
  YESTERDAY        T             0.61 1994   0.04  -0.04      T
  MONTH TO DATE    T                         0.08  -0.08      T
  SINCE DEC 1      T                         0.08  -0.08      T
  SINCE JAN 1     15.30                     17.50  -2.20    17.77

SNOWFALL (IN)
  YESTERDAY        T             6.1  1994   0.4   -0.4       T
  MONTH TO DATE    T                         0.8   -0.8       T
  SINCE DEC 1      T                         0.8   -0.8       T
  SINCE JUL 1      3.6                      18.7  -15.1      9.4
  SNOW DEPTH       2

DEGREE DAYS
 HEATING
  YESTERDAY       72                        52     20       61
  MONTH TO DATE  149                       104     45      117
  SINCE DEC 1    149                       104     45      117
  SINCE JUL 1   3377                      3827   -450     3329

 COOLING
  YESTERDAY        0                         0      0        0
  MONTH TO DATE    0                         0      0        0
  SINCE DEC 1      0                         0      0        0
  SINCE JAN 1     13                         4      9       11
..................................................................


WIND (MPH)
  RESULTANT WIND SPEED   4   RESULTANT WIND DIRECTION   S (200)
  HIGHEST WIND SPEED    12   HIGHEST WIND DIRECTION    NW (310)
  HIGHEST GUST SPEED    14   HIGHEST GUST DIRECTION    NE (40)
  AVERAGE WIND SPEED     6.5



WEATHER CONDITIONS
 THE FOLLOWING WEATHER WAS RECORDED YESTERDAY.
  LIGHT SNOW
  FOG


RELATIVE HUMIDITY (PERCENT)
 HIGHEST    95
 LOWEST     74
 AVERAGE    85

..........................................................


THE BETHEL CLIMATE NORMALS FOR TODAY
                         NORMAL    RECORD    YEAR
 MAXIMUM TEMPERATURE (F)   20        39      1958
 MINIMUM TEMPERATURE (F)    6       -32      1939


SUNRISE AND SUNSET
DECEMBER  3 2016......SUNRISE  1035 AM AKST  SUNSET   440 PM AKST
DECEMBER  4 2016......SUNRISE  1036 AM AKST  SUNSET   439 PM AKST

CIVIL TWILIGHT
DECEMBER 3 2016         START    938 AM GMT     END    538 PM GMT
DECEMBER 4 2016         START    939 AM GMT     END    537 PM GMT



-  INDICATES NEGATIVE NUMBERS.
R  INDICATES RECORD WAS SET OR TIED.
MM INDICATES DATA IS MISSING.
T  INDICATES TRACE AMOUNT.




$$
&&
------------------------------------------------------
AMOUNT OF DAYLIGHT TODAY  (HOUR:MIN)........ 6:05
GAIN/LOSS SINCE YESTERDAY (HOUR:MIN:SEC)....-0:03:09
