664
CDAK48 PAFC 221303
CLIBET


CLIMATE REPORT
NATIONAL WEATHER SERVICE ANCHORAGE, AK
502 AM AKDT SUN OCT 22 2017


...................................

...THE BETHEL CLIMATE SUMMARY FOR OCTOBER 21 2017...

CLIMATE NORMAL PERIOD 1981 TO 2010
CLIMATE RECORD PERIOD 1948 TO 2017


WEATHER ITEM   OBSERVED TIME   RECORD YEAR NORMAL DEPARTURE LAST
                VALUE   (LST)  VALUE       VALUE  FROM      YEAR
                                                  NORMAL
..................................................................
TEMPERATURE (F)
 YESTERDAY
  MAXIMUM         31        MM  54    1926  33     -2       34
  MINIMUM         15        MM   3    1928  22     -7       20
                                      1924
  AVERAGE         23                        28     -5       27

PRECIPITATION (IN)
  YESTERDAY        0.00          0.34 1957   0.04  -0.04     0.00
  MONTH TO DATE    2.81                      1.20   1.61     0.37
  SINCE SEP 1      5.49                      3.95   1.54     3.54
  SINCE JAN 1     20.42                     15.37   5.05    14.46

SNOWFALL (IN)
  YESTERDAY        0.0           1.5  1985   0.2   -0.2      0.0
  MONTH TO DATE    T                         2.2   -2.2       T
  SINCE SEP 1      T                         2.8   -2.8       T
  SINCE JUL 1      T                         2.8   -2.8       T
  SNOW DEPTH       0

DEGREE DAYS
 HEATING
  YESTERDAY       42                        38      4       38
  MONTH TO DATE  563                       675   -112      525
  SINCE SEP 1   1133                      1257   -124     1012
  SINCE JUL 1   1684                      1893   -209     1374

 COOLING
  YESTERDAY        0                         0      0        0
  MONTH TO DATE    0                         0      0        0
  SINCE SEP 1      0                         0      0        0
  SINCE JAN 1      6                         4      2       13
..................................................................


WIND (MPH)
  RESULTANT WIND SPEED   8   RESULTANT WIND DIRECTION   S (180)
  HIGHEST WIND SPEED    14   HIGHEST WIND DIRECTION     S (200)
  HIGHEST GUST SPEED    MM   HIGHEST GUST DIRECTION    MM
  AVERAGE WIND SPEED     8.3



WEATHER CONDITIONS
 THE FOLLOWING WEATHER WAS RECORDED YESTERDAY.
  NO SIGNIFICANT WEATHER WAS OBSERVED.


RELATIVE HUMIDITY (PERCENT)
 HIGHEST   100
 LOWEST     69
 AVERAGE    85

..........................................................


THE BETHEL CLIMATE NORMALS FOR TODAY
                         NORMAL    RECORD    YEAR
 MAXIMUM TEMPERATURE (F)   32        51      1926
 MINIMUM TEMPERATURE (F)   22         3      1970


SUNRISE AND SUNSET
OCTOBER 22 2017.......SUNRISE   948 AM AKDT  SUNSET   714 PM AKDT
OCTOBER 23 2017.......SUNRISE   950 AM AKDT  SUNSET   711 PM AKDT


-  INDICATES NEGATIVE NUMBERS.
R  INDICATES RECORD WAS SET OR TIED.
MM INDICATES DATA IS MISSING.
T  INDICATES TRACE AMOUNT.




$$
