000
CDAK48 PABE 301140
CLIBET

CLIMATE REPORT
NATIONAL WEATHER SERVICE BETHEL, AK
341 AM AKDT TUE JUN 30 2015

...................................
...THE BETHEL AP CLIMATE SUMMARY FOR JUNE 29 2015...

CLIMATE NORMAL PERIOD  1981 TO  2010
CLIMATE RECORD PERIOD  1923 TO  2015

WEATHER ITEM   OBSERVED TIME    RECORD YEAR NORMAL DEPARTURE LAST
               VALUE    (LST)   VALUE       VALUE  FROM      YEAR
                                                   NORMAL
...................................................................
TEMPERATURE
YESTERDAY
 MAXIMUM            73  0458 PM    87  1934     64       9     53
 MINIMUM            49  0346 AM    37  1968     48       1     45
 AVERAGE            61                          56       5     49

PRECIPITATION
(INCHES)
 YESTERDAY        0.00           0.95  1963   0.06   -0.06   0.18
 MONTH TO DATE    0.28                        1.66   -1.38   1.52
 SINCE JUN 1      0.28                        1.66   -1.38   1.52
 SINCE JAN 1      4.68                        5.75   -1.07   4.56

SNOWFALL
(INCHES)
 YESTERDAY         0.0            0.0  2015    0.0     0.0    0.0
 MONTH TO DATE     0.0                         0.0     0.0    0.0
 SINCE JUN 1       0.0                         0.0     0.0    0.0
 SINCE JUL 1      42.1                        61.8   -19.7   27.8
 SNOW DEPTH (IN)     0                                          0

DEGREE DAYS
 HEATING
  YESTERDAY          4                           9      -5     16
  MONTH TO DATE    231                         368    -137    407
  SINCE JUN 1      231                         368    -137    407
  SINCE JUL 1    10972                       12516   -1544  11074

 COOLING
  YESTERDAY          0                           0       0      0
  MONTH TO DATE     10                           0      10      0
  SINCE JUN 1       10                           0      10      0
  SINCE JAN 1       10                           0      10      0
...................................................................

WIND (MPH)
 HIGHEST WIND SPEED    23     HIGHEST WIND DIRECTION    320
 HIGHEST GUST SPEED    28     HIGHEST GUST DIRECTION    310
 AVERAGE WIND SPEED   8.7

SKY COVER
  POSSIBLE SUNSHINE    MM          AVERAGE SKY COVER     MM

WEATHER CONDITIONS
 THE FOLLOWING WEATHER WAS RECORDED YESTERDAY.
  SMOKE OR HAZE
FOG


RELATIVE HUMIDITY
 HIGHEST RH     MM PERCENT       MM
 LOWEST  RH     MM PERCENT       MM
 AVERAGE RH     MM PERCENT       MM
...................................................................

THE BETHEL CLIMATE NORMALS FOR TODAY
                           NORMAL    RECORD   YEAR
 MAXIMUM TEMPERATURE (F)     64        86     1934
 MINIMUM TEMPERATURE (F)     48        36     1981

SUNRISE AND SUNSET
 JUN 30 2015..........SUNRISE  5:20 AM      SUNSET 12:22 AM
 JUL 1 2015..........SUNRISE  5:21 AM      SUNSET 12:22 AM

-  INDICATES NEGATIVE NUMBERS.
R  INDICATES RECORD HAS BEEN SET OR TIED.
MM INDICATES DATA IS MISSING.
T  INDICATES TRACE OF PRECIPITATION.

&&
-------------------------------------------------------------------

AMOUNT OF DAYLIGHT TODAY  (HOUR:MIN)........19 HOURS 2 MINUTES
GAIN/LOSS SINCE YESTERDAY (HOUR:MIN:SEC)....-0:01:36

$$
DAC
