000
CDAK48 PABE 212155
CLIBET

CLIMATE REPORT
NATIONAL WEATHER SERVICE BETHEL, AK
155 PM AKDT MON JUL 21 2014

...................................
...THE BETHEL AP CLIMATE SUMMARY FOR JULY 21 2014...
VALID TODAY AS OF 2:00 PM LOCAL TIME

CLIMATE NORMAL PERIOD  1981 TO  2010
CLIMATE RECORD PERIOD  1923 TO  2014

WEATHER ITEM   OBSERVED TIME    RECORD YEAR NORMAL DEPARTURE LAST
               VALUE    (LST)   VALUE       VALUE  FROM      YEAR
                                                   NORMAL
...................................................................
TEMPERATURE
TODAY
 MAXIMUM            59  1233 PM    82  1993     63      -4     68
 MINIMUM            40  0444 AM    39  1965     49      -9     52
 AVERAGE            50                          56      -6     60

PRECIPITATION
(INCHES)
 TODAY            0.00           0.87  1928   0.09   -0.09   0.00
 MONTH TO DATE    2.27                        1.44    0.83   2.22
 SINCE JUN 1      3.79                        3.16    0.63   3.83
 SINCE JAN 1      6.83                        7.25   -0.42   7.13

SNOWFALL
(INCHES)
 TODAY             0.0            0.0  2014    0.0     0.0    0.0
 MONTH TO DATE     0.0                         0.0     0.0    0.0
 SINCE JUN 1       0.0                         0.0     0.0    0.0
 SINCE JUL 1       0.0                         0.0     0.0    0.0
 SNOW DEPTH (IN)     0                                          0

DEGREE DAYS
 HEATING
  TODAY             15                           9       6      5
  MONTH TO DATE    183                         189      -6    238
  SINCE JUN 1      603                         566      37    526
  SINCE JUL 1      183                         189      -6    238

 COOLING
  TODAY              0                           0       0      0
  MONTH TO DATE      0                           0       0      0
  SINCE JUN 1        0                           0       0      7
  SINCE JAN 1        0                           0       0      7
...................................................................

WIND (MPH)
 HIGHEST WIND SPEED    20     HIGHEST WIND DIRECTION    200
 HIGHEST GUST SPEED    26     HIGHEST GUST DIRECTION    210
 AVERAGE WIND SPEED    MM

SKY COVER
  POSSIBLE SUNSHINE  MM            AVERAGE SKY COVER MM

WEATHER CONDITIONS
 THE FOLLOWING WEATHER WAS RECORDED TODAY.
FOG


RELATIVE HUMIDITY
 HIGHEST RH     MM PERCENT       MM
 LOWEST  RH     MM PERCENT       MM
 AVERAGE RH     MM PERCENT       MM
...................................................................

THE BETHEL CLIMATE NORMALS FOR TOMORROW
                        NORMAL    RECORD   YEAR
 MAXIMUM TEMPERATURE      63        79     1980
 MINIMUM TEMPERATURE      49        38     1942

SUNRISE AND SUNSET
 JUL 21 2014..........SUNRISE  5:57 AM      SUNSET 11:49 PM
 JUL 22 2014..........SUNRISE  6:00 AM      SUNSET 11:47 PM

-  INDICATES NEGATIVE NUMBERS.
R  INDICATES RECORD HAS BEEN SET OR TIED.
MM INDICATES DATA IS MISSING.
T  INDICATES TRACE OF PRECIPITATION.

&&
-------------------------------------------------------------------

AMOUNT OF DAYLIGHT TODAY  (HOUR:MIN)........17 HOURS 52 MINUTES
GAIN/LOSS SINCE YESTERDAY (HOUR:MIN:SEC)....-0:04:26

$$
BW JUL 14
