000
CDAK48 PABE 021110
CLIBET

CLIMATE REPORT
NATIONAL WEATHER SERVICE BETHEL, AK
310 AM AKDT THU OCT 2 2014

...................................
...THE BETHEL AP CLIMATE SUMMARY FOR OCTOBER 1 2014...

CLIMATE NORMAL PERIOD  1981 TO  2010
CLIMATE RECORD PERIOD  1923 TO  2014

WEATHER ITEM   OBSERVED TIME    RECORD YEAR NORMAL DEPARTURE LAST
               VALUE    (LST)   VALUE       VALUE  FROM      YEAR
                                                   NORMAL
...................................................................
TEMPERATURE
YESTERDAY
 MAXIMUM            51  0348 PM    63  1954     45       6     39
 MINIMUM            29  0655 AM    18  1970     32      -3     21
 AVERAGE            40                          38       2     30

PRECIPITATION
(INCHES)
 YESTERDAY        0.00           1.22  1949   0.07   -0.07   0.00
 MONTH TO DATE    0.00                        0.07   -0.07   0.00
 SINCE SEP 1      1.26                        2.82   -1.56   2.52
 SINCE JAN 1     10.57                       14.24   -3.67  13.00

SNOWFALL
(INCHES)
 YESTERDAY         0.0            0.4  2010    0.1    -0.1    0.0
 MONTH TO DATE     0.0                         0.1    -0.1    0.0
 SINCE SEP 1       0.0                         0.7    -0.7    0.0
 SINCE JUL 1       0.0                         0.7    -0.7      T
 SNOW DEPTH (IN)     0                                          0

DEGREE DAYS
 HEATING
  YESTERDAY         25                          27      -2     35
  MONTH TO DATE     25                          27      -2     35
  SINCE SEP 1      528                         611     -83    646
  SINCE JUL 1     1049                        1253    -204   1230

 COOLING
  YESTERDAY          0                           0       0      0
  MONTH TO DATE      0                           0       0      0
  SINCE SEP 1        0                           0       0      0
  SINCE JAN 1        0                           0       0     18
...................................................................

WIND (MPH)
 HIGHEST WIND SPEED    21     HIGHEST WIND DIRECTION     10
 HIGHEST GUST SPEED    26     HIGHEST GUST DIRECTION     10
 AVERAGE WIND SPEED  10.8

SKY COVER
  POSSIBLE SUNSHINE    MM          AVERAGE SKY COVER     MM

WEATHER CONDITIONS
 THE FOLLOWING WEATHER WAS RECORDED YESTERDAY.
  NO SIGNIFICANT WEATHER WAS OBSERVED.

RELATIVE HUMIDITY
 HIGHEST RH     MM PERCENT       MM
 LOWEST  RH     MM PERCENT       MM
 AVERAGE RH     MM PERCENT       MM
...................................................................

THE BETHEL CLIMATE NORMALS FOR TODAY
                           NORMAL    RECORD   YEAR
 MAXIMUM TEMPERATURE (F)     44        65     1954
 MINIMUM TEMPERATURE (F)     32        20     1978

SUNRISE AND SUNSET
 OCT 2 2014..........SUNRISE  8:57 AM      SUNSET  8:16 PM
 OCT 3 2014..........SUNRISE  9:00 AM      SUNSET  8:13 PM

-  INDICATES NEGATIVE NUMBERS.
R  INDICATES RECORD HAS BEEN SET OR TIED.
MM INDICATES DATA IS MISSING.
T  INDICATES TRACE OF PRECIPITATION.

&&
-------------------------------------------------------------------

AMOUNT OF DAYLIGHT TODAY  (HOUR:MIN)........11 HOURS 19 MINUTES
GAIN/LOSS SINCE YESTERDAY (HOUR:MIN:SEC)....-0:05:34

$$
DPA OCT 14
