090
CDAK48 PABE 061236
CLIBET

CLIMATE REPORT
NATIONAL WEATHER SERVICE BETHEL, AK
336 AM AKST SAT FEB 6 2016

...................................
...THE BETHEL AP CLIMATE SUMMARY FOR FEBRUARY 5 2016...

CLIMATE NORMAL PERIOD  1981 TO  2010
CLIMATE RECORD PERIOD  1948 TO  2016

WEATHER ITEM   OBSERVED TIME    RECORD YEAR NORMAL DEPARTURE LAST
               VALUE    (LST)   VALUE       VALUE  FROM      YEAR
                                                   NORMAL
...................................................................
TEMPERATURE
YESTERDAY
 MAXIMUM            32  1159 PM    42  1995     15      17      4
 MINIMUM            12  0725 AM   -37  1990      3       9      0
 AVERAGE            22                           9      13      2

PRECIPITATION
(INCHES)
 YESTERDAY        0.01           0.58  1932   0.03   -0.02   0.00
 MONTH TO DATE    0.01                        0.13   -0.12   0.02
 SINCE DEC 1      1.48                        2.03   -0.55   2.12
 SINCE JAN 1      0.24                        0.91   -0.67   0.53

SNOWFALL
(INCHES)
 YESTERDAY         0.1            4.1  2001    0.2    -0.1    0.0
 MONTH TO DATE     0.1                         1.2    -1.1    0.6
 SINCE DEC 1      15.9                        22.2    -6.3    8.3
 SINCE JUL 1      25.3                        40.1   -14.8   20.5
 SNOW DEPTH (IN)     2                                          2

DEGREE DAYS
 HEATING
  YESTERDAY         43                          56     -13     63
  MONTH TO DATE    220                         282     -62    299
  SINCE DEC 1     3136                        3788    -652   3465
  SINCE JUL 1     6424                        7518   -1094   6745

 COOLING
  YESTERDAY          0                           0       0      0
  MONTH TO DATE      0                           0       0      0
  SINCE DEC 1        0                           0       0      0
  SINCE JAN 1        0                           0       0      0
...................................................................

WIND (MPH)
 HIGHEST WIND SPEED    22     HIGHEST WIND DIRECTION     40
 HIGHEST GUST SPEED    28     HIGHEST GUST DIRECTION     30
 AVERAGE WIND SPEED  13.5

WEATHER CONDITIONS
 THE FOLLOWING WEATHER WAS RECORDED YESTERDAY.
 SMOKE OR HAZE
 FOG
 SNOW

...................................................................

THE BETHEL CLIMATE NORMALS FOR TODAY
                           NORMAL    RECORD   YEAR
 MAXIMUM TEMPERATURE (F)     16        42     1929
 MINIMUM TEMPERATURE (F)      3       -35     1925

SUNRISE AND SUNSET
 FEB 6 2016..........SUNRISE  9:54 AM      SUNSET  6:11 PM
 FEB 7 2016..........SUNRISE  9:51 AM      SUNSET  6:14 PM

-  INDICATES NEGATIVE NUMBERS.
R  INDICATES RECORD HAS BEEN SET OR TIED.
MM INDICATES DATA IS MISSING.
T  INDICATES TRACE OF PRECIPITATION.

&&
-------------------------------------------------------------------

AMOUNT OF DAYLIGHT TODAY  (HOUR:MIN)........8 HOURS 17 MINUTES
GAIN SINCE YESTERDAY (HOUR:MIN:SEC)....+0:05:20

$$
CR FEB 16
