000
CDAK48 PAFC 201340
CLIBET


CLIMATE REPORT
NATIONAL WEATHER SERVICE ANCHORAGE, AK
440 AM AKST SAT JAN 20 2018


...................................

...THE BETHEL CLIMATE SUMMARY FOR JANUARY 19 2018...

CLIMATE NORMAL PERIOD 1981 TO 2010
CLIMATE RECORD PERIOD 1948 TO 2018


WEATHER ITEM   OBSERVED TIME   RECORD YEAR NORMAL DEPARTURE LAST
                VALUE   (LST)  VALUE       VALUE  FROM      YEAR
                                                  NORMAL
..................................................................
TEMPERATURE (F)
 YESTERDAY
  MAXIMUM         15    151 AM  46    1937  12      3        1
  MINIMUM          1   1159 PM -52    1947   1      0      -13
  AVERAGE          8                         6      2       -6

PRECIPITATION (IN)
  YESTERDAY        0.00          1.10 1937   0.03  -0.03     0.27
  MONTH TO DATE    0.29                      0.51  -0.22     0.64
  SINCE SEP 1     10.07                      7.63   2.44     5.78
  SINCE JAN 1      0.29                      0.51  -0.22     0.64

SNOWFALL (IN)
  YESTERDAY        0.0           2.7  2017   0.3   -0.3      2.7
  MONTH TO DATE    1.2                       6.3   -5.1      4.3
  SINCE SEP 1     19.6                      35.6  -16.0     15.4
  SINCE JUL 1     19.6                      35.6  -16.0     15.4
  SNOW DEPTH       1

DEGREE DAYS
 HEATING
  YESTERDAY       57                        59     -2       71
  MONTH TO DATE  852                      1116   -264     1085
  SINCE DEC 1   2088                      2810   -722     2674
  SINCE JUL 1   5254                      6533  -1279     5902

 COOLING
  YESTERDAY        0                         0      0        0
  MONTH TO DATE    0                         0      0        0
  SINCE DEC 1      0                         0      0        0
  SINCE JAN 1      0                         0      0        0
..................................................................


WIND (MPH)
  RESULTANT WIND SPEED  17   RESULTANT WIND DIRECTION   N (360)
  HIGHEST WIND SPEED    25   HIGHEST WIND DIRECTION     N (350)
  HIGHEST GUST SPEED    31   HIGHEST GUST DIRECTION     N (340)
  AVERAGE WIND SPEED    17.3



WEATHER CONDITIONS
 THE FOLLOWING WEATHER WAS RECORDED YESTERDAY.
  NO SIGNIFICANT WEATHER WAS OBSERVED.


RELATIVE HUMIDITY (PERCENT)
 HIGHEST    88
 LOWEST     63
 AVERAGE    76

..........................................................


THE BETHEL CLIMATE NORMALS FOR TODAY
                         NORMAL    RECORD    YEAR
 MAXIMUM TEMPERATURE (F)   12        45      1937
 MINIMUM TEMPERATURE (F)    1       -44      1947


SUNRISE AND SUNSET
JANUARY 20 2018.......SUNRISE  1031 AM AKST  SUNSET   526 PM AKST
JANUARY 21 2018.......SUNRISE  1029 AM AKST  SUNSET   529 PM AKST


-  INDICATES NEGATIVE NUMBERS.
R  INDICATES RECORD WAS SET OR TIED.
MM INDICATES DATA IS MISSING.
T  INDICATES TRACE AMOUNT.




$$
