573
CDAK48 PAFC 161252
CLIBET


CLIMATE REPORT
NATIONAL WEATHER SERVICE ANCHORAGE, AK
451 AM AKDT WED AUG 16 2017


...................................

...THE BETHEL CLIMATE SUMMARY FOR AUGUST 15 2017...

CLIMATE NORMAL PERIOD 1981 TO 2010
CLIMATE RECORD PERIOD 1948 TO 2017


WEATHER ITEM   OBSERVED TIME   RECORD YEAR NORMAL DEPARTURE LAST
                VALUE   (LST)  VALUE       VALUE  FROM      YEAR
                                                  NORMAL
..................................................................
TEMPERATURE (F)
 YESTERDAY
  MAXIMUM         56        MM  78    1941  60     -4       69
  MINIMUM         49        MM  35    1986  47      2       55
  AVERAGE         53                        54     -1       62

PRECIPITATION (IN)
  YESTERDAY        0.12          1.16 2001   0.10   0.02     0.02
  MONTH TO DATE    3.45                      1.57   1.88     1.24
  SINCE JUN 1      8.45                      5.65   2.80     5.65
  SINCE JAN 1     13.42                      9.74   3.68     8.89

SNOWFALL (IN)
  YESTERDAY        0.0          MM      MM   0.0    0.0      0.0
  MONTH TO DATE    0.0                       0.0    0.0      0.0
  SINCE JUN 1      0.0                       T      0.0      0.0
  SINCE JUL 1      0.0                       0.0    0.0      0.0
  SNOW DEPTH       0

DEGREE DAYS
 HEATING
  YESTERDAY       12                        11      1        3
  MONTH TO DATE  103                       159    -56       93
  SINCE JUN 1    593                       815   -222      530
  SINCE JUL 1    318                       437   -119      257

 COOLING
  YESTERDAY        0                         0      0        0
  MONTH TO DATE    3                         0      3        0
  SINCE JUN 1      6                         3      3       13
  SINCE JAN 1      6                         3      3       13
..................................................................


WIND (MPH)
  RESULTANT WIND SPEED   4   RESULTANT WIND DIRECTION   W (280)
  HIGHEST WIND SPEED     8   HIGHEST WIND DIRECTION     W (270)
  HIGHEST GUST SPEED    MM   HIGHEST GUST DIRECTION    MM
  AVERAGE WIND SPEED     5.2



WEATHER CONDITIONS
 THE FOLLOWING WEATHER WAS RECORDED YESTERDAY.
  RAIN
  LIGHT RAIN
  FOG


RELATIVE HUMIDITY (PERCENT)
 HIGHEST    93
 LOWEST     83
 AVERAGE    88

..........................................................


THE BETHEL CLIMATE NORMALS FOR TODAY
                         NORMAL    RECORD    YEAR
 MAXIMUM TEMPERATURE (F)   60        79      1950
 MINIMUM TEMPERATURE (F)   47        34      1981


SUNRISE AND SUNSET
AUGUST 16 2017........SUNRISE   701 AM AKDT  SUNSET  1039 PM AKDT
AUGUST 17 2017........SUNRISE   704 AM AKDT  SUNSET  1036 PM AKDT


-  INDICATES NEGATIVE NUMBERS.
R  INDICATES RECORD WAS SET OR TIED.
MM INDICATES DATA IS MISSING.
T  INDICATES TRACE AMOUNT.




$$
