908
CDAK48 PABE 281309
CLIBET


CLIMATE REPORT
NATIONAL WEATHER SERVICE ANCHORAGE, AK
509 AM AKDT FRI APR 28 2017


...................................

...THE BETHEL CLIMATE SUMMARY FOR APRIL 27 2017...

CLIMATE NORMAL PERIOD 1981 TO 2010
CLIMATE RECORD PERIOD 1948 TO 2017


WEATHER ITEM   OBSERVED TIME   RECORD YEAR NORMAL DEPARTURE LAST
                VALUE   (LST)  VALUE       VALUE  FROM      YEAR
                                                  NORMAL
..................................................................
TEMPERATURE (F)
 YESTERDAY
  MAXIMUM         48    651 PM  59    2014  41      7       56
  MINIMUM         28    602 AM -13    1924  26      2       29
  AVERAGE         38                        33      5       43

PRECIPITATION (IN)
  YESTERDAY        T             0.24 1979   0.03  -0.03     0.00
  MONTH TO DATE    0.41                      0.65  -0.24     0.56
  SINCE MAR 1      0.71                      1.36  -0.65     1.29
  SINCE JAN 1      2.60                      2.86  -0.26     1.68

SNOWFALL (IN)
  YESTERDAY        0.0           1.1  1970   0.1   -0.1      0.0
  MONTH TO DATE    0.9                       5.3   -4.4      0.4
  SINCE MAR 1      3.8                      13.5   -9.7      2.9
  SINCE JUL 1     31.2                      59.3  -28.1     29.9
  SNOW DEPTH       0

DEGREE DAYS
 HEATING
  YESTERDAY       27                        32     -5       22
  MONTH TO DATE  793                      1050   -257      639
  SINCE MAR 1   2618                      2594     24     1951
  SINCE JUL 1  10878                     11332   -454     9208

 COOLING
  YESTERDAY        0                         0      0        0
  MONTH TO DATE    0                         0      0        0
  SINCE MAR 1      0                         0      0        0
  SINCE JAN 1      0                         0      0        0
..................................................................


WIND (MPH)
  RESULTANT WIND SPEED   2   RESULTANT WIND DIRECTION   S (200)
  HIGHEST WIND SPEED    15   HIGHEST WIND DIRECTION    SW (220)
  HIGHEST GUST SPEED    17   HIGHEST GUST DIRECTION    SW (230)
  AVERAGE WIND SPEED     4.2



WEATHER CONDITIONS
 THE FOLLOWING WEATHER WAS RECORDED YESTERDAY.
  LIGHT RAIN
  FOG
  FOG W/VISIBILITY <= 1/4 MILE


RELATIVE HUMIDITY (PERCENT)
 HIGHEST   100
 LOWEST     53
 AVERAGE    77

..........................................................


THE BETHEL CLIMATE NORMALS FOR TODAY
                         NORMAL    RECORD    YEAR
 MAXIMUM TEMPERATURE (F)   42        58      1940
 MINIMUM TEMPERATURE (F)   26       -16      1924


SUNRISE AND SUNSET
APRIL 28 2017.........SUNRISE   648 AM AKDT  SUNSET  1043 PM AKDT
APRIL 29 2017.........SUNRISE   645 AM AKDT  SUNSET  1046 PM AKDT


-  INDICATES NEGATIVE NUMBERS.
R  INDICATES RECORD WAS SET OR TIED.
MM INDICATES DATA IS MISSING.
T  INDICATES TRACE AMOUNT.




$$
