115
CDUS41 KCTP 262119
CLIBFD


CLIMATE REPORT
NATIONAL WEATHER SERVICE STATE COLLEGE PA
519 PM EDT THU MAY 26 2016


...................................

...THE BRADFORD CLIMATE SUMMARY FOR MAY 26 2016...
VALID TODAY AS OF 0500 PM LOCAL TIME.

CLIMATE NORMAL PERIOD 1981 TO 2010
CLIMATE RECORD PERIOD 1957 TO 2016


WEATHER ITEM   OBSERVED TIME   RECORD YEAR NORMAL DEPARTURE LAST
                VALUE   (LST)  VALUE       VALUE  FROM      YEAR
                                                  NORMAL
..................................................................
TEMPERATURE (F)
 TODAY
  MAXIMUM         79    359 PM  85    2012  68     11       75
  MINIMUM         52    545 AM  29    1988  44      8       64
  AVERAGE         66                        56     10       70

PRECIPITATION (IN)
  TODAY            T             0.71 1994   0.13  -0.13     0.07
  MONTH TO DATE    3.21                      3.46  -0.25     1.55
  SINCE MAR 1      9.82                     10.38  -0.56     8.12
  SINCE JAN 1     14.43                     16.02  -1.59    10.96

DEGREE DAYS
 HEATING
  TODAY            0                         6     -6        0
  MONTH TO DATE  366                       218    148      199
  SINCE MAR 1   1801                      1899    -98     1988
  SINCE JUL 1   6501                      7469   -968     7887

 COOLING
  TODAY            1                         0      1        5
  MONTH TO DATE    1                         0      1       35
  SINCE MAR 1      1                         2     -1       35
  SINCE JAN 1      1                         2     -1       35
..................................................................


WIND (MPH)
  HIGHEST WIND SPEED    17   HIGHEST WIND DIRECTION     S (190)
  HIGHEST GUST SPEED    25   HIGHEST GUST DIRECTION     S (180)
  AVERAGE WIND SPEED     5.0


SKY COVER
  POSSIBLE SUNSHINE  MM
  AVERAGE SKY COVER 0.6


WEATHER CONDITIONS
 THE FOLLOWING WEATHER WAS RECORDED TODAY.
  LIGHT RAIN


RELATIVE HUMIDITY (PERCENT)
 HIGHEST    89           100 AM
 LOWEST     43          1200 PM
 AVERAGE    66

..........................................................


THE BRADFORD CLIMATE NORMALS FOR TOMORROW
                         NORMAL    RECORD    YEAR
 MAXIMUM TEMPERATURE (F)   69        84      2010
 MINIMUM TEMPERATURE (F)   44        26      1983


SUNRISE AND SUNSET
MAY 26 2016...........SUNRISE   545 AM EDT   SUNSET   839 PM EDT
MAY 27 2016...........SUNRISE   545 AM EDT   SUNSET   839 PM EDT


-  INDICATES NEGATIVE NUMBERS.
R  INDICATES RECORD WAS SET OR TIED.
MM INDICATES DATA IS MISSING.
T  INDICATES TRACE AMOUNT.




$$
