000
CDUS41 KCTP 190637
CLIBFD


CLIMATE REPORT
NATIONAL WEATHER SERVICE STATE COLLEGE PA
137 AM EST MON FEB 19 2018


...................................

...THE BRADFORD CLIMATE SUMMARY FOR FEBRUARY 18 2018...

CLIMATE NORMAL PERIOD 1981 TO 2010
CLIMATE RECORD PERIOD 1957 TO 2018


WEATHER ITEM   OBSERVED TIME   RECORD YEAR NORMAL DEPARTURE LAST
                VALUE   (LST)  VALUE       VALUE  FROM      YEAR
                                                  NORMAL
..................................................................
TEMPERATURE (F)
 YESTERDAY
  MAXIMUM         36    446 PM  62    2017  33      3       62
  MINIMUM         25   1000 PM -24    1979  15     10       38
  AVERAGE         31                        24      7       50

PRECIPITATION (IN)
  YESTERDAY        0.01          0.64 1976   0.08  -0.07     0.00
  MONTH TO DATE    1.59                      1.50   0.09     1.92
  SINCE DEC 1      7.36                      8.19  -0.83     9.73
  SINCE JAN 1      5.24                      4.79   0.45     6.49

DEGREE DAYS
 HEATING
  YESTERDAY       34                        35     -1       15
  MONTH TO DATE  700                       660     40      679
  SINCE DEC 1   3345                      3236    109     2981
  SINCE JUL 1   4879                      5071   -192     4369

 COOLING
  YESTERDAY        0                         0      0        0
  MONTH TO DATE    0                         0      0        0
  SINCE DEC 1      0                         0      0        0
  SINCE JAN 1      0                         0      0        0
..................................................................


WIND (MPH)
  HIGHEST WIND SPEED    18   HIGHEST WIND DIRECTION    NW (310)
  HIGHEST GUST SPEED    23   HIGHEST GUST DIRECTION    NW (320)
  AVERAGE WIND SPEED     7.8


SKY COVER
  POSSIBLE SUNSHINE  MM
  AVERAGE SKY COVER 0.6


WEATHER CONDITIONS
 THE FOLLOWING WEATHER WAS RECORDED YESTERDAY.
  LIGHT SNOW
  FOG
  HAZE


RELATIVE HUMIDITY (PERCENT)
 HIGHEST    92          1200 AM
 LOWEST     56           300 PM
 AVERAGE    74

..........................................................


THE BRADFORD CLIMATE NORMALS FOR TODAY
                         NORMAL    RECORD    YEAR
 MAXIMUM TEMPERATURE (F)   33        62      1994
 MINIMUM TEMPERATURE (F)   15       -14      1993


SUNRISE AND SUNSET
FEBRUARY 19 2018......SUNRISE   704 AM EST   SUNSET   553 PM EST
FEBRUARY 20 2018......SUNRISE   703 AM EST   SUNSET   554 PM EST


-  INDICATES NEGATIVE NUMBERS.
R  INDICATES RECORD WAS SET OR TIED.
MM INDICATES DATA IS MISSING.
T  INDICATES TRACE AMOUNT.




$$
