000
CDUS41 KCTP 180702
CLIBFD


CLIMATE REPORT
NATIONAL WEATHER SERVICE STATE COLLEGE PA
202 AM EST THU DEC 18 2014


...................................

...THE BRADFORD CLIMATE SUMMARY FOR DECEMBER 17 2014...

CLIMATE NORMAL PERIOD 1981 TO 2010
CLIMATE RECORD PERIOD 1957 TO 2014


WEATHER ITEM   OBSERVED TIME   RECORD YEAR NORMAL DEPARTURE LAST
                VALUE   (LST)  VALUE       VALUE  FROM      YEAR
                                                  NORMAL
..................................................................
TEMPERATURE (F)
 YESTERDAY
  MAXIMUM         39    400 AM  56    1984  32      7       25
  MINIMUM         25   1159 PM  -5    2002  18      7        1
  AVERAGE         32                        25      7       13

PRECIPITATION (IN)
  YESTERDAY        0.11          0.83 2001   0.11   0.00     0.06
  MONTH TO DATE    1.40                      1.96  -0.56     0.68
  SINCE DEC 1      1.40                      1.96  -0.56     0.68
  SINCE JAN 1     41.54                     43.02  -1.48    32.71

DEGREE DAYS
 HEATING
  YESTERDAY       33                        35     -2       52
  MONTH TO DATE  588                       552     36      694
  SINCE DEC 1    588                       552     36      694
  SINCE JUL 1   2406                      2387     19     2482

 COOLING
  YESTERDAY        0                         0      0        0
  MONTH TO DATE    0                         0      0        0
  SINCE DEC 1      0                         0      0        0
  SINCE JAN 1    196                       193      3      334
..................................................................


WIND (MPH)
  HIGHEST WIND SPEED    18   HIGHEST WIND DIRECTION     W (280)
  HIGHEST GUST SPEED    29   HIGHEST GUST DIRECTION     W (290)
  AVERAGE WIND SPEED    11.2


SKY COVER
  POSSIBLE SUNSHINE  MM
  AVERAGE SKY COVER 1.0


WEATHER CONDITIONS
 THE FOLLOWING WEATHER WAS RECORDED YESTERDAY.
  LIGHT RAIN
  LIGHT SNOW
  FOG
  HAZE


RELATIVE HUMIDITY (PERCENT)
 HIGHEST    92           100 AM
 LOWEST     78          1200 PM
 AVERAGE    85

..........................................................


THE BRADFORD CLIMATE NORMALS FOR TODAY
                         NORMAL    RECORD    YEAR
 MAXIMUM TEMPERATURE (F)   32        51      1967
 MINIMUM TEMPERATURE (F)   17        -3      1989


SUNRISE AND SUNSET
DECEMBER 18 2014......SUNRISE   737 AM EST   SUNSET   446 PM EST
DECEMBER 19 2014......SUNRISE   737 AM EST   SUNSET   446 PM EST


-  INDICATES NEGATIVE NUMBERS.
R  INDICATES RECORD WAS SET OR TIED.
MM INDICATES DATA IS MISSING.
T  INDICATES TRACE AMOUNT.




$$
