000
CDUS41 KCTP 300627
CLIBFD


CLIMATE REPORT
NATIONAL WEATHER SERVICE STATE COLLEGE PA
226 AM EDT MON MAR 30 2015


...................................

...THE BRADFORD CLIMATE SUMMARY FOR MARCH 29 2015...

CLIMATE NORMAL PERIOD 1981 TO 2010
CLIMATE RECORD PERIOD 1957 TO 2015


WEATHER ITEM   OBSERVED TIME   RECORD YEAR NORMAL DEPARTURE LAST
                VALUE   (LST)  VALUE       VALUE  FROM      YEAR
                                                  NORMAL
..................................................................
TEMPERATURE (F)
 YESTERDAY
  MAXIMUM         38    447 PM  74    1977  47     -9       43
  MINIMUM          5R   630 AM   9    1959  26    -21       30
  AVERAGE         22                        37    -15       37

PRECIPITATION (IN)
  YESTERDAY        T             0.49 1984   0.11  -0.11     0.42
  MONTH TO DATE    1.89                      3.13  -1.24     2.00
  SINCE MAR 1      1.89                      3.13  -1.24     2.00
  SINCE JAN 1      4.73                      8.77  -4.04     5.53

DEGREE DAYS
 HEATING
  YESTERDAY       43                        23     20       28
  MONTH TO DATE 1106                       815    291     1114
  SINCE MAR 1   1106                       815    291     1114
  SINCE JUL 1   7005                      6385    620     6780

 COOLING
  YESTERDAY        0                         0      0        0
  MONTH TO DATE    0                         0      0        0
  SINCE MAR 1      0                         0      0        0
  SINCE JAN 1      0                         0      0        0
..................................................................


WIND (MPH)
  HIGHEST WIND SPEED    26   HIGHEST WIND DIRECTION    SW (220)
  HIGHEST GUST SPEED    37   HIGHEST GUST DIRECTION    SW (210)
  AVERAGE WIND SPEED     7.1


SKY COVER
  POSSIBLE SUNSHINE  MM
  AVERAGE SKY COVER 0.2


WEATHER CONDITIONS
 THE FOLLOWING WEATHER WAS RECORDED YESTERDAY.
  LIGHT SNOW


RELATIVE HUMIDITY (PERCENT)
 HIGHEST    84           200 AM
 LOWEST     27           500 PM
 AVERAGE    56

..........................................................


THE BRADFORD CLIMATE NORMALS FOR TODAY
                         NORMAL    RECORD    YEAR
 MAXIMUM TEMPERATURE (F)   47        78      1986
 MINIMUM TEMPERATURE (F)   27        10      1964


SUNRISE AND SUNSET
MARCH 30 2015.........SUNRISE   701 AM EDT   SUNSET   738 PM EDT
MARCH 31 2015.........SUNRISE   700 AM EDT   SUNSET   739 PM EDT


-  INDICATES NEGATIVE NUMBERS.
R  INDICATES RECORD WAS SET OR TIED.
MM INDICATES DATA IS MISSING.
T  INDICATES TRACE AMOUNT.




$$
