000
CDUS41 KCTP 210715
CLIBFD


CLIMATE REPORT
NATIONAL WEATHER SERVICE STATE COLLEGE PA
215 AM EST TUE NOV 21 2017


...................................

...THE BRADFORD CLIMATE SUMMARY FOR NOVEMBER 20 2017...

CLIMATE NORMAL PERIOD 1981 TO 2010
CLIMATE RECORD PERIOD 1957 TO 2017


WEATHER ITEM   OBSERVED TIME   RECORD YEAR NORMAL DEPARTURE LAST
                VALUE   (LST)  VALUE       VALUE  FROM      YEAR
                                                  NORMAL
..................................................................
TEMPERATURE (F)
 YESTERDAY
  MAXIMUM         37    431 PM  66    1991  43     -6       29
  MINIMUM         26    742 AM  10    1966  28     -2       25
  AVERAGE         32                        35     -3       27

PRECIPITATION (IN)
  YESTERDAY        0.03          1.14 1970   0.13  -0.10     0.09
  MONTH TO DATE    3.77                      2.43   1.34     0.97
  SINCE SEP 1     11.78                      9.78   2.00    11.37
  SINCE JAN 1     46.93                     39.73   7.20    40.37

DEGREE DAYS
 HEATING
  YESTERDAY       33                        25      8       38
  MONTH TO DATE  586                       431    155      441
  SINCE SEP 1   1145                      1271   -126     1043
  SINCE JUL 1   1254                      1424   -170     1086

 COOLING
  YESTERDAY        0                         0      0        0
  MONTH TO DATE    0                         0      0        0
  SINCE SEP 1     40                        16     24       45
  SINCE JAN 1    264                       193     71      370
..................................................................


WIND (MPH)
  HIGHEST WIND SPEED    20   HIGHEST WIND DIRECTION     W (270)
  HIGHEST GUST SPEED    28   HIGHEST GUST DIRECTION     W (270)
  AVERAGE WIND SPEED    10.0


SKY COVER
  POSSIBLE SUNSHINE  MM
  AVERAGE SKY COVER 0.5


WEATHER CONDITIONS
 THE FOLLOWING WEATHER WAS RECORDED YESTERDAY.
  SNOW
  LIGHT SNOW
  FOG


RELATIVE HUMIDITY (PERCENT)
 HIGHEST    92           200 AM
 LOWEST     54           400 PM
 AVERAGE    73

..........................................................


THE BRADFORD CLIMATE NORMALS FOR TODAY
                         NORMAL    RECORD    YEAR
 MAXIMUM TEMPERATURE (F)   43        58      1991
 MINIMUM TEMPERATURE (F)   28         7      2014


SUNRISE AND SUNSET
NOVEMBER 21 2017......SUNRISE   711 AM EST   SUNSET   449 PM EST
NOVEMBER 22 2017......SUNRISE   713 AM EST   SUNSET   449 PM EST


-  INDICATES NEGATIVE NUMBERS.
R  INDICATES RECORD WAS SET OR TIED.
MM INDICATES DATA IS MISSING.
T  INDICATES TRACE AMOUNT.




$$
