000
CDUS41 KCTP 162117
CLIBFD


CLIMATE REPORT
NATIONAL WEATHER SERVICE STATE COLLEGE PA
516 PM EDT TUE SEP 16 2014


...................................

...THE BRADFORD CLIMATE SUMMARY FOR SEPTEMBER 16 2014...
VALID TODAY AS OF 0500 PM LOCAL TIME.

CLIMATE NORMAL PERIOD 1981 TO 2010
CLIMATE RECORD PERIOD 1957 TO 2014


WEATHER ITEM   OBSERVED TIME   RECORD YEAR NORMAL DEPARTURE LAST
                VALUE   (LST)  VALUE       VALUE  FROM      YEAR
                                                  NORMAL
..................................................................
TEMPERATURE (F)
 TODAY
  MAXIMUM         62    303 PM  86    1991  68     -6       67
  MINIMUM         49    611 AM  27    1959  45      4       41
  AVERAGE         56                        57     -1       54

PRECIPITATION (IN)
  TODAY            0.29          1.01 1983   0.13   0.16     0.06
  MONTH TO DATE    2.04                      2.08  -0.04     1.42
  SINCE SEP 1      2.04                      2.08  -0.04     1.42
  SINCE JAN 1     33.38                     32.03   1.35    22.83

DEGREE DAYS
 HEATING
  TODAY            9                         5      4       11
  MONTH TO DATE   82                        47     35      107
  SINCE SEP 1     82                        47     35      107
  SINCE JUL 1    266                       200     66      243

 COOLING
  TODAY            0                         0      0        0
  MONTH TO DATE   25                        13     12       30
  SINCE SEP 1     25                        13     12       30
  SINCE JAN 1    195                       190      5      325
..................................................................


WIND (MPH)
  HIGHEST WIND SPEED    15   HIGHEST WIND DIRECTION    NW (330)
  HIGHEST GUST SPEED    19   HIGHEST GUST DIRECTION    NW (320)
  AVERAGE WIND SPEED     7.4


SKY COVER
  POSSIBLE SUNSHINE  MM
  AVERAGE SKY COVER 0.9


WEATHER CONDITIONS
 THE FOLLOWING WEATHER WAS RECORDED TODAY.
  HEAVY RAIN
  RAIN
  LIGHT RAIN
  FOG


RELATIVE HUMIDITY (PERCENT)
 HIGHEST    96          1200 AM
 LOWEST     48           300 PM
 AVERAGE    72

..........................................................


THE BRADFORD CLIMATE NORMALS FOR TOMORROW
                         NORMAL    RECORD    YEAR
 MAXIMUM TEMPERATURE (F)   68        79      1965
 MINIMUM TEMPERATURE (F)   45        23      1959


SUNRISE AND SUNSET
SEPTEMBER 16 2014.....SUNRISE   656 AM EDT   SUNSET   722 PM EDT
SEPTEMBER 17 2014.....SUNRISE   657 AM EDT   SUNSET   720 PM EDT


-  INDICATES NEGATIVE NUMBERS.
R  INDICATES RECORD WAS SET OR TIED.
MM INDICATES DATA IS MISSING.
T  INDICATES TRACE AMOUNT.




$$
