000
CDUS41 KCTP 210626
CLIBFD


CLIMATE REPORT
NATIONAL WEATHER SERVICE STATE COLLEGE PA
126 AM EST SAT JAN 21 2017


...................................

...THE BRADFORD CLIMATE SUMMARY FOR JANUARY 20 2017...

CLIMATE NORMAL PERIOD 1981 TO 2010
CLIMATE RECORD PERIOD 1957 TO 2017


WEATHER ITEM   OBSERVED TIME   RECORD YEAR NORMAL DEPARTURE LAST
                VALUE   (LST)  VALUE       VALUE  FROM      YEAR
                                                  NORMAL
..................................................................
TEMPERATURE (F)
 YESTERDAY
  MAXIMUM         46   1159 PM  50    2006  29     17       22
  MINIMUM         31    101 AM -18    1984  14     17       11
  AVERAGE         39                        21     18       17

PRECIPITATION (IN)
  YESTERDAY        0.18          1.04 1978   0.10   0.08      T
  MONTH TO DATE    3.52                      2.17   1.35     1.06
  SINCE DEC 1      6.76                      5.57   1.19     5.86
  SINCE JAN 1      3.52                      2.17   1.35     1.06

DEGREE DAYS
 HEATING
  YESTERDAY       26                        38    -12       48
  MONTH TO DATE  776                       760     16      879
  SINCE DEC 1   1944                      1981    -37     1676
  SINCE JUL 1   3332                      3816   -484     3156

 COOLING
  YESTERDAY        0                         0      0        0
  MONTH TO DATE    0                         0      0        0
  SINCE DEC 1      0                         0      0        0
  SINCE JAN 1      0                         0      0        0
..................................................................


WIND (MPH)
  HIGHEST WIND SPEED    15   HIGHEST WIND DIRECTION    SE (150)
  HIGHEST GUST SPEED    21   HIGHEST GUST DIRECTION    SE (150)
  AVERAGE WIND SPEED     7.0


SKY COVER
  POSSIBLE SUNSHINE  MM
  AVERAGE SKY COVER 0.9


WEATHER CONDITIONS
 THE FOLLOWING WEATHER WAS RECORDED YESTERDAY.
  RAIN
  LIGHT RAIN
  FOG
  FOG W/VISIBILITY <= 1/4 MILE


RELATIVE HUMIDITY (PERCENT)
 HIGHEST   100          1200 AM
 LOWEST    100          1200 AM
 AVERAGE   100

..........................................................


THE BRADFORD CLIMATE NORMALS FOR TODAY
                         NORMAL    RECORD    YEAR
 MAXIMUM TEMPERATURE (F)   29        52      1959
 MINIMUM TEMPERATURE (F)   14       -26      1984


SUNRISE AND SUNSET
JANUARY 21 2017.......SUNRISE   736 AM EST   SUNSET   516 PM EST
JANUARY 22 2017.......SUNRISE   735 AM EST   SUNSET   518 PM EST


-  INDICATES NEGATIVE NUMBERS.
R  INDICATES RECORD WAS SET OR TIED.
MM INDICATES DATA IS MISSING.
T  INDICATES TRACE AMOUNT.




$$
