000
CDUS45 KCYS 160332
CLIBFF


CLIMATE REPORT
NATIONAL WEATHER SERVICE CHEYENNE WY
932 PM MDT MON SEP 15 2014


...................................

...THE SCOTTSBLUFF NEBRASKA AIRPORT CLIMATE SUMMARY FOR SEPTEMBER 15 2014...
VALID TODAY AS OF 0900 PM LOCAL TIME.

CLIMATE NORMAL PERIOD 1981 TO 2010
CLIMATE RECORD PERIOD 1871 TO 2014


WEATHER ITEM   OBSERVED TIME   RECORD YEAR NORMAL DEPARTURE LAST
                VALUE   (LST)  VALUE       VALUE  FROM      YEAR
                                                  NORMAL
..................................................................
TEMPERATURE (F)
 TODAY
  MAXIMUM         73    422 PM  97    1948  78     -5       69
  MINIMUM         35    601 AM  26    1934  46    -11       55
  AVERAGE         54                        62     -8       62

PRECIPITATION (IN)
  TODAY            0.00          0.78 1918   0.04  -0.04      T
  MONTH TO DATE    0.26                      0.60  -0.34     1.02
  SINCE SEP 1      0.26                      0.60  -0.34     1.02
  SINCE JAN 1     12.30                     12.90  -0.60     8.87

SNOWFALL (IN)
  TODAY            0.0          MM      MM   0.0    0.0      0.0
  MONTH TO DATE    T                         0.1   -0.1      0.0
  SINCE JUL 1      T                         0.1   -0.1      0.0
  SNOW DEPTH       0

DEGREE DAYS
 HEATING
  TODAY           11                         5      6        3
  MONTH TO DATE   97                        45     52        7
  SINCE SEP 1     97                        45     52        7
  SINCE JUL 1    110                        65     45        9

 COOLING
  TODAY            0                         2     -2        0
  MONTH TO DATE   21                        46    -25      134
  SINCE SEP 1     21                        46    -25      134
  SINCE JAN 1    664                       711    -47     1026
..................................................................


WIND (MPH)
  HIGHEST WIND SPEED    20   HIGHEST WIND DIRECTION    SE (120)
  HIGHEST GUST SPEED    24   HIGHEST GUST DIRECTION    SE (130)
  AVERAGE WIND SPEED     8.8


SKY COVER
  AVERAGE SKY COVER 0.0


WEATHER CONDITIONS
 THE FOLLOWING WEATHER WAS RECORDED TODAY.
  NO SIGNIFICANT WEATHER WAS OBSERVED.


RELATIVE HUMIDITY (PERCENT)
 HIGHEST   100           300 AM
 LOWEST     38           300 PM
 AVERAGE    69

..........................................................


THE SCOTTSBLUFF NEBRASKA AIRPORT CLIMATE NORMALS FOR TOMORROW
                         NORMAL    RECORD    YEAR
 MAXIMUM TEMPERATURE (F)   78       100      1895
 MINIMUM TEMPERATURE (F)   45        26      1903


SUNRISE AND SUNSET
SEPTEMBER 15 2014.....SUNRISE   635 AM MDT   SUNSET   704 PM MDT
SEPTEMBER 16 2014.....SUNRISE   636 AM MDT   SUNSET   702 PM MDT


-  INDICATES NEGATIVE NUMBERS.
R  INDICATES RECORD WAS SET OR TIED.
MM INDICATES DATA IS MISSING.
T  INDICATES TRACE AMOUNT.




$$
