000
CDUS45 KCYS 292238
CLIBFF


CLIMATE REPORT
NATIONAL WEATHER SERVICE CHEYENNE WY
338 PM MST THU JAN 29 2015


...................................

...THE SCOTTSBLUFF NEBRASKA AIRPORT CLIMATE SUMMARY FOR JANUARY 29 2015...
VALID AS OF 0300 PM LOCAL TIME.

CLIMATE NORMAL PERIOD 1981 TO 2010
CLIMATE RECORD PERIOD 1871 TO 2015


WEATHER ITEM   OBSERVED TIME   RECORD YEAR NORMAL DEPARTURE LAST
                VALUE   (LST)  VALUE       VALUE  FROM      YEAR
                                                  NORMAL
..................................................................
TEMPERATURE (F)
 TODAY
  MAXIMUM         50    159 PM  69    1920  42      8       56
  MINIMUM         28    725 AM -16    1949  14     14        7
                                      1916
  AVERAGE         39                        28     11       32

PRECIPITATION (IN)
  TODAY            0.00          0.20 1905   0.01  -0.01      T
  MONTH TO DATE    0.25                      0.38  -0.13     0.30
  SINCE DEC 1      1.72                      0.89   0.83     0.93
  SINCE JAN 1      0.25                      0.38  -0.13     0.30

SNOWFALL (IN)
  TODAY            0.0           2.5  2001   0.2   -0.2      0.0
  MONTH TO DATE    3.4                       5.0   -1.6      3.7
  SINCE JUL 1     34.3                      21.0   13.3     27.8
  SNOW DEPTH       0

DEGREE DAYS
 HEATING
  TODAY           26                        37    -11       33
  MONTH TO DATE 1100                      1096      4      996
  SINCE DEC 1   2308                      2303      5     2219
  SINCE JUL 1   3753                      3868   -115     3724

 COOLING
  TODAY            0                         0      0        0
  MONTH TO DATE    0                         0      0        0
  SINCE DEC 1      0                         0      0        0
  SINCE JAN 1      0                         0      0        0
..................................................................


WIND (MPH)
  HIGHEST WIND SPEED    16   HIGHEST WIND DIRECTION    NW (300)
  HIGHEST GUST SPEED    21   HIGHEST GUST DIRECTION    NW (330)
  AVERAGE WIND SPEED     9.1


SKY COVER
  AVERAGE SKY COVER 0.2


WEATHER CONDITIONS
 THE FOLLOWING WEATHER WAS RECORDED TODAY.
  NO SIGNIFICANT WEATHER WAS OBSERVED.


RELATIVE HUMIDITY (PERCENT)
 HIGHEST    85           700 AM
 LOWEST     29           300 PM
 AVERAGE    57

..........................................................


THE SCOTTSBLUFF NEBRASKA AIRPORT CLIMATE NORMALS FOR TOMORROW
                         NORMAL    RECORD    YEAR
 MAXIMUM TEMPERATURE (F)   42        67      1989
 MINIMUM TEMPERATURE (F)   14       -19      1899


SUNRISE AND SUNSET
JANUARY 29 2015.......SUNRISE   710 AM MST   SUNSET   506 PM MST
JANUARY 30 2015.......SUNRISE   709 AM MST   SUNSET   507 PM MST


-  INDICATES NEGATIVE NUMBERS.
R  INDICATES RECORD WAS SET OR TIED.
MM INDICATES DATA IS MISSING.
T  INDICATES TRACE AMOUNT.




$$
