000
CDUS45 KCYS 030730
CLIBFF


CLIMATE REPORT
NATIONAL WEATHER SERVICE CHEYENNE WY
130 AM MDT TUE MAY 3 2016


...................................

...THE SCOTTSBLUFF NE AIRPORT CLIMATE SUMMARY FOR MAY 2 2016...

CLIMATE NORMAL PERIOD 1981 TO 2010
CLIMATE RECORD PERIOD 1871 TO 2016


WEATHER ITEM   OBSERVED TIME   RECORD YEAR NORMAL DEPARTURE LAST
                VALUE   (LST)  VALUE       VALUE  FROM      YEAR
                                                  NORMAL
..................................................................
TEMPERATURE (F)
 YESTERDAY
  MAXIMUM         66    449 PM  88    1981  67     -1       83
  MINIMUM         30    515 AM  15    1898  38     -8       44
  AVERAGE         48                        52     -4       64

PRECIPITATION (IN)
  YESTERDAY        T             0.89 1987   0.07  -0.07     0.00
  MONTH TO DATE    0.01                      0.13  -0.12     0.01
  SINCE JAN 1      7.51                      3.97   3.54     4.22

SNOWFALL (IN)
  YESTERDAY        0.0           1.5  1917   0.1   -0.1      0.0
                                      1907
  MONTH TO DATE    0.0                       0.1   -0.1      0.0
  SINCE JUL 1     34.6                      41.7   -7.1     43.7
  SNOW DEPTH       0

DEGREE DAYS
 HEATING
  YESTERDAY       17                        13      4        1
  MONTH TO DATE   37                        26     11        6
  SINCE MAR 1   1229                      1407   -178     1095
  SINCE JUL 1   5659                      6319   -660     5810

 COOLING
  YESTERDAY        0                         0      0        0
  MONTH TO DATE    0                         0      0        0
  SINCE MAR 1      0                         2     -2        0
  SINCE JAN 1      0                         2     -2        0
..................................................................


WIND (MPH)
  HIGHEST WIND SPEED    25   HIGHEST WIND DIRECTION    NW (330)
  HIGHEST GUST SPEED    30   HIGHEST GUST DIRECTION     N (340)
  AVERAGE WIND SPEED    11.4


SKY COVER
  AVERAGE SKY COVER 0.2


WEATHER CONDITIONS
 THE FOLLOWING WEATHER WAS RECORDED YESTERDAY.
  LIGHT RAIN


RELATIVE HUMIDITY (PERCENT)
 HIGHEST    85           300 AM
 LOWEST     24           400 PM
 AVERAGE    55

..........................................................


THE SCOTTSBLUFF NE AIRPORT CLIMATE NORMALS FOR TODAY
                         NORMAL    RECORD    YEAR
 MAXIMUM TEMPERATURE (F)   68        90      1940
 MINIMUM TEMPERATURE (F)   38        15      1907


SUNRISE AND SUNSET
MAY  3 2016...........SUNRISE   547 AM MDT   SUNSET   756 PM MDT
MAY  4 2016...........SUNRISE   546 AM MDT   SUNSET   757 PM MDT


-  INDICATES NEGATIVE NUMBERS.
R  INDICATES RECORD WAS SET OR TIED.
MM INDICATES DATA IS MISSING.
T  INDICATES TRACE AMOUNT.




$$
