000
CDUS45 KCYS 080734
CLIBFF


CLIMATE REPORT
NATIONAL WEATHER SERVICE CHEYENNE WY
1234 AM MST MON FEB 8 2016


...................................

...THE SCOTTSBLUFF NE AIRPORT CLIMATE SUMMARY FOR FEBRUARY 7 2016...

CLIMATE NORMAL PERIOD 1981 TO 2010
CLIMATE RECORD PERIOD 1871 TO 2016


WEATHER ITEM   OBSERVED TIME   RECORD YEAR NORMAL DEPARTURE LAST
                VALUE   (LST)  VALUE       VALUE  FROM      YEAR
                                                  NORMAL
..................................................................
TEMPERATURE (F)
 YESTERDAY
  MAXIMUM         35    200 PM  72    2015  43     -8       72
  MINIMUM         25   1159 PM -24    1895  15     10       38
  AVERAGE         30                        29      1       55

PRECIPITATION (IN)
  YESTERDAY        T             0.28 1980   0.02  -0.02     0.00
  MONTH TO DATE    0.34                      0.12   0.22     0.28
  SINCE JAN 1      0.55                      0.53   0.02     0.73

SNOWFALL (IN)
  YESTERDAY       MM             3.2  1980   0.2   MM        0.0
  MONTH TO DATE    3.4                       1.6    1.8      4.1
  SINCE JUL 1     21.8                      23.0   -1.2     40.5
  SNOW DEPTH      MM

DEGREE DAYS
 HEATING
  YESTERDAY       35                        36     -1       10
  MONTH TO DATE  288                       256     32      203
  SINCE DEC 1   2635                      2633      2     2593
  SINCE JUL 1   3910                      4198   -288     4038

 COOLING
  YESTERDAY        0                         0      0        0
  MONTH TO DATE    0                         0      0        0
  SINCE DEC 1      0                         0      0        0
  SINCE JAN 1      0                         0      0        0
..................................................................


WIND (MPH)
  HIGHEST WIND SPEED    37   HIGHEST WIND DIRECTION    NW (320)
  HIGHEST GUST SPEED    46   HIGHEST GUST DIRECTION    NW (320)
  AVERAGE WIND SPEED    17.4


SKY COVER
  AVERAGE SKY COVER 0.6


WEATHER CONDITIONS
 THE FOLLOWING WEATHER WAS RECORDED YESTERDAY.
  LIGHT SNOW
  FOG


RELATIVE HUMIDITY (PERCENT)
 HIGHEST    72           800 AM
 LOWEST     43           100 PM
 AVERAGE    58

..........................................................


THE SCOTTSBLUFF NE AIRPORT CLIMATE NORMALS FOR TODAY
                         NORMAL    RECORD    YEAR
 MAXIMUM TEMPERATURE (F)   43        73      1954
 MINIMUM TEMPERATURE (F)   15       -29      1936


SUNRISE AND SUNSET
FEBRUARY  8 2016......SUNRISE   700 AM MST   SUNSET   518 PM MST
FEBRUARY  9 2016......SUNRISE   658 AM MST   SUNSET   519 PM MST


-  INDICATES NEGATIVE NUMBERS.
R  INDICATES RECORD WAS SET OR TIED.
MM INDICATES DATA IS MISSING.
T  INDICATES TRACE AMOUNT.




$$
