000
CDUS45 KCYS 090727
CLIBFF


CLIMATE REPORT
NATIONAL WEATHER SERVICE CHEYENNE WY
1227 AM MST FRI DEC 9 2016


...................................

...THE SCOTTSBLUFF NE AIRPORT CLIMATE SUMMARY FOR DECEMBER 8 2016...

CLIMATE NORMAL PERIOD 1981 TO 2010
CLIMATE RECORD PERIOD 1871 TO 2016


WEATHER ITEM   OBSERVED TIME   RECORD YEAR NORMAL DEPARTURE LAST
                VALUE   (LST)  VALUE       VALUE  FROM      YEAR
                                                  NORMAL
..................................................................
TEMPERATURE (F)
 YESTERDAY
  MAXIMUM         18    309 PM  68    1940  40    -22       61
                                      1939
  MINIMUM        -10    602 AM -20    2005  13    -23       38
  AVERAGE          4                        26    -22       50

PRECIPITATION (IN)
  YESTERDAY        0.00          0.37 1977   0.02  -0.02     0.00
  MONTH TO DATE    0.06                      0.13  -0.07      T
  SINCE JAN 1     15.25                     15.41  -0.16    22.85

SNOWFALL (IN)
  YESTERDAY        0.0           7.0  2003   0.3   -0.3      0.0
  MONTH TO DATE    T                         1.8   -1.8       T
  SINCE JUL 1      0.4                      10.7  -10.3      4.8
  SNOW DEPTH       0

DEGREE DAYS
 HEATING
  YESTERDAY       61                        38     23       15
  MONTH TO DATE  346                       299     47      207
  SINCE DEC 1    346                       299     47      207
  SINCE JUL 1   1423                      1864   -441     1482

 COOLING
  YESTERDAY        0                         0      0        0
  MONTH TO DATE    0                         0      0        0
  SINCE DEC 1      0                         0      0        0
  SINCE JAN 1    898                       724    174      792
..................................................................


WIND (MPH)
  HIGHEST WIND SPEED    15   HIGHEST WIND DIRECTION    SE (120)
  HIGHEST GUST SPEED    19   HIGHEST GUST DIRECTION     E (110)
  AVERAGE WIND SPEED     7.5


SKY COVER
  AVERAGE SKY COVER 0.0


WEATHER CONDITIONS
 THE FOLLOWING WEATHER WAS RECORDED YESTERDAY.
  NO SIGNIFICANT WEATHER WAS OBSERVED.


RELATIVE HUMIDITY (PERCENT)
 HIGHEST    79           500 AM
 LOWEST     43           200 PM
 AVERAGE    61

..........................................................


THE SCOTTSBLUFF NE AIRPORT CLIMATE NORMALS FOR TODAY
                         NORMAL    RECORD    YEAR
 MAXIMUM TEMPERATURE (F)   40        70      1939
 MINIMUM TEMPERATURE (F)   13       -32      1919


SUNRISE AND SUNSET
DECEMBER  9 2016......SUNRISE   711 AM MST   SUNSET   423 PM MST
DECEMBER 10 2016......SUNRISE   711 AM MST   SUNSET   423 PM MST


-  INDICATES NEGATIVE NUMBERS.
R  INDICATES RECORD WAS SET OR TIED.
MM INDICATES DATA IS MISSING.
T  INDICATES TRACE AMOUNT.




$$
