000
CDUS46 KHNX 030822
CLIBFL


CLIMATE REPORT
NATIONAL WEATHER SERVICE SAN JOAQUIN VALLEY, CA
122 AM PDT MON AUG 3 2015


...................................

...THE BAKERSFIELD CLIMATE SUMMARY FOR AUGUST 2 2015...

CLIMATE NORMAL PERIOD 1981 TO 2010
CLIMATE RECORD PERIOD 1889 TO 2015


WEATHER ITEM   OBSERVED TIME   RECORD YEAR NORMAL DEPARTURE
                VALUE   (LST)  VALUE       VALUE  FROM
                                                  NORMAL
...............................................................
TEMPERATURE (F)
 YESTERDAY
  MAXIMUM         99    302 PM 109    1979  98      1
                                      1971
                                      1913
  MINIMUM         74    447 AM  53    1912  71      3
  AVERAGE         87                        84      3

PRECIPITATION (IN)
  YESTERDAY        0.00          T    1966   0.00   0.00
                                      1961
  MONTH TO DATE    0.00                      0.00   0.00
  SINCE OCT 1      5.33                      6.35  -1.02
  SINCE JAN 1      2.66                      4.39  -1.73

SNOWFALL (IN)
  YESTERDAY        0.0
  MONTH TO DATE    0.0
  SINCE JUN 1      0.0
  SINCE JUL 1      0.0
  SNOW DEPTH       0

DEGREE DAYS
 HEATING
  YESTERDAY        0                                0
  MONTH TO DATE    0                                0
  SINCE JUN 1      0                               -2
  SINCE JUL 1      0                                0

 COOLING
  YESTERDAY       22                                3
  MONTH TO DATE   46                                8
  SINCE JUN 1   1209                              209
  SINCE JAN 1   1554                              287
...............................................................


WIND (MPH)
  HIGHEST WIND SPEED    15   HIGHEST WIND DIRECTION    NW (300)
  HIGHEST GUST SPEED    23   HIGHEST GUST DIRECTION    NW (300)
  AVERAGE WIND SPEED     6.7




RELATIVE HUMIDITY (PERCENT)
 HIGHEST    43
 LOWEST     20
 AVERAGE    32

..........................................................


THE BAKERSFIELD CLIMATE NORMALS FOR TODAY
                         NORMAL    RECORD    YEAR
 MAXIMUM TEMPERATURE (F)   98       112      1938
                                             1901
 MINIMUM TEMPERATURE (F)   71        53      1912


SUNRISE AND SUNSET
AUGUST  3 2015........SUNRISE   606 AM PDT   SUNSET   758 PM PDT
AUGUST  4 2015........SUNRISE   607 AM PDT   SUNSET   757 PM PDT


-  INDICATES NEGATIVE NUMBERS.
R  INDICATES RECORD WAS SET OR TIED.
MM INDICATES DATA IS MISSING.
T  INDICATES TRACE AMOUNT.




$$
