000
CDUS46 KHNX 140823
CLIBFL


CLIMATE REPORT
NATIONAL WEATHER SERVICE SAN JOAQUIN VALLEY, CA
1222 AM PST THU DEC 14 2017


...................................

...THE BAKERSFIELD CLIMATE SUMMARY FOR DECEMBER 13 2017...

CLIMATE NORMAL PERIOD 1981 TO 2010
CLIMATE RECORD PERIOD 1889 TO 2017


WEATHER ITEM   OBSERVED TIME   RECORD YEAR NORMAL DEPARTURE
                VALUE   (LST)  VALUE       VALUE  FROM
                                                  NORMAL
...............................................................
TEMPERATURE (F)
 YESTERDAY
  MAXIMUM         63    323 PM  79    1998  57      6
  MINIMUM         34    509 AM  20    1901  39     -5
  AVERAGE         49                        48      1

PRECIPITATION (IN)
  YESTERDAY        0.00          0.85 1995   0.03  -0.03
  MONTH TO DATE    0.00                      0.37  -0.37
  SINCE OCT 1      0.03                      1.31  -1.28
  SINCE JAN 1      5.34                      5.82  -0.48

SNOWFALL (IN)
  YESTERDAY        0.0
  MONTH TO DATE    0.0
  SINCE DEC 1      0.0
  SINCE JUL 1      0.0
  SNOW DEPTH       0

DEGREE DAYS
 HEATING
  YESTERDAY       16                               -1
  MONTH TO DATE  186                              -24
  SINCE DEC 1    186                              -24
  SINCE JUL 1    363                             -205

 COOLING
  YESTERDAY        0                                0
  MONTH TO DATE    0                                0
  SINCE DEC 1      0                                0
  SINCE JAN 1   2948                              690
...............................................................


WIND (MPH)
  HIGHEST WIND SPEED     9   HIGHEST WIND DIRECTION    SE (140)
  HIGHEST GUST SPEED    10   HIGHEST GUST DIRECTION     W (250)
  AVERAGE WIND SPEED     2.8




RELATIVE HUMIDITY (PERCENT)
 HIGHEST    70
 LOWEST     34
 AVERAGE    52

..........................................................


THE BAKERSFIELD CLIMATE NORMALS FOR TODAY
                         NORMAL    RECORD    YEAR
 MAXIMUM TEMPERATURE (F)   57        80      1958
 MINIMUM TEMPERATURE (F)   39        20      1901


SUNRISE AND SUNSET
DECEMBER 14 2017......SUNRISE   657 AM PST   SUNSET   445 PM PST
DECEMBER 15 2017......SUNRISE   658 AM PST   SUNSET   445 PM PST


-  INDICATES NEGATIVE NUMBERS.
R  INDICATES RECORD WAS SET OR TIED.
MM INDICATES DATA IS MISSING.
T  INDICATES TRACE AMOUNT.




$$
