000
CDUS46 KHNX 260823
CLIBFL


CLIMATE REPORT
NATIONAL WEATHER SERVICE SAN JOAQUIN VALLEY, CA
1223 AM PST SUN FEB 26 2017


...................................

...THE BAKERSFIELD CLIMATE SUMMARY FOR FEBRUARY 25 2017...

CLIMATE NORMAL PERIOD 1981 TO 2010
CLIMATE RECORD PERIOD 1889 TO 2017


WEATHER ITEM   OBSERVED TIME   RECORD YEAR NORMAL DEPARTURE
                VALUE   (LST)  VALUE       VALUE  FROM
                                                  NORMAL
...............................................................
TEMPERATURE (F)
 YESTERDAY
  MAXIMUM         52    513 PM  82    1991  65    -13
  MINIMUM         33    611 AM  30    1908  44    -11
  AVERAGE         43                        55    -12

PRECIPITATION (IN)
  YESTERDAY        0.00          0.44 1958   0.04  -0.04
  MONTH TO DATE    1.46                      1.11   0.35
  SINCE OCT 1      7.25                      4.23   3.02
  SINCE JAN 1      4.22                      2.27   1.95

SNOWFALL (IN)
  YESTERDAY        0.0
  MONTH TO DATE    0.0
  SINCE DEC 1      0.0
  SINCE JUL 1      0.0
  SNOW DEPTH       0

DEGREE DAYS
 HEATING
  YESTERDAY       22                               12
  MONTH TO DATE  200                             -118
  SINCE DEC 1   1115                             -271
  SINCE JUL 1   1320                             -424

 COOLING
  YESTERDAY        0                                0
  MONTH TO DATE    0                                0
  SINCE DEC 1      2                                2
  SINCE JAN 1      2                                2
...............................................................


WIND (MPH)
  HIGHEST WIND SPEED    10   HIGHEST WIND DIRECTION    NW (320)
  HIGHEST GUST SPEED    12   HIGHEST GUST DIRECTION    NW (310)
  AVERAGE WIND SPEED     3.0




RELATIVE HUMIDITY (PERCENT)
 HIGHEST    82
 LOWEST     54
 AVERAGE    68

..........................................................


THE BAKERSFIELD CLIMATE NORMALS FOR TODAY
                         NORMAL    RECORD    YEAR
 MAXIMUM TEMPERATURE (F)   66        80      1992
                                             1926
                                             1905
 MINIMUM TEMPERATURE (F)   45        30      1971


SUNRISE AND SUNSET
FEBRUARY 26 2017......SUNRISE   629 AM PST   SUNSET   549 PM PST
FEBRUARY 27 2017......SUNRISE   628 AM PST   SUNSET   550 PM PST


-  INDICATES NEGATIVE NUMBERS.
R  INDICATES RECORD WAS SET OR TIED.
MM INDICATES DATA IS MISSING.
T  INDICATES TRACE AMOUNT.




$$
