000
CDUS46 KHNX 260024
CLIBFL


CLIMATE REPORT
NATIONAL WEATHER SERVICE SAN JOAQUIN VALLEY, CA
522 PM PDT THU AUG 25 2016


...................................

...THE BAKERSFIELD CLIMATE SUMMARY FOR AUGUST 25 2016...
VALID AS OF 0400 PM LOCAL TIME.

CLIMATE NORMAL PERIOD 1981 TO 2010
CLIMATE RECORD PERIOD 1889 TO 2016


WEATHER ITEM   OBSERVED TIME   RECORD YEAR NORMAL DEPARTURE LAST
                VALUE   (LST)  VALUE       VALUE  FROM      YEAR
                                                  NORMAL
..................................................................
TEMPERATURE (F)
 TODAY
  MAXIMUM         98    359 PM 111    2010  94      4       99
                                      1931
  MINIMUM         69    538 AM  48    1903  68      1       70
  AVERAGE         84                        81      3       85

PRECIPITATION (IN)
  TODAY            0.00          T    1926   0.00   0.00     0.00
                                      1916
  MONTH TO DATE    0.00                      0.03  -0.03     0.00
  SINCE OCT 1      5.43                      6.38  -0.95     5.33
  SINCE JAN 1      4.10                      4.42  -0.32     2.66

SNOWFALL (IN)
  TODAY            0.0
  MONTH TO DATE    0.0
  SINCE JUN 1      0.0
  SINCE JUL 1      0.0
  SNOW DEPTH       0

DEGREE DAYS
 HEATING
  TODAY            0                         0      0        0
  MONTH TO DATE    0                         0      0        0
  SINCE JUN 1      0                         2     -2        0
  SINCE JUL 1      0                         0      0        0

 COOLING
  TODAY           19                        16      3       20
  MONTH TO DATE  538                       445     93      482
  SINCE JUN 1   1737                      1407    330     1645
  SINCE JAN 1   2094                      1674    420     1990
..................................................................


WIND (MPH)
  HIGHEST WIND SPEED    13   HIGHEST WIND DIRECTION    NW (300)
  HIGHEST GUST SPEED    17   HIGHEST GUST DIRECTION    NW (310)
  AVERAGE WIND SPEED     5.0




RELATIVE HUMIDITY (PERCENT)
 HIGHEST    44
 LOWEST      8
 AVERAGE    26

..........................................................


THE BAKERSFIELD CLIMATE NORMALS FOR TOMORROW
                         NORMAL    RECORD    YEAR
 MAXIMUM TEMPERATURE (F)   94       107      2010
 MINIMUM TEMPERATURE (F)   68        46      1903


SUNRISE AND SUNSET
AUGUST 25 2016........SUNRISE   624 AM PDT   SUNSET   732 PM PDT
AUGUST 26 2016........SUNRISE   624 AM PDT   SUNSET   731 PM PDT


-  INDICATES NEGATIVE NUMBERS.
R  INDICATES RECORD WAS SET OR TIED.
MM INDICATES DATA IS MISSING.
T  INDICATES TRACE AMOUNT.




$$
