000
CDUS46 KHNX 310830
CLIBFL


CLIMATE REPORT
NATIONAL WEATHER SERVICE SAN JOAQUIN VALLEY, CA
130 AM PDT SUN AUG 31 2014


...................................

...THE BAKERSFIELD CLIMATE SUMMARY FOR AUGUST 30 2014...

CLIMATE NORMAL PERIOD 1981 TO 2010
CLIMATE RECORD PERIOD 1889 TO 2014


WEATHER ITEM   OBSERVED TIME   RECORD YEAR NORMAL DEPARTURE
                VALUE   (LST)  VALUE       VALUE  FROM
                                                  NORMAL
...............................................................
TEMPERATURE (F)
 YESTERDAY
  MAXIMUM         98    353 PM 108    1988  94      4
  MINIMUM         71    554 AM  45    1912  67      4
                                      1903
  AVERAGE         85                        80      5

PRECIPITATION (IN)
  YESTERDAY        0.00          0.07 1987   0.00   0.00
  MONTH TO DATE    T                         0.04  -0.04
  SINCE JUL 1      T                         0.04  -0.04
  SINCE JAN 1      1.34                      4.43  -3.09

SNOWFALL (IN)
  YESTERDAY        0.0
  MONTH TO DATE    0.0
  SINCE JUN 1      0.0
  SINCE JUL 1      0.0
  SNOW DEPTH       0

DEGREE DAYS
 HEATING
  YESTERDAY        0                                0
  MONTH TO DATE    0                                0
  SINCE JUN 1      0                               -2
  SINCE JUL 1      0                                0

 COOLING
  YESTERDAY       20                                5
  MONTH TO DATE  607                               83
  SINCE JUN 1   1810                              324
  SINCE JAN 1   2262                              509
...............................................................


WIND (MPH)
  HIGHEST WIND SPEED    14   HIGHEST WIND DIRECTION    NW (310)
  HIGHEST GUST SPEED    18   HIGHEST GUST DIRECTION    NW (310)
  AVERAGE WIND SPEED     6.0




RELATIVE HUMIDITY (PERCENT)
 HIGHEST    49
 LOWEST     12
 AVERAGE    31

..........................................................


THE BAKERSFIELD CLIMATE NORMALS FOR TODAY
                         NORMAL    RECORD    YEAR
 MAXIMUM TEMPERATURE (F)   93       111      1967
 MINIMUM TEMPERATURE (F)   67        45      1912


SUNRISE AND SUNSET
AUGUST 31 2014........SUNRISE   628 AM PDT   SUNSET   724 PM PDT
SEPTEMBER  1 2014.....SUNRISE   629 AM PDT   SUNSET   723 PM PDT


-  INDICATES NEGATIVE NUMBERS.
R  INDICATES RECORD WAS SET OR TIED.
MM INDICATES DATA IS MISSING.
T  INDICATES TRACE AMOUNT.




$$
