000
CDUS46 KHNX 290824
CLIBFL


CLIMATE REPORT
NATIONAL WEATHER SERVICE SAN JOAQUIN VALLEY, CA
123 AM PDT SAT APR 29 2017


...................................

...THE BAKERSFIELD CLIMATE SUMMARY FOR APRIL 28 2017...

CLIMATE NORMAL PERIOD 1981 TO 2010
CLIMATE RECORD PERIOD 1889 TO 2017


WEATHER ITEM   OBSERVED TIME   RECORD YEAR NORMAL DEPARTURE
                VALUE   (LST)  VALUE       VALUE  FROM
                                                  NORMAL
...............................................................
TEMPERATURE (F)
 YESTERDAY
  MAXIMUM         78    332 PM  97    2007  79     -1
  MINIMUM         48    547 AM  38    1999  53     -5
                                      1984
  AVERAGE         63                        66     -3

PRECIPITATION (IN)
  YESTERDAY        0.00          0.79 1906   0.01  -0.01
  MONTH TO DATE    0.35                      0.50  -0.15
  SINCE OCT 1      7.76                      6.07   1.69
  SINCE JAN 1      4.73                      4.11   0.62

SNOWFALL (IN)
  YESTERDAY        0.0
  MONTH TO DATE    0.0
  SINCE MAR 1      0.0
  SINCE JUL 1      0.0
  SNOW DEPTH       0

DEGREE DAYS
 HEATING
  YESTERDAY        2                                0
  MONTH TO DATE   52                              -73
  SINCE MAR 1    224                             -140
  SINCE JUL 1   1592                             -546

 COOLING
  YESTERDAY        0                               -3
  MONTH TO DATE   45                               -6
  SINCE MAR 1     69                                9
  SINCE JAN 1     71                               11
...............................................................


WIND (MPH)
  HIGHEST WIND SPEED    22   HIGHEST WIND DIRECTION    NW (320)
  HIGHEST GUST SPEED    30   HIGHEST GUST DIRECTION    NW (330)
  AVERAGE WIND SPEED     7.9




RELATIVE HUMIDITY (PERCENT)
 HIGHEST    66
 LOWEST     20
 AVERAGE    43

..........................................................


THE BAKERSFIELD CLIMATE NORMALS FOR TODAY
                         NORMAL    RECORD    YEAR
 MAXIMUM TEMPERATURE (F)   79       100      1981
 MINIMUM TEMPERATURE (F)   53        40      1984
                                             1908
                                             1907


SUNRISE AND SUNSET
APRIL 29 2017.........SUNRISE   606 AM PDT   SUNSET   741 PM PDT
APRIL 30 2017.........SUNRISE   605 AM PDT   SUNSET   742 PM PDT


-  INDICATES NEGATIVE NUMBERS.
R  INDICATES RECORD WAS SET OR TIED.
MM INDICATES DATA IS MISSING.
T  INDICATES TRACE AMOUNT.




$$
