000
CDUS46 KHNX 250824
CLIBFL


CLIMATE REPORT
NATIONAL WEATHER SERVICE SAN JOAQUIN VALLEY, CA
124 AM PDT SUN JUN 25 2017


...................................

...THE BAKERSFIELD CLIMATE SUMMARY FOR JUNE 24 2017...

CLIMATE NORMAL PERIOD 1981 TO 2010
CLIMATE RECORD PERIOD 1889 TO 2017


WEATHER ITEM   OBSERVED TIME   RECORD YEAR NORMAL DEPARTURE
                VALUE   (LST)  VALUE       VALUE  FROM
                                                  NORMAL
...............................................................
TEMPERATURE (F)
 YESTERDAY
  MAXIMUM        106        MM 111    1925  93     13
  MINIMUM         79        MM  45    1907  66     13
  AVERAGE         93                        80     13

PRECIPITATION (IN)
  YESTERDAY        0.00          0.06 1936   0.00   0.00
  MONTH TO DATE    0.00                      0.07  -0.07
  SINCE OCT 1      7.82                      6.34   1.48
  SINCE JAN 1      4.79                      4.38   0.41

SNOWFALL (IN)
  YESTERDAY        0.0
  MONTH TO DATE    0.0
  SINCE JUN 1      0.0
  SINCE JUL 1      0.0
  SNOW DEPTH       0

DEGREE DAYS
 HEATING
  YESTERDAY        0                                0
  MONTH TO DATE    1                                1
  SINCE JUN 1      1                                1
  SINCE JUL 1   1616                             -557

 COOLING
  YESTERDAY       28                               13
  MONTH TO DATE  418                              134
  SINCE JUN 1    418                              134
  SINCE JAN 1    767                              216
...............................................................


WIND (MPH)
  HIGHEST WIND SPEED    17   HIGHEST WIND DIRECTION     N (360)
  HIGHEST GUST SPEED    MM   HIGHEST GUST DIRECTION    MM
  AVERAGE WIND SPEED     7.2




RELATIVE HUMIDITY (PERCENT)
 HIGHEST    47
 LOWEST     21
 AVERAGE    34

..........................................................


THE BAKERSFIELD CLIMATE NORMALS FOR TODAY
                         NORMAL    RECORD    YEAR
 MAXIMUM TEMPERATURE (F)   93       112      1957
 MINIMUM TEMPERATURE (F)   67        43      1907


SUNRISE AND SUNSET
JUNE 25 2017..........SUNRISE   543 AM PDT   SUNSET   815 PM PDT
JUNE 26 2017..........SUNRISE   543 AM PDT   SUNSET   815 PM PDT


-  INDICATES NEGATIVE NUMBERS.
R  INDICATES RECORD WAS SET OR TIED.
MM INDICATES DATA IS MISSING.
T  INDICATES TRACE AMOUNT.




$$
