000
CDUS46 KHNX 280821
CLIBFL


CLIMATE REPORT
NATIONAL WEATHER SERVICE SAN JOAQUIN VALLEY, CA
120 AM PDT THU MAY 28 2015


...................................

...THE BAKERSFIELD CLIMATE SUMMARY FOR MAY 27 2015...

CLIMATE NORMAL PERIOD 1981 TO 2010
CLIMATE RECORD PERIOD 1889 TO 2015


WEATHER ITEM   OBSERVED TIME   RECORD YEAR NORMAL DEPARTURE
                VALUE   (LST)  VALUE       VALUE  FROM
                                                  NORMAL
...............................................................
TEMPERATURE (F)
 YESTERDAY
  MAXIMUM         88    410 PM 106    1974  86      2
  MINIMUM         61    538 AM  42    1917  60      1
  AVERAGE         75                        73      2

PRECIPITATION (IN)
  YESTERDAY        0.00          0.75 1906   0.01  -0.01
  MONTH TO DATE    0.68                      0.17   0.51
  SINCE OCT 1      5.29                      6.26  -0.97
  SINCE JAN 1      2.62                      4.30  -1.68

SNOWFALL (IN)
  YESTERDAY        0.0
  MONTH TO DATE    0.0
  SINCE MAR 1      0.0
  SINCE JUL 1      0.0
  SNOW DEPTH       0

DEGREE DAYS
 HEATING
  YESTERDAY        0                                0
  MONTH TO DATE   19                              -11
  SINCE MAR 1    172                             -226
  SINCE JUL 1   1307                             -865

 COOLING
  YESTERDAY       10                                2
  MONTH TO DATE  117                              -49
  SINCE MAR 1    279                               47
  SINCE JAN 1    283                               51
...............................................................


WIND (MPH)
  HIGHEST WIND SPEED    16   HIGHEST WIND DIRECTION    NW (300)
  HIGHEST GUST SPEED    20   HIGHEST GUST DIRECTION    NW (310)
  AVERAGE WIND SPEED     6.8




RELATIVE HUMIDITY (PERCENT)
 HIGHEST    60
 LOWEST     22
 AVERAGE    41

..........................................................


THE BAKERSFIELD CLIMATE NORMALS FOR TODAY
                         NORMAL    RECORD    YEAR
 MAXIMUM TEMPERATURE (F)   86       107      1973
 MINIMUM TEMPERATURE (F)   60        43      1906


SUNRISE AND SUNSET
MAY 28 2015...........SUNRISE   544 AM PDT   SUNSET   803 PM PDT
MAY 29 2015...........SUNRISE   544 AM PDT   SUNSET   804 PM PDT


-  INDICATES NEGATIVE NUMBERS.
R  INDICATES RECORD WAS SET OR TIED.
MM INDICATES DATA IS MISSING.
T  INDICATES TRACE AMOUNT.




$$
