000
CDUS46 KHNX 280831
CLIBFL


CLIMATE REPORT
NATIONAL WEATHER SERVICE SAN JOAQUIN VALLEY, CA
131 AM PDT FRI AUG 28 2015


...................................

...THE BAKERSFIELD CLIMATE SUMMARY FOR AUGUST 27 2015...

CLIMATE NORMAL PERIOD 1981 TO 2010
CLIMATE RECORD PERIOD 1889 TO 2015


WEATHER ITEM   OBSERVED TIME   RECORD YEAR NORMAL DEPARTURE
                VALUE   (LST)  VALUE       VALUE  FROM
                                                  NORMAL
...............................................................
TEMPERATURE (F)
 YESTERDAY
  MAXIMUM        100    444 PM 111    1931  94      6
  MINIMUM         73    553 AM  45    1903  68      5
  AVERAGE         87                        81      6

PRECIPITATION (IN)
  YESTERDAY        0.00          T    1982   0.00   0.00
                                      1949
                                      1916
  MONTH TO DATE    0.00                      0.03  -0.03
  SINCE OCT 1      5.33                      6.38  -1.05
  SINCE JAN 1      2.66                      4.42  -1.76

SNOWFALL (IN)
  YESTERDAY        0.0
  MONTH TO DATE    0.0
  SINCE JUN 1      0.0
  SINCE JUL 1      0.0
  SNOW DEPTH       0

DEGREE DAYS
 HEATING
  YESTERDAY        0                                0
  MONTH TO DATE    0                                0
  SINCE JUN 1      0                               -2
  SINCE JUL 1      0                                0

 COOLING
  YESTERDAY       22                                6
  MONTH TO DATE  526                               49
  SINCE JUN 1   1689                              250
  SINCE JAN 1   2034                              328
...............................................................


WIND (MPH)
  HIGHEST WIND SPEED    13   HIGHEST WIND DIRECTION    NW (300)
  HIGHEST GUST SPEED    16   HIGHEST GUST DIRECTION    NW (300)
  AVERAGE WIND SPEED     4.6




RELATIVE HUMIDITY (PERCENT)
 HIGHEST    49
 LOWEST     15
 AVERAGE    32

..........................................................


THE BAKERSFIELD CLIMATE NORMALS FOR TODAY
                         NORMAL    RECORD    YEAR
 MAXIMUM TEMPERATURE (F)   94       109      1944
                                             1924
 MINIMUM TEMPERATURE (F)   67        48      1903


SUNRISE AND SUNSET
AUGUST 28 2015........SUNRISE   625 AM PDT   SUNSET   729 PM PDT
AUGUST 29 2015........SUNRISE   626 AM PDT   SUNSET   728 PM PDT


-  INDICATES NEGATIVE NUMBERS.
R  INDICATES RECORD WAS SET OR TIED.
MM INDICATES DATA IS MISSING.
T  INDICATES TRACE AMOUNT.




$$
