000
CDUS46 KHNX 020023
CLIBFL


CLIMATE REPORT
NATIONAL WEATHER SERVICE SAN JOAQUIN VALLEY, CA
523 PM PDT SUN MAY 1 2016


...................................

...THE BAKERSFIELD CLIMATE SUMMARY FOR MAY 1 2016...
VALID AS OF 0400 PM LOCAL TIME.

CLIMATE NORMAL PERIOD 1981 TO 2010
CLIMATE RECORD PERIOD 1889 TO 2016


WEATHER ITEM   OBSERVED TIME   RECORD YEAR NORMAL DEPARTURE LAST
                VALUE   (LST)  VALUE       VALUE  FROM      YEAR
                                                  NORMAL
..................................................................
TEMPERATURE (F)
 TODAY
  MAXIMUM         88    352 PM 102    1947  80      8       96
  MINIMUM         55    500 AM  37    1988  54      1       67
  AVERAGE         72                        67      5       82

PRECIPITATION (IN)
  TODAY            0.00          0.55 1930   0.01  -0.01     0.00
  MONTH TO DATE    0.00                      0.01  -0.01     0.00
  SINCE OCT 1      4.88                      6.10  -1.22     4.61
  SINCE JAN 1      3.55                      4.14  -0.59     1.94

SNOWFALL (IN)
  TODAY            0.0
  MONTH TO DATE    0.0
  SINCE MAR 1      0.0
  SINCE JUL 1      0.0
  SNOW DEPTH       0

DEGREE DAYS
 HEATING
  TODAY            0                         2     -2        0
  MONTH TO DATE    0                         2     -2        0
  SINCE MAR 1    168                       370   -202      153
  SINCE JUL 1   1686                      2144   -458     1288

 COOLING
  TODAY            7                         4      3       17
  MONTH TO DATE    7                         4      3       17
  SINCE MAR 1    109                        70     39      179
  SINCE JAN 1    109                        70     39      183
..................................................................


WIND (MPH)
  HIGHEST WIND SPEED    13   HIGHEST WIND DIRECTION    NW (300)
  HIGHEST GUST SPEED    14   HIGHEST GUST DIRECTION     W (280)
  AVERAGE WIND SPEED     5.0




RELATIVE HUMIDITY (PERCENT)
 HIGHEST    59
 LOWEST     13
 AVERAGE    36

..........................................................


THE BAKERSFIELD CLIMATE NORMALS FOR TOMORROW
                         NORMAL    RECORD    YEAR
 MAXIMUM TEMPERATURE (F)   80       101      1947
 MINIMUM TEMPERATURE (F)   54        38      1915
                                             1913


SUNRISE AND SUNSET
MAY  1 2016...........SUNRISE   604 AM PDT   SUNSET   743 PM PDT
MAY  2 2016...........SUNRISE   603 AM PDT   SUNSET   744 PM PDT


-  INDICATES NEGATIVE NUMBERS.
R  INDICATES RECORD WAS SET OR TIED.
MM INDICATES DATA IS MISSING.
T  INDICATES TRACE AMOUNT.




$$
