000
CDUS44 KAMA 270650
CLIBGD


CLIMATE REPORT
NATIONAL WEATHER SERVICE AMARILLO TX
147 AM CDT SAT AUG 27 2016


...................................

...THE BORGER CLIMATE SUMMARY FOR AUGUST 26 2016...

CLIMATE NORMAL PERIOD 1981 TO 2010
CLIMATE RECORD PERIOD 1949 TO 2016


WEATHER ITEM   OBSERVED TIME   RECORD YEAR NORMAL DEPARTURE LAST
                VALUE   (LST)  VALUE       VALUE  FROM      YEAR
                                                  NORMAL
..................................................................
TEMPERATURE (F)
 YESTERDAY
  MAXIMUM         87    425 PM 103    2011  91     -4       95
  MINIMUM         64    911 PM  52    1992  66     -2       68
  AVERAGE         76                        78     -2       82

PRECIPITATION (IN)
  YESTERDAY        0.66          1.13 1951   0.12   0.54     0.00
  MONTH TO DATE    1.93                      2.66  -0.73     5.77
  SINCE JUN 1      4.61                      8.45  -3.84    19.44
  SINCE JAN 1     13.48                     15.50  -2.02    34.96

SNOWFALL (IN)
  YESTERDAY        0.0           T    1950                   0.0
  MONTH TO DATE    0.0                                       0.0
  SINCE JUN 1      0.0                                       0.0
  SINCE JUL 1      0.0                                       0.0
  SNOW DEPTH       0

DEGREE DAYS
 HEATING
  YESTERDAY        0                         0      0        0
  MONTH TO DATE    0                         0      0        0
  SINCE JUN 1      0                         3     -3        0
  SINCE JUL 1      0                         0      0        0

 COOLING
  YESTERDAY       11                        13     -2       17
  MONTH TO DATE  404                       406     -2      382
  SINCE JUN 1   1491                      1290    201     1298
  SINCE JAN 1   1678                      1487    191     1422
..................................................................


WIND (MPH)
  RESULTANT WIND SPEED   6   RESULTANT WIND DIRECTION   S (190)
  HIGHEST WIND SPEED    25   HIGHEST WIND DIRECTION     W (250)
  HIGHEST GUST SPEED    31   HIGHEST GUST DIRECTION     W (290)
  AVERAGE WIND SPEED     8.5


SKY COVER
  AVERAGE SKY COVER 0.3


WEATHER CONDITIONS
 THE FOLLOWING WEATHER WAS RECORDED YESTERDAY.
  THUNDERSTORM
  HEAVY RAIN
  RAIN
  LIGHT RAIN
  FOG


RELATIVE HUMIDITY (PERCENT)
 HIGHEST    93           800 AM
 LOWEST     43           500 PM
 AVERAGE    68

..........................................................


THE BORGER CLIMATE NORMALS FOR TODAY
                         NORMAL    RECORD    YEAR
 MAXIMUM TEMPERATURE (F)   90       103      2011
 MINIMUM TEMPERATURE (F)   66        54      1992


SUNRISE AND SUNSET
AUGUST 27 2016........SUNRISE   714 AM CDT   SUNSET   819 PM CDT
AUGUST 28 2016........SUNRISE   715 AM CDT   SUNSET   818 PM CDT


-  INDICATES NEGATIVE NUMBERS.
R  INDICATES RECORD WAS SET OR TIED.
MM INDICATES DATA IS MISSING.
T  INDICATES TRACE AMOUNT.




$$
