000
CDUS44 KAMA 010646
CLIBGD


CLIMATE REPORT
NATIONAL WEATHER SERVICE AMARILLO TX
133 AM CDT SUN MAY 1 2016


...................................

...THE BORGER CLIMATE SUMMARY FOR APRIL 30 2016...

CLIMATE NORMAL PERIOD 1981 TO 2010
CLIMATE RECORD PERIOD 1949 TO 2016


WEATHER ITEM   OBSERVED TIME   RECORD YEAR NORMAL DEPARTURE LAST
                VALUE   (LST)  VALUE       VALUE  FROM      YEAR
                                                  NORMAL
..................................................................
TEMPERATURE (F)
 YESTERDAY
  MAXIMUM         61    513 PM  96    2013  76    -15       83
  MINIMUM         38    502 AM  31    1994  50    -12       50
  AVERAGE         50                        63    -13       67

PRECIPITATION (IN)
  YESTERDAY        0.00          1.93 1977   0.04  -0.04     0.00
  MONTH TO DATE    3.53                      1.54   1.99     4.40
  SINCE MAR 1      3.53                      2.95   0.58     4.67
  SINCE JAN 1      4.25                      4.16   0.09     6.52

SNOWFALL (IN)
  YESTERDAY        0.0           0.0  2013                   0.0
                                      2012
                                      2011
  MONTH TO DATE    0.0                                       0.0
  SINCE MAR 1      0.0                                        T
  SINCE JUL 1      6.2                                      17.5
  SNOW DEPTH       0

DEGREE DAYS
 HEATING
  YESTERDAY       15                         4     11        0
  MONTH TO DATE  176                       227    -51      141
  SINCE MAR 1    447                       710   -263      501
  SINCE JUL 1   2942                      3703   -761     3373

 COOLING
  YESTERDAY        0                         2     -2        2
  MONTH TO DATE   34                        37     -3       49
  SINCE MAR 1     45                        44      1       56
  SINCE JAN 1     51                        44      7       56
..................................................................


WIND (MPH)
  RESULTANT WIND SPEED   8   RESULTANT WIND DIRECTION   N (340)
  HIGHEST WIND SPEED    18   HIGHEST WIND DIRECTION     N (350)
  HIGHEST GUST SPEED    25   HIGHEST GUST DIRECTION     N (350)
  AVERAGE WIND SPEED     9.8


SKY COVER
  AVERAGE SKY COVER 0.5


WEATHER CONDITIONS
 THE FOLLOWING WEATHER WAS RECORDED YESTERDAY.
  NO SIGNIFICANT WEATHER WAS OBSERVED.


RELATIVE HUMIDITY (PERCENT)
 HIGHEST    92           500 AM
 LOWEST     39           500 PM
 AVERAGE    66

..........................................................


THE BORGER CLIMATE NORMALS FOR TODAY
                         NORMAL    RECORD    YEAR
 MAXIMUM TEMPERATURE (F)   77        94      2012
                                             1992
 MINIMUM TEMPERATURE (F)   50        33      1991


SUNRISE AND SUNSET
MAY  1 2016...........SUNRISE   653 AM CDT   SUNSET   833 PM CDT
MAY  2 2016...........SUNRISE   652 AM CDT   SUNSET   834 PM CDT


-  INDICATES NEGATIVE NUMBERS.
R  INDICATES RECORD WAS SET OR TIED.
MM INDICATES DATA IS MISSING.
T  INDICATES TRACE AMOUNT.




$$
