000
CDUS44 KAMA 170626
CLIBGD


CLIMATE REPORT
NATIONAL WEATHER SERVICE AMARILLO TX
126 AM CDT TUE OCT 17 2017


...................................

...THE BORGER CLIMATE SUMMARY FOR OCTOBER 16 2017...

CLIMATE NORMAL PERIOD 1981 TO 2010
CLIMATE RECORD PERIOD 1949 TO 2017


WEATHER ITEM   OBSERVED TIME   RECORD YEAR NORMAL DEPARTURE LAST
                VALUE   (LST)  VALUE       VALUE  FROM      YEAR
                                                  NORMAL
..................................................................
TEMPERATURE (F)
 YESTERDAY
  MAXIMUM         74    334 PM 101    2016  73      1      101
  MINIMUM         40    631 AM  33    1976  48     -8       58
  AVERAGE         57                        60     -3       80

PRECIPITATION (IN)
  YESTERDAY        0.00          1.28 1968   0.05  -0.05     0.00
  MONTH TO DATE    2.13                      1.02   1.11     0.05
  SINCE SEP 1      5.04                      3.40   1.64     1.07
  SINCE JAN 1     26.04                     19.41   6.63    15.41

SNOWFALL (IN)
  YESTERDAY        0.0           T    1966                   0.0
  MONTH TO DATE    0.0                                       0.0
  SINCE SEP 1      0.0                                       0.0
  SINCE JUL 1      0.0                                       0.0
  SNOW DEPTH       0

DEGREE DAYS
 HEATING
  YESTERDAY        8                         6      2        0
  MONTH TO DATE   53                        70    -17       27
  SINCE SEP 1     78                        97    -19       31
  SINCE JUL 1     78                        98    -20       31

 COOLING
  YESTERDAY        0                         1     -1       15
  MONTH TO DATE   58                        40     18       91
  SINCE SEP 1    319                       275     44      383
  SINCE JAN 1   1982                      1825    157     2101
..................................................................


WIND (MPH)
  RESULTANT WIND SPEED   8   RESULTANT WIND DIRECTION   S (200)
  HIGHEST WIND SPEED    18   HIGHEST WIND DIRECTION     S (200)
  HIGHEST GUST SPEED    27   HIGHEST GUST DIRECTION     S (190)
  AVERAGE WIND SPEED     9.6


SKY COVER
  AVERAGE SKY COVER 0.0


WEATHER CONDITIONS
 THE FOLLOWING WEATHER WAS RECORDED YESTERDAY.
  NO SIGNIFICANT WEATHER WAS OBSERVED.


RELATIVE HUMIDITY (PERCENT)
 HIGHEST    73           500 AM
 LOWEST     23           300 PM
 AVERAGE    48

..........................................................


THE BORGER CLIMATE NORMALS FOR TODAY
                         NORMAL    RECORD    YEAR
 MAXIMUM TEMPERATURE (F)   73        99      2016
 MINIMUM TEMPERATURE (F)   47        31      1992


SUNRISE AND SUNSET
OCTOBER 17 2017.......SUNRISE   754 AM CDT   SUNSET   707 PM CDT
OCTOBER 18 2017.......SUNRISE   755 AM CDT   SUNSET   706 PM CDT


-  INDICATES NEGATIVE NUMBERS.
R  INDICATES RECORD WAS SET OR TIED.
MM INDICATES DATA IS MISSING.
T  INDICATES TRACE AMOUNT.




$$
