000
CDUS44 KAMA 272129
CLIBGD


CLIMATE REPORT
NATIONAL WEATHER SERVICE AMARILLO TX
428 PM CDT WED JUL 27 2016


...................................

...THE BORGER CLIMATE SUMMARY FOR JULY 27 2016...
VALID TODAY AS OF 0428 PM LOCAL TIME.

CLIMATE NORMAL PERIOD 1981 TO 2010
CLIMATE RECORD PERIOD 1949 TO 2016


WEATHER ITEM   OBSERVED TIME   RECORD YEAR NORMAL DEPARTURE LAST
                VALUE   (LST)  VALUE       VALUE  FROM      YEAR
                                                  NORMAL
..................................................................
TEMPERATURE (F)
 TODAY
  MAXIMUM         95   1220 PM 105    2011  95      0       97
  MINIMUM         70    637 AM  55    1994  70      0       71
  AVERAGE         83                        82      1       84

PRECIPITATION (IN)
  TODAY            T             1.10 1950   0.10  -0.10     0.00
  MONTH TO DATE    0.74                      2.11  -1.37     7.39
  SINCE JUN 1      2.09                      5.28  -3.19    12.54
  SINCE JAN 1     10.96                     12.33  -1.37    28.06

SNOWFALL (IN)
  TODAY            0.0           0.0  2013                   0.0
                                      2012
                                      2011
  MONTH TO DATE    0.0                                       0.0
  SINCE JUN 1      0.0                                       0.0
  SINCE JUL 1      0.0                                       0.0
  SNOW DEPTH       0

DEGREE DAYS
 HEATING
  TODAY            0                         0      0        0
  MONTH TO DATE    0                         0      0        0
  SINCE JUN 1      0                         3     -3        0
  SINCE JUL 1      0                         0      0        0

 COOLING
  TODAY           18                        17      1       19
  MONTH TO DATE  568                       454    114      446
  SINCE JUN 1   1021                       812    209      859
  SINCE JAN 1   1208                      1009    199      983
..................................................................


WIND (MPH)
  RESULTANT WIND SPEED   2   RESULTANT WIND DIRECTION   S (160)
  HIGHEST WIND SPEED    13   HIGHEST WIND DIRECTION    SW (230)
  HIGHEST GUST SPEED    18   HIGHEST GUST DIRECTION    SW (240)
  AVERAGE WIND SPEED     3.5


SKY COVER
  AVERAGE SKY COVER 0.1


WEATHER CONDITIONS
 THE FOLLOWING WEATHER WAS RECORDED TODAY.
  THUNDERSTORM
  LIGHT RAIN


RELATIVE HUMIDITY (PERCENT)
 HIGHEST    84           700 AM
 LOWEST     33          1200 PM
 AVERAGE    59

..........................................................


THE BORGER CLIMATE NORMALS FOR TOMORROW
                         NORMAL    RECORD    YEAR
 MAXIMUM TEMPERATURE (F)   94       105      1986
 MINIMUM TEMPERATURE (F)   70        57      1994


SUNRISE AND SUNSET
JULY 27 2016..........SUNRISE   650 AM CDT   SUNSET   854 PM CDT
JULY 28 2016..........SUNRISE   651 AM CDT   SUNSET   853 PM CDT


-  INDICATES NEGATIVE NUMBERS.
R  INDICATES RECORD WAS SET OR TIED.
MM INDICATES DATA IS MISSING.
T  INDICATES TRACE AMOUNT.




$$
