000
CDUS44 KAMA 290629
CLIBGD


CLIMATE REPORT
NATIONAL WEATHER SERVICE AMARILLO TX
128 AM CDT SUN MAR 29 2015


...................................

...THE BORGER CLIMATE SUMMARY FOR MARCH 28 2015...

CLIMATE NORMAL PERIOD 1981 TO 2013
CLIMATE RECORD PERIOD 1949 TO 2015


WEATHER ITEM   OBSERVED TIME   RECORD YEAR NORMAL DEPARTURE LAST
                VALUE   (LST)  VALUE       VALUE  FROM      YEAR
                                                  NORMAL
..................................................................
TEMPERATURE (F)
 YESTERDAY
  MAXIMUM         87    209 PM  93    1963  67     20       63
  MINIMUM         45    700 AM  17    1975  40      5       42
  AVERAGE         66                        53     13       53

PRECIPITATION (IN)
  YESTERDAY        0.00          1.17 1970   0.06  -0.06     0.00
  MONTH TO DATE    0.27                      1.24  -0.97     0.07
  SINCE MAR 1      0.27                      1.24  -0.97     0.07
  SINCE JAN 1      2.12                      2.45  -0.33     0.45

SNOWFALL (IN)
  YESTERDAY        0.0          10.5  1970                   0.0
  MONTH TO DATE    T                                         1.0
  SINCE MAR 1      T                                         1.0
  SINCE JUL 1     17.5                                      13.6
  SNOW DEPTH       0

DEGREE DAYS
 HEATING
  YESTERDAY        0                        12    -12       12
  MONTH TO DATE  358                       450    -92      491
  SINCE MAR 1    358                       450    -92      491
  SINCE JUL 1   3230                      3443   -213     3569

 COOLING
  YESTERDAY        1                         0      1        0
  MONTH TO DATE    4                         0      4        0
  SINCE MAR 1      4                         0      4        0
  SINCE JAN 1      4                         0      4        0
..................................................................


WIND (MPH)
  RESULTANT WIND SPEED   5   RESULTANT WIND DIRECTION   S (200)
  HIGHEST WIND SPEED    22   HIGHEST WIND DIRECTION     S (170)
  HIGHEST GUST SPEED    31   HIGHEST GUST DIRECTION     S (180)
  AVERAGE WIND SPEED     8.9


SKY COVER
  AVERAGE SKY COVER 0.0


WEATHER CONDITIONS
 THE FOLLOWING WEATHER WAS RECORDED YESTERDAY.
  NO SIGNIFICANT WEATHER WAS OBSERVED.


RELATIVE HUMIDITY (PERCENT)
 HIGHEST    65           700 AM
 LOWEST     10           300 PM
 AVERAGE    38

..........................................................


THE BORGER CLIMATE NORMALS FOR TODAY
                         NORMAL    RECORD    YEAR
 MAXIMUM TEMPERATURE (F)   68        89      2012
                                             1967
 MINIMUM TEMPERATURE (F)   40        14      1987


SUNRISE AND SUNSET
MARCH 29 2015.........SUNRISE   737 AM CDT   SUNSET   805 PM CDT
MARCH 30 2015.........SUNRISE   735 AM CDT   SUNSET   806 PM CDT


-  INDICATES NEGATIVE NUMBERS.
R  INDICATES RECORD WAS SET OR TIED.
MM INDICATES DATA IS MISSING.
T  INDICATES TRACE AMOUNT.




$$
