000
CDUS44 KAMA 010634
CLIBGD


CLIMATE REPORT
NATIONAL WEATHER SERVICE AMARILLO TX
134 AM CDT SAT OCT 1 2016


...................................

...THE BORGER CLIMATE SUMMARY FOR SEPTEMBER 30 2016...

CLIMATE NORMAL PERIOD 1981 TO 2010
CLIMATE RECORD PERIOD 1949 TO 2016


WEATHER ITEM   OBSERVED TIME   RECORD YEAR NORMAL DEPARTURE LAST
                VALUE   (LST)  VALUE       VALUE  FROM      YEAR
                                                  NORMAL
..................................................................
TEMPERATURE (F)
 YESTERDAY
  MAXIMUM         83    326 PM  98    2009  78      5       88
  MINIMUM         49    636 AM  29    1985  55     -6       58
  AVERAGE         66                        66      0       73

PRECIPITATION (IN)
  YESTERDAY        0.00          0.30 1959   0.08  -0.08      T
  MONTH TO DATE    1.02                      2.38  -1.36     0.59
  SINCE SEP 1      1.02                      2.38  -1.36     0.59
  SINCE JAN 1     15.36                     18.39  -3.03    35.55

SNOWFALL (IN)
  YESTERDAY        0.0           0.0  2013                   0.0
                                      2012
                                      2011
  MONTH TO DATE    0.0                                       0.0
  SINCE SEP 1      0.0                                       0.0
  SINCE JUL 1      0.0                                       0.0
  SNOW DEPTH       0

DEGREE DAYS
 HEATING
  YESTERDAY        0                         3     -3        0
  MONTH TO DATE    4                        24    -20        0
  SINCE SEP 1      4                        27    -23        0
  SINCE JUL 1      4                        28    -24        0

 COOLING
  YESTERDAY        1                         4     -3        8
  MONTH TO DATE  292                       235     57      386
  SINCE SEP 1    292                       235     57      386
  SINCE JAN 1   2010                      1785    225     1884
..................................................................


WIND (MPH)
  RESULTANT WIND SPEED  10   RESULTANT WIND DIRECTION   S (160)
  HIGHEST WIND SPEED    21   HIGHEST WIND DIRECTION     S (170)
  HIGHEST GUST SPEED    30   HIGHEST GUST DIRECTION    SE (140)
  AVERAGE WIND SPEED    10.2


SKY COVER
  AVERAGE SKY COVER 0.0


WEATHER CONDITIONS
 THE FOLLOWING WEATHER WAS RECORDED YESTERDAY.
  NO SIGNIFICANT WEATHER WAS OBSERVED.


RELATIVE HUMIDITY (PERCENT)
 HIGHEST    80           700 AM
 LOWEST     35           100 PM
 AVERAGE    58

..........................................................


THE BORGER CLIMATE NORMALS FOR TODAY
                         NORMAL    RECORD    YEAR
 MAXIMUM TEMPERATURE (F)   78        97      2000
 MINIMUM TEMPERATURE (F)   54        37      1965


SUNRISE AND SUNSET
OCTOBER  1 2016.......SUNRISE   741 AM CDT   SUNSET   729 PM CDT
OCTOBER  2 2016.......SUNRISE   742 AM CDT   SUNSET   727 PM CDT


-  INDICATES NEGATIVE NUMBERS.
R  INDICATES RECORD WAS SET OR TIED.
MM INDICATES DATA IS MISSING.
T  INDICATES TRACE AMOUNT.




$$
