000
CDUS41 KBGM 270610
CLIBGM


CLIMATE REPORT
NATIONAL WEATHER SERVICE BINGHAMTON NY
206 AM EDT MON MAR 27 2017


...................................

...THE BINGHAMTON NY CLIMATE SUMMARY FOR MARCH 26 2017...

CLIMATE NORMAL PERIOD 1981 TO 2010
CLIMATE RECORD PERIOD 1951 TO 2017


WEATHER ITEM   OBSERVED TIME   RECORD YEAR NORMAL DEPARTURE LAST
                VALUE   (LST)  VALUE       VALUE  FROM      YEAR
                                                  NORMAL
..................................................................
TEMPERATURE (F)
 YESTERDAY
  MAXIMUM         36    135 PM  71    1986  45     -9       51
  MINIMUM         32    943 AM   4    1960  28      4       27
  AVERAGE         34                        36     -2       39

PRECIPITATION (IN)
  YESTERDAY        0.55          1.81 2002   0.11   0.44     0.00
  MONTH TO DATE    4.03                      2.45   1.58     1.06
  SINCE MAR 1      4.03                      2.45   1.58     1.06
  SINCE JAN 1     10.30                      7.21   3.09     6.37

SNOWFALL (IN)
  YESTERDAY        0.0           3.7  1958   0.4   -0.4      0.0
  MONTH TO DATE   39.6                      13.5   26.1      1.0
  SINCE MAR 1     39.6                      13.5   26.1      1.0
  SINCE JUL 1    133.1                      77.4   55.7     22.7
  SNOW DEPTH       4

DEGREE DAYS
 HEATING
  YESTERDAY       31                        29      2       26
  MONTH TO DATE  982                       861    121      666
  SINCE MAR 1    982                       861    121      666
  SINCE JUL 1   5595                      6060   -465     5024

 COOLING
  YESTERDAY        0                         0      0        0
  MONTH TO DATE    0                         0      0        0
  SINCE MAR 1      0                         0      0        0
  SINCE JAN 1      0                         0      0        0
..................................................................


WIND (MPH)
  HIGHEST WIND SPEED    20   HIGHEST WIND DIRECTION    SE (140)
  HIGHEST GUST SPEED    28   HIGHEST GUST DIRECTION    SE (150)
  AVERAGE WIND SPEED    12.9


SKY COVER
  AVERAGE SKY COVER 1.0


WEATHER CONDITIONS
 THE FOLLOWING WEATHER WAS RECORDED YESTERDAY.
  HEAVY RAIN
  RAIN
  LIGHT RAIN
  FOG
  FOG W/VISIBILITY <= 1/4 MILE


RELATIVE HUMIDITY (PERCENT)
 HIGHEST   100          1200 AM
 LOWEST     82          1200 PM
 AVERAGE    91

..........................................................


THE BINGHAMTON NY CLIMATE NORMALS FOR TODAY
                         NORMAL    RECORD    YEAR
 MAXIMUM TEMPERATURE (F)   45        72      1989
 MINIMUM TEMPERATURE (F)   28         9      2014
                                             1975


SUNRISE AND SUNSET
MARCH 27 2017.........SUNRISE   655 AM EDT   SUNSET   724 PM EDT
MARCH 28 2017.........SUNRISE   653 AM EDT   SUNSET   726 PM EDT


-  INDICATES NEGATIVE NUMBERS.
R  INDICATES RECORD WAS SET OR TIED.
MM INDICATES DATA IS MISSING.
T  INDICATES TRACE AMOUNT.

$$
