000
CDUS41 KBGM 270533
CLIBGM


CLIMATE REPORT
NATIONAL WEATHER SERVICE BINGHAMTON NY
133 AM EDT WED AUG 27 2014


...................................

...THE BINGHAMTON NY CLIMATE SUMMARY FOR AUGUST 26 2014...

CLIMATE NORMAL PERIOD 1981 TO 2010
CLIMATE RECORD PERIOD 1951 TO 2014


WEATHER ITEM   OBSERVED TIME   RECORD YEAR NORMAL DEPARTURE LAST
                VALUE   (LST)  VALUE       VALUE  FROM      YEAR
                                                  NORMAL
..................................................................
TEMPERATURE (F)
 YESTERDAY
  MAXIMUM         79    430 PM  88    1983  75      4       77
                                      1959
  MINIMUM         57    534 AM  46    1989  57      0       63
                                      1963
  AVERAGE         68                        66      2       70

PRECIPITATION (IN)
  YESTERDAY        0.00          1.51 1965   0.11  -0.11     0.69
  MONTH TO DATE    5.06                      2.91   2.15     4.95
  SINCE JUN 1     13.27                     10.92   2.35    16.71
  SINCE JAN 1     28.63                     25.67   2.96    29.87

SNOWFALL (IN)
  YESTERDAY        0.0           0.0  2002   0.0    0.0      0.0
                                      2001
                                      2000
  MONTH TO DATE    0.0                       0.0    0.0      0.0
  SINCE JUN 1      T                         0.0    0.0      0.0
  SINCE JUL 1      T                         0.0    0.0      0.0
  SNOW DEPTH       0

DEGREE DAYS
 HEATING
  YESTERDAY        0                         2     -2        0
  MONTH TO DATE   31                        29      2       37
  SINCE JUN 1    101                       144    -43      138
  SINCE JUL 1     56                        53      3       51

 COOLING
  YESTERDAY        3                         3      0        5
  MONTH TO DATE   61                        97    -36       44
  SINCE JUN 1    269                       309    -40      347
  SINCE JAN 1    294                       332    -38      390
..................................................................


WIND (MPH)
  HIGHEST WIND SPEED    14   HIGHEST WIND DIRECTION     W (250)
  HIGHEST GUST SPEED    29   HIGHEST GUST DIRECTION    NW (320)
  AVERAGE WIND SPEED     6.5


SKY COVER
  AVERAGE SKY COVER 0.0


WEATHER CONDITIONS
 THE FOLLOWING WEATHER WAS RECORDED YESTERDAY.
  FOG


RELATIVE HUMIDITY (PERCENT)
 HIGHEST    93           500 AM
 LOWEST     42           500 PM
 AVERAGE    68

..........................................................


THE BINGHAMTON NY CLIMATE NORMALS FOR TODAY
                         NORMAL    RECORD    YEAR
 MAXIMUM TEMPERATURE (F)   75        89      1983
                                             1980
                                             1953
 MINIMUM TEMPERATURE (F)   57        44      1969


SUNRISE AND SUNSET
AUGUST 27 2014........SUNRISE   624 AM EDT   SUNSET   746 PM EDT
AUGUST 28 2014........SUNRISE   625 AM EDT   SUNSET   744 PM EDT


-  INDICATES NEGATIVE NUMBERS.
R  INDICATES RECORD WAS SET OR TIED.
MM INDICATES DATA IS MISSING.
T  INDICATES TRACE AMOUNT.




$$
