000
CDUS41 KBGM 222127
CLIBGM


CLIMATE REPORT
NATIONAL WEATHER SERVICE BINGHAMTON NY
526 PM EDT FRI SEP 22 2017


...................................

...THE BINGHAMTON NY CLIMATE SUMMARY FOR SEPTEMBER 22 2017...
VALID TODAY AS OF 0500 PM LOCAL TIME.

CLIMATE NORMAL PERIOD 1981 TO 2010
CLIMATE RECORD PERIOD 1951 TO 2017


WEATHER ITEM   OBSERVED TIME   RECORD YEAR NORMAL DEPARTURE LAST
                VALUE   (LST)  VALUE       VALUE  FROM      YEAR
                                                  NORMAL
..................................................................
TEMPERATURE (F)
 TODAY
  MAXIMUM         79    117 PM  85    1980  66     13       79
                                      1965
  MINIMUM         58    454 AM  35    1991  48     10       52
  AVERAGE         69                        57     12       66

PRECIPITATION (IN)
  TODAY            0.00          1.53 1995   0.13  -0.13     0.00
  MONTH TO DATE    1.16                      2.63  -1.47     0.69
  SINCE SEP 1      1.16                      2.63  -1.47     0.69
  SINCE JAN 1     40.90                     28.84  12.06    24.24

SNOWFALL (IN)
  TODAY            0.0           0.0  2002   0.0    0.0      0.0
                                      2001
                                      2000
  MONTH TO DATE    0.0                       0.0    0.0      0.0
  SINCE SEP 1      0.0                       0.0    0.0      0.0
  SINCE JUL 1      0.0                       0.0    0.0      0.0
  SNOW DEPTH       0

DEGREE DAYS
 HEATING
  TODAY            0                         8     -8        0
  MONTH TO DATE  114                       114      0       37
  SINCE SEP 1    114                       114      0       37
  SINCE JUL 1    195                       177     18       46

 COOLING
  TODAY            4                         1      3        1
  MONTH TO DATE   30                        29      1       47
  SINCE SEP 1     30                        29      1       47
  SINCE JAN 1    301                       377    -76      558
..................................................................


WIND (MPH)
  HIGHEST WIND SPEED    15   HIGHEST WIND DIRECTION     N (340)
  HIGHEST GUST SPEED    19   HIGHEST GUST DIRECTION     N (10)
  AVERAGE WIND SPEED     6.8


SKY COVER
  AVERAGE SKY COVER 0.0


WEATHER CONDITIONS
 THE FOLLOWING WEATHER WAS RECORDED TODAY.
  NO SIGNIFICANT WEATHER WAS OBSERVED.


RELATIVE HUMIDITY (PERCENT)
 HIGHEST   100           100 AM
 LOWEST     38           400 PM
 AVERAGE    69

..........................................................


THE BINGHAMTON NY CLIMATE NORMALS FOR TOMORROW
                         NORMAL    RECORD    YEAR
 MAXIMUM TEMPERATURE (F)   66        85      1959
 MINIMUM TEMPERATURE (F)   48        32      1963


SUNRISE AND SUNSET
SEPTEMBER 22 2017.....SUNRISE   652 AM EDT   SUNSET   701 PM EDT
SEPTEMBER 23 2017.....SUNRISE   653 AM EDT   SUNSET   659 PM EDT


-  INDICATES NEGATIVE NUMBERS.
R  INDICATES RECORD WAS SET OR TIED.
MM INDICATES DATA IS MISSING.
T  INDICATES TRACE AMOUNT.




$$
