000
CDUS41 KBGM 150557
CLIBGM


CLIMATE REPORT
NATIONAL WEATHER SERVICE BINGHAMTON NY
1256 AM EST FRI DEC 15 2017


...................................

...THE BINGHAMTON NY CLIMATE SUMMARY FOR DECEMBER 14 2017...

CLIMATE NORMAL PERIOD 1981 TO 2010
CLIMATE RECORD PERIOD 1951 TO 2017


WEATHER ITEM   OBSERVED TIME   RECORD YEAR NORMAL DEPARTURE LAST
                VALUE   (LST)  VALUE       VALUE  FROM      YEAR
                                                  NORMAL
..................................................................
TEMPERATURE (F)
 YESTERDAY
  MAXIMUM         17   1232 PM  61    2015  34    -17       27
  MINIMUM          7   1150 PM  -6    2005  22    -15       17
  AVERAGE         12                        28    -16       22

PRECIPITATION (IN)
  YESTERDAY        0.06          1.06 1956   0.08  -0.02      T
  MONTH TO DATE    0.52                      1.40  -0.88     1.94
  SINCE DEC 1      0.52                      1.40  -0.88     1.94
  SINCE JAN 1     47.41                     37.87   9.54    34.46

SNOWFALL (IN)
  YESTERDAY        1.6          11.5  2003   0.5    1.1       T
  MONTH TO DATE    4.0                       7.2   -3.2     19.2
  SINCE DEC 1      4.0                       7.2   -3.2     19.2
  SINCE JUL 1      5.8                      14.0   -8.2     47.8
  SNOW DEPTH       3

DEGREE DAYS
 HEATING
  YESTERDAY       53                        37     16       43
  MONTH TO DATE  512                       491     21      506
  SINCE DEC 1    512                       491     21      506
  SINCE JUL 1   1910                      2066   -156     1855

 COOLING
  YESTERDAY        0                         0      0        0
  MONTH TO DATE    0                         0      0        0
  SINCE DEC 1      0                         0      0        0
  SINCE JAN 1    349                       381    -32      563
..................................................................


WIND (MPH)
  HIGHEST WIND SPEED    20   HIGHEST WIND DIRECTION    NW (310)
  HIGHEST GUST SPEED    27   HIGHEST GUST DIRECTION    NW (330)
  AVERAGE WIND SPEED     8.3


SKY COVER
  AVERAGE SKY COVER 0.6


WEATHER CONDITIONS
 THE FOLLOWING WEATHER WAS RECORDED YESTERDAY.
  LIGHT SNOW
  FOG
  BLOWING SNOW


RELATIVE HUMIDITY (PERCENT)
 HIGHEST    96          1200 AM
 LOWEST     58           400 PM
 AVERAGE    77

..........................................................


THE BINGHAMTON NY CLIMATE NORMALS FOR TODAY
                         NORMAL    RECORD    YEAR
 MAXIMUM TEMPERATURE (F)   33        56      2015
                                             1971
 MINIMUM TEMPERATURE (F)   21         1      1962


SUNRISE AND SUNSET
DECEMBER 15 2017......SUNRISE   726 AM EST   SUNSET   433 PM EST
DECEMBER 16 2017......SUNRISE   726 AM EST   SUNSET   433 PM EST


-  INDICATES NEGATIVE NUMBERS.
R  INDICATES RECORD WAS SET OR TIED.
MM INDICATES DATA IS MISSING.
T  INDICATES TRACE AMOUNT.




$$
