000
CDUS41 KBGM 290558
CLIBGM


CLIMATE REPORT
NATIONAL WEATHER SERVICE BINGHAMTON NY
157 AM EDT MON MAY 29 2017


...................................

...THE BINGHAMTON NY CLIMATE SUMMARY FOR MAY 28 2017...

CLIMATE NORMAL PERIOD 1981 TO 2010
CLIMATE RECORD PERIOD 1951 TO 2017


WEATHER ITEM   OBSERVED TIME   RECORD YEAR NORMAL DEPARTURE LAST
                VALUE   (LST)  VALUE       VALUE  FROM      YEAR
                                                  NORMAL
..................................................................
TEMPERATURE (F)
 YESTERDAY
  MAXIMUM         72    229 PM  88    2016  69      3       88
  MINIMUM         53    422 AM  35    1994  50      3       63
  AVERAGE         63                        59      4       76

PRECIPITATION (IN)
  YESTERDAY        0.00          1.68 1984   0.12  -0.12     0.00
  MONTH TO DATE    4.78                      3.19   1.59     2.80
  SINCE MAR 1     15.99                      9.61   6.38     7.03
  SINCE JAN 1     22.26                     14.37   7.89    12.34

SNOWFALL (IN)
  YESTERDAY        0.0           0.0  2002   0.0    0.0      0.0
                                      2001
  MONTH TO DATE    0.0                       0.1   -0.1       T
  SINCE MAR 1     41.7                      19.5   22.2     10.3
  SINCE JUL 1    135.2                      83.4   51.8     32.0
  SNOW DEPTH       0

DEGREE DAYS
 HEATING
  YESTERDAY        2                         7     -5        0
  MONTH TO DATE  337                       287     50      321
  SINCE MAR 1   1884                      1887     -3     1771
  SINCE JUL 1   6497                      7086   -589     6129

 COOLING
  YESTERDAY        0                         1     -1       11
  MONTH TO DATE   17                        16      1       26
  SINCE MAR 1     21                        20      1       26
  SINCE JAN 1     21                        20      1       26
..................................................................


WIND (MPH)
  HIGHEST WIND SPEED    15   HIGHEST WIND DIRECTION    SE (150)
  HIGHEST GUST SPEED    24   HIGHEST GUST DIRECTION     S (160)
  AVERAGE WIND SPEED     7.4


SKY COVER
  AVERAGE SKY COVER 0.8


WEATHER CONDITIONS
 THE FOLLOWING WEATHER WAS RECORDED YESTERDAY.
  FOG


RELATIVE HUMIDITY (PERCENT)
 HIGHEST   100           400 AM
 LOWEST     53           200 PM
 AVERAGE    77

..........................................................


THE BINGHAMTON NY CLIMATE NORMALS FOR TODAY
                         NORMAL    RECORD    YEAR
 MAXIMUM TEMPERATURE (F)   69        87      1987
                                             1969
 MINIMUM TEMPERATURE (F)   50        38      2008
                                             1964
                                             1953


SUNRISE AND SUNSET
MAY 29 2017...........SUNRISE   532 AM EDT   SUNSET   832 PM EDT
MAY 30 2017...........SUNRISE   531 AM EDT   SUNSET   832 PM EDT


-  INDICATES NEGATIVE NUMBERS.
R  INDICATES RECORD WAS SET OR TIED.
MM INDICATES DATA IS MISSING.
T  INDICATES TRACE AMOUNT.




$$
