000
CDUS41 KCAR 182134
CLIBGR


CLIMATE REPORT
NATIONAL WEATHER SERVICE CARIBOU, ME
434 PM EST THU DEC 18 2014


...................................

...THE BANGOR ME CLIMATE SUMMARY FOR DECEMBER 18 2014...
VALID TODAY AS OF 0400 PM LOCAL TIME.

CLIMATE NORMAL PERIOD 1981 TO 2010
CLIMATE RECORD PERIOD 1925 TO 2014


WEATHER ITEM   OBSERVED TIME   RECORD YEAR NORMAL DEPARTURE LAST
                VALUE   (LST)  VALUE       VALUE  FROM      YEAR
                                                  NORMAL
..................................................................
TEMPERATURE (F)
 TODAY
  MAXIMUM         33    143 PM  53    2000  33      0       23
                                      1954
  MINIMUM         31    359 PM  -9    1980  14     17       -1
  AVERAGE         32                        24      8       11

PRECIPITATION (IN)
  TODAY            0.05          0.68 1975   0.11  -0.06     0.06
  MONTH TO DATE    3.96                      2.21   1.75     1.14
  SINCE DEC 1      3.96                      2.21   1.75     1.14
  SINCE JAN 1     42.65                     40.66   1.99    38.27

SNOWFALL (IN)
  TODAY            0.5           8.7  1975   0.4    0.1      1.5
  MONTH TO DATE    5.1                       7.5   -2.4     13.6
  SINCE DEC 1      5.1                       7.5   -2.4     13.6
  SINCE JUL 1     31.0                       9.9   21.1     14.3
  SNOW DEPTH       2

DEGREE DAYS
 HEATING
  TODAY           33                        41     -8       54
  MONTH TO DATE  646                       679    -33      806
  SINCE DEC 1    646                       679    -33      806
  SINCE JUL 1   2230                      2348   -118     2391

 COOLING
  TODAY            0                         0      0        0
  MONTH TO DATE    0                         0      0        0
  SINCE DEC 1      0                         0      0        0
  SINCE JAN 1    363                       318     45      355
..................................................................


WIND (MPH)
  HIGHEST WIND SPEED    21   HIGHEST WIND DIRECTION     N (360)
  HIGHEST GUST SPEED    29   HIGHEST GUST DIRECTION     N (340)
  AVERAGE WIND SPEED    13.6


SKY COVER
  POSSIBLE SUNSHINE  MM
  AVERAGE SKY COVER 1.0


WEATHER CONDITIONS
 THE FOLLOWING WEATHER WAS RECORDED TODAY.
  LIGHT RAIN
  LIGHT SNOW
  FOG
  HAZE


RELATIVE HUMIDITY (PERCENT)
 HIGHEST    92           600 AM
 LOWEST     78           300 PM
 AVERAGE    85

..........................................................


THE BANGOR ME CLIMATE NORMALS FOR TOMORROW
                         NORMAL    RECORD    YEAR
 MAXIMUM TEMPERATURE (F)   33        56      1928
 MINIMUM TEMPERATURE (F)   14       -16      1942


SUNRISE AND SUNSET
DECEMBER 18 2014......SUNRISE   708 AM EST   SUNSET   356 PM EST
DECEMBER 19 2014......SUNRISE   708 AM EST   SUNSET   356 PM EST


-  INDICATES NEGATIVE NUMBERS.
R  INDICATES RECORD WAS SET OR TIED.
MM INDICATES DATA IS MISSING.
T  INDICATES TRACE AMOUNT.




$$
