000
CDUS41 KCAR 300533
CLIBGR


CLIMATE REPORT
NATIONAL WEATHER SERVICE CARIBOU, ME
129 AM EDT MON MAR 30 2015


...................................

...THE BANGOR ME CLIMATE SUMMARY FOR MARCH 29 2015...

CLIMATE NORMAL PERIOD 1981 TO 2010
CLIMATE RECORD PERIOD 1925 TO 2015


WEATHER ITEM   OBSERVED TIME   RECORD YEAR NORMAL DEPARTURE LAST
                VALUE   (LST)  VALUE       VALUE  FROM      YEAR
                                                  NORMAL
..................................................................
TEMPERATURE (F)
 YESTERDAY
  MAXIMUM         40    511 PM  79    1946  45     -5       51
  MINIMUM         18    523 AM   6    1974  26     -8       34
  AVERAGE         29                        35     -6       43

PRECIPITATION (IN)
  YESTERDAY        0.00          1.55 2010   0.12  -0.12     0.02
  MONTH TO DATE    1.41                      3.14  -1.73     2.28
  SINCE MAR 1      1.41                      3.14  -1.73     2.28
  SINCE JAN 1      6.30                      8.55  -2.25     7.45

SNOWFALL (IN)
  YESTERDAY        0.0           2.8  1961   0.3              T
  MONTH TO DATE   15.6                      11.2            15.7
  SINCE MAR 1     15.6                      11.2            15.7
  SINCE JUL 1    132.7                      61.9            78.9
  SNOW DEPTH      MM

DEGREE DAYS
 HEATING
  YESTERDAY       36                        30      6       22
  MONTH TO DATE 1189                      1018    171     1241
  SINCE MAR 1   1189                      1018    171     1241
  SINCE JUL 1   7079                      6664    415     6993

 COOLING
  YESTERDAY        0                         0      0        0
  MONTH TO DATE    0                         0      0        0
  SINCE MAR 1      0                         0      0        0
  SINCE JAN 1      0                         0      0        0
..................................................................


WIND (MPH)
  RESULTANT WIND SPEED   4   RESULTANT WIND DIRECTION   W (290)
  HIGHEST WIND SPEED    17   HIGHEST WIND DIRECTION    NW (330)
  HIGHEST GUST SPEED    21   HIGHEST GUST DIRECTION     N (340)


SKY COVER
  POSSIBLE SUNSHINE  MM
  AVERAGE SKY COVER 0.1


WEATHER CONDITIONS
 THE FOLLOWING WEATHER WAS RECORDED YESTERDAY.
  NO SIGNIFICANT WEATHER WAS OBSERVED.


RELATIVE HUMIDITY (PERCENT)
 HIGHEST    69
 LOWEST     19
 AVERAGE    44

..........................................................


THE BANGOR ME CLIMATE NORMALS FOR TODAY
                         NORMAL    RECORD    YEAR
 MAXIMUM TEMPERATURE (F)   45        71      1977
 MINIMUM TEMPERATURE (F)   26        13      1943


SUNRISE AND SUNSET
MARCH 30 2015.........SUNRISE   620 AM EDT   SUNSET   700 PM EDT
MARCH 31 2015.........SUNRISE   618 AM EDT   SUNSET   701 PM EDT


-  INDICATES NEGATIVE NUMBERS.
R  INDICATES RECORD WAS SET OR TIED.
MM INDICATES DATA IS MISSING.
T  INDICATES TRACE AMOUNT.




$$
