000
CDUS41 KCAR 230526
CLIBGR


CLIMATE REPORT
NATIONAL WEATHER SERVICE CARIBOU, ME
126 AM EDT SUN APR 23 2017


...................................

...THE BANGOR ME CLIMATE SUMMARY FOR APRIL 22 2017...

CLIMATE NORMAL PERIOD 1981 TO 2010
CLIMATE RECORD PERIOD 1925 TO 2017


WEATHER ITEM   OBSERVED TIME   RECORD YEAR NORMAL DEPARTURE LAST
                VALUE   (LST)  VALUE       VALUE  FROM      YEAR
                                                  NORMAL
..................................................................
TEMPERATURE (F)
 YESTERDAY
  MAXIMUM         39    548 PM  76    1977  56    -17       72
  MINIMUM         35    259 AM  21    2013  35      0       37
  AVERAGE         37                        45     -8       55

PRECIPITATION (IN)
  YESTERDAY        0.13          1.51 2000   0.12   0.01     0.00
  MONTH TO DATE    2.78                      2.67   0.11     2.55
  SINCE MAR 1      4.85                      6.05  -1.20     5.82
  SINCE JAN 1     10.74                     11.46  -0.72    12.09

SNOWFALL (IN)
  YESTERDAY        T             0.4  1963   0.1             0.0
  MONTH TO DATE    2.3                       3.5              T
  SINCE MAR 1     19.3                      15.2             6.0
  SINCE JUL 1     82.6                      65.9            44.6
  SNOW DEPTH       0

DEGREE DAYS
 HEATING
  YESTERDAY       28                        20      8       10
  MONTH TO DATE  468                       531    -63      536
  SINCE MAR 1   1682                      1608     74     1521
  SINCE JUL 1   6810                      7254   -444     6436

 COOLING
  YESTERDAY        0                         0      0        0
  MONTH TO DATE    0                         0      0        0
  SINCE MAR 1      0                         0      0        0
  SINCE JAN 1      0                         0      0        0
..................................................................


WIND (MPH)
  RESULTANT WIND SPEED   5   RESULTANT WIND DIRECTION   E (90)
  HIGHEST WIND SPEED    12   HIGHEST WIND DIRECTION    SE (120)
  HIGHEST GUST SPEED    14   HIGHEST GUST DIRECTION    SE (120)


SKY COVER
  POSSIBLE SUNSHINE  MM
  AVERAGE SKY COVER 1.0


WEATHER CONDITIONS
 THE FOLLOWING WEATHER WAS RECORDED YESTERDAY.
  LIGHT RAIN
  SNOW
  FOG


RELATIVE HUMIDITY (PERCENT)
 HIGHEST   100
 LOWEST     82
 AVERAGE    91

..........................................................


THE BANGOR ME CLIMATE NORMALS FOR TODAY
                         NORMAL    RECORD    YEAR
 MAXIMUM TEMPERATURE (F)   56        83      2007
 MINIMUM TEMPERATURE (F)   35        22      1944
                                             1933
                                             1929


SUNRISE AND SUNSET
APRIL 23 2017.........SUNRISE   537 AM EDT   SUNSET   731 PM EDT
APRIL 24 2017.........SUNRISE   536 AM EDT   SUNSET   732 PM EDT


-  INDICATES NEGATIVE NUMBERS.
R  INDICATES RECORD WAS SET OR TIED.
MM INDICATES DATA IS MISSING.
T  INDICATES TRACE AMOUNT.




$$
