000
CDUS41 KCAR 270530
CLIBGR


CLIMATE REPORT
NATIONAL WEATHER SERVICE CARIBOU, ME
129 AM EDT THU AUG 27 2015


...................................

...THE BANGOR ME CLIMATE SUMMARY FOR AUGUST 26 2015...

CLIMATE NORMAL PERIOD 1981 TO 2010
CLIMATE RECORD PERIOD 1925 TO 2015


WEATHER ITEM   OBSERVED TIME   RECORD YEAR NORMAL DEPARTURE LAST
                VALUE   (LST)  VALUE       VALUE  FROM      YEAR
                                                  NORMAL
..................................................................
TEMPERATURE (F)
 YESTERDAY
  MAXIMUM         78    151 PM  98    1948  77      1       83
  MINIMUM         62    932 PM  35    1942  54      8       61
                                      1940
  AVERAGE         70                        65      5       72

PRECIPITATION (IN)
  YESTERDAY        0.05          0.85 1985   0.09  -0.04     0.00
  MONTH TO DATE    2.63                      2.54   0.09     2.81
  SINCE JUN 1      8.69                      9.76  -1.07    13.18
  SINCE JAN 1     19.74                     25.81  -6.07    27.59

SNOWFALL (IN)
  YESTERDAY        0.0           0.0  2002   0.0             0.0
                                      2001
  MONTH TO DATE    0.0                       0.0             0.0
  SINCE JUN 1      0.0                       0.0             0.0
  SINCE JUL 1      0.0                       0.0             0.0
  SNOW DEPTH       0

DEGREE DAYS
 HEATING
  YESTERDAY        0                         2     -2        0
  MONTH TO DATE    0                        31    -31        8
  SINCE JUN 1    205                       161     44       84
  SINCE JUL 1     29                        54    -25       13

 COOLING
  YESTERDAY        5                         2      3        7
  MONTH TO DATE  147                        91     56       78
  SINCE JUN 1    271                       275     -4      297
  SINCE JAN 1    294                       281     13      297
..................................................................


WIND (MPH)
  RESULTANT WIND SPEED   5   RESULTANT WIND DIRECTION  SE (150)
  HIGHEST WIND SPEED    16   HIGHEST WIND DIRECTION    SE (130)
  HIGHEST GUST SPEED    22   HIGHEST GUST DIRECTION     S (170)


SKY COVER
  POSSIBLE SUNSHINE  MM
  AVERAGE SKY COVER 0.9


WEATHER CONDITIONS
 THE FOLLOWING WEATHER WAS RECORDED YESTERDAY.
  LIGHT RAIN
  FOG


RELATIVE HUMIDITY (PERCENT)
 HIGHEST   100
 LOWEST     74
 AVERAGE    87

..........................................................


THE BANGOR ME CLIMATE NORMALS FOR TODAY
                         NORMAL    RECORD    YEAR
 MAXIMUM TEMPERATURE (F)   76        99      1948
 MINIMUM TEMPERATURE (F)   54        32      1940


SUNRISE AND SUNSET
AUGUST 27 2015........SUNRISE   551 AM EDT   SUNSET   722 PM EDT
AUGUST 28 2015........SUNRISE   552 AM EDT   SUNSET   720 PM EDT


-  INDICATES NEGATIVE NUMBERS.
R  INDICATES RECORD WAS SET OR TIED.
MM INDICATES DATA IS MISSING.
T  INDICATES TRACE AMOUNT.




$$
