000
CDUS41 KCAR 100531
CLIBGR


CLIMATE REPORT
NATIONAL WEATHER SERVICE CARIBOU, ME
130 AM EDT THU JUL 10 2014


...................................

...THE BANGOR ME CLIMATE SUMMARY FOR JULY 9 2014...

CLIMATE NORMAL PERIOD 1981 TO 2010
CLIMATE RECORD PERIOD 1925 TO 2014


WEATHER ITEM   OBSERVED TIME   RECORD YEAR NORMAL DEPARTURE LAST
                VALUE   (LST)  VALUE       VALUE  FROM      YEAR
                                                  NORMAL
..................................................................
TEMPERATURE (F)
 YESTERDAY
  MAXIMUM         86    111 PM  96    1937  79      7       76
  MINIMUM         67   1159 PM  41    1969  57     10       59
  AVERAGE         77                        68      9       68

PRECIPITATION (IN)
  YESTERDAY        T             0.78 2005   0.10  -0.10     0.00
  MONTH TO DATE    3.70                      0.94   2.76     0.86
  SINCE JUN 1      7.29                      4.70   2.59     6.32
  SINCE JAN 1     21.70                     20.75   0.95    17.61

SNOWFALL (IN)
  YESTERDAY        0.0           0.0  2002   0.0             0.0
                                      2001
  MONTH TO DATE    0.0                       0.0             0.0
  SINCE JUN 1      0.0                       0.0             0.0
  SINCE JUL 1      0.0                       0.0             0.0
  SNOW DEPTH       0

DEGREE DAYS
 HEATING
  YESTERDAY        0                         1     -1        0
  MONTH TO DATE    5                         9     -4        3
  SINCE JUN 1     76                       116    -40      103
  SINCE JUL 1      5                         9     -4        3

 COOLING
  YESTERDAY       12                         4      8        3
  MONTH TO DATE   76                        34     42       63
  SINCE JUN 1    122                        86     36      120
  SINCE JAN 1    122                        92     30      128
..................................................................


WIND (MPH)
  RESULTANT WIND SPEED   9   RESULTANT WIND DIRECTION   S (200)
  HIGHEST WIND SPEED    17   HIGHEST WIND DIRECTION    SW (220)
  HIGHEST GUST SPEED    24   HIGHEST GUST DIRECTION     S (200)


SKY COVER
  POSSIBLE SUNSHINE  MM
  AVERAGE SKY COVER 0.6


WEATHER CONDITIONS
 THE FOLLOWING WEATHER WAS RECORDED YESTERDAY.
  LIGHT RAIN
  FOG
  HAZE


RELATIVE HUMIDITY (PERCENT)
 HIGHEST    93
 LOWEST     43
 AVERAGE    68

..........................................................


THE BANGOR ME CLIMATE NORMALS FOR TODAY
                         NORMAL    RECORD    YEAR
 MAXIMUM TEMPERATURE (F)   79        96      1937
 MINIMUM TEMPERATURE (F)   58        44      1942


SUNRISE AND SUNSET
JULY 10 2014..........SUNRISE   459 AM EDT   SUNSET   822 PM EDT
JULY 11 2014..........SUNRISE   500 AM EDT   SUNSET   821 PM EDT


-  INDICATES NEGATIVE NUMBERS.
R  INDICATES RECORD WAS SET OR TIED.
MM INDICATES DATA IS MISSING.
T  INDICATES TRACE AMOUNT.




$$
