000
CDUS41 KCAR 170531
CLIBGR


CLIMATE REPORT
NATIONAL WEATHER SERVICE CARIBOU, ME
130 AM EDT WED SEP 17 2014


...................................

...THE BANGOR ME CLIMATE SUMMARY FOR SEPTEMBER 16 2014...

CLIMATE NORMAL PERIOD 1981 TO 2010
CLIMATE RECORD PERIOD 1925 TO 2014


WEATHER ITEM   OBSERVED TIME   RECORD YEAR NORMAL DEPARTURE LAST
                VALUE   (LST)  VALUE       VALUE  FROM      YEAR
                                                  NORMAL
..................................................................
TEMPERATURE (F)
 YESTERDAY
  MAXIMUM         62   1156 AM  97    1939  70     -8       61
  MINIMUM         46   1140 PM  33    1959  48     -2       41
  AVERAGE         54                        59     -5       51

PRECIPITATION (IN)
  YESTERDAY        T             3.03 1999   0.14  -0.14     0.04
  MONTH TO DATE    0.83                      1.86  -1.03     6.70
  SINCE SEP 1      0.83                      1.86  -1.03     6.70
  SINCE JAN 1     28.57                     28.11   0.46    31.88

SNOWFALL (IN)
  YESTERDAY        0.0           0.0  2002   0.0             0.0
                                      2001
  MONTH TO DATE    0.0                       0.0             0.0
  SINCE SEP 1      0.0                       0.0             0.0
  SINCE JUL 1      0.0                       0.0             0.0
  SNOW DEPTH       0

DEGREE DAYS
 HEATING
  YESTERDAY       11                         7      4       14
  MONTH TO DATE   91                        76     15       80
  SINCE SEP 1     91                        76     15       80
  SINCE JUL 1    112                       139    -27      112

 COOLING
  YESTERDAY        0                         1     -1        0
  MONTH TO DATE   42                        20     22       33
  SINCE SEP 1     42                        20     22       33
  SINCE JAN 1    356                       314     42      355
..................................................................


WIND (MPH)
  RESULTANT WIND SPEED   6   RESULTANT WIND DIRECTION   S (200)
  HIGHEST WIND SPEED    14   HIGHEST WIND DIRECTION    SW (220)
  HIGHEST GUST SPEED    18   HIGHEST GUST DIRECTION     S (200)


SKY COVER
  POSSIBLE SUNSHINE  MM
  AVERAGE SKY COVER 0.8


WEATHER CONDITIONS
 THE FOLLOWING WEATHER WAS RECORDED YESTERDAY.
  FOG


RELATIVE HUMIDITY (PERCENT)
 HIGHEST    96
 LOWEST     60
 AVERAGE    78

..........................................................


THE BANGOR ME CLIMATE NORMALS FOR TODAY
                         NORMAL    RECORD    YEAR
 MAXIMUM TEMPERATURE (F)   69        88      1991
                                             1942
 MINIMUM TEMPERATURE (F)   47        30      1945


SUNRISE AND SUNSET
SEPTEMBER 17 2014.....SUNRISE   616 AM EDT   SUNSET   642 PM EDT
SEPTEMBER 18 2014.....SUNRISE   617 AM EDT   SUNSET   640 PM EDT


-  INDICATES NEGATIVE NUMBERS.
R  INDICATES RECORD WAS SET OR TIED.
MM INDICATES DATA IS MISSING.
T  INDICATES TRACE AMOUNT.




$$
