000
CDUS41 KCAR 230526
CLIBGR


CLIMATE REPORT
NATIONAL WEATHER SERVICE CARIBOU, ME
126 AM EDT TUE MAY 23 2017


...................................

...THE BANGOR ME CLIMATE SUMMARY FOR MAY 22 2017...

CLIMATE NORMAL PERIOD 1981 TO 2010
CLIMATE RECORD PERIOD 1925 TO 2017


WEATHER ITEM   OBSERVED TIME   RECORD YEAR NORMAL DEPARTURE LAST
                VALUE   (LST)  VALUE       VALUE  FROM      YEAR
                                                  NORMAL
..................................................................
TEMPERATURE (F)
 YESTERDAY
  MAXIMUM         61   1236 PM  96    1992  67     -6       74
  MINIMUM         45    942 PM  30    1936  44      1       52
  AVERAGE         53                        56     -3       63

PRECIPITATION (IN)
  YESTERDAY        0.08          0.96 1971   0.12  -0.04     0.00
  MONTH TO DATE    5.01                      2.52   2.49     1.92
  SINCE MAR 1     11.06                      9.52   1.54     7.77
  SINCE JAN 1     16.95                     14.93   2.02    14.04

SNOWFALL (IN)
  YESTERDAY        0.0           0.0  2002   0.0             0.0
                                      2001
  MONTH TO DATE    0.0                       0.1              T
  SINCE MAR 1     19.3                      15.5             6.0
  SINCE JUL 1     82.6                      66.2            44.6
  SNOW DEPTH       0

DEGREE DAYS
 HEATING
  YESTERDAY       12                        10      2        2
  MONTH TO DATE  293                       283     10      277
  SINCE MAR 1   2077                      2035     42     1998
  SINCE JUL 1   7205                      7681   -476     6913

 COOLING
  YESTERDAY        0                         0      0        0
  MONTH TO DATE    7                         0      7        0
  SINCE MAR 1      7                         0      7        0
  SINCE JAN 1      7                         0      7        0
..................................................................


WIND (MPH)
  RESULTANT WIND SPEED   8   RESULTANT WIND DIRECTION   S (180)
  HIGHEST WIND SPEED    20   HIGHEST WIND DIRECTION     S (180)
  HIGHEST GUST SPEED    26   HIGHEST GUST DIRECTION     S (190)


SKY COVER
  POSSIBLE SUNSHINE  MM
  AVERAGE SKY COVER 1.0


WEATHER CONDITIONS
 THE FOLLOWING WEATHER WAS RECORDED YESTERDAY.
  LIGHT RAIN
  FOG


RELATIVE HUMIDITY (PERCENT)
 HIGHEST   100
 LOWEST     32
 AVERAGE    66

..........................................................


THE BANGOR ME CLIMATE NORMALS FOR TODAY
                         NORMAL    RECORD    YEAR
 MAXIMUM TEMPERATURE (F)   68        91      1992
 MINIMUM TEMPERATURE (F)   45        31      1929


SUNRISE AND SUNSET
MAY 23 2017...........SUNRISE   459 AM EDT   SUNSET   806 PM EDT
MAY 24 2017...........SUNRISE   458 AM EDT   SUNSET   807 PM EDT


-  INDICATES NEGATIVE NUMBERS.
R  INDICATES RECORD WAS SET OR TIED.
MM INDICATES DATA IS MISSING.
T  INDICATES TRACE AMOUNT.




$$
