147
CDUS41 KCAR 160530
CLIBGR


CLIMATE REPORT
NATIONAL WEATHER SERVICE CARIBOU, ME
1230 AM EST MON JAN 16 2017


...................................

...THE BANGOR ME CLIMATE SUMMARY FOR JANUARY 15 2017...

CLIMATE NORMAL PERIOD 1981 TO 2010
CLIMATE RECORD PERIOD 1925 TO 2017


WEATHER ITEM   OBSERVED TIME   RECORD YEAR NORMAL DEPARTURE LAST
                VALUE   (LST)  VALUE       VALUE  FROM      YEAR
                                                  NORMAL
..................................................................
TEMPERATURE (F)
 YESTERDAY
  MAXIMUM         24    129 PM  58    1932  27     -3       25
  MINIMUM         12   1159 PM -20    1957   6      6        1
  AVERAGE         18                        16      2       13

PRECIPITATION (IN)
  YESTERDAY        0.00          1.31 1962   0.09  -0.09     0.00
  MONTH TO DATE    1.80                      1.41   0.39     2.13
  SINCE DEC 1      5.57                      4.89   0.68     6.19
  SINCE JAN 1      1.80                      1.41   0.39     2.13

SNOWFALL (IN)
  YESTERDAY        0.0           7.0  1958   0.7             0.0
  MONTH TO DATE    2.9                       9.5             2.4
  SINCE DEC 1     21.3                      23.9            13.5
  SINCE JUL 1     22.8                      26.3            16.0
  SNOW DEPTH       T

DEGREE DAYS
 HEATING
  YESTERDAY       47                        48     -1       52
  MONTH TO DATE  659                       712    -53      630
  SINCE DEC 1   1978                      1964     14     1583
  SINCE JUL 1   3397                      3633   -236     3084

 COOLING
  YESTERDAY        0                         0      0        0
  MONTH TO DATE    0                         0      0        0
  SINCE DEC 1      0                         0      0        0
  SINCE JAN 1      0                         0      0        0
..................................................................


WIND (MPH)
  RESULTANT WIND SPEED   6   RESULTANT WIND DIRECTION  NW (320)
  HIGHEST WIND SPEED    23   HIGHEST WIND DIRECTION    NW (320)
  HIGHEST GUST SPEED    28   HIGHEST GUST DIRECTION    NW (300)


SKY COVER
  POSSIBLE SUNSHINE  MM
  AVERAGE SKY COVER 0.4


WEATHER CONDITIONS
 THE FOLLOWING WEATHER WAS RECORDED YESTERDAY.
  NO SIGNIFICANT WEATHER WAS OBSERVED.


RELATIVE HUMIDITY (PERCENT)
 HIGHEST    73
 LOWEST     39
 AVERAGE    56

..........................................................


THE BANGOR ME CLIMATE NORMALS FOR TODAY
                         NORMAL    RECORD    YEAR
 MAXIMUM TEMPERATURE (F)   27        54      1932
 MINIMUM TEMPERATURE (F)    6       -25      2009


SUNRISE AND SUNSET
JANUARY 16 2017.......SUNRISE   709 AM EST   SUNSET   422 PM EST
JANUARY 17 2017.......SUNRISE   708 AM EST   SUNSET   423 PM EST


-  INDICATES NEGATIVE NUMBERS.
R  INDICATES RECORD WAS SET OR TIED.
MM INDICATES DATA IS MISSING.
T  INDICATES TRACE AMOUNT.




$$
