000
CDUS41 KCAR 030534
CLIBGR


CLIMATE REPORT
NATIONAL WEATHER SERVICE CARIBOU, ME
1232 AM EST TUE MAR 3 2015


...................................

...THE BANGOR ME CLIMATE SUMMARY FOR MARCH 2 2015...

CLIMATE NORMAL PERIOD 1981 TO 2010
CLIMATE RECORD PERIOD 1925 TO 2015


WEATHER ITEM   OBSERVED TIME   RECORD YEAR NORMAL DEPARTURE LAST
                VALUE   (LST)  VALUE       VALUE  FROM      YEAR
                                                  NORMAL
..................................................................
TEMPERATURE (F)
 YESTERDAY
  MAXIMUM         30    308 PM  54    1991  36     -6       30
  MINIMUM         15   1159 PM -16    2001  15      0       13
  AVERAGE         23                        25     -2       22

PRECIPITATION (IN)
  YESTERDAY        0.07          1.29 1983   0.09  -0.02     0.00
  MONTH TO DATE    0.11                      0.19  -0.08      T
  SINCE MAR 1      0.11                      0.19  -0.08      T
  SINCE JAN 1      5.00                      5.60  -0.60     5.17

SNOWFALL (IN)
  YESTERDAY        1.0           6.6  2007   0.4             0.0
  MONTH TO DATE    1.5                       0.9              T
  SINCE MAR 1      1.5                       0.9              T
  SINCE JUL 1    118.6                      51.6            63.2
  SNOW DEPTH      50

DEGREE DAYS
 HEATING
  YESTERDAY       42                        40      2       43
  MONTH TO DATE   99                        80     19       95
  SINCE MAR 1     99                        80     19       95
  SINCE JUL 1   5989                      5726    263     5847

 COOLING
  YESTERDAY        0                         0      0        0
  MONTH TO DATE    0                         0      0        0
  SINCE MAR 1      0                         0      0        0
  SINCE JAN 1      0                         0      0        0
..................................................................


WIND (MPH)
  RESULTANT WIND SPEED  10   RESULTANT WIND DIRECTION  NW (300)
  HIGHEST WIND SPEED    33   HIGHEST WIND DIRECTION    NW (320)
  HIGHEST GUST SPEED    42   HIGHEST GUST DIRECTION    NW (330)


SKY COVER
  POSSIBLE SUNSHINE  MM
  AVERAGE SKY COVER 0.8


WEATHER CONDITIONS
 THE FOLLOWING WEATHER WAS RECORDED YESTERDAY.
  LIGHT SNOW
  FOG
  HAZE
  BLOWING SNOW


RELATIVE HUMIDITY (PERCENT)
 HIGHEST    96
 LOWEST     46
 AVERAGE    71

..........................................................


THE BANGOR ME CLIMATE NORMALS FOR TODAY
                         NORMAL    RECORD    YEAR
 MAXIMUM TEMPERATURE (F)   36        53      1964
 MINIMUM TEMPERATURE (F)   15        -9      1950


SUNRISE AND SUNSET
MARCH  3 2015.........SUNRISE   610 AM EST   SUNSET   525 PM EST
MARCH  4 2015.........SUNRISE   608 AM EST   SUNSET   527 PM EST


-  INDICATES NEGATIVE NUMBERS.
R  INDICATES RECORD WAS SET OR TIED.
MM INDICATES DATA IS MISSING.
T  INDICATES TRACE AMOUNT.




$$
