000
CDUS41 KCAR 262033
CLIBGR


CLIMATE REPORT
NATIONAL WEATHER SERVICE CARIBOU, ME
432 PM EDT MON SEP 26 2016


...................................

...THE BANGOR ME CLIMATE SUMMARY FOR SEPTEMBER 26 2016...
VALID TODAY AS OF 0400 PM LOCAL TIME.

CLIMATE NORMAL PERIOD 1981 TO 2010
CLIMATE RECORD PERIOD 1925 TO 2016


WEATHER ITEM   OBSERVED TIME   RECORD YEAR NORMAL DEPARTURE LAST
                VALUE   (LST)  VALUE       VALUE  FROM      YEAR
                                                  NORMAL
..................................................................
TEMPERATURE (F)
 TODAY
  MAXIMUM         64    158 PM  91    2007  66     -2       63
  MINIMUM         34    552 AM  29    2009  44    -10       35
  AVERAGE         49                        55     -6       49

PRECIPITATION (IN)
  TODAY            0.00          2.28 1977   0.14  -0.14     0.00
  MONTH TO DATE    1.14                      3.23  -2.09     1.41
  SINCE SEP 1      1.14                      3.23  -2.09     1.41
  SINCE JAN 1     23.13                     29.48  -6.35    21.15

SNOWFALL (IN)
  TODAY            0.0           0.0  2002   0.0    0.0      0.0
                                      2001
  MONTH TO DATE    0.0                       0.0    0.0      0.0
  SINCE SEP 1      0.0                       0.0    0.0      0.0
  SINCE JUL 1      0.0                       0.0    0.0      0.0
  SNOW DEPTH       0

DEGREE DAYS
 HEATING
  TODAY           16                        10      6       16
  MONTH TO DATE  101                       163    -62       81
  SINCE SEP 1    101                       163    -62       81
  SINCE JUL 1    128                       226    -98      110

 COOLING
  TODAY            0                         0      0        0
  MONTH TO DATE   59                        21     38       91
  SINCE SEP 1     59                        21     38       91
  SINCE JAN 1    448                       315    133      400
..................................................................


WIND (MPH)
  HIGHEST WIND SPEED     9   HIGHEST WIND DIRECTION    SW (240)
  HIGHEST GUST SPEED    14   HIGHEST GUST DIRECTION    SW (240)
  AVERAGE WIND SPEED     2.7


SKY COVER
  POSSIBLE SUNSHINE  MM
  AVERAGE SKY COVER 0.1


WEATHER CONDITIONS
 THE FOLLOWING WEATHER WAS RECORDED TODAY.
  NO SIGNIFICANT WEATHER WAS OBSERVED.


RELATIVE HUMIDITY (PERCENT)
 HIGHEST    92           300 AM
 LOWEST     36           200 PM
 AVERAGE    64

..........................................................


THE BANGOR ME CLIMATE NORMALS FOR TOMORROW
                         NORMAL    RECORD    YEAR
 MAXIMUM TEMPERATURE (F)   65        91      1948
 MINIMUM TEMPERATURE (F)   43        24      1947
                                             1940


SUNRISE AND SUNSET
SEPTEMBER 26 2016.....SUNRISE   628 AM EDT   SUNSET   624 PM EDT
SEPTEMBER 27 2016.....SUNRISE   629 AM EDT   SUNSET   622 PM EDT


-  INDICATES NEGATIVE NUMBERS.
R  INDICATES RECORD WAS SET OR TIED.
MM INDICATES DATA IS MISSING.
T  INDICATES TRACE AMOUNT.




$$
