000
CDUS44 KBMX 250734
CLIBHM


CLIMATE REPORT
NATIONAL WEATHER SERVICE BIRMINGHAM, AL
234 AM CDT THU MAY 25 2017


...................................

...THE BIRMINGHAM CLIMATE SUMMARY FOR MAY 24 2017...

CLIMATE NORMAL PERIOD 1981 TO 2010
CLIMATE RECORD PERIOD 1895 TO 2017


WEATHER ITEM   OBSERVED TIME   RECORD YEAR NORMAL DEPARTURE LAST
                VALUE   (LST)  VALUE       VALUE  FROM      YEAR
                                                  NORMAL
..................................................................
TEMPERATURE (F)
 YESTERDAY
  MAXIMUM         71   1207 PM  96    1996  83    -12       87
  MINIMUM         57   1159 PM  46    1917  62     -5       59
  AVERAGE         64                        73     -9       73

PRECIPITATION (IN)
  YESTERDAY        0.40          1.73 1907   0.16   0.24     0.00
  MONTH TO DATE    6.43                      3.91   2.52     1.38
  SINCE MAR 1     17.76                     13.52   4.24    10.83
  SINCE JAN 1     27.42                     22.89   4.53    21.57

DEGREE DAYS
 COOLING
  YESTERDAY        0                         8     -8        8
  MONTH TO DATE  159                       137     22      112
  SINCE MAR 1    383                       217    166      220
  SINCE JAN 1    398                       221    177      227
..................................................................


WIND (MPH)
  HIGHEST WIND SPEED    25   HIGHEST WIND DIRECTION    NW (300)
  HIGHEST GUST SPEED    34   HIGHEST GUST DIRECTION     W (280)
  AVERAGE WIND SPEED     9.6


SKY COVER
  AVERAGE SKY COVER 0.8


WEATHER CONDITIONS
 THE FOLLOWING WEATHER WAS RECORDED YESTERDAY.
  THUNDERSTORM
  HEAVY RAIN
  LIGHT RAIN
  FOG


RELATIVE HUMIDITY (PERCENT)
 HIGHEST   100           100 AM
 LOWEST     61          1100 AM
 AVERAGE    81

..........................................................


THE BIRMINGHAM CLIMATE NORMALS FOR TODAY
                         NORMAL    RECORD    YEAR
 MAXIMUM TEMPERATURE (F)   84        95      1962
 MINIMUM TEMPERATURE (F)   62        45      1979


SUNRISE AND SUNSET
MAY 25 2017...........SUNRISE   540 AM CDT   SUNSET   748 PM CDT
MAY 26 2017...........SUNRISE   540 AM CDT   SUNSET   748 PM CDT


-  INDICATES NEGATIVE NUMBERS.
R  INDICATES RECORD WAS SET OR TIED.
MM INDICATES DATA IS MISSING.
T  INDICATES TRACE AMOUNT.




$$
