000
CDUS44 KBMX 162221
CLIBHM


CLIMATE REPORT
NATIONAL WEATHER SERVICE BIRMINGHAM, AL
421 PM CST SAT DEC 16 2017


...................................

...THE BIRMINGHAM CLIMATE SUMMARY FOR DECEMBER 16 2017...
VALID TODAY AS OF 0400 PM LOCAL TIME.

CLIMATE NORMAL PERIOD 1981 TO 2010
CLIMATE RECORD PERIOD 1895 TO 2017


WEATHER ITEM   OBSERVED TIME   RECORD YEAR NORMAL DEPARTURE LAST
                VALUE   (LST)  VALUE       VALUE  FROM      YEAR
                                                  NORMAL
..................................................................
TEMPERATURE (F)
 TODAY
  MAXIMUM         55    254 PM  76    1924  56     -1       55
  MINIMUM         24    631 AM   8    1901  36    -12       30
  AVERAGE         40                        46     -6       43

PRECIPITATION (IN)
  TODAY            0.00          2.27 1932   0.13  -0.13     0.00
  MONTH TO DATE    0.99                      2.48  -1.49     1.56
  SINCE DEC 1      0.99                      2.48  -1.49     1.56
  SINCE JAN 1     66.02                     51.75  14.27    39.48

SNOWFALL (IN)
  TODAY            0.0                       0.0    0.0      0.0
  MONTH TO DATE    4.0                       0.0    4.0      0.0
  SINCE DEC 1      4.0                       0.0    4.0      0.0
  SINCE JUL 1      4.0                       0.0    4.0      0.0
  SNOW DEPTH       0

..................................................................


WIND (MPH)
  HIGHEST WIND SPEED     7   HIGHEST WIND DIRECTION    SW (230)
  HIGHEST GUST SPEED     9   HIGHEST GUST DIRECTION    SW (240)
  AVERAGE WIND SPEED     0.8


SKY COVER
  AVERAGE SKY COVER 0.5


WEATHER CONDITIONS
 THE FOLLOWING WEATHER WAS RECORDED TODAY.
  FOG


RELATIVE HUMIDITY (PERCENT)
 HIGHEST    92           200 AM
 LOWEST     30           300 PM
 AVERAGE    61

..........................................................


THE BIRMINGHAM CLIMATE NORMALS FOR TOMORROW
                         NORMAL    RECORD    YEAR
 MAXIMUM TEMPERATURE (F)   55        73      1984
                                             1933
 MINIMUM TEMPERATURE (F)   36        13      1901


SUNRISE AND SUNSET
DECEMBER 16 2017......SUNRISE   645 AM CST   SUNSET   441 PM CST
DECEMBER 17 2017......SUNRISE   645 AM CST   SUNSET   441 PM CST


-  INDICATES NEGATIVE NUMBERS.
R  INDICATES RECORD WAS SET OR TIED.
MM INDICATES DATA IS MISSING.
T  INDICATES TRACE AMOUNT.




$$
