000
CDUS44 KBMX 250950
CLIBHM


CLIMATE REPORT
NATIONAL WEATHER SERVICE BIRMINGHAM, AL
449 AM CDT FRI JUL 25 2014


...................................

...THE BIRMINGHAM CLIMATE SUMMARY FOR JULY 24 2014...

CLIMATE NORMAL PERIOD 1981 TO 2010
CLIMATE RECORD PERIOD 1895 TO 2014


WEATHER ITEM   OBSERVED TIME   RECORD YEAR NORMAL DEPARTURE LAST
                VALUE   (LST)  VALUE       VALUE  FROM      YEAR
                                                  NORMAL
..................................................................
TEMPERATURE (F)
 YESTERDAY
  MAXIMUM         90    340 PM 104    1952  91     -1       87
  MINIMUM         71   1159 PM  62    1966  72     -1       69
                                      1909
  AVERAGE         81                        81      0       78

PRECIPITATION (IN)
  YESTERDAY        T             2.53 1910   0.16  -0.16     0.01
  MONTH TO DATE    0.92                      3.78  -2.86     7.84
  SINCE JUN 1      5.73                      8.16  -2.43    16.50
  SINCE JAN 1     28.59                     32.13  -3.54    47.01

DEGREE DAYS
 COOLING
  YESTERDAY       16                        16      0       13
  MONTH TO DATE  341                       381    -40      320
  SINCE JUN 1    747                       763    -16      741
  SINCE JAN 1   1040                      1045     -5     1006
..................................................................


WIND (MPH)
  HIGHEST WIND SPEED    16   HIGHEST WIND DIRECTION    NW (330)
  HIGHEST GUST SPEED    20   HIGHEST GUST DIRECTION    NW (330)
  AVERAGE WIND SPEED     4.9


SKY COVER
  AVERAGE SKY COVER 0.5


WEATHER CONDITIONS
 THE FOLLOWING WEATHER WAS RECORDED YESTERDAY.
  NO SIGNIFICANT WEATHER WAS OBSERVED.


RELATIVE HUMIDITY (PERCENT)
 HIGHEST    93           200 AM
 LOWEST     47           300 PM
 AVERAGE    70

..........................................................


THE BIRMINGHAM CLIMATE NORMALS FOR TODAY
                         NORMAL    RECORD    YEAR
 MAXIMUM TEMPERATURE (F)   91       106      1952
 MINIMUM TEMPERATURE (F)   72        60      1911


SUNRISE AND SUNSET
JULY 25 2014..........SUNRISE   554 AM CDT   SUNSET   752 PM CDT
JULY 26 2014..........SUNRISE   555 AM CDT   SUNSET   752 PM CDT


-  INDICATES NEGATIVE NUMBERS.
R  INDICATES RECORD WAS SET OR TIED.
MM INDICATES DATA IS MISSING.
T  INDICATES TRACE AMOUNT.




$$
