000
CDUS44 KBMX 260711
CLIBHM


CLIMATE REPORT
NATIONAL WEATHER SERVICE BIRMINGHAM, AL
109 AM CST MON JAN 26 2015


...................................

...THE BIRMINGHAM CLIMATE SUMMARY FOR JANUARY 25 2015...

CLIMATE NORMAL PERIOD 1981 TO 2010
CLIMATE RECORD PERIOD 2014 TO 2015


WEATHER ITEM   OBSERVED TIME   RECORD YEAR NORMAL DEPARTURE LAST
                VALUE   (LST)  VALUE       VALUE  FROM      YEAR
                                                  NORMAL
..................................................................
TEMPERATURE (F)
 YESTERDAY
  MAXIMUM         61    321 PM  78    1950  54      7       48
  MINIMUM         30    643 AM   7    1905  34     -4       20
  AVERAGE         46                        44      2       34

PRECIPITATION (IN)
  YESTERDAY        0.04          1.66 1975   0.16  -0.12     0.00
  MONTH TO DATE    4.38                      3.85   0.53     1.48
  SINCE DEC 1     11.53                      8.30   3.23     8.54
  SINCE JAN 1      4.38                      3.85   0.53     1.48

SNOWFALL (IN)
  YESTERDAY        0.0                       0.0    0.0      0.0
  MONTH TO DATE    T                         0.5   -0.5      0.0
  SINCE DEC 1      T                         0.6   -0.6      0.0
  SINCE JUL 1      T                         0.6   -0.6      0.0
  SNOW DEPTH       0

DEGREE DAYS
 HEATING
  YESTERDAY       19                        21     -2       31
  MONTH TO DATE  574                       534     40      687
  SINCE DEC 1   1070                      1123    -53     1242
  SINCE JUL 1   1632                      1581     51     1770
..................................................................


WIND (MPH)
  HIGHEST WIND SPEED    43   HIGHEST WIND DIRECTION     W (270)
  HIGHEST GUST SPEED    57   HIGHEST GUST DIRECTION     W (260)
  AVERAGE WIND SPEED     8.3


SKY COVER
  AVERAGE SKY COVER 0.3


WEATHER CONDITIONS
 THE FOLLOWING WEATHER WAS RECORDED YESTERDAY.
  THUNDERSTORM
  HEAVY RAIN


RELATIVE HUMIDITY (PERCENT)
 HIGHEST    92           300 AM
 LOWEST     36           200 PM
 AVERAGE    64

..........................................................


THE BIRMINGHAM CLIMATE NORMALS FOR TODAY
                         NORMAL    RECORD    YEAR
 MAXIMUM TEMPERATURE (F)   54        76      1950
 MINIMUM TEMPERATURE (F)   34         1      1940


SUNRISE AND SUNSET
JANUARY 26 2015.......SUNRISE   647 AM CST   SUNSET   512 PM CST
JANUARY 27 2015.......SUNRISE   647 AM CST   SUNSET   513 PM CST


-  INDICATES NEGATIVE NUMBERS.
R  INDICATES RECORD WAS SET OR TIED.
MM INDICATES DATA IS MISSING.
T  INDICATES TRACE AMOUNT.




$$
