000
CDUS44 KBMX 011214
CLIBHM


CLIMATE REPORT
NATIONAL WEATHER SERVICE BIRMINGHAM, AL
614 AM CST SUN MAR 1 2015


...................................

...THE BIRMINGHAM CLIMATE SUMMARY FOR FEBRUARY 28 2015...

CLIMATE NORMAL PERIOD 1981 TO 2010
CLIMATE RECORD PERIOD 2014 TO 2015


WEATHER ITEM   OBSERVED TIME   RECORD YEAR NORMAL DEPARTURE LAST
                VALUE   (LST)  VALUE       VALUE  FROM      YEAR
                                                  NORMAL
..................................................................
TEMPERATURE (F)
 YESTERDAY
  MAXIMUM         63    417 PM  81    2011  62      1       59
  MINIMUM         29    212 AM  17    2002  40    -11       24
  AVERAGE         46                        51     -5       42

PRECIPITATION (IN)
  YESTERDAY        0.00          1.81 1903   0.17  -0.17     0.04
  MONTH TO DATE    4.32                      4.53  -0.21     5.37
  SINCE DEC 1     15.85                     13.82   2.03    13.99
  SINCE JAN 1      8.70                      9.37  -0.67     6.93

SNOWFALL (IN)
  YESTERDAY        0.0                       0.0    0.0      0.0
  MONTH TO DATE    0.7                       0.1    0.6      3.0
  SINCE DEC 1      0.7                       0.8   -0.1      5.0
  SINCE JUL 1      0.7                       0.8   -0.1      5.0
  SNOW DEPTH       0

DEGREE DAYS
 HEATING
  YESTERDAY       19                        14      5       23
  MONTH TO DATE  709                       487    222      527
  SINCE DEC 1   1904                      1732    172     1970
  SINCE JUL 1   2466                      2190    276     2498
..................................................................


WIND (MPH)
  HIGHEST WIND SPEED    17   HIGHEST WIND DIRECTION    SE (130)
  HIGHEST GUST SPEED    21   HIGHEST GUST DIRECTION    SE (140)
  AVERAGE WIND SPEED     6.5


SKY COVER
  AVERAGE SKY COVER 0.7


WEATHER CONDITIONS
 THE FOLLOWING WEATHER WAS RECORDED YESTERDAY.
  NO SIGNIFICANT WEATHER WAS OBSERVED.


RELATIVE HUMIDITY (PERCENT)
 HIGHEST    66          1100 PM
 LOWEST     23           400 PM
 AVERAGE    45

..........................................................


THE BIRMINGHAM CLIMATE NORMALS FOR TODAY
                         NORMAL    RECORD    YEAR
 MAXIMUM TEMPERATURE (F)   62        82      1997
 MINIMUM TEMPERATURE (F)   41        17      1980
                                             1920


SUNRISE AND SUNSET
MARCH  1 2015.........SUNRISE   616 AM CST   SUNSET   543 PM CST
MARCH  2 2015.........SUNRISE   614 AM CST   SUNSET   544 PM CST


-  INDICATES NEGATIVE NUMBERS.
R  INDICATES RECORD WAS SET OR TIED.
MM INDICATES DATA IS MISSING.
T  INDICATES TRACE AMOUNT.




$$
