000
CDUS44 KBMX 160941
CLIBHM


CLIMATE REPORT
NATIONAL WEATHER SERVICE BIRMINGHAM, AL
441 AM CDT WED APR 16 2014


...................................

...THE BIRMINGHAM CLIMATE SUMMARY FOR APRIL 15 2014...

CLIMATE NORMAL PERIOD 1981 TO 2010
CLIMATE RECORD PERIOD 1895 TO 2014


WEATHER ITEM   OBSERVED TIME   RECORD YEAR NORMAL DEPARTURE LAST
                VALUE   (LST)  VALUE       VALUE  FROM      YEAR
                                                  NORMAL
..................................................................
TEMPERATURE (F)
 YESTERDAY
  MAXIMUM         61    112 AM  88    1936  74    -13       73
  MINIMUM         35   1159 PM  31    1950  50    -15       58
  AVERAGE         48                        62    -14       66

PRECIPITATION (IN)
  YESTERDAY        0.17          1.67 1922   0.14   0.03     0.00
  MONTH TO DATE    6.37                      2.27   4.10     2.52
  SINCE MAR 1     11.09                      7.50   3.59     7.71
  SINCE JAN 1     18.02                     16.87   1.15    22.30

SNOWFALL (IN)
  YESTERDAY        0.0                       0.0    0.0      0.0
  MONTH TO DATE    0.0                       0.2   -0.2      0.0
  SINCE MAR 1      0.0                       0.8   -0.8       T
  SINCE JUL 1      5.0                       1.6    3.4      2.1
  SNOW DEPTH       0

DEGREE DAYS
 HEATING
  YESTERDAY       17                         5     12        0
  MONTH TO DATE   68                        91    -23       81
  SINCE MAR 1    441                       413     28      548
  SINCE JUL 1   2939                      2603    336     2546

 COOLING
  YESTERDAY        0                         2     -2        1
  MONTH TO DATE   21                        23     -2       28
  SINCE MAR 1     21                        41    -20       29
  SINCE JAN 1     24                        45    -21       35
..................................................................


WIND (MPH)
  HIGHEST WIND SPEED    25   HIGHEST WIND DIRECTION     N (340)
  HIGHEST GUST SPEED    32   HIGHEST GUST DIRECTION    NW (330)
  AVERAGE WIND SPEED    13.4


SKY COVER
  AVERAGE SKY COVER 0.6


WEATHER CONDITIONS
 THE FOLLOWING WEATHER WAS RECORDED YESTERDAY.
  RAIN
  LIGHT RAIN
  FOG


RELATIVE HUMIDITY (PERCENT)
 HIGHEST    97           100 AM
 LOWEST     35           500 PM
 AVERAGE    66

..........................................................


THE BIRMINGHAM CLIMATE NORMALS FOR TODAY
                         NORMAL    RECORD    YEAR
 MAXIMUM TEMPERATURE (F)   75        89      1977
 MINIMUM TEMPERATURE (F)   51        32      1983
                                             1962
                                             1950


SUNRISE AND SUNSET
APRIL 16 2014.........SUNRISE   615 AM CDT   SUNSET   719 PM CDT
APRIL 17 2014.........SUNRISE   614 AM CDT   SUNSET   719 PM CDT


-  INDICATES NEGATIVE NUMBERS.
R  INDICATES RECORD WAS SET OR TIED.
MM INDICATES DATA IS MISSING.
T  INDICATES TRACE AMOUNT.




$$
