000
CDUS44 KBMX 210939
CLIBHM


CLIMATE REPORT
NATIONAL WEATHER SERVICE BIRMINGHAM, AL
438 AM CDT THU AUG 21 2014


...................................

...THE BIRMINGHAM CLIMATE SUMMARY FOR AUGUST 20 2014...

CLIMATE NORMAL PERIOD 1981 TO 2010
CLIMATE RECORD PERIOD 1895 TO 2014


WEATHER ITEM   OBSERVED TIME   RECORD YEAR NORMAL DEPARTURE LAST
                VALUE   (LST)  VALUE       VALUE  FROM      YEAR
                                                  NORMAL
..................................................................
TEMPERATURE (F)
 YESTERDAY
  MAXIMUM         94    427 PM 102    1925  91      3       86
  MINIMUM         73    504 AM  58    1927  71      2       73
  AVERAGE         84                        81      3       80

PRECIPITATION (IN)
  YESTERDAY        0.00          2.97 1920   0.14  -0.14      T
  MONTH TO DATE    3.05                      2.62   0.43     4.23
  SINCE JUN 1      8.78                     11.80  -3.02    21.69
  SINCE JAN 1     31.64                     35.77  -4.13    52.20

DEGREE DAYS
 COOLING
  YESTERDAY       19                        16      3       15
  MONTH TO DATE  325                       320      5      261
  SINCE JUN 1   1163                      1201    -38     1098
  SINCE JAN 1   1456                      1483    -27     1363
..................................................................


WIND (MPH)
  HIGHEST WIND SPEED    15   HIGHEST WIND DIRECTION     W (280)
  HIGHEST GUST SPEED    20   HIGHEST GUST DIRECTION     W (280)
  AVERAGE WIND SPEED     6.2


SKY COVER
  AVERAGE SKY COVER 0.3


WEATHER CONDITIONS
 THE FOLLOWING WEATHER WAS RECORDED YESTERDAY.
  NO SIGNIFICANT WEATHER WAS OBSERVED.


RELATIVE HUMIDITY (PERCENT)
 HIGHEST    87           400 AM
 LOWEST     44           600 PM
 AVERAGE    66

..........................................................


THE BIRMINGHAM CLIMATE NORMALS FOR TODAY
                         NORMAL    RECORD    YEAR
 MAXIMUM TEMPERATURE (F)   91       102      1983
 MINIMUM TEMPERATURE (F)   71        55      1927


SUNRISE AND SUNSET
AUGUST 21 2014........SUNRISE   613 AM CDT   SUNSET   726 PM CDT
AUGUST 22 2014........SUNRISE   614 AM CDT   SUNSET   725 PM CDT


-  INDICATES NEGATIVE NUMBERS.
R  INDICATES RECORD WAS SET OR TIED.
MM INDICATES DATA IS MISSING.
T  INDICATES TRACE AMOUNT.




$$
