000
CDUS44 KBMX 242129
CLIBHM


CLIMATE REPORT
NATIONAL WEATHER SERVICE BIRMINGHAM, AL
429 PM CDT THU APR 24 2014


...................................

...THE BIRMINGHAM CLIMATE SUMMARY FOR APRIL 24 2014...
VALID AS OF 0400 PM LOCAL TIME.

CLIMATE NORMAL PERIOD 1981 TO 2010
CLIMATE RECORD PERIOD 1895 TO 2014


WEATHER ITEM   OBSERVED TIME   RECORD YEAR NORMAL DEPARTURE LAST
                VALUE   (LST)  VALUE       VALUE  FROM      YEAR
                                                  NORMAL
..................................................................
TEMPERATURE (F)
 TODAY
  MAXIMUM         84    209 PM  90    1925  76      8       67
  MINIMUM         50    341 AM  35    1986  53     -3       49
  AVERAGE         67                        65      2       58

PRECIPITATION (IN)
  TODAY            0.00          3.08 2010   0.14  -0.14     0.20
  MONTH TO DATE    6.61                      3.51   3.10     3.89
  SINCE MAR 1     11.33                      8.74   2.59     9.08
  SINCE JAN 1     18.26                     18.11   0.15    23.67

SNOWFALL (IN)
  TODAY            0.0                       0.0    0.0      0.0
  MONTH TO DATE    0.0                       0.2   -0.2      0.0
  SINCE MAR 1      0.0                       0.8   -0.8       T
  SINCE JUL 1      5.0                       1.6    3.4      2.1
  SNOW DEPTH       0

DEGREE DAYS

 COOLING
  TODAY            2                         3     -1        0
  MONTH TO DATE   28                        44    -16       61
  SINCE MAR 1     28                        62    -34       62
  SINCE JAN 1     31                        66    -35       68
..................................................................


WIND (MPH)
  HIGHEST WIND SPEED    17   HIGHEST WIND DIRECTION     S (200)
  HIGHEST GUST SPEED    23   HIGHEST GUST DIRECTION    SW (220)
  AVERAGE WIND SPEED     4.8


SKY COVER
  AVERAGE SKY COVER 0.3


WEATHER CONDITIONS
 THE FOLLOWING WEATHER WAS RECORDED TODAY.
  NO SIGNIFICANT WEATHER WAS OBSERVED.


RELATIVE HUMIDITY (PERCENT)
 HIGHEST    83          1200 AM
 LOWEST     29          1000 AM
 AVERAGE    56

..........................................................


THE BIRMINGHAM CLIMATE NORMALS FOR TOMORROW
                         NORMAL    RECORD    YEAR
 MAXIMUM TEMPERATURE (F)   77        88      2009
                                             1896
 MINIMUM TEMPERATURE (F)   53        33      1910


SUNRISE AND SUNSET
APRIL 24 2014.........SUNRISE   606 AM CDT   SUNSET   725 PM CDT
APRIL 25 2014.........SUNRISE   605 AM CDT   SUNSET   725 PM CDT


-  INDICATES NEGATIVE NUMBERS.
R  INDICATES RECORD WAS SET OR TIED.
MM INDICATES DATA IS MISSING.
T  INDICATES TRACE AMOUNT.




$$
