000
CDUS45 KVEF 210026
CLIBIH


CLIMATE REPORT
NATIONAL WEATHER SERVICE LAS VEGAS, NV
526 PM PDT SUN AUG 20 2017


...................................

...THE BISHOP CA CLIMATE SUMMARY FOR AUGUST 20 2017...
VALID TODAY AS OF 0500 PM LOCAL TIME.

CLIMATE NORMAL PERIOD 1981 TO 2010
CLIMATE RECORD PERIOD 1943 TO 2017


WEATHER ITEM   OBSERVED RECORD YEAR NORMAL DEPARTURE LAST
                VALUE   VALUE       VALUE  FROM      YEAR
                                           NORMAL
...........................................................
TEMPERATURE (F)
 TODAY
  MAXIMUM         97    105    2015  96      1      101
  MINIMUM         54     37    1959  53      1       57
  AVERAGE         76

PRECIPITATION (IN)
  TODAY            0.00   0.05 1975   0.00   0.00     0.00
  MONTH TO DATE    0.02               0.08  -0.06     0.00
  SINCE OCT 1      9.18               4.93   4.25     3.88
  SINCE JAN 1      8.82               3.31   5.51     3.07

SNOWFALL (IN)
  TODAY            0.0   MM      MM   0.0    0.0      0.0
  MONTH TO DATE    0.0                0.0    0.0      0.0
  SINCE JUN 1      0.0                0.0    0.0      0.0
  SINCE JUL 1      0.0                0.0    0.0      0.0
  SNOW DEPTH       0

DEGREE DAYS
 HEATING
  TODAY            0                  0      0        0
  MONTH TO DATE    0                  0      0        0
  SINCE JUN 1     14                 20     -6        3
  SINCE JUL 1      0                  1     -1        0

 COOLING
  TODAY           11                 10      1       14
  MONTH TO DATE  255                221     34      242
  SINCE JUN 1   1086                817    269     1061
  SINCE JAN 1   1143                885    258     1108
...........................................................


WIND (MPH)
  RESULTANT WIND SPEED   2   RESULTANT WIND DIRECTION   S (190)
  HIGHEST WIND SPEED    21   HIGHEST WIND DIRECTION    SE (130)
  HIGHEST GUST SPEED    26   HIGHEST GUST DIRECTION    SE (130)
  AVERAGE WIND SPEED     7.0


SKY COVER
  POSSIBLE SUNSHINE  MM
  AVERAGE SKY COVER 0.0


WEATHER CONDITIONS
 THE FOLLOWING WEATHER WAS RECORDED TODAY.
  NO SIGNIFICANT WEATHER WAS OBSERVED.


RELATIVE HUMIDITY (PERCENT)
 HIGHEST    62           600 AM
 LOWEST     11           100 PM
 AVERAGE    37

..........................................................


THE BISHOP CA CLIMATE NORMALS FOR TOMORROW
                         NORMAL    RECORD    YEAR
 MAXIMUM TEMPERATURE (F)   96       104      1950
 MINIMUM TEMPERATURE (F)   53        41      1968


SUNRISE AND SUNSET
AUGUST 20 2017........SUNRISE   614 AM PDT   SUNSET   739 PM PDT
AUGUST 21 2017........SUNRISE   615 AM PDT   SUNSET   737 PM PDT


-  INDICATES NEGATIVE NUMBERS.
R  INDICATES RECORD WAS SET OR TIED.
MM INDICATES DATA IS MISSING.
T  INDICATES TRACE AMOUNT.




$$
