000
CDUS45 KVEF 300036
CLIBIH


CLIMATE REPORT
NATIONAL WEATHER SERVICE LAS VEGAS, NV
535 PM PDT TUE JUL 29 2014


...................................

...THE BISHOP CA CLIMATE SUMMARY FOR JULY 29 2014...
VALID TODAY AS OF 0500 PM LOCAL TIME.

CLIMATE NORMAL PERIOD 1981 TO 2010
CLIMATE RECORD PERIOD 1943 TO 2014


WEATHER ITEM   OBSERVED RECORD YEAR NORMAL DEPARTURE LAST
                VALUE   VALUE       VALUE  FROM      YEAR
                                           NORMAL
...........................................................
TEMPERATURE (F)
 TODAY
  MAXIMUM         97    104    2007  99     -2       95
                               2002
                               1971
  MINIMUM         63     47    1986  57      6       54
  AVERAGE         80

PRECIPITATION (IN)
  TODAY            T      0.11 1960   0.01  -0.01     0.00
  MONTH TO DATE    T                  0.16  -0.16     0.48
  SINCE OCT 1      2.48               4.85  -2.37     2.18
  SINCE JAN 1      2.26               3.23  -0.97     0.95

SNOWFALL (IN)
  TODAY            0.0   MM      MM   0.0    0.0      0.0
  MONTH TO DATE    0.0                0.0    0.0      0.0
  SINCE JUN 1      0.0                0.0    0.0      0.0
  SINCE JUL 1      0.0                0.0    0.0      0.0
  SNOW DEPTH      MM

DEGREE DAYS
 HEATING
  TODAY            0                  0      0        0
  MONTH TO DATE    0                  0      0        0
  SINCE JUN 1      0                 19    -19        0
  SINCE JUL 1      0                  0      0        0

 COOLING
  TODAY           15                 13      2       10
  MONTH TO DATE  443                360     83      432
  SINCE JUN 1    739                574    165      762
  SINCE JAN 1    824                642    182      848
...........................................................


WIND (MPH)
  RESULTANT WIND SPEED   2   RESULTANT WIND DIRECTION   N (340)
  HIGHEST WIND SPEED    10   HIGHEST WIND DIRECTION    SW (230)
  HIGHEST GUST SPEED    14   HIGHEST GUST DIRECTION    SW (240)
  AVERAGE WIND SPEED     4.8


SKY COVER
  POSSIBLE SUNSHINE  MM
  AVERAGE SKY COVER 0.6


WEATHER CONDITIONS
 THE FOLLOWING WEATHER WAS RECORDED TODAY.
  LIGHT RAIN


RELATIVE HUMIDITY (PERCENT)
 HIGHEST    87           400 AM
 LOWEST     16           300 PM
 AVERAGE    52

..........................................................


THE BISHOP CA CLIMATE NORMALS FOR TOMORROW
                         NORMAL    RECORD    YEAR
 MAXIMUM TEMPERATURE (F)   99       105      1977
 MINIMUM TEMPERATURE (F)   56        47      1975


SUNRISE AND SUNSET
JULY 29 2014..........SUNRISE   555 AM PDT   SUNSET   804 PM PDT
JULY 30 2014..........SUNRISE   556 AM PDT   SUNSET   803 PM PDT


-  INDICATES NEGATIVE NUMBERS.
R  INDICATES RECORD WAS SET OR TIED.
MM INDICATES DATA IS MISSING.
T  INDICATES TRACE AMOUNT.




$$
