000
CDUS45 KVEF 250045
CLIBIH


CLIMATE REPORT
NATIONAL WEATHER SERVICE LAS VEGAS, NV
445 PM PST SAT FEB 24 2018


...................................

...THE BISHOP CA CLIMATE SUMMARY FOR FEBRUARY 24 2018...
VALID TODAY AS OF 0400 PM LOCAL TIME.

CLIMATE NORMAL PERIOD 1981 TO 2010
CLIMATE RECORD PERIOD 1943 TO 2018


WEATHER ITEM   OBSERVED RECORD YEAR NORMAL DEPARTURE LAST
                VALUE   VALUE       VALUE  FROM      YEAR
                                           NORMAL
...........................................................
TEMPERATURE (F)
 TODAY
  MAXIMUM         47     76    1989  60    -13       46
                               1986
  MINIMUM          7R    10    1944  28    -21       20
  AVERAGE         27

PRECIPITATION (IN)
  TODAY            0.00   3.50 1969   0.03  -0.03     0.00
  MONTH TO DATE    T                  0.73  -0.73     2.21
  SINCE OCT 1      0.20               3.40  -3.20     7.80
  SINCE JAN 1      0.04               1.78  -1.74     7.44

SNOWFALL (IN)
  TODAY            0.0    8.5  1969   0.1   -0.1      0.0
  MONTH TO DATE    0.2                0.7   -0.5      0.0
  SINCE DEC 1      0.2                7.1   -6.9      8.6
  SINCE JUL 1      0.2                7.4   -7.2      8.6
  SNOW DEPTH       0

DEGREE DAYS
 HEATING
  TODAY           38                 21     17       32
  MONTH TO DATE  542                557    -15      489
  SINCE DEC 1   1915               2225   -310     2153
  SINCE JUL 1   2715               3126   -411     2896

 COOLING
  TODAY            0                  0      0        0
  MONTH TO DATE    0                  0      0        0
  SINCE DEC 1      0                  0      0        0
  SINCE JAN 1      0                  0      0        0
...........................................................


WIND (MPH)
  RESULTANT WIND SPEED   1   RESULTANT WIND DIRECTION  NE (30)
  HIGHEST WIND SPEED    13   HIGHEST WIND DIRECTION     N (350)
  HIGHEST GUST SPEED    15   HIGHEST GUST DIRECTION    SE (120)
  AVERAGE WIND SPEED     5.3


SKY COVER
  POSSIBLE SUNSHINE  MM
  AVERAGE SKY COVER 0.0


WEATHER CONDITIONS
 THE FOLLOWING WEATHER WAS RECORDED TODAY.
  NO SIGNIFICANT WEATHER WAS OBSERVED.


RELATIVE HUMIDITY (PERCENT)
 HIGHEST    69           700 AM
 LOWEST     11           300 PM
 AVERAGE    40

..........................................................


THE BISHOP CA CLIMATE NORMALS FOR TOMORROW
                         NORMAL    RECORD    YEAR
 MAXIMUM TEMPERATURE (F)   61        79      1986
 MINIMUM TEMPERATURE (F)   28        13      1956
                                             1955
                                             1944


SUNRISE AND SUNSET
FEBRUARY 24 2018......SUNRISE   631 AM PST   SUNSET   543 PM PST
FEBRUARY 25 2018......SUNRISE   630 AM PST   SUNSET   544 PM PST


-  INDICATES NEGATIVE NUMBERS.
R  INDICATES RECORD WAS SET OR TIED.
MM INDICATES DATA IS MISSING.
T  INDICATES TRACE AMOUNT.




$$
