000
CDUS45 KVEF 120027
CLIBIH


CLIMATE REPORT
NATIONAL WEATHER SERVICE LAS VEGAS, NV
426 PM PST MON DEC 11 2017


...................................

...THE BISHOP CA CLIMATE SUMMARY FOR DECEMBER 11 2017...
VALID TODAY AS OF 0400 PM LOCAL TIME.

CLIMATE NORMAL PERIOD 1981 TO 2010
CLIMATE RECORD PERIOD 1943 TO 2017


WEATHER ITEM   OBSERVED RECORD YEAR NORMAL DEPARTURE LAST
                VALUE   VALUE       VALUE  FROM      YEAR
                                           NORMAL
...........................................................
TEMPERATURE (F)
 TODAY
  MAXIMUM         68     78    1958  53     15       69
  MINIMUM         22      8    1971  22      0       36
  AVERAGE         45

PRECIPITATION (IN)
  TODAY            0.00   0.37 1945   0.02  -0.02     0.00
  MONTH TO DATE    0.00               0.21  -0.21      T
  SINCE OCT 1      0.16               1.03  -0.87     0.09
  SINCE JAN 1      8.98               4.58   4.40     3.16

SNOWFALL (IN)
  TODAY            0.0    T    1995   0.0    0.0      0.0
                               1943
  MONTH TO DATE    0.0                0.2   -0.2       T
  SINCE DEC 1      0.0                0.2   -0.2       T
  SINCE JUL 1      0.0                0.5   -0.5       T
  SNOW DEPTH       0

DEGREE DAYS
 HEATING
  TODAY           20                 27     -7       12
  MONTH TO DATE  248                290    -42      253
  SINCE DEC 1    248                290    -42      253
  SINCE JUL 1   1048               1191   -143      996

 COOLING
  TODAY            0                  0      0        0
  MONTH TO DATE    0                  0      0        0
  SINCE DEC 1      0                  0      0        0
  SINCE JAN 1   1407               1104    303     1361
...........................................................


WIND (MPH)
  RESULTANT WIND SPEED   7   RESULTANT WIND DIRECTION  NW (320)
  HIGHEST WIND SPEED    13   HIGHEST WIND DIRECTION     N (340)
  HIGHEST GUST SPEED    16   HIGHEST GUST DIRECTION    NW (330)
  AVERAGE WIND SPEED     7.1


SKY COVER
  POSSIBLE SUNSHINE  MM
  AVERAGE SKY COVER 0.0


WEATHER CONDITIONS
 THE FOLLOWING WEATHER WAS RECORDED TODAY.
  NO SIGNIFICANT WEATHER WAS OBSERVED.


RELATIVE HUMIDITY (PERCENT)
 HIGHEST    39           700 AM
 LOWEST      3           200 PM
 AVERAGE    21

..........................................................


THE BISHOP CA CLIMATE NORMALS FOR TOMORROW
                         NORMAL    RECORD    YEAR
 MAXIMUM TEMPERATURE (F)   53        74      1953
 MINIMUM TEMPERATURE (F)   22         6      1972
                                             1949


SUNRISE AND SUNSET
DECEMBER 11 2017......SUNRISE   658 AM PST   SUNSET   436 PM PST
DECEMBER 12 2017......SUNRISE   659 AM PST   SUNSET   436 PM PST


-  INDICATES NEGATIVE NUMBERS.
R  INDICATES RECORD WAS SET OR TIED.
MM INDICATES DATA IS MISSING.
T  INDICATES TRACE AMOUNT.




$$
