000
CDUS45 KVEF 010829
CLIBIH


CLIMATE REPORT
NATIONAL WEATHER SERVICE LAS VEGAS, NV
129 AM PDT WED JUL 1 2015


...................................

...THE BISHOP CA CLIMATE SUMMARY FOR JUNE 30 2015...

CLIMATE NORMAL PERIOD 1981 TO 2010
CLIMATE RECORD PERIOD 1943 TO 2015


WEATHER ITEM   OBSERVED TIME   RECORD YEAR NORMAL DEPARTURE LAST
                VALUE   (LST)  VALUE       VALUE  FROM      YEAR
                                                  NORMAL
..................................................................
TEMPERATURE (F)
 YESTERDAY
  MAXIMUM        103   1206 PM 109    2013  96      7      106
  MINIMUM         64    521 AM  41    1997  54     10       61
  AVERAGE         84                        75      9       84

PRECIPITATION (IN)
  YESTERDAY        0.00          0.14 1977   0.00   0.00     0.00
  MONTH TO DATE    0.39                      0.19   0.20      T
  SINCE OCT 1      2.52                      4.69  -2.17     2.48
  SINCE JAN 1      2.06                      3.07  -1.01     2.26

SNOWFALL (IN)
  YESTERDAY        0.0          MM      MM   0.0    0.0      0.0
  MONTH TO DATE    0.0                       0.0    0.0      0.0
  SINCE JUN 1      0.0                       0.0    0.0      0.0
  SINCE JUL 1      T                         8.0   -8.0      0.6
  SNOW DEPTH       0

DEGREE DAYS
 HEATING
  YESTERDAY        0                         0      0        0
  MONTH TO DATE    0                        17    -17        0
  SINCE JUN 1      0                        19    -19        0
  SINCE JUL 1   3118                      4177  -1059     3682

 COOLING
  YESTERDAY       19                        10      9       19
  MONTH TO DATE  334                       214    120      296
  SINCE JUN 1    334                       214    120      296
  SINCE JAN 1    385                       282    103      381
..................................................................


WIND (MPH)
  RESULTANT WIND SPEED   5   RESULTANT WIND DIRECTION  NW (310)
  HIGHEST WIND SPEED    29   HIGHEST WIND DIRECTION     W (260)
  HIGHEST GUST SPEED    38   HIGHEST GUST DIRECTION     W (250)
  AVERAGE WIND SPEED     7.8


SKY COVER
  POSSIBLE SUNSHINE  MM
  AVERAGE SKY COVER 0.0


WEATHER CONDITIONS
 THE FOLLOWING WEATHER WAS RECORDED YESTERDAY.
  THUNDERSTORM


RELATIVE HUMIDITY (PERCENT)
 HIGHEST    52           200 AM
 LOWEST     14          1200 PM
 AVERAGE    33

..........................................................


THE BISHOP CA CLIMATE NORMALS FOR TODAY
                         NORMAL    RECORD    YEAR
 MAXIMUM TEMPERATURE (F)   97       109      2013
 MINIMUM TEMPERATURE (F)   55        42      1982


SUNRISE AND SUNSET
JULY  1 2015..........SUNRISE   536 AM PDT   SUNSET   818 PM PDT
JULY  2 2015..........SUNRISE   537 AM PDT   SUNSET   818 PM PDT


-  INDICATES NEGATIVE NUMBERS.
R  INDICATES RECORD WAS SET OR TIED.
MM INDICATES DATA IS MISSING.
T  INDICATES TRACE AMOUNT.




$$
