000
CDUS45 KVEF 170826
CLIBIH


CLIMATE REPORT
NATIONAL WEATHER SERVICE LAS VEGAS, NV
125 AM PDT THU APR 17 2014


...................................

...THE BISHOP CA CLIMATE SUMMARY FOR APRIL 16 2014...

CLIMATE NORMAL PERIOD 1981 TO 2010
CLIMATE RECORD PERIOD 1943 TO 2014


WEATHER ITEM   OBSERVED TIME   RECORD YEAR NORMAL DEPARTURE LAST
                VALUE   (LST)  VALUE       VALUE  FROM      YEAR
                                                  NORMAL
..................................................................
TEMPERATURE (F)
 YESTERDAY
  MAXIMUM         85    349 PM  89    1987  73     12       52
  MINIMUM         44    229 AM  21    1967  36      8       31
  AVERAGE         65                        54     11       42

PRECIPITATION (IN)
  YESTERDAY        0.00          0.35 1970   0.01  -0.01     0.00
  MONTH TO DATE    0.07                      0.17  -0.10      T
  SINCE OCT 1      2.24                      4.22  -1.98     1.23
  SINCE JAN 1      2.02                      2.60  -0.58      T

SNOWFALL (IN)
  YESTERDAY        0.0           T    1995   0.0    0.0      0.0
  MONTH TO DATE    0.1                       0.0    0.1      0.0
  SINCE MAR 1      0.1                       0.9   -0.8      0.0
  SINCE JUL 1      0.6                       6.8   -6.2      2.8
  SNOW DEPTH       0

DEGREE DAYS
 HEATING
  YESTERDAY        0                        11    -11       23
  MONTH TO DATE  131                       198    -67      139
  SINCE MAR 1    566                       714   -148      505
  SINCE JUL 1   3516                      3921   -405     3712

 COOLING
  YESTERDAY        0                         0      0        0
  MONTH TO DATE    2                         0      2        1
  SINCE MAR 1      2                         0      2        1
  SINCE JAN 1      2                         0      2        1
..................................................................


WIND (MPH)
  RESULTANT WIND SPEED   3   RESULTANT WIND DIRECTION   N (360)
  HIGHEST WIND SPEED    21   HIGHEST WIND DIRECTION     N (10)
  HIGHEST GUST SPEED    31   HIGHEST GUST DIRECTION     N (10)
  AVERAGE WIND SPEED     6.6


SKY COVER
  POSSIBLE SUNSHINE  MM
  AVERAGE SKY COVER 0.0


WEATHER CONDITIONS
 THE FOLLOWING WEATHER WAS RECORDED YESTERDAY.
  NO SIGNIFICANT WEATHER WAS OBSERVED.


RELATIVE HUMIDITY (PERCENT)
 HIGHEST    45           200 AM
 LOWEST      9           300 PM
 AVERAGE    27

..........................................................


THE BISHOP CA CLIMATE NORMALS FOR TODAY
                         NORMAL    RECORD    YEAR
 MAXIMUM TEMPERATURE (F)   73        90      1989
                                             1954
 MINIMUM TEMPERATURE (F)   36        23      1976


SUNRISE AND SUNSET
APRIL 17 2014.........SUNRISE   616 AM PDT   SUNSET   731 PM PDT
APRIL 18 2014.........SUNRISE   615 AM PDT   SUNSET   731 PM PDT


-  INDICATES NEGATIVE NUMBERS.
R  INDICATES RECORD WAS SET OR TIED.
MM INDICATES DATA IS MISSING.
T  INDICATES TRACE AMOUNT.




$$
