439
CDUS45 KVEF 170829
CLIBIH


CLIMATE REPORT
NATIONAL WEATHER SERVICE LAS VEGAS, NV
129 AM PDT TUE OCT 17 2017


...................................

...THE BISHOP CA CLIMATE SUMMARY FOR OCTOBER 16 2017...

CLIMATE NORMAL PERIOD 1981 TO 2010
CLIMATE RECORD PERIOD 1943 TO 2017


WEATHER ITEM   OBSERVED TIME   RECORD YEAR NORMAL DEPARTURE LAST
                VALUE   (LST)  VALUE       VALUE  FROM      YEAR
                                                  NORMAL
..................................................................
TEMPERATURE (F)
 YESTERDAY
  MAXIMUM         80    315 PM  90    1959  76      4       83
  MINIMUM         30    544 AM  23    1984  37     -7       55
  AVERAGE         55                        57     -2       69

PRECIPITATION (IN)
  YESTERDAY        0.00          0.10 2015   0.01  -0.01     0.00
  MONTH TO DATE    0.00                      0.14  -0.14     0.00
  SINCE OCT 1      0.00                      0.14  -0.14     0.00
  SINCE JAN 1      8.82                      3.69   5.13     3.07

SNOWFALL (IN)
  YESTERDAY        0.0          MM      MM   0.0    0.0      0.0
  MONTH TO DATE    0.0                       0.0    0.0      0.0
  SINCE SEP 1      0.0                       0.0    0.0      0.0
  SINCE JUL 1      0.0                       0.0    0.0      0.0
  SNOW DEPTH       0

DEGREE DAYS
 HEATING
  YESTERDAY       10                         8      2        0
  MONTH TO DATE  153                        95     58       81
  SINCE SEP 1    225                       136     89       98
  SINCE JUL 1    225                       138     87       98

 COOLING
  YESTERDAY        0                         0      0        4
  MONTH TO DATE    0                         7     -7       10
  SINCE SEP 1    134                       126      8      138
  SINCE JAN 1   1407                      1103    304     1361
..................................................................


WIND (MPH)
  RESULTANT WIND SPEED   2   RESULTANT WIND DIRECTION  NW (330)
  HIGHEST WIND SPEED    13   HIGHEST WIND DIRECTION     S (160)
  HIGHEST GUST SPEED    15   HIGHEST GUST DIRECTION    SE (150)
  AVERAGE WIND SPEED     4.4


SKY COVER
  POSSIBLE SUNSHINE  MM
  AVERAGE SKY COVER 0.0


WEATHER CONDITIONS
 THE FOLLOWING WEATHER WAS RECORDED YESTERDAY.
  NO SIGNIFICANT WEATHER WAS OBSERVED.


RELATIVE HUMIDITY (PERCENT)
 HIGHEST    45           300 AM
 LOWEST      5           200 PM
 AVERAGE    25

..........................................................


THE BISHOP CA CLIMATE NORMALS FOR TODAY
                         NORMAL    RECORD    YEAR
 MAXIMUM TEMPERATURE (F)   76        88      1988
                                             1943
 MINIMUM TEMPERATURE (F)   37        23      1998
                                             1980


SUNRISE AND SUNSET
OCTOBER 17 2017.......SUNRISE   704 AM PDT   SUNSET   613 PM PDT
OCTOBER 18 2017.......SUNRISE   705 AM PDT   SUNSET   612 PM PDT


-  INDICATES NEGATIVE NUMBERS.
R  INDICATES RECORD WAS SET OR TIED.
MM INDICATES DATA IS MISSING.
T  INDICATES TRACE AMOUNT.




$$
