000
CDUS45 KBYZ 252323
CLIBIL


CLIMATE REPORT
NATIONAL WEATHER SERVICE BILLINGS MT
421 PM MST THU DEC 25 2014


...................................

...THE BILLINGS MT CLIMATE SUMMARY FOR DECEMBER 25 2014...
VALID TODAY AS OF 0400 PM LOCAL TIME.

CLIMATE NORMAL PERIOD 1981 TO 2010
CLIMATE RECORD PERIOD 1934 TO 2014


WEATHER ITEM   OBSERVED TIME   RECORD YEAR NORMAL DEPARTURE LAST
                VALUE   (LST)  VALUE       VALUE  FROM      YEAR
                                                  NORMAL
..................................................................
TEMPERATURE (F)
 TODAY
  MAXIMUM         30    221 AM  56    2005  35     -5       36
  MINIMUM         25    359 PM -21    1983  17      8       22
  AVERAGE         28                        26      2       29

PRECIPITATION (IN)
  TODAY            0.12          0.22 1965   0.02   0.10     0.00
  MONTH TO DATE    0.54                      0.41   0.13     1.89
  SINCE OCT 1      1.44                      2.22  -0.78     4.80
  SINCE JAN 1     13.90                     13.57   0.33    16.61

SNOWFALL (IN)
  TODAY            1.2           4.5  1965   0.3    0.9      0.0
  MONTH TO DATE    5.4                       6.5   -1.1     23.2
  SINCE DEC 1      5.4                       6.5   -1.1     23.2
  SINCE JUL 1     18.6                      18.2    0.4     34.3
  SNOW DEPTH       3

DEGREE DAYS
 HEATING
  TODAY           37                        39     -2       36
  MONTH TO DATE  755                       955   -200     1143
  SINCE DEC 1    755                       955   -200     1143
  SINCE JUL 1   2356                      2583   -227     2744

 COOLING
  TODAY            0                         0      0        0
  MONTH TO DATE    0                         0      0        0
  SINCE DEC 1      0                         0      0        0
  SINCE JAN 1    618                       636    -18      840
..................................................................


WIND (MPH)
  HIGHEST WIND SPEED    24   HIGHEST WIND DIRECTION    NE (30)
  HIGHEST GUST SPEED    33   HIGHEST GUST DIRECTION    NE (40)
  AVERAGE WIND SPEED    11.3


SKY COVER
  POSSIBLE SUNSHINE  MM
  AVERAGE SKY COVER 1.0


WEATHER CONDITIONS
 THE FOLLOWING WEATHER WAS RECORDED TODAY.
  LIGHT SNOW
  FOG


RELATIVE HUMIDITY (PERCENT)
 HIGHEST   100           500 AM
 LOWEST     81          1100 AM
 AVERAGE    91

..........................................................


THE BILLINGS MT CLIMATE NORMALS FOR TOMORROW
                         NORMAL    RECORD    YEAR
 MAXIMUM TEMPERATURE (F)   35        62      1980
 MINIMUM TEMPERATURE (F)   17       -20      1996


SUNRISE AND SUNSET
DECEMBER 25 2014......SUNRISE   754 AM MST   SUNSET   435 PM MST
DECEMBER 26 2014......SUNRISE   754 AM MST   SUNSET   435 PM MST


-  INDICATES NEGATIVE NUMBERS.
R  INDICATES RECORD WAS SET OR TIED.
MM INDICATES DATA IS MISSING.
T  INDICATES TRACE AMOUNT.




$$
