000
CDUS45 KBYZ 232224
CLIBIL


CLIMATE REPORT
NATIONAL WEATHER SERVICE BILLINGS MT
424 PM MDT TUE MAY 23 2017


...................................

...THE BILLINGS MT CLIMATE SUMMARY FOR MAY 23 2017...
VALID TODAY AS OF 0400 PM LOCAL TIME.

CLIMATE NORMAL PERIOD 1981 TO 2010
CLIMATE RECORD PERIOD 1934 TO 2017


WEATHER ITEM   OBSERVED TIME   RECORD YEAR NORMAL DEPARTURE LAST
                VALUE   (LST)  VALUE       VALUE  FROM      YEAR
                                                  NORMAL
..................................................................
TEMPERATURE (F)
 TODAY
  MAXIMUM         73    254 PM  88    1985  70      3       63
  MINIMUM         43    538 AM  29    2002  46     -3       46
  AVERAGE         58                        58      0       55

PRECIPITATION (IN)
  TODAY            0.00          1.33 2008   0.07  -0.07      T
  MONTH TO DATE    1.58                      1.58   0.00     1.82
  SINCE OCT 1     14.16                      7.57   6.59     8.03
  SINCE JAN 1      8.60                      5.26   3.34     5.18

SNOWFALL (IN)
  TODAY            0.0           0.1  2002   0.0    0.0      0.0
  MONTH TO DATE    T                         1.9   -1.9       T
  SINCE MAR 1     13.8                      20.4   -6.6      3.7
  SINCE JUL 1     74.1                      54.9   19.2     28.1
  SNOW DEPTH       0

DEGREE DAYS
 HEATING
  TODAY            7                         8     -1       10
  MONTH TO DATE  210                       254    -44      224
  SINCE MAR 1   1442                      1666   -224     1357
  SINCE JUL 1   6527                      6631   -104     5618

 COOLING
  TODAY            0                         1     -1        0
  MONTH TO DATE   13                         5      8        8
  SINCE MAR 1     13                         6      7       11
  SINCE JAN 1     13                         6      7       11
..................................................................


WIND (MPH)
  HIGHEST WIND SPEED    15   HIGHEST WIND DIRECTION    SW (210)
  HIGHEST GUST SPEED    17   HIGHEST GUST DIRECTION    SW (210)
  AVERAGE WIND SPEED     7.8


SKY COVER
  POSSIBLE SUNSHINE  MM
  AVERAGE SKY COVER 0.3


WEATHER CONDITIONS
 THE FOLLOWING WEATHER WAS RECORDED TODAY.
  NO SIGNIFICANT WEATHER WAS OBSERVED.


RELATIVE HUMIDITY (PERCENT)
 HIGHEST    83           300 AM
 LOWEST     27           300 PM
 AVERAGE    55

..........................................................


THE BILLINGS MT CLIMATE NORMALS FOR TOMORROW
                         NORMAL    RECORD    YEAR
 MAXIMUM TEMPERATURE (F)   70        90      1941
 MINIMUM TEMPERATURE (F)   46        34      1975


SUNRISE AND SUNSET
MAY 23 2017...........SUNRISE   534 AM MDT   SUNSET   848 PM MDT
MAY 24 2017...........SUNRISE   533 AM MDT   SUNSET   849 PM MDT


-  INDICATES NEGATIVE NUMBERS.
R  INDICATES RECORD WAS SET OR TIED.
MM INDICATES DATA IS MISSING.
T  INDICATES TRACE AMOUNT.




$$
