196
CDUS45 KBYZ 072335
CLIBIL


CLIMATE REPORT
NATIONAL WEATHER SERVICE BILLINGS MT
434 PM MST WED DEC 7 2016


...................................

...THE BILLINGS MT CLIMATE SUMMARY FOR DECEMBER 7 2016...
VALID TODAY AS OF 0400 PM LOCAL TIME.

CLIMATE NORMAL PERIOD 1981 TO 2010
CLIMATE RECORD PERIOD 1934 TO 2016


WEATHER ITEM   OBSERVED TIME   RECORD YEAR NORMAL DEPARTURE LAST
                VALUE   (LST)  VALUE       VALUE  FROM      YEAR
                                                  NORMAL
..................................................................
TEMPERATURE (F)
 TODAY
  MAXIMUM         13    318 PM  60    1939  36    -23       53
  MINIMUM          1    829 AM -21    2013  19    -18       36
  AVERAGE          7                        27    -20       45

PRECIPITATION (IN)
  TODAY            T             0.45 1958   0.01  -0.01      T
  MONTH TO DATE    T                         0.12  -0.12      T
  SINCE OCT 1      3.89                      1.93   1.96     2.28
  SINCE JAN 1     13.22                     13.28  -0.06    12.39

SNOWFALL (IN)
  TODAY            T             4.6  1958   0.3   -0.3      0.0
  MONTH TO DATE    0.1                       1.8   -1.7      0.0
  SINCE DEC 1      0.1                       1.8   -1.7      0.0
  SINCE JUL 1      5.4                      13.5   -8.1      4.1
  SNOW DEPTH       0

DEGREE DAYS
 HEATING
  TODAY           58                        38     20       20
  MONTH TO DATE  271                       257     14      188
  SINCE DEC 1    271                       257     14      188
  SINCE JUL 1   1530                      1885   -355     1576

 COOLING
  TODAY            0                         0      0        0
  MONTH TO DATE    0                         0      0        0
  SINCE DEC 1      0                         0      0        0
  SINCE JAN 1    738                       636    102      757
..................................................................


WIND (MPH)
  HIGHEST WIND SPEED     8   HIGHEST WIND DIRECTION     N (10)
  HIGHEST GUST SPEED    12   HIGHEST GUST DIRECTION     N (360)
  AVERAGE WIND SPEED     4.0


SKY COVER
  POSSIBLE SUNSHINE  MM
  AVERAGE SKY COVER 0.5


WEATHER CONDITIONS
 THE FOLLOWING WEATHER WAS RECORDED TODAY.
  LIGHT SNOW


RELATIVE HUMIDITY (PERCENT)
 HIGHEST    87           600 AM
 LOWEST     53           200 PM
 AVERAGE    70

..........................................................


THE BILLINGS MT CLIMATE NORMALS FOR TOMORROW
                         NORMAL    RECORD    YEAR
 MAXIMUM TEMPERATURE (F)   36        66      1939
 MINIMUM TEMPERATURE (F)   19       -25      1972


SUNRISE AND SUNSET
DECEMBER  7 2016......SUNRISE   742 AM MST   SUNSET   430 PM MST
DECEMBER  8 2016......SUNRISE   743 AM MST   SUNSET   430 PM MST


-  INDICATES NEGATIVE NUMBERS.
R  INDICATES RECORD WAS SET OR TIED.
MM INDICATES DATA IS MISSING.
T  INDICATES TRACE AMOUNT.




$$
