000
CDUS45 KBYZ 252227
CLIBIL


CLIMATE REPORT
NATIONAL WEATHER SERVICE BILLINGS MT
426 PM MDT SUN SEP 25 2016


...................................

...THE BILLINGS MT CLIMATE SUMMARY FOR SEPTEMBER 25 2016...
VALID TODAY AS OF 0400 PM LOCAL TIME.

CLIMATE NORMAL PERIOD 1981 TO 2010
CLIMATE RECORD PERIOD 1934 TO 2016


WEATHER ITEM   OBSERVED TIME   RECORD YEAR NORMAL DEPARTURE LAST
                VALUE   (LST)  VALUE       VALUE  FROM      YEAR
                                                  NORMAL
..................................................................
TEMPERATURE (F)
 TODAY
  MAXIMUM         67    259 PM  95    2015  68     -1       95
  MINIMUM         47    752 AM  24    1934  44      3       55
  AVERAGE         57                        56      1       75

PRECIPITATION (IN)
  TODAY            0.00          0.72 1936   0.05  -0.05     0.00
  MONTH TO DATE    1.58                      1.07   0.51     0.27
  SINCE OCT 1     12.18                     13.43  -1.25    11.68
  SINCE JAN 1      9.33                     11.12  -1.79    10.11

SNOWFALL (IN)
  TODAY            0.0           4.4  1972   0.0    0.0      0.0
  MONTH TO DATE    0.0                       0.7   -0.7      0.0
  SINCE SEP 1      0.0                       0.7   -0.7      0.0
  SINCE JUL 1      0.0                       0.7   -0.7       T
  SNOW DEPTH       0

DEGREE DAYS
 HEATING
  TODAY            8                        10     -2        0
  MONTH TO DATE  152                       139     13       66
  SINCE SEP 1    152                       139     13       66
  SINCE JUL 1    180                       176      4      109

 COOLING
  TODAY            0                         1     -1       10
  MONTH TO DATE   39                        49    -10       76
  SINCE SEP 1     39                        49    -10       76
  SINCE JAN 1    723                       631     92      728
..................................................................


WIND (MPH)
  HIGHEST WIND SPEED    22   HIGHEST WIND DIRECTION     W (280)
  HIGHEST GUST SPEED    29   HIGHEST GUST DIRECTION     W (280)
  AVERAGE WIND SPEED    11.2


SKY COVER
  POSSIBLE SUNSHINE  MM
  AVERAGE SKY COVER 0.5


WEATHER CONDITIONS
 THE FOLLOWING WEATHER WAS RECORDED TODAY.
  NO SIGNIFICANT WEATHER WAS OBSERVED.


RELATIVE HUMIDITY (PERCENT)
 HIGHEST    77           300 AM
 LOWEST     28           100 PM
 AVERAGE    53

..........................................................


THE BILLINGS MT CLIMATE NORMALS FOR TOMORROW
                         NORMAL    RECORD    YEAR
 MAXIMUM TEMPERATURE (F)   68        93      2015
 MINIMUM TEMPERATURE (F)   44        25      1972


SUNRISE AND SUNSET
SEPTEMBER 25 2016.....SUNRISE   706 AM MDT   SUNSET   705 PM MDT
SEPTEMBER 26 2016.....SUNRISE   707 AM MDT   SUNSET   703 PM MDT


-  INDICATES NEGATIVE NUMBERS.
R  INDICATES RECORD WAS SET OR TIED.
MM INDICATES DATA IS MISSING.
T  INDICATES TRACE AMOUNT.




$$
