000
CDUS45 KBYZ 230723
CLIBIL


CLIMATE REPORT
NATIONAL WEATHER SERVICE BILLINGS MT
123 AM MDT WED AUG 23 2017


...................................

...THE BILLINGS MT CLIMATE SUMMARY FOR AUGUST 22 2017...

CLIMATE NORMAL PERIOD 1981 TO 2010
CLIMATE RECORD PERIOD 1934 TO 2017


WEATHER ITEM   OBSERVED TIME   RECORD YEAR NORMAL DEPARTURE LAST
                VALUE   (LST)  VALUE       VALUE  FROM      YEAR
                                                  NORMAL
..................................................................
TEMPERATURE (F)
 YESTERDAY
  MAXIMUM         88    300 PM 100    1971  85      3       92
  MINIMUM         52    545 AM  37    1939  56     -4       60
  AVERAGE         70                        70      0       76

PRECIPITATION (IN)
  YESTERDAY        0.00          0.51 1973   0.02  -0.02     0.00
  MONTH TO DATE    0.17                      0.53  -0.36     1.67
  SINCE OCT 1     16.80                     12.14   4.66    10.60
  SINCE JAN 1     11.24                      9.83   1.41     7.75

SNOWFALL (IN)
  YESTERDAY        0.0           0.0  2002   0.0    0.0      0.0
                                      2000
  MONTH TO DATE    0.0                       0.0    0.0      0.0
  SINCE JUN 1      0.0                       0.0    0.0       T
  SINCE JUL 1      0.0                       0.0    0.0      0.0
  SNOW DEPTH       0

DEGREE DAYS
 HEATING
  YESTERDAY        0                         1     -1        0
  MONTH TO DATE    2                         7     -5        9
  SINCE JUN 1     40                       118    -78       24
  SINCE JUL 1      2                        22    -20       13

 COOLING
  YESTERDAY        5                         6     -1       11
  MONTH TO DATE  103                       177    -74      155
  SINCE JUN 1    625                       518    107      626
  SINCE JAN 1    640                       535    105      637
..................................................................


WIND (MPH)
  HIGHEST WIND SPEED    13   HIGHEST WIND DIRECTION    NE (60)
  HIGHEST GUST SPEED    17   HIGHEST GUST DIRECTION    SE (120)
  AVERAGE WIND SPEED     6.0


SKY COVER
  POSSIBLE SUNSHINE  MM
  AVERAGE SKY COVER 0.1


WEATHER CONDITIONS
 THE FOLLOWING WEATHER WAS RECORDED YESTERDAY.
  NO SIGNIFICANT WEATHER WAS OBSERVED.


RELATIVE HUMIDITY (PERCENT)
 HIGHEST    63           500 AM
 LOWEST     14           100 PM
 AVERAGE    39

..........................................................


THE BILLINGS MT CLIMATE NORMALS FOR TODAY
                         NORMAL    RECORD    YEAR
 MAXIMUM TEMPERATURE (F)   84        99      1969
 MINIMUM TEMPERATURE (F)   56        39      1992


SUNRISE AND SUNSET
AUGUST 23 2017........SUNRISE   624 AM MDT   SUNSET   808 PM MDT
AUGUST 24 2017........SUNRISE   626 AM MDT   SUNSET   806 PM MDT


-  INDICATES NEGATIVE NUMBERS.
R  INDICATES RECORD WAS SET OR TIED.
MM INDICATES DATA IS MISSING.
T  INDICATES TRACE AMOUNT.




$$
