000
CDUS45 KBYZ 282324
CLIBIL


CLIMATE REPORT
NATIONAL WEATHER SERVICE BILLINGS MT
420 PM MST FRI NOV 28 2014


...................................

...THE BILLINGS MT CLIMATE SUMMARY FOR NOVEMBER 28 2014...
VALID TODAY AS OF 0400 PM LOCAL TIME.

CLIMATE NORMAL PERIOD 1981 TO 2010
CLIMATE RECORD PERIOD 1934 TO 2014


WEATHER ITEM   OBSERVED TIME   RECORD YEAR NORMAL DEPARTURE LAST
                VALUE   (LST)  VALUE       VALUE  FROM      YEAR
                                                  NORMAL
..................................................................
TEMPERATURE (F)
 TODAY
  MAXIMUM         61R   154 PM  57    1951  39     22       40
                                      1935
  MINIMUM         44    706 AM -16    1985  22     22       22
  AVERAGE         53                        30     23       31

PRECIPITATION (IN)
  TODAY            0.00          0.46 2010   0.01  -0.01     0.00
  MONTH TO DATE    0.53                      0.59  -0.06     0.34
  SINCE OCT 1      0.69                      1.77  -1.08     2.91
  SINCE JAN 1     13.15                     13.12   0.03    14.72

SNOWFALL (IN)
  TODAY            0.0           8.4  2010   0.3   -0.3      0.0
  MONTH TO DATE    8.6                       6.0    2.6      6.0
  SINCE SEP 1      8.6                      11.2   -2.6     11.1
  SINCE JUL 1      8.6                      11.2   -2.6     11.1
  SNOW DEPTH       0

DEGREE DAYS
 HEATING
  TODAY           12                        35    -23       34
  MONTH TO DATE  911                       806    105      824
  SINCE SEP 1   1438                      1521    -83     1561
  SINCE JUL 1   1486                      1558    -72     1561

 COOLING
  TODAY            0                         0      0        0
  MONTH TO DATE    0                         0      0        0
  SINCE SEP 1     66                        54     12      103
  SINCE JAN 1    618                       636    -18      840
..................................................................


WIND (MPH)
  HIGHEST WIND SPEED    24   HIGHEST WIND DIRECTION     W (260)
  HIGHEST GUST SPEED    29   HIGHEST GUST DIRECTION     W (260)
  AVERAGE WIND SPEED    10.6


SKY COVER
  POSSIBLE SUNSHINE  MM
  AVERAGE SKY COVER 0.7


WEATHER CONDITIONS
 THE FOLLOWING WEATHER WAS RECORDED TODAY.
  NO SIGNIFICANT WEATHER WAS OBSERVED.


RELATIVE HUMIDITY (PERCENT)
 HIGHEST    58           600 AM
 LOWEST     27           200 PM
 AVERAGE    43

..........................................................


THE BILLINGS MT CLIMATE NORMALS FOR TOMORROW
                         NORMAL    RECORD    YEAR
 MAXIMUM TEMPERATURE (F)   39        63      1980
                                             1956
 MINIMUM TEMPERATURE (F)   21       -11      2006


SUNRISE AND SUNSET
NOVEMBER 28 2014......SUNRISE   731 AM MST   SUNSET   433 PM MST
NOVEMBER 29 2014......SUNRISE   733 AM MST   SUNSET   432 PM MST


-  INDICATES NEGATIVE NUMBERS.
R  INDICATES RECORD WAS SET OR TIED.
MM INDICATES DATA IS MISSING.
T  INDICATES TRACE AMOUNT.




$$
