000
CDUS45 KBYZ 230723
CLIBIL


CLIMATE REPORT
NATIONAL WEATHER SERVICE BILLINGS MT
123 AM MDT FRI JUN 23 2017


...................................

...THE BILLINGS MT CLIMATE SUMMARY FOR JUNE 22 2017...

CLIMATE NORMAL PERIOD 1981 TO 2010
CLIMATE RECORD PERIOD 1934 TO 2017


WEATHER ITEM   OBSERVED TIME   RECORD YEAR NORMAL DEPARTURE LAST
                VALUE   (LST)  VALUE       VALUE  FROM      YEAR
                                                  NORMAL
..................................................................
TEMPERATURE (F)
 YESTERDAY
  MAXIMUM         75    231 PM  99    2005  80     -5       84
                                      1988
  MINIMUM         49   1147 PM  43    1967  54     -5       56
  AVERAGE         62                        67     -5       70

PRECIPITATION (IN)
  YESTERDAY        0.00          0.74 1940   0.06  -0.06     0.00
  MONTH TO DATE    1.95                      1.64   0.31     0.23
  SINCE OCT 1     16.14                      9.81   6.33     8.48
  SINCE JAN 1     10.58                      7.50   3.08     5.63

SNOWFALL (IN)
  YESTERDAY        0.0           T    2006   0.0    0.0      0.0
  MONTH TO DATE    0.0                       0.0    0.0       T
  SINCE JUN 1      0.0                       0.0    0.0       T
  SINCE JUL 1     74.1                      55.0   19.1     28.1
  SNOW DEPTH       0

DEGREE DAYS
 HEATING
  YESTERDAY        3                         2      1        0
  MONTH TO DATE   28                        83    -55       11
  SINCE JUN 1     28                        83    -55       11
  SINCE JUL 1   6593                      6769   -176     5686

 COOLING
  YESTERDAY        0                         4     -4        5
  MONTH TO DATE   81                        47     34      120
  SINCE JUN 1     81                        47     34      120
  SINCE JAN 1     96                        64     32      131
..................................................................


WIND (MPH)
  HIGHEST WIND SPEED    31   HIGHEST WIND DIRECTION    NW (300)
  HIGHEST GUST SPEED    38   HIGHEST GUST DIRECTION    NW (330)
  AVERAGE WIND SPEED    11.2


SKY COVER
  POSSIBLE SUNSHINE  MM
  AVERAGE SKY COVER 0.4


WEATHER CONDITIONS
 THE FOLLOWING WEATHER WAS RECORDED YESTERDAY.
  NO SIGNIFICANT WEATHER WAS OBSERVED.


RELATIVE HUMIDITY (PERCENT)
 HIGHEST    71           500 AM
 LOWEST     16          1200 PM
 AVERAGE    44

..........................................................


THE BILLINGS MT CLIMATE NORMALS FOR TODAY
                         NORMAL    RECORD    YEAR
 MAXIMUM TEMPERATURE (F)   80       104      1988
 MINIMUM TEMPERATURE (F)   54        43      1960
                                             1951


SUNRISE AND SUNSET
JUNE 23 2017..........SUNRISE   525 AM MDT   SUNSET   908 PM MDT
JUNE 24 2017..........SUNRISE   525 AM MDT   SUNSET   908 PM MDT


-  INDICATES NEGATIVE NUMBERS.
R  INDICATES RECORD WAS SET OR TIED.
MM INDICATES DATA IS MISSING.
T  INDICATES TRACE AMOUNT.




$$
