000
CDUS45 KBYZ 240933
CLIBIL


CLIMATE REPORT
NATIONAL WEATHER SERVICE BILLINGS MT
331 AM MDT WED AUG 24 2016


...................................

...THE BILLINGS MT CLIMATE SUMMARY FOR AUGUST 23 2016...

CLIMATE NORMAL PERIOD 1981 TO 2010
CLIMATE RECORD PERIOD 1934 TO 2016


WEATHER ITEM   OBSERVED TIME   RECORD YEAR NORMAL DEPARTURE LAST
                VALUE   (LST)  VALUE       VALUE  FROM      YEAR
                                                  NORMAL
..................................................................
TEMPERATURE (F)
 YESTERDAY
  MAXIMUM         81    301 PM  99    1969  84     -3       79
  MINIMUM         56   1147 PM  39    1992  56      0       40
  AVERAGE         69                        70     -1       60

PRECIPITATION (IN)
  YESTERDAY        0.00          0.62 2014   0.02  -0.02     0.00
  MONTH TO DATE    1.67                      0.55   1.12     0.89
  SINCE OCT 1     10.60                     12.16  -1.56    11.39
  SINCE JAN 1      7.75                      9.85  -2.10     9.82

SNOWFALL (IN)
  YESTERDAY        0.0           T    1934   0.0    0.0      0.0
                                      2000
  MONTH TO DATE    0.0                       0.0    0.0      0.0
  SINCE JUN 1      T                         0.0    0.0       T
  SINCE JUL 1      0.0                       0.0    0.0       T
  SNOW DEPTH       0

DEGREE DAYS
 HEATING
  YESTERDAY        0                         1     -1        5
  MONTH TO DATE    9                         8      1       42
  SINCE JUN 1     24                       119    -95       61
  SINCE JUL 1     13                        23    -10       43

 COOLING
  YESTERDAY        4                         6     -2        0
  MONTH TO DATE  159                       183    -24      163
  SINCE JUN 1    630                       524    106      577
  SINCE JAN 1    641                       541    100      580
..................................................................


WIND (MPH)
  HIGHEST WIND SPEED    25   HIGHEST WIND DIRECTION    NW (320)
  HIGHEST GUST SPEED    37   HIGHEST GUST DIRECTION     W (270)
  AVERAGE WIND SPEED    11.3


SKY COVER
  POSSIBLE SUNSHINE  MM
  AVERAGE SKY COVER 0.2


WEATHER CONDITIONS
 THE FOLLOWING WEATHER WAS RECORDED YESTERDAY.
  NO SIGNIFICANT WEATHER WAS OBSERVED.


RELATIVE HUMIDITY (PERCENT)
 HIGHEST    53          1100 PM
 LOWEST     12           100 PM
 AVERAGE    33

..........................................................


THE BILLINGS MT CLIMATE NORMALS FOR TODAY
                         NORMAL    RECORD    YEAR
 MAXIMUM TEMPERATURE (F)   84       100      1969
 MINIMUM TEMPERATURE (F)   56        36      1992


SUNRISE AND SUNSET
AUGUST 24 2016........SUNRISE   626 AM MDT   SUNSET   806 PM MDT
AUGUST 25 2016........SUNRISE   627 AM MDT   SUNSET   804 PM MDT


-  INDICATES NEGATIVE NUMBERS.
R  INDICATES RECORD WAS SET OR TIED.
MM INDICATES DATA IS MISSING.
T  INDICATES TRACE AMOUNT.





&&

...THE CLIMATE SUMMARY FOR SOUTHWEST BILLINGS FOR 23 AUGUST 2016...

HIGH TEMPERATURE........................81
LOW TEMPERATURE.........................49

PRECIPITATION...........................0.00
MONTHLY PRECIPITATION TOTAL.............1.49
YEARLY PRECIPITATION TOTAL..............8.74

SNOWFALL................................0.0
MONTHLY SNOWFALL TOTAL..................0.0
TOTAL SNOWFALL SINCE JULY 1.............0.0

SNOW DEPTH AT MIDNIGHT..................0

$$
