000
CDUS45 KBYZ 152229
CLIBIL


CLIMATE REPORT
NATIONAL WEATHER SERVICE BILLINGS MT
428 PM MDT MON SEP 15 2014


...................................

...THE BILLINGS MT CLIMATE SUMMARY FOR SEPTEMBER 15 2014...
VALID TODAY AS OF 0400 PM LOCAL TIME.

CLIMATE NORMAL PERIOD 1981 TO 2010
CLIMATE RECORD PERIOD 1934 TO 2014


WEATHER ITEM   OBSERVED TIME   RECORD YEAR NORMAL DEPARTURE LAST
                VALUE   (LST)  VALUE       VALUE  FROM      YEAR
                                                  NORMAL
..................................................................
TEMPERATURE (F)
 TODAY
  MAXIMUM         72    259 PM  95    2000  73     -1       75
  MINIMUM         41    618 AM  31    1965  48     -7       56
  AVERAGE         57                        60     -3       66

PRECIPITATION (IN)
  TODAY            0.00          0.64 1965   0.04  -0.04     0.00
  MONTH TO DATE    0.24                      0.61  -0.37     2.94
  SINCE OCT 1     17.02                     12.97   4.05    13.17
  SINCE JAN 1     12.13                     10.66   1.47    11.12

SNOWFALL (IN)
  TODAY            0.0           3.0  1965   0.1   -0.1      0.0
  MONTH TO DATE    T                         0.3   -0.3       T
  SINCE SEP 1      T                         0.3   -0.3       T
  SINCE JUL 1      T                         0.3   -0.3       T
  SNOW DEPTH       0

DEGREE DAYS
 HEATING
  TODAY            8                         6      2        0
  MONTH TO DATE  142                        60     82        2
  SINCE SEP 1    142                        60     82        2
  SINCE JUL 1    190                        97     93        2

 COOLING
  TODAY            0                         2     -2        1
  MONTH TO DATE   15                        39    -24       97
  SINCE SEP 1     15                        39    -24       97
  SINCE JAN 1    567                       621    -54      834
..................................................................


WIND (MPH)
  HIGHEST WIND SPEED    75   HIGHEST WIND DIRECTION     N (10)
  HIGHEST GUST SPEED    75   HIGHEST GUST DIRECTION     N (10)
  AVERAGE WIND SPEED     4.3


SKY COVER
  POSSIBLE SUNSHINE  MM
  AVERAGE SKY COVER 0.0


WEATHER CONDITIONS
 THE FOLLOWING WEATHER WAS RECORDED TODAY.
  HAZE


RELATIVE HUMIDITY (PERCENT)
 HIGHEST    82           400 AM
 LOWEST     33           100 PM
 AVERAGE    58

..........................................................


THE BILLINGS MT CLIMATE NORMALS FOR TOMORROW
                         NORMAL    RECORD    YEAR
 MAXIMUM TEMPERATURE (F)   73        94      1979
 MINIMUM TEMPERATURE (F)   47        29      1965


SUNRISE AND SUNSET
SEPTEMBER 15 2014.....SUNRISE   652 AM MDT   SUNSET   725 PM MDT
SEPTEMBER 16 2014.....SUNRISE   654 AM MDT   SUNSET   723 PM MDT


-  INDICATES NEGATIVE NUMBERS.
R  INDICATES RECORD WAS SET OR TIED.
MM INDICATES DATA IS MISSING.
T  INDICATES TRACE AMOUNT.




$$
