000
CDUS45 KBYZ 252323
CLIBIL


CLIMATE REPORT
NATIONAL WEATHER SERVICE BILLINGS MT
420 PM MST SAT FEB 25 2017


...................................

...THE BILLINGS MT CLIMATE SUMMARY FOR FEBRUARY 25 2017...
VALID TODAY AS OF 0400 PM LOCAL TIME.

CLIMATE NORMAL PERIOD 1981 TO 2010
CLIMATE RECORD PERIOD 1934 TO 2017


WEATHER ITEM   OBSERVED TIME   RECORD YEAR NORMAL DEPARTURE LAST
                VALUE   (LST)  VALUE       VALUE  FROM      YEAR
                                                  NORMAL
..................................................................
TEMPERATURE (F)
 TODAY
  MAXIMUM         31    326 PM  69    1995  43    -12       58
  MINIMUM         21    714 AM -14    2011  22     -1       20
  AVERAGE         26                        32     -6       39

PRECIPITATION (IN)
  TODAY            T             0.65 2000   0.02  -0.02     0.00
  MONTH TO DATE    0.83                      0.42   0.41     0.09
  SINCE OCT 1      7.02                      3.21   3.81     3.38
  SINCE JAN 1      1.46                      0.90   0.56     0.53

SNOWFALL (IN)
  TODAY            T             6.6  2000   0.2    0.2      0.0
  MONTH TO DATE   12.4                       5.4    7.0      0.2
  SINCE DEC 1     55.0                      22.0   33.0     20.3
  SINCE JUL 1     60.3                      33.7   26.6     24.4
  SNOW DEPTH       0

DEGREE DAYS
 HEATING
  TODAY           39                        32      7       26
  MONTH TO DATE  870                       873     -3      620
  SINCE DEC 1   3716                      3241    475     2803
  SINCE JUL 1   4975                      4869    106     4191

 COOLING
  TODAY            0                         0      0        0
  MONTH TO DATE    0                         0      0        0
  SINCE DEC 1      0                         0      0        0
  SINCE JAN 1      0                         0      0        0
..................................................................


WIND (MPH)
  HIGHEST WIND SPEED    31   HIGHEST WIND DIRECTION     W (290)
  HIGHEST GUST SPEED    38   HIGHEST GUST DIRECTION     W (280)
  AVERAGE WIND SPEED    14.5


SKY COVER
  POSSIBLE SUNSHINE  MM
  AVERAGE SKY COVER 0.8


WEATHER CONDITIONS
 THE FOLLOWING WEATHER WAS RECORDED TODAY.
  LIGHT SNOW
  FOG


RELATIVE HUMIDITY (PERCENT)
 HIGHEST    88           100 AM
 LOWEST     43           300 PM
 AVERAGE    66

..........................................................


THE BILLINGS MT CLIMATE NORMALS FOR TOMORROW
                         NORMAL    RECORD    YEAR
 MAXIMUM TEMPERATURE (F)   43        67      1950
 MINIMUM TEMPERATURE (F)   22       -14      1962


SUNRISE AND SUNSET
FEBRUARY 25 2017......SUNRISE   659 AM MST   SUNSET   556 PM MST
FEBRUARY 26 2017......SUNRISE   657 AM MST   SUNSET   557 PM MST


-  INDICATES NEGATIVE NUMBERS.
R  INDICATES RECORD WAS SET OR TIED.
MM INDICATES DATA IS MISSING.
T  INDICATES TRACE AMOUNT.




$$
