000
CDUS45 KBYZ 230947
CLIBIL


CLIMATE REPORT
NATIONAL WEATHER SERVICE BILLINGS MT
344 AM MDT SUN APR 23 2017


...................................

...THE BILLINGS MT CLIMATE SUMMARY FOR APRIL 22 2017...

CLIMATE NORMAL PERIOD 1981 TO 2010
CLIMATE RECORD PERIOD 1934 TO 2017


WEATHER ITEM   OBSERVED TIME   RECORD YEAR NORMAL DEPARTURE LAST
                VALUE   (LST)  VALUE       VALUE  FROM      YEAR
                                                  NORMAL
..................................................................
TEMPERATURE (F)
 YESTERDAY
  MAXIMUM         60    543 PM  84    1939  60      0       83
  MINIMUM         40    643 AM  17    1967  36      4       53
  AVERAGE         50                        48      2       68

PRECIPITATION (IN)
  YESTERDAY        0.00          0.87 1958   0.06  -0.06     0.00
  MONTH TO DATE    2.28                      1.17   1.11     0.81
  SINCE OCT 1     11.52                      5.50   6.02     5.74
  SINCE JAN 1      5.96                      3.19   2.77     2.89

SNOWFALL (IN)
  YESTERDAY        0.0           4.9  1958   0.3   -0.3      0.0
  MONTH TO DATE    3.4                       6.7   -3.3       T
  SINCE MAR 1     13.8                      16.9   -3.1      1.9
  SINCE JUL 1     74.1                      51.4   22.7     26.3
  SNOW DEPTH       0

DEGREE DAYS
 HEATING
  YESTERDAY       15                        17     -2        0
  MONTH TO DATE  361                       442    -81      281
  SINCE MAR 1   1079                      1287   -208      955
  SINCE JUL 1   6164                      6252    -88     5216

 COOLING
  YESTERDAY        0                         0      0        3
  MONTH TO DATE    0                         0      0        3
  SINCE MAR 1      0                         0      0        3
  SINCE JAN 1      0                         0      0        3
..................................................................


WIND (MPH)
  HIGHEST WIND SPEED    17   HIGHEST WIND DIRECTION     S (180)
  HIGHEST GUST SPEED    20   HIGHEST GUST DIRECTION    SE (150)
  AVERAGE WIND SPEED     6.1


SKY COVER
  POSSIBLE SUNSHINE  MM
  AVERAGE SKY COVER 0.7


WEATHER CONDITIONS
 THE FOLLOWING WEATHER WAS RECORDED YESTERDAY.
  NO SIGNIFICANT WEATHER WAS OBSERVED.


RELATIVE HUMIDITY (PERCENT)
 HIGHEST    96           200 AM
 LOWEST     37           500 PM
 AVERAGE    67

..........................................................


THE BILLINGS MT CLIMATE NORMALS FOR TODAY
                         NORMAL    RECORD    YEAR
 MAXIMUM TEMPERATURE (F)   60        87      2012
 MINIMUM TEMPERATURE (F)   37        20      2013
                                             1967


SUNRISE AND SUNSET
APRIL 23 2017.........SUNRISE   614 AM MDT   SUNSET   812 PM MDT
APRIL 24 2017.........SUNRISE   612 AM MDT   SUNSET   813 PM MDT


-  INDICATES NEGATIVE NUMBERS.
R  INDICATES RECORD WAS SET OR TIED.
MM INDICATES DATA IS MISSING.
T  INDICATES TRACE AMOUNT.





&&

...THE CLIMATE SUMMARY FOR SOUTHWEST BILLINGS FOR 22 APRIL 2017...

HIGH TEMPERATURE........................64
LOW TEMPERATURE.........................42

PRECIPITATION...........................T
MONTHLY PRECIPITATION TOTAL.............2.25
YEARLY PRECIPITATION TOTAL..............5.95

SNOWFALL................................0.0
MONTHLY SNOWFALL TOTAL..................0.8
TOTAL SNOWFALL SINCE JULY 1.............54.7

SNOW DEPTH AT MIDNIGHT..................0

$$
