000
CDUS43 KBIS 200039
CLIBIS


CLIMATE REPORT
NATIONAL WEATHER SERVICE BISMARCK ND
739 PM CDT TUE AUG 19 2014


...................................

...THE BISMARCK ND CLIMATE SUMMARY FOR AUGUST 19 2014...
VALID TODAY AS OF 0700 PM LOCAL TIME.

CLIMATE NORMAL PERIOD 1981 TO 2010
CLIMATE RECORD PERIOD 1875 TO 2014


WEATHER ITEM   OBSERVED TIME   RECORD YEAR NORMAL DEPARTURE LAST
                VALUE   (LST)  VALUE       VALUE  FROM      YEAR
                                                  NORMAL
..................................................................
TEMPERATURE (F)
 TODAY
  MAXIMUM         88    434 PM 103    1959  83      5       97
  MINIMUM         56    611 AM  38    1895  55      1       56
  AVERAGE         72                        69      3       77

PRECIPITATION (IN)
  TODAY            0.00          1.07 1884   0.07  -0.07     0.00
  MONTH TO DATE    2.83                      1.46   1.37     0.29
  SINCE JUN 1      6.58                      7.52  -0.94     4.63
  SINCE JAN 1     10.77                     12.99  -2.22    15.23

SNOWFALL (IN)
  TODAY            0.0           0.0  2002   0.0    0.0      0.0
                                      2001
  MONTH TO DATE    0.0                       0.0    0.0      0.0
  SINCE JUN 1      0.0                       0.0    0.0      0.0
  SINCE JUL 1      0.0                       0.0    0.0      0.0
  SNOW DEPTH       0

DEGREE DAYS
 HEATING
  TODAY            0                         1     -1        0
  MONTH TO DATE    0                        16    -16        6
  SINCE JUN 1    122                       126     -4      114
  SINCE JUL 1     28                        33     -5       28

 COOLING
  TODAY            7                         5      2       12
  MONTH TO DATE  125                       125      0       60
  SINCE JUN 1    326                       412    -86      329
  SINCE JAN 1    377                       429    -52      341
..................................................................


WIND (MPH)
  RESULTANT WIND SPEED   2   RESULTANT WIND DIRECTION   S (180)
  HIGHEST WIND SPEED     9   HIGHEST WIND DIRECTION    SE (140)
  HIGHEST GUST SPEED    13   HIGHEST GUST DIRECTION     S (170)
  AVERAGE WIND SPEED     3.1


SKY COVER
  POSSIBLE SUNSHINE  MM
  AVERAGE SKY COVER 0.0


WEATHER CONDITIONS
 THE FOLLOWING WEATHER WAS RECORDED TODAY.
  FOG


RELATIVE HUMIDITY (PERCENT)
 HIGHEST   100           600 AM
 LOWEST     39           400 PM
 AVERAGE    70

..........................................................


THE BISMARCK ND CLIMATE NORMALS FOR TOMORROW
                         NORMAL    RECORD    YEAR
 MAXIMUM TEMPERATURE (F)   83       102      2013
 MINIMUM TEMPERATURE (F)   55        34      1907


SUNRISE AND SUNSET
AUGUST 19 2014........SUNRISE   646 AM CDT   SUNSET   846 PM CDT
AUGUST 20 2014........SUNRISE   647 AM CDT   SUNSET   845 PM CDT


-  INDICATES NEGATIVE NUMBERS.
R  INDICATES RECORD WAS SET OR TIED.
MM INDICATES DATA IS MISSING.
T  INDICATES TRACE AMOUNT.




$$
