000
CDUS43 KBIS 290908
CLIBIS


CLIMATE REPORT
NATIONAL WEATHER SERVICE BISMARCK ND
408 AM CDT FRI MAY 29 2015


...................................

...THE BISMARCK ND CLIMATE SUMMARY FOR MAY 28 2015...

CLIMATE NORMAL PERIOD 1981 TO 2010
CLIMATE RECORD PERIOD 1875 TO 2015


WEATHER ITEM   OBSERVED TIME   RECORD YEAR NORMAL DEPARTURE LAST
                VALUE   (LST)  VALUE       VALUE  FROM      YEAR
                                                  NORMAL
..................................................................
TEMPERATURE (F)
 YESTERDAY
  MAXIMUM         80    318 PM 102    1934  72      8       88
  MINIMUM         57    436 AM  23    1947  47     10       50
  AVERAGE         69                        59     10       69

PRECIPITATION (IN)
  YESTERDAY        T             0.97 1985   0.08  -0.08     0.00
  MONTH TO DATE    5.25                      2.12   3.13     0.21
  SINCE MAR 1      6.07                      4.25   1.82     2.98
  SINCE JAN 1      7.21                      5.19   2.02     3.55

SNOWFALL (IN)
  YESTERDAY        0.0           0.0  2002   0.0    0.0      0.0
                                      2001
  MONTH TO DATE    0.2                       0.4   -0.2       T
  SINCE MAR 1      1.2                      13.7  -12.5     15.3
  SINCE JUL 1     24.1                      51.2  -27.1     40.5
  SNOW DEPTH       0

DEGREE DAYS
 HEATING
  YESTERDAY        0                         7     -7        0
  MONTH TO DATE  297                       292      5      329
  SINCE MAR 1   1766                      2016   -250     2203
  SINCE JUL 1   8127                      8447   -320     9055

 COOLING
  YESTERDAY        4                         1      3        4
  MONTH TO DATE    6                        10     -4       35
  SINCE MAR 1      6                        11     -5       35
  SINCE JAN 1      6                        11     -5       35
..................................................................


WIND (MPH)
  HIGHEST WIND SPEED    21   HIGHEST WIND DIRECTION     N (360)
  HIGHEST GUST SPEED    29   HIGHEST GUST DIRECTION     N (350)
  AVERAGE WIND SPEED     7.8


SKY COVER
  POSSIBLE SUNSHINE  MM
  AVERAGE SKY COVER 0.4


WEATHER CONDITIONS
 THE FOLLOWING WEATHER WAS RECORDED YESTERDAY.
  NO SIGNIFICANT WEATHER WAS OBSERVED.


RELATIVE HUMIDITY (PERCENT)
 HIGHEST    93           200 AM
 LOWEST     39           300 PM
 AVERAGE    66

..........................................................


THE BISMARCK ND CLIMATE NORMALS FOR TODAY
                         NORMAL    RECORD    YEAR
 MAXIMUM TEMPERATURE (F)   72        97      1934
 MINIMUM TEMPERATURE (F)   47        25      1947


SUNRISE AND SUNSET
MAY 29 2015...........SUNRISE   555 AM CDT   SUNSET   926 PM CDT
MAY 30 2015...........SUNRISE   554 AM CDT   SUNSET   927 PM CDT


-  INDICATES NEGATIVE NUMBERS.
R  INDICATES RECORD WAS SET OR TIED.
MM INDICATES DATA IS MISSING.
T  INDICATES TRACE AMOUNT.




$$
