000
CDUS43 KBIS 200727
CLIBIS


CLIMATE REPORT
NATIONAL WEATHER SERVICE BISMARCK ND
226 AM CDT SUN AUG 20 2017


...................................

...THE BISMARCK ND CLIMATE SUMMARY FOR AUGUST 19 2017...

CLIMATE NORMAL PERIOD 1981 TO 2010
CLIMATE RECORD PERIOD 1875 TO 2017


WEATHER ITEM   OBSERVED TIME   RECORD YEAR NORMAL DEPARTURE LAST
                VALUE   (LST)  VALUE       VALUE  FROM      YEAR
                                                  NORMAL
..................................................................
TEMPERATURE (F)
 YESTERDAY
  MAXIMUM         87    540 PM 103    1959  83      4       62
  MINIMUM         57    615 AM  38    1895  55      2       51
  AVERAGE         72                        69      3       57

PRECIPITATION (IN)
  YESTERDAY        0.00          1.07 1884   0.07  -0.07     0.29
  MONTH TO DATE    4.97                      1.46   3.51     1.88
  SINCE JUN 1      8.39                      7.52   0.87    11.36
  SINCE JAN 1     11.52                     12.99  -1.47    18.54

DEGREE DAYS
 HEATING
  YESTERDAY        0                         1     -1        8
  MONTH TO DATE    8                        16     -8        8
  SINCE JUN 1     38                       126    -88       42
  SINCE JUL 1      8                        33    -25       16

 COOLING
  YESTERDAY        7                         5      2        0
  MONTH TO DATE   48                       125    -77      121
  SINCE JUN 1    515                       412    103      476
  SINCE JAN 1    529                       429    100      486
..................................................................


WIND (MPH)
  HIGHEST WIND SPEED    17   HIGHEST WIND DIRECTION    NW (320)
  HIGHEST GUST SPEED    24   HIGHEST GUST DIRECTION    NW (320)
  AVERAGE WIND SPEED     8.0


SKY COVER
  POSSIBLE SUNSHINE  MM
  AVERAGE SKY COVER 0.0


WEATHER CONDITIONS
 THE FOLLOWING WEATHER WAS RECORDED YESTERDAY.
  NO SIGNIFICANT WEATHER WAS OBSERVED.


RELATIVE HUMIDITY (PERCENT)
 HIGHEST    93           500 AM
 LOWEST     39           800 PM
 AVERAGE    66

..........................................................


THE BISMARCK ND CLIMATE NORMALS FOR TODAY
                         NORMAL    RECORD    YEAR
 MAXIMUM TEMPERATURE (F)   83       102      2013
 MINIMUM TEMPERATURE (F)   55        34      1907


SUNRISE AND SUNSET
AUGUST 20 2017........SUNRISE   648 AM CDT   SUNSET   844 PM CDT
AUGUST 21 2017........SUNRISE   649 AM CDT   SUNSET   842 PM CDT


-  INDICATES NEGATIVE NUMBERS.
R  INDICATES RECORD WAS SET OR TIED.
MM INDICATES DATA IS MISSING.
T  INDICATES TRACE AMOUNT.




$$
