474
CDUS43 KBIS 040746
CLIBIS


CLIMATE REPORT
NATIONAL WEATHER SERVICE BISMARCK ND
246 AM CDT WED MAY 4 2016


...................................

...THE BISMARCK ND CLIMATE SUMMARY FOR MAY 3 2016...

CLIMATE NORMAL PERIOD 1981 TO 2010
CLIMATE RECORD PERIOD 1875 TO 2016


WEATHER ITEM   OBSERVED TIME   RECORD YEAR NORMAL DEPARTURE LAST
                VALUE   (LST)  VALUE       VALUE  FROM      YEAR
                                                  NORMAL
..................................................................
TEMPERATURE (F)
 YESTERDAY
  MAXIMUM         77    146 PM  92    1952  65     12       68
  MINIMUM         38    316 AM  13    1907  38      0       39
  AVERAGE         58                        51      7       54

PRECIPITATION (IN)
  YESTERDAY        0.00          1.25 1987   0.06  -0.06      T
  MONTH TO DATE    0.05                      0.19  -0.14      T
  SINCE MAR 1      4.63                      2.32   2.31     0.82
  SINCE JAN 1      5.27                      3.26   2.01     1.96

SNOWFALL (IN)
  YESTERDAY        0.0           6.5  1991   0.0    0.0      0.0
  MONTH TO DATE    0.0                       0.1   -0.1      0.0
  SINCE MAR 1      3.5                      13.4   -9.9      1.0
  SINCE JUL 1     24.1                      50.9  -26.8     23.9
  SNOW DEPTH       0

DEGREE DAYS
 HEATING
  YESTERDAY        7                        14     -7       11
  MONTH TO DATE   37                        43     -6       19
  SINCE MAR 1   1430                      1767   -337     1488
  SINCE JUL 1   6750                      8198  -1448     7849

 COOLING
  YESTERDAY        0                         0      0        0
  MONTH TO DATE    0                         0      0        0
  SINCE MAR 1      0                         1     -1        0
  SINCE JAN 1      0                         1     -1        0
..................................................................


WIND (MPH)
  HIGHEST WIND SPEED    25   HIGHEST WIND DIRECTION     N (340)
  HIGHEST GUST SPEED    35   HIGHEST GUST DIRECTION     N (350)
  AVERAGE WIND SPEED    10.6


SKY COVER
  POSSIBLE SUNSHINE  MM
  AVERAGE SKY COVER 0.0


WEATHER CONDITIONS
 THE FOLLOWING WEATHER WAS RECORDED YESTERDAY.
  FOG


RELATIVE HUMIDITY (PERCENT)
 HIGHEST   100           200 AM
 LOWEST     23           300 PM
 AVERAGE    62

..........................................................


THE BISMARCK ND CLIMATE NORMALS FOR TODAY
                         NORMAL    RECORD    YEAR
 MAXIMUM TEMPERATURE (F)   65        94      1926
 MINIMUM TEMPERATURE (F)   38        20      1954


SUNRISE AND SUNSET
MAY  4 2016...........SUNRISE   623 AM CDT   SUNSET   858 PM CDT
MAY  5 2016...........SUNRISE   621 AM CDT   SUNSET   859 PM CDT


-  INDICATES NEGATIVE NUMBERS.
R  INDICATES RECORD WAS SET OR TIED.
MM INDICATES DATA IS MISSING.
T  INDICATES TRACE AMOUNT.




$$
