000
CDUS43 KBIS 220851
CLIBIS


CLIMATE REPORT
NATIONAL WEATHER SERVICE BISMARCK ND
251 AM CST SUN JAN 22 2017


...................................

...THE BISMARCK ND CLIMATE SUMMARY FOR JANUARY 21 2017...

CLIMATE NORMAL PERIOD 1981 TO 2010
CLIMATE RECORD PERIOD 1875 TO 2017


WEATHER ITEM   OBSERVED TIME   RECORD YEAR NORMAL DEPARTURE LAST
                VALUE   (LST)  VALUE       VALUE  FROM      YEAR
                                                  NORMAL
..................................................................
TEMPERATURE (F)
 YESTERDAY
  MAXIMUM         32    435 PM  53    1942  24      8       23
  MINIMUM         14   1159 PM -37    1954   2     12       10
  AVERAGE         23                        13     10       17

PRECIPITATION (IN)
  YESTERDAY        T             0.67 1952   0.01  -0.01     0.02
  MONTH TO DATE    0.61                      0.31   0.30     0.20
  SINCE DEC 1      2.66                      0.80   1.86     1.11
  SINCE JAN 1      0.61                      0.31   0.30     0.20

SNOWFALL (IN)
  YESTERDAY       MM             7.9  1952   0.2   MM        0.2
  MONTH TO DATE   14.0                       6.4    7.6      2.8
  SINCE DEC 1     38.5                      15.7   22.8     15.6
  SINCE JUL 1     57.5                      26.9   30.6     17.4
  SNOW DEPTH      16

DEGREE DAYS
 HEATING
  YESTERDAY       42                        52    -10       48
  MONTH TO DATE 1299                      1104    195     1120
  SINCE DEC 1   2979                      2618    361     2443
  SINCE JUL 1   4459                      4604   -145     4028

 COOLING
  YESTERDAY        0                         0      0        0
  MONTH TO DATE    0                         0      0        0
  SINCE DEC 1      0                         0      0        0
  SINCE JAN 1      0                         0      0        0
..................................................................


WIND (MPH)
  HIGHEST WIND SPEED     8   HIGHEST WIND DIRECTION     W (270)
  HIGHEST GUST SPEED    13   HIGHEST GUST DIRECTION     W (260)
  AVERAGE WIND SPEED     3.7


SKY COVER
  POSSIBLE SUNSHINE  MM
  AVERAGE SKY COVER 0.9


WEATHER CONDITIONS
 THE FOLLOWING WEATHER WAS RECORDED YESTERDAY.
  LIGHT SNOW
  FOG
  FOG W/VISIBILITY <= 1/4 MILE


RELATIVE HUMIDITY (PERCENT)
 HIGHEST   100           200 AM
 LOWEST     84          1000 PM
 AVERAGE    92

..........................................................


THE BISMARCK ND CLIMATE NORMALS FOR TODAY
                         NORMAL    RECORD    YEAR
 MAXIMUM TEMPERATURE (F)   24        54      1942
 MINIMUM TEMPERATURE (F)    2       -37      1937
                                             1886


SUNRISE AND SUNSET
JANUARY 22 2017.......SUNRISE   818 AM CST   SUNSET   532 PM CST
JANUARY 23 2017.......SUNRISE   817 AM CST   SUNSET   533 PM CST


-  INDICATES NEGATIVE NUMBERS.
R  INDICATES RECORD WAS SET OR TIED.
MM INDICATES DATA IS MISSING.
T  INDICATES TRACE AMOUNT.




$$
