347
CDUS43 KBIS 261245
CLIBIS


CLIMATE REPORT
NATIONAL WEATHER SERVICE BISMARCK ND
745 AM CDT THU MAY 26 2016


...................................

...THE BISMARCK ND CLIMATE SUMMARY FOR MAY 25 2016...

CLIMATE NORMAL PERIOD 1981 TO 2010
CLIMATE RECORD PERIOD 1875 TO 2016


WEATHER ITEM   OBSERVED TIME   RECORD YEAR NORMAL DEPARTURE LAST
                VALUE   (LST)  VALUE       VALUE  FROM      YEAR
                                                  NORMAL
..................................................................
TEMPERATURE (F)
 YESTERDAY
  MAXIMUM         71    311 PM  96    1941  71      0       71
  MINIMUM         51   1159 PM  26    1924  46      5       55
  AVERAGE         61                        58      3       63

PRECIPITATION (IN)
  YESTERDAY        0.63          1.51 1960   0.08   0.55     0.33
  MONTH TO DATE    1.03                      1.86  -0.83     5.22
  SINCE MAR 1      5.61                      3.99   1.62     6.04
  SINCE JAN 1      6.25                      4.93   1.32     7.18

SNOWFALL (IN)
  YESTERDAY        0.0           0.0  2002   0.0    0.0      0.0
                                      2001
  MONTH TO DATE    T                         0.4   -0.4      0.2
  SINCE MAR 1      3.5                      13.7  -10.2      1.2
  SINCE JUL 1     24.1                      51.2  -27.1     24.1
  SNOW DEPTH       0

DEGREE DAYS
 HEATING
  YESTERDAY        4                         7     -3        2
  MONTH TO DATE  219                       271    -52      297
  SINCE MAR 1   1612                      1995   -383     1766
  SINCE JUL 1   6932                      8426  -1494     8127

 COOLING
  YESTERDAY        0                         1     -1        0
  MONTH TO DATE   10                         7      3        0
  SINCE MAR 1     10                         8      2        0
  SINCE JAN 1     10                         8      2        0
..................................................................


WIND (MPH)
  HIGHEST WIND SPEED    23   HIGHEST WIND DIRECTION    NW (320)
  HIGHEST GUST SPEED    27   HIGHEST GUST DIRECTION    NW (310)
  AVERAGE WIND SPEED     6.2


SKY COVER
  POSSIBLE SUNSHINE  MM
  AVERAGE SKY COVER 0.8


WEATHER CONDITIONS
 THE FOLLOWING WEATHER WAS RECORDED YESTERDAY.
  THUNDERSTORM
  HEAVY RAIN
  RAIN
  LIGHT RAIN
  FOG


RELATIVE HUMIDITY (PERCENT)
 HIGHEST    93           500 AM
 LOWEST     61           300 PM
 AVERAGE    77

..........................................................


THE BISMARCK ND CLIMATE NORMALS FOR TODAY
                         NORMAL    RECORD    YEAR
 MAXIMUM TEMPERATURE (F)   71        92      2006
                                             1934
 MINIMUM TEMPERATURE (F)   46        25      1984


SUNRISE AND SUNSET
MAY 26 2016...........SUNRISE   557 AM CDT   SUNSET   924 PM CDT
MAY 27 2016...........SUNRISE   556 AM CDT   SUNSET   925 PM CDT


-  INDICATES NEGATIVE NUMBERS.
R  INDICATES RECORD WAS SET OR TIED.
MM INDICATES DATA IS MISSING.
T  INDICATES TRACE AMOUNT.




$$
