000
CDUS43 KBIS 290743
CLIBIS


CLIMATE REPORT
NATIONAL WEATHER SERVICE BISMARCK ND
242 AM CDT WED JUL 29 2015


...................................

...THE BISMARCK ND CLIMATE SUMMARY FOR JULY 28 2015...

CLIMATE NORMAL PERIOD 1981 TO 2010
CLIMATE RECORD PERIOD 1875 TO 2015


WEATHER ITEM   OBSERVED TIME   RECORD YEAR NORMAL DEPARTURE LAST
                VALUE   (LST)  VALUE       VALUE  FROM      YEAR
                                                  NORMAL
..................................................................
TEMPERATURE (F)
 YESTERDAY
  MAXIMUM         74    244 PM 107    1917  86    -12       77
  MINIMUM         60   1159 PM  41    1976  58      2       44
  AVERAGE         67                        72     -5       61

PRECIPITATION (IN)
  YESTERDAY        0.00          1.33 1989   0.08  -0.08     0.00
  MONTH TO DATE    1.51                      2.63  -1.12     0.73
  SINCE JUN 1      6.49                      5.80   0.69     3.75
  SINCE JAN 1     13.76                     11.27   2.49     7.94

SNOWFALL (IN)
  YESTERDAY        0.0           0.0  2002   0.0    0.0      0.0
                                      2001
  MONTH TO DATE    0.0                       0.0    0.0      0.0
  SINCE JUN 1      0.0                       0.0    0.0      0.0
  SINCE JUL 1      0.0                       0.0    0.0      0.0
  SNOW DEPTH       0

DEGREE DAYS
 HEATING
  YESTERDAY        0                         0      0        4
  MONTH TO DATE    7                        13     -6       28
  SINCE JUN 1     50                       106    -56      122
  SINCE JUL 1      7                        13     -6       28

 COOLING
  YESTERDAY        2                         7     -5        0
  MONTH TO DATE  212                       179     33      137
  SINCE JUN 1    306                       262     44      190
  SINCE JAN 1    312                       279     33      241
..................................................................


WIND (MPH)
  HIGHEST WIND SPEED    51   HIGHEST WIND DIRECTION     W (280)
  HIGHEST GUST SPEED    67   HIGHEST GUST DIRECTION     W (280)
  AVERAGE WIND SPEED    24.9


SKY COVER
  POSSIBLE SUNSHINE  MM
  AVERAGE SKY COVER 0.5


WEATHER CONDITIONS
 THE FOLLOWING WEATHER WAS RECORDED YESTERDAY.
  NO SIGNIFICANT WEATHER WAS OBSERVED.


RELATIVE HUMIDITY (PERCENT)
 HIGHEST    78           100 AM
 LOWEST     42           700 PM
 AVERAGE    60

..........................................................


THE BISMARCK ND CLIMATE NORMALS FOR TODAY
                         NORMAL    RECORD    YEAR
 MAXIMUM TEMPERATURE (F)   86       104      1999
                                             1975
 MINIMUM TEMPERATURE (F)   58        41      1899


SUNRISE AND SUNSET
JULY 29 2015..........SUNRISE   619 AM CDT   SUNSET   919 PM CDT
JULY 30 2015..........SUNRISE   620 AM CDT   SUNSET   918 PM CDT


-  INDICATES NEGATIVE NUMBERS.
R  INDICATES RECORD WAS SET OR TIED.
MM INDICATES DATA IS MISSING.
T  INDICATES TRACE AMOUNT.




$$
