000
CDUS43 KGRR 242228
CLIBIV


CLIMATE REPORT
NATIONAL WEATHER SERVICE GRAND RAPIDS, MI
526 PM EST MON NOV 24 2014


...................................

...THE HOLLAND/TULIP CITY MI CLIMATE SUMMARY FOR NOVEMBER 24 2014...
VALID TODAY AS OF 0500 PM LOCAL TIME.

CLIMATE NORMAL PERIOD 1981 TO 2010
CLIMATE RECORD PERIOD 1996 TO 2014


WEATHER ITEM   OBSERVED TIME   RECORD YEAR NORMAL DEPARTURE LAST
                VALUE   (LST)  VALUE       VALUE  FROM      YEAR
                                                  NORMAL
..................................................................
TEMPERATURE (F)
 TODAY
  MAXIMUM         52    405 AM  MM      MM  44      8       28
  MINIMUM         35    345 PM  MM      MM  32      3       17
  AVERAGE         44                        38      6       23

PRECIPITATION (IN)
  TODAY            0.94         MM      MM   0.09   0.85     0.07
  MONTH TO DATE    2.99                      2.91   0.08     4.07
  SINCE SEP 1     10.92                     10.40   0.52    10.42
  SINCE JAN 1     31.95                     33.61  -1.66    38.43

DEGREE DAYS
 HEATING
  TODAY           21                        27     -6       42
  MONTH TO DATE  649                       530    119      528
  SINCE SEP 1   1164                      1040    124     1003
  SINCE JUL 1   1200                      1055    145     1022

 COOLING
  TODAY            0                         0      0        0
  MONTH TO DATE    0                         0      0        2
  SINCE SEP 1     53                        75    -22      106
  SINCE JAN 1    570                       693   -123      813
..................................................................


WIND (MPH)
  RESULTANT WIND SPEED  16   RESULTANT WIND DIRECTION  SW (220)
  HIGHEST WIND SPEED    38   HIGHEST WIND DIRECTION    SW (230)
  HIGHEST GUST SPEED    51   HIGHEST GUST DIRECTION    SW (230)
  AVERAGE WIND SPEED    17.2



WEATHER CONDITIONS
 THE FOLLOWING WEATHER WAS RECORDED TODAY.
  HEAVY RAIN
  RAIN
  LIGHT RAIN
  SNOW
  LIGHT SNOW
  FOG


RELATIVE HUMIDITY (PERCENT)
 HIGHEST   100           200 AM
 LOWEST     82           500 PM
 AVERAGE    91

..........................................................




SUNRISE AND SUNSET
NOVEMBER 24 2014......SUNRISE   748 AM EST   SUNSET   515 PM EST
NOVEMBER 25 2014......SUNRISE   749 AM EST   SUNSET   514 PM EST


-  INDICATES NEGATIVE NUMBERS.
R  INDICATES RECORD WAS SET OR TIED.
MM INDICATES DATA IS MISSING.
T  INDICATES TRACE AMOUNT.




$$

63
