000
CDUS43 KGRR 010518
CLIBIV


CLIMATE REPORT
NATIONAL WEATHER SERVICE GRAND RAPIDS, MI
118 AM EDT WED OCT 1 2014


...................................

...THE HOLLAND/TULIP CITY MI CLIMATE SUMMARY FOR SEPTEMBER 30 2014...

CLIMATE NORMAL PERIOD 1981 TO 2010
CLIMATE RECORD PERIOD 1996 TO 2014


WEATHER ITEM   OBSERVED TIME   NORMAL DEPARTURE LAST
                VALUE   (LST)  VALUE  FROM      YEAR
                                      NORMAL
......................................................
TEMPERATURE (F)
 YESTERDAY
  MAXIMUM         58    542 PM  68    -10       70
  MINIMUM         48    632 AM  48      0       46
  AVERAGE         53            58     -5       58

PRECIPITATION (IN)
  YESTERDAY        0.00          0.19  -0.19     0.00
  MONTH TO DATE    3.94          3.90   0.04     1.18
  SINCE SEP 1      3.94          3.90   0.04     1.18
  SINCE JAN 1     24.97         27.11  -2.14    29.19

DEGREE DAYS
 HEATING
  YESTERDAY       12             8      4        7
  MONTH TO DATE  135           116     19      113
  SINCE SEP 1    135           115     20      113
  SINCE JUL 1    171           130     41      132

 COOLING
  YESTERDAY        0             1     -1        0
  MONTH TO DATE   52            64    -12       90
  SINCE SEP 1     52            64    -12       90
  SINCE JAN 1    569           682   -113      797
......................................................


WIND (MPH)
  RESULTANT WIND SPEED   2   RESULTANT WIND DIRECTION  NE (40)
  HIGHEST WIND SPEED     8   HIGHEST WIND DIRECTION     N (340)
  HIGHEST GUST SPEED    14   HIGHEST GUST DIRECTION     N (360)
  AVERAGE WIND SPEED     4.1


SKY COVER
  AVERAGE SKY COVER 1.0


WEATHER CONDITIONS
 THE FOLLOWING WEATHER WAS RECORDED YESTERDAY.
  FOG


RELATIVE HUMIDITY (PERCENT)
 HIGHEST    86           200 AM
 LOWEST     67           200 PM
 AVERAGE    77

..........................................................


THE HOLLAND/TULIP CITY MI CLIMATE NORMALS FOR TODAY
                         NORMAL
 MAXIMUM TEMPERATURE (F)   67
 MINIMUM TEMPERATURE (F)   48


SUNRISE AND SUNSET
OCTOBER  1 2014.......SUNRISE   742 AM EDT   SUNSET   726 PM EDT
OCTOBER  2 2014.......SUNRISE   743 AM EDT   SUNSET   724 PM EDT


-  INDICATES NEGATIVE NUMBERS.
R  INDICATES RECORD WAS SET OR TIED.
MM INDICATES DATA IS MISSING.
T  INDICATES TRACE AMOUNT.




$$
