000
CDUS43 KGRR 252125
CLIBIV


CLIMATE REPORT
NATIONAL WEATHER SERVICE GRAND RAPIDS, MI
525 PM EDT SUN JUN 25 2017


...................................

...THE HOLLAND/TULIP CITY MI CLIMATE SUMMARY FOR JUNE 25 2017...
VALID TODAY AS OF 0500 PM LOCAL TIME.

CLIMATE NORMAL PERIOD 1981 TO 2010
CLIMATE RECORD PERIOD 1996 TO 2017


WEATHER ITEM   OBSERVED TIME   NORMAL DEPARTURE LAST
                VALUE   (LST)  VALUE  FROM      YEAR
                                      NORMAL
......................................................
TEMPERATURE (F)
 TODAY
  MAXIMUM         70    359 PM  81    -11       89
  MINIMUM         57    547 AM  61     -4       58
  AVERAGE         64            71     -7       74

PRECIPITATION (IN)
  TODAY            0.00          0.14  -0.14     0.00
  MONTH TO DATE    2.19          3.59  -1.40     1.96
  SINCE JUN 1      2.19          3.59  -1.40     1.96
  SINCE JAN 1     17.36         16.18   1.18    15.09

DEGREE DAYS
 HEATING
  TODAY            1             1      0        0
  MONTH TO DATE   11            46    -35       32
  SINCE JUN 1     11            46    -35       32
  SINCE JUL 1   5441          6158   -717     5534

 COOLING
  TODAY            0             6     -6        9
  MONTH TO DATE  138           111     27      110
  SINCE JUN 1    138           111     27      110
  SINCE JAN 1    169           153     16      169
......................................................


WIND (MPH)
  RESULTANT WIND SPEED  15   RESULTANT WIND DIRECTION   W (270)
  HIGHEST WIND SPEED    23   HIGHEST WIND DIRECTION     W (250)
  HIGHEST GUST SPEED    31   HIGHEST GUST DIRECTION    SW (240)
  AVERAGE WIND SPEED    15.0


SKY COVER
  AVERAGE SKY COVER 0.2


WEATHER CONDITIONS
 THE FOLLOWING WEATHER WAS RECORDED TODAY.
  NO SIGNIFICANT WEATHER WAS OBSERVED.


RELATIVE HUMIDITY (PERCENT)
 HIGHEST    72           400 AM
 LOWEST     51           400 PM
 AVERAGE    62

..........................................................


THE HOLLAND/TULIP CITY MI CLIMATE NORMALS FOR TOMORROW
                         NORMAL
 MAXIMUM TEMPERATURE (F)   81
 MINIMUM TEMPERATURE (F)   61


SUNRISE AND SUNSET
JUNE 25 2017..........SUNRISE   607 AM EDT   SUNSET   927 PM EDT
JUNE 26 2017..........SUNRISE   608 AM EDT   SUNSET   927 PM EDT


-  INDICATES NEGATIVE NUMBERS.
R  INDICATES RECORD WAS SET OR TIED.
MM INDICATES DATA IS MISSING.
T  INDICATES TRACE AMOUNT.




$$
