000
CDUS43 KGRR 300518
CLIBIV


CLIMATE REPORT
NATIONAL WEATHER SERVICE GRAND RAPIDS, MI
118 AM EDT SUN AUG 30 2015


...................................

...THE HOLLAND/TULIP CITY MI CLIMATE SUMMARY FOR AUGUST 29 2015...

CLIMATE NORMAL PERIOD 1981 TO 2010
CLIMATE RECORD PERIOD 1996 TO 2015


WEATHER ITEM   OBSERVED TIME   NORMAL DEPARTURE LAST
                VALUE   (LST)  VALUE  FROM      YEAR
                                      NORMAL
......................................................
TEMPERATURE (F)
 YESTERDAY
  MAXIMUM         69    615 PM  79    -10       79
  MINIMUM         63    847 AM  59      4       63
  AVERAGE         66            69     -3       71

PRECIPITATION (IN)
  YESTERDAY        0.13          0.12   0.01     0.04
  MONTH TO DATE    2.72          3.34  -0.62     4.94
  SINCE JUN 1      6.45         10.39  -3.94    11.50
  SINCE JAN 1     17.26         22.98  -5.72    21.03

DEGREE DAYS
 HEATING
  YESTERDAY        0             1     -1        0
  MONTH TO DATE   12             2     10       14
  SINCE JUN 1     46            56    -10       59
  SINCE JUL 1     22             8     14       36

 COOLING
  YESTERDAY        1             5     -4        6
  MONTH TO DATE  150           184    -34      171
  SINCE JUN 1    417           565   -148      458
  SINCE JAN 1    466           607   -141      497
......................................................


WIND (MPH)
  RESULTANT WIND SPEED   5   RESULTANT WIND DIRECTION   E (80)
  HIGHEST WIND SPEED     9   HIGHEST WIND DIRECTION     E (90)
  HIGHEST GUST SPEED    12   HIGHEST GUST DIRECTION     E (90)
  AVERAGE WIND SPEED     5.3


SKY COVER
  AVERAGE SKY COVER 0.8


WEATHER CONDITIONS
 THE FOLLOWING WEATHER WAS RECORDED YESTERDAY.
  LIGHT RAIN
  FOG
  HAZE


RELATIVE HUMIDITY (PERCENT)
 HIGHEST    93           300 AM
 LOWEST     81           300 PM
 AVERAGE    87

..........................................................


THE HOLLAND/TULIP CITY MI CLIMATE NORMALS FOR TODAY
                         NORMAL
 MAXIMUM TEMPERATURE (F)   79
 MINIMUM TEMPERATURE (F)   59


SUNRISE AND SUNSET
AUGUST 30 2015........SUNRISE   707 AM EDT   SUNSET   823 PM EDT
AUGUST 31 2015........SUNRISE   708 AM EDT   SUNSET   821 PM EDT


-  INDICATES NEGATIVE NUMBERS.
R  INDICATES RECORD WAS SET OR TIED.
MM INDICATES DATA IS MISSING.
T  INDICATES TRACE AMOUNT.




$$
