000
CDUS43 KGRR 290521
CLIBIV


CLIMATE REPORT
NATIONAL WEATHER SERVICE GRAND RAPIDS, MI
120 AM EDT THU SEP 29 2016


...................................

...THE HOLLAND/TULIP CITY MI CLIMATE SUMMARY FOR SEPTEMBER 28 2016...

CLIMATE NORMAL PERIOD 1981 TO 2010
CLIMATE RECORD PERIOD 1996 TO 2016


WEATHER ITEM   OBSERVED TIME   NORMAL DEPARTURE LAST
                VALUE   (LST)  VALUE  FROM      YEAR
                                      NORMAL
......................................................
TEMPERATURE (F)
 YESTERDAY
  MAXIMUM         67    218 PM  69     -2       78
  MINIMUM         52    711 AM  49      3       63
  AVERAGE         60            59      1       71

PRECIPITATION (IN)
  YESTERDAY        0.14          0.17  -0.03     0.00
  MONTH TO DATE    1.24          3.53  -2.29     1.88
  SINCE SEP 1      1.24          3.53  -2.29     1.88
  SINCE JAN 1     23.12         26.74  -3.62    19.14

DEGREE DAYS
 HEATING
  YESTERDAY        5             7     -2        0
  MONTH TO DATE   21           100    -79       46
  SINCE SEP 1     21           100    -79       46
  SINCE JUL 1     28           115    -87       68

 COOLING
  YESTERDAY        0             1     -1        6
  MONTH TO DATE   93            61     32      125
  SINCE SEP 1     93            61     32      125
  SINCE JAN 1    772           679     93      601
......................................................


WIND (MPH)
  RESULTANT WIND SPEED   5   RESULTANT WIND DIRECTION  NE (50)
  HIGHEST WIND SPEED    20   HIGHEST WIND DIRECTION    NE (60)
  HIGHEST GUST SPEED    29   HIGHEST GUST DIRECTION    NE (50)
  AVERAGE WIND SPEED     5.9


SKY COVER
  AVERAGE SKY COVER 0.9


WEATHER CONDITIONS
 THE FOLLOWING WEATHER WAS RECORDED YESTERDAY.
  THUNDERSTORM
  RAIN
  LIGHT RAIN
  FOG


RELATIVE HUMIDITY (PERCENT)
 HIGHEST    93          1200 AM
 LOWEST     60           200 PM
 AVERAGE    77

..........................................................


THE HOLLAND/TULIP CITY MI CLIMATE NORMALS FOR TODAY
                         NORMAL
 MAXIMUM TEMPERATURE (F)   68
 MINIMUM TEMPERATURE (F)   48


SUNRISE AND SUNSET
SEPTEMBER 29 2016.....SUNRISE   740 AM EDT   SUNSET   729 PM EDT
SEPTEMBER 30 2016.....SUNRISE   741 AM EDT   SUNSET   727 PM EDT


-  INDICATES NEGATIVE NUMBERS.
R  INDICATES RECORD WAS SET OR TIED.
MM INDICATES DATA IS MISSING.
T  INDICATES TRACE AMOUNT.




$$
