000
CDUS46 KBOI 110934
CLIBKE


CLIMATE REPORT
NATIONAL WEATHER SERVICE BOISE ID
233 AM MST MON DEC 11 2017


...................................

...THE BAKER OR CLIMATE SUMMARY FOR DECEMBER 10 2017...

CLIMATE NORMAL PERIOD 1981 TO 2010
CLIMATE RECORD PERIOD 1928 TO 2017


WEATHER ITEM   OBSERVED TIME   RECORD YEAR NORMAL DEPARTURE LAST
                VALUE   (LST)  VALUE       VALUE  FROM      YEAR
                                                  NORMAL
..................................................................
TEMPERATURE (F)
 YESTERDAY
  MAXIMUM         33    139 PM  60    1939  34     -1       35
  MINIMUM         14   1117 PM -15    1972  16     -2       11
  AVERAGE         24                        25     -1       23

PRECIPITATION (IN)
  YESTERDAY        0.00          0.77 1937   0.03  -0.03     0.04
  MONTH TO DATE    0.02                      0.32  -0.30     0.20
  SINCE OCT 1      1.11                      1.85  -0.74     2.01
  SINCE JAN 1      6.85                      9.47  -2.62     5.71

DEGREE DAYS
 HEATING
  YESTERDAY       41                        40      1       42
  MONTH TO DATE  376                       388    -12      434
  SINCE DEC 1    376                       388    -12      434
  SINCE JUL 1   2006                      2425   -419     2208

 COOLING
  YESTERDAY        0                         0      0        0
  MONTH TO DATE    0                         0      0        0
  SINCE DEC 1      0                         0      0        0
  SINCE JAN 1    357                       169    188      132
..................................................................


WIND (MPH)
  RESULTANT WIND SPEED   5   RESULTANT WIND DIRECTION  SE (130)
  HIGHEST WIND SPEED    14   HIGHEST WIND DIRECTION     E (100)
  HIGHEST GUST SPEED    17   HIGHEST GUST DIRECTION     E (100)
  AVERAGE WIND SPEED     6.2


SKY COVER
  AVERAGE SKY COVER 0.5


WEATHER CONDITIONS
 THE FOLLOWING WEATHER WAS RECORDED YESTERDAY.
  NO SIGNIFICANT WEATHER WAS OBSERVED.


RELATIVE HUMIDITY (PERCENT)
 HIGHEST    88          1000 PM
 LOWEST     59           200 PM
 AVERAGE    74

..........................................................


THE BAKER OR CLIMATE NORMALS FOR TODAY
                         NORMAL    RECORD    YEAR
 MAXIMUM TEMPERATURE (F)   34        55      1995
 MINIMUM TEMPERATURE (F)   16       -17      1932


SUNRISE AND SUNSET
DECEMBER 11 2017......SUNRISE   719 AM PST   SUNSET   410 PM PST
DECEMBER 12 2017......SUNRISE   720 AM PST   SUNSET   410 PM PST


-  INDICATES NEGATIVE NUMBERS.
R  INDICATES RECORD WAS SET OR TIED.
MM INDICATES DATA IS MISSING.
T  INDICATES TRACE AMOUNT.




$$
