000
CDUS46 KBOI 060934
CLIBKE


CLIMATE REPORT
NATIONAL WEATHER SERVICE BOISE ID
233 AM MST FRI MAR 6 2015


...................................

...THE BAKER OR CLIMATE SUMMARY FOR MARCH 5 2015...

CLIMATE NORMAL PERIOD 1981 TO 2010
CLIMATE RECORD PERIOD 1948 TO 2015


WEATHER ITEM   OBSERVED TIME   RECORD YEAR NORMAL DEPARTURE LAST
                VALUE   (LST)  VALUE       VALUE  FROM      YEAR
                                                  NORMAL
..................................................................
TEMPERATURE (F)
 YESTERDAY
  MAXIMUM         52    252 PM  65    1986  47      5       52
  MINIMUM         14    602 AM  -5    1955  23     -9       37
  AVERAGE         33                        35     -2       45

PRECIPITATION (IN)
  YESTERDAY        0.00          0.26 2000   0.02  -0.02     0.12
  MONTH TO DATE    T                         0.12  -0.12     0.36
  SINCE OCT 1      3.30                      4.01  -0.71     3.22
  SINCE JAN 1      1.10                      1.50  -0.40     2.05

DEGREE DAYS
 HEATING
  YESTERDAY       32                        30      2       20
  MONTH TO DATE  171                       155     16      123
  SINCE MAR 1    171                       155     16      123
  SINCE JUL 1   4847                      5675   -828     5649

 COOLING
  YESTERDAY        0                         0      0        0
  MONTH TO DATE    0                         0      0        0
  SINCE MAR 1      0                         0      0        0
  SINCE JAN 1      0                         0      0        0
..................................................................


WIND (MPH)
  RESULTANT WIND SPEED   1   RESULTANT WIND DIRECTION  SE (140)
  HIGHEST WIND SPEED    10   HIGHEST WIND DIRECTION     E (90)
  HIGHEST GUST SPEED    17   HIGHEST GUST DIRECTION     E (110)
  AVERAGE WIND SPEED     2.1


SKY COVER
  AVERAGE SKY COVER 0.0


WEATHER CONDITIONS
 THE FOLLOWING WEATHER WAS RECORDED YESTERDAY.
  NO SIGNIFICANT WEATHER WAS OBSERVED.


RELATIVE HUMIDITY (PERCENT)
 HIGHEST    80           300 AM
 LOWEST     24           100 PM
 AVERAGE    52

..........................................................


THE BAKER OR CLIMATE NORMALS FOR TODAY
                         NORMAL    RECORD    YEAR
 MAXIMUM TEMPERATURE (F)   47        63      2001
 MINIMUM TEMPERATURE (F)   23         5      1955


SUNRISE AND SUNSET
MARCH  6 2015.........SUNRISE   620 AM PST   SUNSET   545 PM PST
MARCH  7 2015.........SUNRISE   619 AM PST   SUNSET   547 PM PST


-  INDICATES NEGATIVE NUMBERS.
R  INDICATES RECORD WAS SET OR TIED.
MM INDICATES DATA IS MISSING.
T  INDICATES TRACE AMOUNT.




$$
