000
CDUS46 KBOI 200930
CLIBKE


CLIMATE REPORT
NATIONAL WEATHER SERVICE BOISE ID
330 AM MDT SUN AUG 20 2017


...................................

...THE BAKER OR CLIMATE SUMMARY FOR AUGUST 19 2017...

CLIMATE NORMAL PERIOD 1981 TO 2010
CLIMATE RECORD PERIOD 1928 TO 2017


WEATHER ITEM   OBSERVED TIME   RECORD YEAR NORMAL DEPARTURE LAST
                VALUE   (LST)  VALUE       VALUE  FROM      YEAR
                                                  NORMAL
..................................................................
TEMPERATURE (F)
 YESTERDAY
  MAXIMUM         82    248 PM 104    1961  84     -2       86
  MINIMUM         53   1159 PM  36    1944  45      8       47
  AVERAGE         68                        64      4       67

PRECIPITATION (IN)
  YESTERDAY        0.00          0.61 1965   0.02  -0.02     0.00
  MONTH TO DATE    0.06                      0.41  -0.35     0.12
  SINCE OCT 1      7.67                      9.28  -1.61     6.17
  SINCE JAN 1      4.93                      6.77  -1.84     3.63

DEGREE DAYS
 HEATING
  YESTERDAY        0                         3     -3        0
  MONTH TO DATE    6                        35    -29       37
  SINCE JUN 1    188                       331   -143      314
  SINCE JUL 1     12                       105    -93      122

 COOLING
  YESTERDAY        3                         2      1        2
  MONTH TO DATE   91                        51     40       34
  SINCE JUN 1    240                       142     98      124
  SINCE JAN 1    240                       144     96      124
..................................................................


WIND (MPH)
  RESULTANT WIND SPEED  10   RESULTANT WIND DIRECTION  NW (320)
  HIGHEST WIND SPEED    23   HIGHEST WIND DIRECTION    NW (330)
  HIGHEST GUST SPEED    29   HIGHEST GUST DIRECTION    NW (330)
  AVERAGE WIND SPEED    10.8


SKY COVER
  AVERAGE SKY COVER 0.0


WEATHER CONDITIONS
 THE FOLLOWING WEATHER WAS RECORDED YESTERDAY.
  NO SIGNIFICANT WEATHER WAS OBSERVED.


RELATIVE HUMIDITY (PERCENT)
 HIGHEST    57           500 AM
 LOWEST     23           400 PM
 AVERAGE    40

..........................................................


THE BAKER OR CLIMATE NORMALS FOR TODAY
                         NORMAL    RECORD    YEAR
 MAXIMUM TEMPERATURE (F)   84        98      1977
 MINIMUM TEMPERATURE (F)   44        33      1944


SUNRISE AND SUNSET
AUGUST 20 2017........SUNRISE   600 AM PDT   SUNSET   749 PM PDT
AUGUST 21 2017........SUNRISE   601 AM PDT   SUNSET   747 PM PDT


-  INDICATES NEGATIVE NUMBERS.
R  INDICATES RECORD WAS SET OR TIED.
MM INDICATES DATA IS MISSING.
T  INDICATES TRACE AMOUNT.




$$
