618
CDUS46 KBOI 310933
CLIBKE


CLIMATE REPORT
NATIONAL WEATHER SERVICE BOISE ID
333 AM MDT SUN JUL 31 2016


...................................

...THE BAKER OR CLIMATE SUMMARY FOR JULY 30 2016...

CLIMATE NORMAL PERIOD 1981 TO 2010
CLIMATE RECORD PERIOD 1948 TO 2016


WEATHER ITEM   OBSERVED TIME   RECORD YEAR NORMAL DEPARTURE LAST
                VALUE   (LST)  VALUE       VALUE  FROM      YEAR
                                                  NORMAL
..................................................................
TEMPERATURE (F)
 YESTERDAY
  MAXIMUM         93    302 PM 101    2003  87      6       95
  MINIMUM         52   1142 PM  38    1950  47      5       42
                                      1945
  AVERAGE         73                        67      6       69

PRECIPITATION (IN)
  YESTERDAY        0.00          0.75 1964   0.02  -0.02     0.00
  MONTH TO DATE    0.80                      0.63   0.17     2.72
  SINCE OCT 1      6.05                      8.85  -2.80     9.46
  SINCE JAN 1      3.51                      6.34  -2.83     7.26

DEGREE DAYS
 HEATING
  YESTERDAY        0                         1     -1        0
  MONTH TO DATE   83                        66     17       40
  SINCE JUN 1    275                       292    -17      124
  SINCE JUL 1     83                        66     17       40

 COOLING
  YESTERDAY        8                         3      5        4
  MONTH TO DATE   44                        71    -27       75
  SINCE JUN 1     90                        87      3      143
  SINCE JAN 1     90                        89      1      144
..................................................................


WIND (MPH)
  RESULTANT WIND SPEED   4   RESULTANT WIND DIRECTION  NW (330)
  HIGHEST WIND SPEED    21   HIGHEST WIND DIRECTION    NW (330)
  HIGHEST GUST SPEED    26   HIGHEST GUST DIRECTION    NW (320)
  AVERAGE WIND SPEED     6.4


SKY COVER
  AVERAGE SKY COVER 0.0


WEATHER CONDITIONS
 THE FOLLOWING WEATHER WAS RECORDED YESTERDAY.
  NO SIGNIFICANT WEATHER WAS OBSERVED.


RELATIVE HUMIDITY (PERCENT)
 HIGHEST    77           200 AM
 LOWEST     14           600 PM
 AVERAGE    46

..........................................................


THE BAKER OR CLIMATE NORMALS FOR TODAY
                         NORMAL    RECORD    YEAR
 MAXIMUM TEMPERATURE (F)   87       100      1959
 MINIMUM TEMPERATURE (F)   47        35      1945


SUNRISE AND SUNSET
JULY 31 2016..........SUNRISE   537 AM PDT   SUNSET   818 PM PDT
AUGUST  1 2016........SUNRISE   538 AM PDT   SUNSET   817 PM PDT


-  INDICATES NEGATIVE NUMBERS.
R  INDICATES RECORD WAS SET OR TIED.
MM INDICATES DATA IS MISSING.
T  INDICATES TRACE AMOUNT.




$$
