000
CDUS46 KBOI 210932
CLIBKE


CLIMATE REPORT
NATIONAL WEATHER SERVICE BOISE ID
332 AM MDT SAT OCT 21 2017


...................................

...THE BAKER OR CLIMATE SUMMARY FOR OCTOBER 20 2017...

CLIMATE NORMAL PERIOD 1981 TO 2010
CLIMATE RECORD PERIOD 1928 TO 2017


WEATHER ITEM   OBSERVED TIME   RECORD YEAR NORMAL DEPARTURE LAST
                VALUE   (LST)  VALUE       VALUE  FROM      YEAR
                                                  NORMAL
..................................................................
TEMPERATURE (F)
 YESTERDAY
  MAXIMUM         54    324 PM  78    2003  59     -5       51
  MINIMUM         31   1029 PM  15    1945  27      4       40
  AVERAGE         43                        43      0       46

PRECIPITATION (IN)
  YESTERDAY        0.26          0.35 2004   0.02   0.24      T
  MONTH TO DATE    0.42                      0.37   0.05     0.58
  SINCE OCT 1      0.42                      0.37   0.05     0.58
  SINCE JAN 1      6.16                      7.99  -1.83     4.28

DEGREE DAYS
 HEATING
  YESTERDAY       22                        22      0       19
  MONTH TO DATE  408                       371     37      387
  SINCE SEP 1    638                       662    -24      695
  SINCE JUL 1    650                       813   -163      841

 COOLING
  YESTERDAY        0                         0      0        0
  MONTH TO DATE    0                         0      0        0
  SINCE SEP 1     53                         9     44        0
  SINCE JAN 1    357                       169    188      132
..................................................................


WIND (MPH)
  RESULTANT WIND SPEED   2   RESULTANT WIND DIRECTION   N (360)
  HIGHEST WIND SPEED    32   HIGHEST WIND DIRECTION    NW (330)
  HIGHEST GUST SPEED    38   HIGHEST GUST DIRECTION    NW (330)
  AVERAGE WIND SPEED     4.6


SKY COVER
  AVERAGE SKY COVER 0.7


WEATHER CONDITIONS
 THE FOLLOWING WEATHER WAS RECORDED YESTERDAY.
  RAIN
  LIGHT RAIN
  FOG
  HAZE


RELATIVE HUMIDITY (PERCENT)
 HIGHEST   100           500 AM
 LOWEST     38           200 PM
 AVERAGE    69

..........................................................


THE BAKER OR CLIMATE NORMALS FOR TODAY
                         NORMAL    RECORD    YEAR
 MAXIMUM TEMPERATURE (F)   58        80      2003
 MINIMUM TEMPERATURE (F)   27         9      1945


SUNRISE AND SUNSET
OCTOBER 21 2017.......SUNRISE   715 AM PDT   SUNSET   556 PM PDT
OCTOBER 22 2017.......SUNRISE   716 AM PDT   SUNSET   554 PM PDT


-  INDICATES NEGATIVE NUMBERS.
R  INDICATES RECORD WAS SET OR TIED.
MM INDICATES DATA IS MISSING.
T  INDICATES TRACE AMOUNT.




$$
