000
CDUS46 KBOI 010934
CLIBKE


CLIMATE REPORT
NATIONAL WEATHER SERVICE BOISE ID
333 AM MDT SAT NOV 1 2014


...................................

...THE BAKER OR CLIMATE SUMMARY FOR OCTOBER 31 2014...

CLIMATE NORMAL PERIOD 1981 TO 2010
CLIMATE RECORD PERIOD 1948 TO 2014


WEATHER ITEM   OBSERVED TIME   RECORD YEAR NORMAL DEPARTURE LAST
                VALUE   (LST)  VALUE       VALUE  FROM      YEAR
                                                  NORMAL
..................................................................
TEMPERATURE (F)
 YESTERDAY
  MAXIMUM         69R   128 PM  69    1965  53     16       47
  MINIMUM         41    214 AM   2    2006  26     15       22
  AVERAGE         55                        39     16       35

PRECIPITATION (IN)
  YESTERDAY        0.01          0.26 1990   0.03  -0.02     0.01
  MONTH TO DATE    0.23                      0.63  -0.40     0.17
  SINCE OCT 1      0.23                      0.63  -0.40     0.17
  SINCE JAN 1      6.23                      8.25  -2.02     7.94

DEGREE DAYS
 HEATING
  YESTERDAY       10                        26    -16       30
  MONTH TO DATE  489                       637   -148      720
  SINCE SEP 1    699                       928   -229      959
  SINCE JUL 1    776                      1079   -303      991

 COOLING
  YESTERDAY        0                         0      0        0
  MONTH TO DATE    0                         0      0        0
  SINCE SEP 1     15                         9      6       28
  SINCE JAN 1    250                       169     81      258
..................................................................


WIND (MPH)
  RESULTANT WIND SPEED   3   RESULTANT WIND DIRECTION   S (200)
  HIGHEST WIND SPEED    24   HIGHEST WIND DIRECTION     S (180)
  HIGHEST GUST SPEED    29   HIGHEST GUST DIRECTION     S (190)
  AVERAGE WIND SPEED     8.6


SKY COVER
  AVERAGE SKY COVER 0.4


WEATHER CONDITIONS
 THE FOLLOWING WEATHER WAS RECORDED YESTERDAY.
  LIGHT RAIN


RELATIVE HUMIDITY (PERCENT)
 HIGHEST    89           800 PM
 LOWEST     27           100 PM
 AVERAGE    58

..........................................................


THE BAKER OR CLIMATE NORMALS FOR TODAY
                         NORMAL    RECORD    YEAR
 MAXIMUM TEMPERATURE (F)   52        69      1988
 MINIMUM TEMPERATURE (F)   25         1      2003


SUNRISE AND SUNSET
NOVEMBER  1 2014......SUNRISE   729 AM PDT   SUNSET   540 PM PDT
NOVEMBER  2 2014......SUNRISE   631 AM PST   SUNSET   438 PM PST


-  INDICATES NEGATIVE NUMBERS.
R  INDICATES RECORD WAS SET OR TIED.
MM INDICATES DATA IS MISSING.
T  INDICATES TRACE AMOUNT.




$$
