000
CDUS46 KBOI 210932
CLIBKE


CLIMATE REPORT
NATIONAL WEATHER SERVICE BOISE ID
332 AM MDT SUN SEP 21 2014


...................................

...THE BAKER OR CLIMATE SUMMARY FOR SEPTEMBER 20 2014...

CLIMATE NORMAL PERIOD 1981 TO 2010
CLIMATE RECORD PERIOD 1948 TO 2014


WEATHER ITEM   OBSERVED TIME   RECORD YEAR NORMAL DEPARTURE LAST
                VALUE   (LST)  VALUE       VALUE  FROM      YEAR
                                                  NORMAL
..................................................................
TEMPERATURE (F)
 YESTERDAY
  MAXIMUM         84    320 PM  90    1979  73     11       79
  MINIMUM         37    519 AM  21    1983  35      2       30
  AVERAGE         61                        54      7       55

PRECIPITATION (IN)
  YESTERDAY        0.00          0.74 2008   0.01  -0.01     0.00
  MONTH TO DATE    T                         0.38  -0.38     0.72
  SINCE OCT 1      6.79                      9.96  -3.17     9.05
  SINCE JAN 1      5.62                      7.45  -1.83     6.87

DEGREE DAYS
 HEATING
  YESTERDAY        4                        11     -7       10
  MONTH TO DATE  146                       159    -13       78
  SINCE SEP 1    146                       159    -13       78
  SINCE JUL 1    223                       310    -87      110

 COOLING
  YESTERDAY        0                         0      0        0
  MONTH TO DATE   11                         7      4       28
  SINCE SEP 1     11                         7      4       28
  SINCE JAN 1    246                       167     79      258
..................................................................


WIND (MPH)
  RESULTANT WIND SPEED   1   RESULTANT WIND DIRECTION  SW (230)
  HIGHEST WIND SPEED     9   HIGHEST WIND DIRECTION     W (260)
  HIGHEST GUST SPEED    10   HIGHEST GUST DIRECTION     W (270)
  AVERAGE WIND SPEED     3.1


SKY COVER
  AVERAGE SKY COVER 0.0


WEATHER CONDITIONS
 THE FOLLOWING WEATHER WAS RECORDED YESTERDAY.
  NO SIGNIFICANT WEATHER WAS OBSERVED.


RELATIVE HUMIDITY (PERCENT)
 HIGHEST    92           500 AM
 LOWEST     22           400 PM
 AVERAGE    57

..........................................................


THE BAKER OR CLIMATE NORMALS FOR TODAY
                         NORMAL    RECORD    YEAR
 MAXIMUM TEMPERATURE (F)   73        92      1966
 MINIMUM TEMPERATURE (F)   35        22      1983


SUNRISE AND SUNSET
SEPTEMBER 21 2014.....SUNRISE   637 AM PDT   SUNSET   650 PM PDT
SEPTEMBER 22 2014.....SUNRISE   638 AM PDT   SUNSET   649 PM PDT


-  INDICATES NEGATIVE NUMBERS.
R  INDICATES RECORD WAS SET OR TIED.
MM INDICATES DATA IS MISSING.
T  INDICATES TRACE AMOUNT.




$$
