000
CDUS41 KRLX 252118
CLIBKW


CLIMATE REPORT
NATIONAL WEATHER SERVICE CHARLESTON WV
516 PM EDT SAT OCT 25 2014


...................................

...THE BECKLEY WV CLIMATE SUMMARY FOR OCTOBER 25 2014...
VALID TODAY AS OF 0500 PM LOCAL TIME.

CLIMATE NORMAL PERIOD 1981 TO 2010
CLIMATE RECORD PERIOD 1963 TO 2014


WEATHER ITEM   OBSERVED TIME   RECORD YEAR NORMAL DEPARTURE LAST
                VALUE   (LST)  VALUE       VALUE  FROM      YEAR
                                                  NORMAL
..................................................................
TEMPERATURE (F)
 TODAY
  MAXIMUM         63    313 PM  79    1939  61      2       40
                                      1919
  MINIMUM         37    601 AM  15    1907  41     -4       27
  AVERAGE         50                        51     -1       34

PRECIPITATION (IN)
  TODAY            0.00          1.66 1917   0.08  -0.08     0.02
  MONTH TO DATE    4.90                      2.03   2.87     1.11
  SINCE SEP 1      7.12                      5.04   2.08     2.83
  SINCE JAN 1     31.62                     34.70  -3.08    32.80

DEGREE DAYS
 HEATING
  TODAY           15                        14      1       31
  MONTH TO DATE  269                       281    -12      242
  SINCE SEP 1    328                       394    -66      331
  SINCE JUL 1    357                       415    -58      351

 COOLING
  TODAY            0                         0      0        0
  MONTH TO DATE    0                         2     -2       15
  SINCE SEP 1     78                        59     19       72
  SINCE JAN 1    602                       552     50      615
..................................................................


WIND (MPH)
  HIGHEST WIND SPEED    16   HIGHEST WIND DIRECTION     W (260)
  HIGHEST GUST SPEED    19   HIGHEST GUST DIRECTION     W (250)
  AVERAGE WIND SPEED     6.0


SKY COVER
  POSSIBLE SUNSHINE  MM
  AVERAGE SKY COVER 0.2


WEATHER CONDITIONS
 THE FOLLOWING WEATHER WAS RECORDED TODAY.
  NO SIGNIFICANT WEATHER WAS OBSERVED.


RELATIVE HUMIDITY (PERCENT)
 HIGHEST    92           300 AM
 LOWEST     48           200 PM
 AVERAGE    70

..........................................................


THE BECKLEY WV CLIMATE NORMALS FOR TOMORROW
                         NORMAL    RECORD    YEAR
 MAXIMUM TEMPERATURE (F)   61        81      1919
 MINIMUM TEMPERATURE (F)   40        18      1962
                                             1930


SUNRISE AND SUNSET
OCTOBER 25 2014.......SUNRISE   743 AM EDT   SUNSET   634 PM EDT
OCTOBER 26 2014.......SUNRISE   744 AM EDT   SUNSET   633 PM EDT


-  INDICATES NEGATIVE NUMBERS.
R  INDICATES RECORD WAS SET OR TIED.
MM INDICATES DATA IS MISSING.
T  INDICATES TRACE AMOUNT.




$$
