000
CDUS41 KRLX 180824
CLIBKW


CLIMATE REPORT
NATIONAL WEATHER SERVICE CHARLESTON WV
324 AM EST WED JAN 18 2017


...................................

...THE BECKLEY WV CLIMATE SUMMARY FOR JANUARY 17 2017...

CLIMATE NORMAL PERIOD 1981 TO 2010
CLIMATE RECORD PERIOD 1963 TO 2017


WEATHER ITEM   OBSERVED TIME   RECORD YEAR NORMAL DEPARTURE LAST
                VALUE   (LST)  VALUE       VALUE  FROM      YEAR
                                                  NORMAL
..................................................................
TEMPERATURE (F)
 YESTERDAY
  MAXIMUM         57    724 PM  69    1943  39     18       30
  MINIMUM         48    104 AM -20    1982  23     25       20
  AVERAGE         53                        31     22       25

PRECIPITATION (IN)
  YESTERDAY        0.25          1.10 1947   0.09   0.16     0.02
  MONTH TO DATE    2.52                      1.56   0.96     0.85
  SINCE JAN 1      2.52                      1.56   0.96     0.85

SNOWFALL (IN)
  YESTERDAY        0.0
  MONTH TO DATE    7.6
  SINCE SEP 1     12.6
  SNOW DEPTH       0

DEGREE DAYS
 HEATING
  YESTERDAY       12                        34    -22       40
  MONTH TO DATE  476                       578   -102      575
  SINCE DEC 1   1396                      1531   -135     1105
  SINCE JUL 1   2171                      2671   -500     1964

 COOLING
  YESTERDAY        0                         0      0        0
  MONTH TO DATE    0                         0      0        0
  SINCE DEC 1      0                         0      0        0
  SINCE JAN 1      0                         0      0        0
..................................................................


WIND (MPH)
  HIGHEST WIND SPEED    23   HIGHEST WIND DIRECTION    SW (230)
  HIGHEST GUST SPEED    33   HIGHEST GUST DIRECTION    SW (220)
  AVERAGE WIND SPEED    11.0


SKY COVER
  POSSIBLE SUNSHINE  MM
  AVERAGE SKY COVER 1.0


WEATHER CONDITIONS
 THE FOLLOWING WEATHER WAS RECORDED YESTERDAY.
  RAIN
  LIGHT RAIN
  FOG


RELATIVE HUMIDITY (PERCENT)
 HIGHEST    93           700 AM
 LOWEST     77           400 AM
 AVERAGE    85

..........................................................


THE BECKLEY WV CLIMATE NORMALS FOR TODAY
                         NORMAL    RECORD    YEAR
 MAXIMUM TEMPERATURE (F)   39        67      1943
 MINIMUM TEMPERATURE (F)   23       -13      1994


SUNRISE AND SUNSET
JANUARY 18 2017.......SUNRISE   737 AM EST   SUNSET   533 PM EST
JANUARY 19 2017.......SUNRISE   737 AM EST   SUNSET   534 PM EST


-  INDICATES NEGATIVE NUMBERS.
R  INDICATES RECORD WAS SET OR TIED.
MM INDICATES DATA IS MISSING.
T  INDICATES TRACE AMOUNT.




$$
