620
CDUS41 KRLX 280720
CLIBKW


CLIMATE REPORT
NATIONAL WEATHER SERVICE CHARLESTON WV
320 AM EDT WED JUN 28 2017


...................................

...THE BECKLEY WV CLIMATE SUMMARY FOR JUNE 27 2017...

CLIMATE NORMAL PERIOD 1981 TO 2010
CLIMATE RECORD PERIOD 1963 TO 2017


WEATHER ITEM   OBSERVED TIME   RECORD YEAR NORMAL DEPARTURE LAST
                VALUE   (LST)  VALUE       VALUE  FROM      YEAR
                                                  NORMAL
..................................................................
TEMPERATURE (F)
 YESTERDAY
  MAXIMUM         70    440 PM  92    1931  79     -9       84
  MINIMUM         51   1153 PM  39    1955  61    -10       64
  AVERAGE         61                        70     -9       74

PRECIPITATION (IN)
  YESTERDAY        0.00          1.86 2016   0.14  -0.14     1.86
  MONTH TO DATE    7.37                      3.59   3.78     8.07
  SINCE JAN 1     27.83                     20.75   7.08    25.18

SNOWFALL (IN)
  YESTERDAY        0.0
  MONTH TO DATE    0.0
  SINCE SEP 1     26.0
  SNOW DEPTH       0

DEGREE DAYS
 HEATING
  YESTERDAY        4                         0      4        0
  MONTH TO DATE   35                        38     -3       16
  SINCE JUN 1     35                        38     -3       16
  SINCE JUL 1   4252                      5339  -1087     4395

 COOLING
  YESTERDAY        0                         5     -5        9
  MONTH TO DATE   87                        95     -8      130
  SINCE JUN 1     87                        95     -8      130
  SINCE JAN 1    152                       136     16      171
..................................................................


WIND (MPH)
  HIGHEST WIND SPEED    18   HIGHEST WIND DIRECTION    NW (330)
  HIGHEST GUST SPEED    21   HIGHEST GUST DIRECTION    NW (330)
  AVERAGE WIND SPEED     5.1


SKY COVER
  POSSIBLE SUNSHINE  MM
  AVERAGE SKY COVER 0.2


WEATHER CONDITIONS
 THE FOLLOWING WEATHER WAS RECORDED YESTERDAY.
  NO SIGNIFICANT WEATHER WAS OBSERVED.


RELATIVE HUMIDITY (PERCENT)
 HIGHEST    89           600 AM
 LOWEST     37           300 PM
 AVERAGE    63

..........................................................


THE BECKLEY WV CLIMATE NORMALS FOR TODAY
                         NORMAL    RECORD    YEAR
 MAXIMUM TEMPERATURE (F)   79        93      1934
 MINIMUM TEMPERATURE (F)   61        39      1955


SUNRISE AND SUNSET
JUNE 28 2017..........SUNRISE   605 AM EDT   SUNSET   850 PM EDT
JUNE 29 2017..........SUNRISE   605 AM EDT   SUNSET   850 PM EDT


-  INDICATES NEGATIVE NUMBERS.
R  INDICATES RECORD WAS SET OR TIED.
MM INDICATES DATA IS MISSING.
T  INDICATES TRACE AMOUNT.




$$
