000
CDUS41 KRLX 050820
CLIBKW


CLIMATE REPORT
NATIONAL WEATHER SERVICE CHARLESTON WV
319 AM EST MON DEC 5 2016


...................................

...THE BECKLEY WV CLIMATE SUMMARY FOR DECEMBER 4 2016...

CLIMATE NORMAL PERIOD 1981 TO 2010
CLIMATE RECORD PERIOD 1963 TO 2016


WEATHER ITEM   OBSERVED TIME   RECORD YEAR NORMAL DEPARTURE LAST
                VALUE   (LST)  VALUE       VALUE  FROM      YEAR
                                                  NORMAL
..................................................................
TEMPERATURE (F)
 YESTERDAY
  MAXIMUM         40   1159 PM  72    1982  45     -5       46
  MINIMUM         30    146 AM   4    1940  29      1       21
  AVERAGE         35                        37     -2       34

PRECIPITATION (IN)
  YESTERDAY        0.07          1.63 1993   0.10  -0.03     0.00
  MONTH TO DATE    0.07                      0.39  -0.32     1.41
  SINCE JAN 1     43.07                     38.58   4.49    45.98

SNOWFALL (IN)
  YESTERDAY        0.0
  MONTH TO DATE    0.0
  SINCE SEP 1      0.2
  SNOW DEPTH       0

DEGREE DAYS
 HEATING
  YESTERDAY       30                        28      2       31
  MONTH TO DATE  119                       109     10       97
  SINCE DEC 1    119                       109     10       97
  SINCE JUL 1    894                      1249   -355      956

 COOLING
  YESTERDAY        0                         0      0        0
  MONTH TO DATE    0                         0      0        0
  SINCE DEC 1      0                         0      0        0
  SINCE JAN 1    844                       557    287      758
..................................................................


WIND (MPH)
  HIGHEST WIND SPEED    17   HIGHEST WIND DIRECTION     S (160)
  HIGHEST GUST SPEED    24   HIGHEST GUST DIRECTION    SE (130)
  AVERAGE WIND SPEED     7.8


SKY COVER
  POSSIBLE SUNSHINE  MM
  AVERAGE SKY COVER 0.8


WEATHER CONDITIONS
 THE FOLLOWING WEATHER WAS RECORDED YESTERDAY.
  LIGHT RAIN
  FOG


RELATIVE HUMIDITY (PERCENT)
 HIGHEST    92           900 PM
 LOWEST     69           800 AM
 AVERAGE    81

..........................................................


THE BECKLEY WV CLIMATE NORMALS FOR TODAY
                         NORMAL    RECORD    YEAR
 MAXIMUM TEMPERATURE (F)   45        75      1909
 MINIMUM TEMPERATURE (F)   29         7      1957


SUNRISE AND SUNSET
DECEMBER  5 2016......SUNRISE   725 AM EST   SUNSET   505 PM EST
DECEMBER  6 2016......SUNRISE   726 AM EST   SUNSET   505 PM EST


-  INDICATES NEGATIVE NUMBERS.
R  INDICATES RECORD WAS SET OR TIED.
MM INDICATES DATA IS MISSING.
T  INDICATES TRACE AMOUNT.




$$
