000
CDUS41 KRLX 010724
CLIBKW


CLIMATE REPORT
NATIONAL WEATHER SERVICE CHARLESTON WV
321 AM EDT FRI AUG 1 2014


...................................

...THE BECKLEY WV CLIMATE SUMMARY FOR JULY 31 2014...

CLIMATE NORMAL PERIOD 1981 TO 2010
CLIMATE RECORD PERIOD 1963 TO 2014


WEATHER ITEM   OBSERVED TIME   RECORD YEAR NORMAL DEPARTURE LAST
                VALUE   (LST)  VALUE       VALUE  FROM      YEAR
                                                  NORMAL
..................................................................
TEMPERATURE (F)
 YESTERDAY
  MAXIMUM         78    556 PM  93    1926  80     -2       65
  MINIMUM         54    510 AM  45    1936  61     -7       61
  AVERAGE         66                        70     -4       63

PRECIPITATION (IN)
  YESTERDAY        0.00          2.17 1909   0.17  -0.17     0.17
  MONTH TO DATE    2.50                      5.03  -2.53     4.62
  SINCE JAN 1     20.48                     26.19  -5.71    24.82

SNOWFALL (IN)
  YESTERDAY        0.0
  MONTH TO DATE    0.0
  SINCE SEP 1     76.3
  SNOW DEPTH       0

DEGREE DAYS
 HEATING
  YESTERDAY        0                         0      0        2
  MONTH TO DATE   22                         0     22        5
  SINCE JUN 1     34                        47    -13       12
  SINCE JUL 1     22                         8     14        5

 COOLING
  YESTERDAY        1                         6     -5        0
  MONTH TO DATE  151                       181    -30      205
  SINCE JUN 1    322                       292     30      330
  SINCE JAN 1    397                       333     64      397
..................................................................


WIND (MPH)
  HIGHEST WIND SPEED    15   HIGHEST WIND DIRECTION     W (260)
  HIGHEST GUST SPEED    17   HIGHEST GUST DIRECTION     W (270)
  AVERAGE WIND SPEED     4.8


SKY COVER
  POSSIBLE SUNSHINE  MM
  AVERAGE SKY COVER 0.3


WEATHER CONDITIONS
 THE FOLLOWING WEATHER WAS RECORDED YESTERDAY.
  NO SIGNIFICANT WEATHER WAS OBSERVED.


RELATIVE HUMIDITY (PERCENT)
 HIGHEST    93           300 AM
 LOWEST     37           400 PM
 AVERAGE    65

..........................................................


THE BECKLEY WV CLIMATE NORMALS FOR TODAY
                         NORMAL    RECORD    YEAR
 MAXIMUM TEMPERATURE (F)   80        94      1931
 MINIMUM TEMPERATURE (F)   61        46      1912


SUNRISE AND SUNSET
AUGUST  1 2014........SUNRISE   628 AM EDT   SUNSET   833 PM EDT
AUGUST  2 2014........SUNRISE   629 AM EDT   SUNSET   832 PM EDT


-  INDICATES NEGATIVE NUMBERS.
R  INDICATES RECORD WAS SET OR TIED.
MM INDICATES DATA IS MISSING.
T  INDICATES TRACE AMOUNT.




$$
