000
CDUS41 KRLX 180718
CLIBKW


CLIMATE REPORT
NATIONAL WEATHER SERVICE CHARLESTON WV
318 AM EDT FRI AUG 18 2017


...................................

...THE BECKLEY WV CLIMATE SUMMARY FOR AUGUST 17 2017...

CLIMATE NORMAL PERIOD 1981 TO 2010
CLIMATE RECORD PERIOD 1963 TO 2017


WEATHER ITEM   OBSERVED TIME   RECORD YEAR NORMAL DEPARTURE LAST
                VALUE   (LST)  VALUE       VALUE  FROM      YEAR
                                                  NORMAL
..................................................................
TEMPERATURE (F)
 YESTERDAY
  MAXIMUM         85    359 PM  96    1988  80      5       84
  MINIMUM         67    500 AM  41    1914  61      6       67
  AVERAGE         76                        70      6       76

PRECIPITATION (IN)
  YESTERDAY        0.00          1.58 1994   0.10  -0.10     0.54
  MONTH TO DATE    1.74                      2.14  -0.40     3.26
  SINCE JAN 1     33.07                     28.33   4.74    34.13

SNOWFALL (IN)
  YESTERDAY        0.0
  MONTH TO DATE    0.0
  SINCE SEP 1     26.0
  SNOW DEPTH       0

DEGREE DAYS
 HEATING
  YESTERDAY        0                         0      0        0
  MONTH TO DATE    4                         0      4        0
  SINCE JUN 1     46                        47     -1       16
  SINCE JUL 1      8                         8      0        0

 COOLING
  YESTERDAY       11                         5      6       11
  MONTH TO DATE   81                        98    -17      160
  SINCE JUN 1    398                       390      8      550
  SINCE JAN 1    463                       431     32      591
..................................................................


WIND (MPH)
  HIGHEST WIND SPEED    14   HIGHEST WIND DIRECTION    SW (230)
  HIGHEST GUST SPEED    19   HIGHEST GUST DIRECTION    SW (240)
  AVERAGE WIND SPEED     5.4


SKY COVER
  AVERAGE SKY COVER 0.4


WEATHER CONDITIONS
 THE FOLLOWING WEATHER WAS RECORDED YESTERDAY.
  NO SIGNIFICANT WEATHER WAS OBSERVED.


RELATIVE HUMIDITY (PERCENT)
 HIGHEST    93           500 AM
 LOWEST     61           400 PM
 AVERAGE    77

..........................................................


THE BECKLEY WV CLIMATE NORMALS FOR TODAY
                         NORMAL    RECORD    YEAR
 MAXIMUM TEMPERATURE (F)   79        94      1988
 MINIMUM TEMPERATURE (F)   60        40      1914


SUNRISE AND SUNSET
AUGUST 18 2017........SUNRISE   643 AM EDT   SUNSET   813 PM EDT
AUGUST 19 2017........SUNRISE   644 AM EDT   SUNSET   812 PM EDT


-  INDICATES NEGATIVE NUMBERS.
R  INDICATES RECORD WAS SET OR TIED.
MM INDICATES DATA IS MISSING.
T  INDICATES TRACE AMOUNT.




$$
