000
CDUS41 KRLX 102118
CLIBKW


CLIMATE REPORT
NATIONAL WEATHER SERVICE CHARLESTON WV
518 PM EDT THU JUL 10 2014


...................................

...THE BECKLEY WV CLIMATE SUMMARY FOR JULY 10 2014...
VALID TODAY AS OF 0500 PM LOCAL TIME.

CLIMATE NORMAL PERIOD 1981 TO 2010
CLIMATE RECORD PERIOD 1963 TO 2014


WEATHER ITEM   OBSERVED TIME   RECORD YEAR NORMAL DEPARTURE LAST
                VALUE   (LST)  VALUE       VALUE  FROM      YEAR
                                                  NORMAL
..................................................................
TEMPERATURE (F)
 TODAY
  MAXIMUM         82    343 PM  96    1936  80      2       82
  MINIMUM         59    501 AM  38    1961  62     -3       66
  AVERAGE         71                        71      0       74

PRECIPITATION (IN)
  TODAY            0.00          3.15 1910   0.16  -0.16     0.56
  MONTH TO DATE    0.45                      1.52  -1.07     1.99
  SINCE JUN 1      4.31                      5.52  -1.21     6.81
  SINCE JAN 1     18.43                     22.68  -4.25    22.19

DEGREE DAYS
 HEATING
  TODAY            0                         0      0        0
  MONTH TO DATE    3                         0      3        0
  SINCE JUN 1     15                        39    -24        7
  SINCE JUL 1      3                         0      3        0

 COOLING
  TODAY            6                         6      0        9
  MONTH TO DATE   59                        60     -1       77
  SINCE JUN 1    230                       171     59      202
  SINCE JAN 1    305                       212     93      269
..................................................................


WIND (MPH)
  HIGHEST WIND SPEED    10   HIGHEST WIND DIRECTION     W (270)
  HIGHEST GUST SPEED    16   HIGHEST GUST DIRECTION    NW (310)
  AVERAGE WIND SPEED     3.5


SKY COVER
  POSSIBLE SUNSHINE  MM
  AVERAGE SKY COVER 0.3


WEATHER CONDITIONS
 THE FOLLOWING WEATHER WAS RECORDED TODAY.
  FOG
  FOG W/VISIBILITY <= 1/4 MILE


RELATIVE HUMIDITY (PERCENT)
 HIGHEST   100           400 AM
 LOWEST     42           100 PM
 AVERAGE    71

..........................................................


THE BECKLEY WV CLIMATE NORMALS FOR TOMORROW
                         NORMAL    RECORD    YEAR
 MAXIMUM TEMPERATURE (F)   80        91      1936
                                             1902
 MINIMUM TEMPERATURE (F)   62        40      1953


SUNRISE AND SUNSET
JULY 10 2014..........SUNRISE   611 AM EDT   SUNSET   848 PM EDT
JULY 11 2014..........SUNRISE   612 AM EDT   SUNSET   848 PM EDT


-  INDICATES NEGATIVE NUMBERS.
R  INDICATES RECORD WAS SET OR TIED.
MM INDICATES DATA IS MISSING.
T  INDICATES TRACE AMOUNT.




$$
