000
CDUS41 KRNK 230923
CLIBLF


CLIMATE REPORT
NATIONAL WEATHER SERVICE BLACKSBURG VA
520 AM EDT THU OCT 23 2014


...................................

...THE BLUEFIELD WV CLIMATE SUMMARY FOR OCTOBER 22 2014...

CLIMATE NORMAL PERIOD 1981 TO 2010
CLIMATE RECORD PERIOD 1959 TO 2014


WEATHER ITEM   OBSERVED TIME   RECORD YEAR NORMAL DEPARTURE LAST
                VALUE   (LST)  VALUE       VALUE  FROM      YEAR
                                                  NORMAL
..................................................................
TEMPERATURE (F)
 YESTERDAY
  MAXIMUM         46    235 PM  77    2009  64    -18       57
                                      1996
  MINIMUM         41    817 AM  24    1987  46     -5       47
  AVERAGE         44                        55    -11

PRECIPITATION (IN)
  YESTERDAY        0.03          0.86 1990   0.08  -0.05     0.08
  MONTH TO DATE    5.14                      1.78   3.36     1.09
  SINCE SEP 1      7.55                      4.92   2.63     2.58
  SINCE JAN 1     32.17                     33.31  -1.14    32.80

SNOWFALL (IN)
  YESTERDAY        0.0
  MONTH TO DATE    0.0
  SINCE SEP 1      0.0
  SINCE JUL 1      0.0
  SNOW DEPTH       0

DEGREE DAYS
 HEATING
  YESTERDAY       21                        11     10
  MONTH TO DATE  178                       180     -2
  SINCE SEP 1    226                       253    -27
  SINCE JUL 1    236                       259    -23

 COOLING
  YESTERDAY        0                         0      0
  MONTH TO DATE    4                        16    -12
  SINCE SEP 1    110                       114     -4
  SINCE JAN 1    823                       848    -25
..................................................................


WIND (MPH)
  HIGHEST WIND SPEED    12   HIGHEST WIND DIRECTION     N (340)
  HIGHEST GUST SPEED    18   HIGHEST GUST DIRECTION    NW (310)
  AVERAGE WIND SPEED     6.5


SKY COVER
  POSSIBLE SUNSHINE  MM
  AVERAGE SKY COVER 1.0


WEATHER CONDITIONS
 THE FOLLOWING WEATHER WAS RECORDED YESTERDAY.
  LIGHT RAIN
  FOG


RELATIVE HUMIDITY (PERCENT)
 HIGHEST    89           100 AM
 LOWEST     82           300 AM
 AVERAGE    86

..........................................................


THE BLUEFIELD WV CLIMATE NORMALS FOR TODAY
                         NORMAL    RECORD    YEAR
 MAXIMUM TEMPERATURE (F)   64        77      2012
                                             2010
 MINIMUM TEMPERATURE (F)   45        24      1997


SUNRISE AND SUNSET
OCTOBER 23 2014.......SUNRISE   740 AM EDT   SUNSET   637 PM EDT
OCTOBER 24 2014.......SUNRISE   741 AM EDT   SUNSET   636 PM EDT


-  INDICATES NEGATIVE NUMBERS.
R  INDICATES RECORD WAS SET OR TIED.
MM INDICATES DATA IS MISSING.
T  INDICATES TRACE AMOUNT.


REMARKS:
DUE TO A POWER FAILURE CAUSING A MISSING LOW TEMPERATURE ON
MAY 30...THE SEASONAL TOTAL AND DEPARTURE FROM NORMAL FOR CDD
WILL BE CALCULATED WITHOUT DATA FROM THAT DATE.


$$
