000
CDUS41 KRNK 240628
CLIBLF


CLIMATE REPORT
NATIONAL WEATHER SERVICE BLACKSBURG VA
227 AM EDT SUN MAY 24 2015


...................................

...THE BLUEFIELD WV CLIMATE SUMMARY FOR MAY 23 2015...

CLIMATE NORMAL PERIOD 1981 TO 2010
CLIMATE RECORD PERIOD 1959 TO 2015


WEATHER ITEM   OBSERVED TIME   RECORD YEAR NORMAL DEPARTURE LAST
                VALUE   (LST)  VALUE       VALUE  FROM      YEAR
                                                  NORMAL
..................................................................
TEMPERATURE (F)
 YESTERDAY
  MAXIMUM         77    436 PM  83    2004  73      4       73
                                      1988
  MINIMUM         50    438 AM  35    1963  55     -5       55
  AVERAGE         64                        64      0

PRECIPITATION (IN)
  YESTERDAY        0.00          1.30 1973   0.15  -0.15      T
  MONTH TO DATE    1.70                      3.11  -1.41     2.52
  SINCE MAR 1     12.11                      9.96   2.15     7.25
  SINCE JAN 1     15.67                     15.62   0.05    11.38

SNOWFALL (IN)
  YESTERDAY        0.0
  MONTH TO DATE    0.0
  SINCE MAR 1      3.1
  SINCE JUL 1     39.7
  SNOW DEPTH       0

DEGREE DAYS
 HEATING
  YESTERDAY        1                         3     -2
  MONTH TO DATE   63                       115    -52
  SINCE MAR 1    915                      1052   -137
  SINCE JUL 1   4835                      4545    290

 COOLING
  YESTERDAY        0                         3     -3
  MONTH TO DATE   82                        38     44
  SINCE MAR 1     93                        66     27
  SINCE JAN 1     93                        66     27
..................................................................


WIND (MPH)
  HIGHEST WIND SPEED    13   HIGHEST WIND DIRECTION     W (260)
  HIGHEST GUST SPEED    16   HIGHEST GUST DIRECTION    SW (240)
  AVERAGE WIND SPEED     4.4


SKY COVER
  POSSIBLE SUNSHINE  MM
  AVERAGE SKY COVER 0.1


WEATHER CONDITIONS
 THE FOLLOWING WEATHER WAS RECORDED YESTERDAY.
  NO SIGNIFICANT WEATHER WAS OBSERVED.


RELATIVE HUMIDITY (PERCENT)
 HIGHEST    68           100 AM
 LOWEST     27           400 PM
 AVERAGE    48

..........................................................


THE BLUEFIELD WV CLIMATE NORMALS FOR TODAY
                         NORMAL    RECORD    YEAR
 MAXIMUM TEMPERATURE (F)   74        83      1991
 MINIMUM TEMPERATURE (F)   55        40      1963


SUNRISE AND SUNSET
MAY 24 2015...........SUNRISE   610 AM EDT   SUNSET   834 PM EDT
MAY 25 2015...........SUNRISE   609 AM EDT   SUNSET   835 PM EDT


-  INDICATES NEGATIVE NUMBERS.
R  INDICATES RECORD WAS SET OR TIED.
MM INDICATES DATA IS MISSING.
T  INDICATES TRACE AMOUNT.




$$
