000
CDUS41 KRNK 250807
CLIBLF


CLIMATE REPORT
NATIONAL WEATHER SERVICE BLACKSBURG VA
406 AM EDT WED MAY 25 2016


...................................

...THE BLUEFIELD WV CLIMATE SUMMARY FOR MAY 24 2016...

CLIMATE NORMAL PERIOD 1981 TO 2010
CLIMATE RECORD PERIOD 1959 TO 2016


WEATHER ITEM   OBSERVED TIME   RECORD YEAR NORMAL DEPARTURE LAST
                VALUE   (LST)  VALUE       VALUE  FROM      YEAR
                                                  NORMAL
..................................................................
TEMPERATURE (F)
 YESTERDAY
  MAXIMUM         73    513 PM  83    1991  74     -1       79
  MINIMUM         44    451 AM  40    1963  55    -11       61
  AVERAGE         59                        64     -5       70

PRECIPITATION (IN)
  YESTERDAY        0.00          0.87 2011   0.14  -0.14     0.00
  MONTH TO DATE    6.22                      3.25   2.97     1.70
  SINCE MAR 1      9.90                     10.10  -0.20    12.11
  SINCE JAN 1     14.72                     15.76  -1.04    15.67

SNOWFALL (IN)
  YESTERDAY        0.0                                       0.0
  MONTH TO DATE    0.0                                       0.0
  SINCE MAR 1      2.6                                       3.1
  SINCE JUL 1     34.8                                      39.7
  SNOW DEPTH       0

DEGREE DAYS
 HEATING
  YESTERDAY        6                         3      3        0
  MONTH TO DATE  231                       118    113       63
  SINCE MAR 1   1053                      1055     -2      915
  SINCE JUL 1   3866                      4548   -682     4835

 COOLING
  YESTERDAY        0                         3     -3        5
  MONTH TO DATE    4                        41    -37       87
  SINCE MAR 1      9                        69    -60       98
  SINCE JAN 1      9                        69    -60       98
..................................................................


WIND (MPH)
  HIGHEST WIND SPEED    13   HIGHEST WIND DIRECTION     W (260)
  HIGHEST GUST SPEED    21   HIGHEST GUST DIRECTION     W (290)
  AVERAGE WIND SPEED     5.0


SKY COVER
  AVERAGE SKY COVER 0.1


WEATHER CONDITIONS
 THE FOLLOWING WEATHER WAS RECORDED YESTERDAY.
  NO SIGNIFICANT WEATHER WAS OBSERVED.


RELATIVE HUMIDITY (PERCENT)
 HIGHEST    93           600 AM
 LOWEST     31           600 PM
 AVERAGE    62

..........................................................


THE BLUEFIELD WV CLIMATE NORMALS FOR TODAY
                         NORMAL    RECORD    YEAR
 MAXIMUM TEMPERATURE (F)   74        85      2012
                                             1991
 MINIMUM TEMPERATURE (F)   55        35      1979


SUNRISE AND SUNSET
MAY 25 2016...........SUNRISE   609 AM EDT   SUNSET   835 PM EDT
MAY 26 2016...........SUNRISE   608 AM EDT   SUNSET   836 PM EDT


-  INDICATES NEGATIVE NUMBERS.
R  INDICATES RECORD WAS SET OR TIED.
MM INDICATES DATA IS MISSING.
T  INDICATES TRACE AMOUNT.

REMARKS:

DUE TO A SENSOR FAILURE CAUSING MISSING TEMPERATURES ON DECEMBER 20-
21...JANUARY 19-20...AND JANUARY 22-25...THE SEASONAL HEATING DEGREE
DAY TOTAL AND DEPARTURE FROM NORMAL WILL BE CALCULATED WITHOUT DATA
FROM THESE DATES.

$$

RAB
