000
CDUS41 KRNK 270915
CLIBLF


CLIMATE REPORT
NATIONAL WEATHER SERVICE BLACKSBURG VA
512 AM EDT WED AUG 27 2014


...................................

...THE BLUEFIELD WV CLIMATE SUMMARY FOR AUGUST 26 2014...

CLIMATE NORMAL PERIOD 1981 TO 2010
CLIMATE RECORD PERIOD 1959 TO 2014


WEATHER ITEM   OBSERVED TIME   RECORD YEAR NORMAL DEPARTURE LAST
                VALUE   (LST)  VALUE       VALUE  FROM      YEAR
                                                  NORMAL
..................................................................
TEMPERATURE (F)
 YESTERDAY
  MAXIMUM         79    348 PM  87    1993  80     -1       81
  MINIMUM         58    645 AM  51    1968  63     -5       59
  AVERAGE         69                        72     -3

PRECIPITATION (IN)
  YESTERDAY        0.00          0.58 2008   0.10  -0.10     0.00
  MONTH TO DATE    6.35                      2.79   3.56     2.63
  SINCE JUN 1     12.90                     11.10   1.80    11.58
  SINCE JAN 1     24.56                     27.92  -3.36    30.11

SNOWFALL (IN)
  YESTERDAY        0.0
  MONTH TO DATE    0.0
  SINCE JUN 1      0.0
  SINCE JUL 1      0.0
  SNOW DEPTH       0

DEGREE DAYS
 HEATING
  YESTERDAY        0                         0      0
  MONTH TO DATE    2                         0      2
  SINCE JUN 1     12                        24    -12
  SINCE JUL 1     10                         2      8

 COOLING
  YESTERDAY        4                         7     -3
  MONTH TO DATE  124                       199    -75
  SINCE JUN 1    539                       613    -74
  SINCE JAN 1    668                       704    -36
..................................................................


WIND (MPH)
  HIGHEST WIND SPEED    10   HIGHEST WIND DIRECTION    SE (140)
  HIGHEST GUST SPEED    16   HIGHEST GUST DIRECTION    SE (140)
  AVERAGE WIND SPEED     2.9


SKY COVER
  POSSIBLE SUNSHINE  MM
  AVERAGE SKY COVER 0.0


WEATHER CONDITIONS
 THE FOLLOWING WEATHER WAS RECORDED YESTERDAY.
  NO SIGNIFICANT WEATHER WAS OBSERVED.


RELATIVE HUMIDITY (PERCENT)
 HIGHEST    86           600 AM
 LOWEST     46           100 PM
 AVERAGE    66

..........................................................


THE BLUEFIELD WV CLIMATE NORMALS FOR TODAY
                         NORMAL    RECORD    YEAR
 MAXIMUM TEMPERATURE (F)   80        88      1988
 MINIMUM TEMPERATURE (F)   63        45      1968


SUNRISE AND SUNSET
AUGUST 27 2014........SUNRISE   651 AM EDT   SUNSET   801 PM EDT
AUGUST 28 2014........SUNRISE   652 AM EDT   SUNSET   759 PM EDT


-  INDICATES NEGATIVE NUMBERS.
R  INDICATES RECORD WAS SET OR TIED.
MM INDICATES DATA IS MISSING.
T  INDICATES TRACE AMOUNT.

REMARKS

DUE TO A POWER FAILURE CAUSING A MISSING LOW TEMPERATURE ON
MAY 30...THE SEASONAL TOTAL AND DEPARTURE FROM NORMAL FOR CDD
WILL BE CALCULATED WITHOUT DATA FROM THAT DATE.

$$

MBS
