000
CDUS41 KRNK 282116
CLIBLF


CLIMATE REPORT
NATIONAL WEATHER SERVICE BLACKSBURG VA
512 PM EDT SAT MAR 28 2015


...................................

...THE BLUEFIELD WV CLIMATE SUMMARY FOR MARCH 28 2015...
VALID TODAY AS OF 0500 PM LOCAL TIME.

CLIMATE NORMAL PERIOD 1981 TO 2010
CLIMATE RECORD PERIOD 1959 TO 2015


WEATHER ITEM   OBSERVED TIME   RECORD YEAR NORMAL DEPARTURE LAST
                VALUE   (LST)  VALUE       VALUE  FROM      YEAR
                                                  NORMAL
..................................................................
TEMPERATURE (F)
 TODAY
  MAXIMUM         32    209 PM  81    1989  59    -27       66
  MINIMUM         20    811 AM  14    1982  40    -20       50
  AVERAGE         26                        49    -23

PRECIPITATION (IN)
  TODAY            T             1.20 1996   0.12  -0.12      T
  MONTH TO DATE    4.99                      3.18   1.81     1.54
  SINCE MAR 1      4.99                      3.18   1.81     1.54
  SINCE JAN 1      8.55                      8.84  -0.29     5.67

SNOWFALL (IN)
  TODAY           MM
  MONTH TO DATE    3.0
  SINCE MAR 1      3.0
  SINCE JUL 1     39.6
  SNOW DEPTH      MM

DEGREE DAYS
 HEATING
  TODAY           39                        16     23
  MONTH TO DATE  528                       569    -41
  SINCE MAR 1    528                       569    -41
  SINCE JUL 1   4448                      4062    386

 COOLING
  TODAY            0                         0      0
  MONTH TO DATE    0                         0      0
  SINCE MAR 1      0                         0      0
  SINCE JAN 1      0                         0      0
..................................................................


WIND (MPH)
  HIGHEST WIND SPEED    20   HIGHEST WIND DIRECTION     W (280)
  HIGHEST GUST SPEED    29   HIGHEST GUST DIRECTION    NW (300)
  AVERAGE WIND SPEED    11.0


SKY COVER
  POSSIBLE SUNSHINE  MM
  AVERAGE SKY COVER 0.6


WEATHER CONDITIONS
 THE FOLLOWING WEATHER WAS RECORDED TODAY.
  LIGHT SNOW


RELATIVE HUMIDITY (PERCENT)
 HIGHEST    68           200 AM
 LOWEST     36           200 PM
 AVERAGE    52

..........................................................


THE BLUEFIELD WV CLIMATE NORMALS FOR TOMORROW
                         NORMAL    RECORD    YEAR
 MAXIMUM TEMPERATURE (F)   59        78      1989
 MINIMUM TEMPERATURE (F)   40        19      1966


SUNRISE AND SUNSET
MARCH 28 2015.........SUNRISE   717 AM EDT   SUNSET   744 PM EDT
MARCH 29 2015.........SUNRISE   715 AM EDT   SUNSET   745 PM EDT


-  INDICATES NEGATIVE NUMBERS.
R  INDICATES RECORD WAS SET OR TIED.
MM INDICATES DATA IS MISSING.
T  INDICATES TRACE AMOUNT.


$$

PW
