000
CDUS41 KRNK 020911
CLIBLF


CLIMATE REPORT
NATIONAL WEATHER SERVICE BLACKSBURG VA
507 AM EDT TUE SEP 2 2014


...................................

...THE BLUEFIELD WV CLIMATE SUMMARY FOR SEPTEMBER 1 2014...

CLIMATE NORMAL PERIOD 1981 TO 2010
CLIMATE RECORD PERIOD 1959 TO 2014


WEATHER ITEM   OBSERVED TIME   RECORD YEAR NORMAL DEPARTURE LAST
                VALUE   (LST)  VALUE       VALUE  FROM      YEAR
                                                  NORMAL
..................................................................
TEMPERATURE (F)
 YESTERDAY
  MAXIMUM         83    358 PM  90    2011  79      4       81
  MINIMUM         70    703 AM  48    1999  62      8       67
  AVERAGE         77                        70      7

PRECIPITATION (IN)
  YESTERDAY        0.00          1.08 1986   0.10  -0.10     0.44
  MONTH TO DATE    0.00                      0.10  -0.10     0.44
  SINCE SEP 1      0.00                      0.10  -0.10     0.44
  SINCE JAN 1     24.62                     28.49  -3.87    30.66

SNOWFALL (IN)
  YESTERDAY        0.0
  MONTH TO DATE    0.0
  SINCE SEP 1      0.0
  SINCE JUL 1      0.0
  SNOW DEPTH       0

DEGREE DAYS
 HEATING
  YESTERDAY        0                         0      0
  MONTH TO DATE    0                         0      0
  SINCE SEP 1      0                         0      0
  SINCE JUL 1     10                         6      4

 COOLING
  YESTERDAY       12                         6      6
  MONTH TO DATE   12                         6      6
  SINCE SEP 1     12                         6      6
  SINCE JAN 1    725                       740    -15
..................................................................


WIND (MPH)
  HIGHEST WIND SPEED    17   HIGHEST WIND DIRECTION     W (260)
  HIGHEST GUST SPEED    26   HIGHEST GUST DIRECTION     W (260)
  AVERAGE WIND SPEED     8.3


SKY COVER
  POSSIBLE SUNSHINE  MM
  AVERAGE SKY COVER 0.4


WEATHER CONDITIONS
 THE FOLLOWING WEATHER WAS RECORDED YESTERDAY.
  NO SIGNIFICANT WEATHER WAS OBSERVED.


RELATIVE HUMIDITY (PERCENT)
 HIGHEST    79           900 AM
 LOWEST     51          1200 PM
 AVERAGE    65

..........................................................


THE BLUEFIELD WV CLIMATE NORMALS FOR TODAY
                         NORMAL    RECORD    YEAR
 MAXIMUM TEMPERATURE (F)   79        91      2011
 MINIMUM TEMPERATURE (F)   62        44      1967


SUNRISE AND SUNSET
SEPTEMBER  2 2014.....SUNRISE   656 AM EDT   SUNSET   752 PM EDT
SEPTEMBER  3 2014.....SUNRISE   657 AM EDT   SUNSET   751 PM EDT


-  INDICATES NEGATIVE NUMBERS.
R  INDICATES RECORD WAS SET OR TIED.
MM INDICATES DATA IS MISSING.
T  INDICATES TRACE AMOUNT.

REMARKS:
DUE TO A POWER FAILURE CAUSING A MISSING LOW TEMPERATURE ON
MAY 30...THE SEASONAL TOTAL AND DEPARTURE FROM NORMAL FOR CDD
WILL BE CALCULATED WITHOUT DATA FROM THAT DATE.


$$
