167
CDUS46 KSEW 190840
CLIBLI


CLIMATE REPORT
NATIONAL WEATHER SERVICE SEATTLE WA
1239 AM PST SUN NOV 19 2017


...................................

...THE BELLINGHAM WA AIRPORT CLIMATE SUMMARY FOR NOVEMBER 18 2017...

CLIMATE NORMAL PERIOD 1981 TO 2010
CLIMATE RECORD PERIOD 1949 TO 2017


WEATHER ITEM   OBSERVED TIME   RECORD YEAR NORMAL DEPARTURE LAST
                VALUE   (LST)  VALUE       VALUE  FROM      YEAR
                                                  NORMAL
..................................................................
TEMPERATURE (F)
 YESTERDAY
  MAXIMUM         53    202 PM  56    1986  49      4       48
                                      1984
                                      1965
  MINIMUM         46    243 AM  23    1994  36     10       36
                                      1985
  AVERAGE         50                        43      7       42

PRECIPITATION (IN)
  YESTERDAY        T             1.85 2003   0.20  -0.20      T
  MONTH TO DATE    2.46                      3.55  -1.09     4.62
  SINCE OCT 1      7.79                      7.23   0.56    12.02
  SINCE JAN 1     26.46                     29.36  -2.90    31.43

DEGREE DAYS
 HEATING
  YESTERDAY       15                        22     -7       23
  MONTH TO DATE  387                       367     20      226
  SINCE SEP 1    982                      1074    -92      794

 COOLING
  YESTERDAY        0                         0      0        0
  MONTH TO DATE    0                         0      0        0
  SINCE SEP 1     31                         2     29        0
  SINCE JAN 1     97                        42     55      101
..................................................................


WIND (MPH)
  RESULTANT WIND SPEED  12   RESULTANT WIND DIRECTION  SE (150)
  HIGHEST WIND SPEED    21   HIGHEST WIND DIRECTION    SE (150)
  HIGHEST GUST SPEED    29   HIGHEST GUST DIRECTION    SE (150)
  AVERAGE WIND SPEED    12.3


SKY COVER
  AVERAGE SKY COVER 0.8


WEATHER CONDITIONS
 THE FOLLOWING WEATHER WAS RECORDED YESTERDAY.
  LIGHT RAIN


RELATIVE HUMIDITY (PERCENT)
 HIGHEST    76          1200 AM
 LOWEST     59           300 PM
 AVERAGE    68

..........................................................


THE BELLINGHAM WA AIRPORT CLIMATE NORMALS FOR TODAY
                         NORMAL    RECORD    YEAR
 MAXIMUM TEMPERATURE (F)   49        63      2006
                                             2001
 MINIMUM TEMPERATURE (F)   36        23      1956


SUNRISE AND SUNSET
NOVEMBER 19 2017......SUNRISE   726 AM PST   SUNSET   425 PM PST
NOVEMBER 20 2017......SUNRISE   727 AM PST   SUNSET   424 PM PST


-  INDICATES NEGATIVE NUMBERS.
R  INDICATES RECORD WAS SET OR TIED.
MM INDICATES DATA IS MISSING.
T  INDICATES TRACE AMOUNT.




$$
