000
CDUS46 KSEW 280830
CLIBLI


CLIMATE REPORT
NATIONAL WEATHER SERVICE SEATTLE WA
129 AM PDT SUN AUG 28 2016


...................................

...THE BELLINGHAM WA AIRPORT CLIMATE SUMMARY FOR AUGUST 27 2016...

CLIMATE NORMAL PERIOD 1981 TO 2010
CLIMATE RECORD PERIOD 1949 TO 2016


WEATHER ITEM   OBSERVED TIME   RECORD YEAR NORMAL DEPARTURE LAST
                VALUE   (LST)  VALUE       VALUE  FROM      YEAR
                                                  NORMAL
..................................................................
TEMPERATURE (F)
 YESTERDAY
  MAXIMUM         69    411 PM  85    1994  71     -2       80
  MINIMUM         60   1159 PM  41    1954  52      8       52
  AVERAGE         65                        61      4       66

PRECIPITATION (IN)
  YESTERDAY        0.00          0.83 1991   0.05  -0.05      T
  MONTH TO DATE    0.02                      1.03  -1.01     0.22
  SINCE OCT 1     31.66                     33.85  -2.19    30.52
  SINCE JAN 1     17.59                     20.15  -2.56    15.79

DEGREE DAYS
 HEATING
  YESTERDAY        0                         4     -4        0
  MONTH TO DATE   30                        64    -34       21
  SINCE JUN 1    217                       366   -149      103

 COOLING
  YESTERDAY        0                         0      0        1
  MONTH TO DATE   53                         0     53       52
  SINCE JUN 1     99                        23     76      190
  SINCE JAN 1    100                        23     77      190
..................................................................


WIND (MPH)
  RESULTANT WIND SPEED  11   RESULTANT WIND DIRECTION   S (170)
  HIGHEST WIND SPEED    21   HIGHEST WIND DIRECTION     S (170)
  HIGHEST GUST SPEED    28   HIGHEST GUST DIRECTION     S (170)
  AVERAGE WIND SPEED    11.7


SKY COVER
  AVERAGE SKY COVER 0.3


WEATHER CONDITIONS
 THE FOLLOWING WEATHER WAS RECORDED YESTERDAY.
  NO SIGNIFICANT WEATHER WAS OBSERVED.


RELATIVE HUMIDITY (PERCENT)
 HIGHEST    78          1000 AM
 LOWEST     53          1200 AM
 AVERAGE    66

..........................................................


THE BELLINGHAM WA AIRPORT CLIMATE NORMALS FOR TODAY
                         NORMAL    RECORD    YEAR
 MAXIMUM TEMPERATURE (F)   71        86      1967
 MINIMUM TEMPERATURE (F)   52        41      2000


SUNRISE AND SUNSET
AUGUST 28 2016........SUNRISE   622 AM PDT   SUNSET   759 PM PDT
AUGUST 29 2016........SUNRISE   624 AM PDT   SUNSET   757 PM PDT


-  INDICATES NEGATIVE NUMBERS.
R  INDICATES RECORD WAS SET OR TIED.
MM INDICATES DATA IS MISSING.
T  INDICATES TRACE AMOUNT.




$$
