037
CDUS46 KSEW 280843
CLIBLI


CLIMATE REPORT
NATIONAL WEATHER SERVICE SEATTLE WA
1243 AM PST TUE FEB 28 2017


...................................

...THE BELLINGHAM WA AIRPORT CLIMATE SUMMARY FOR FEBRUARY 27 2017...

CLIMATE NORMAL PERIOD 1981 TO 2010
CLIMATE RECORD PERIOD 1949 TO 2017


WEATHER ITEM   OBSERVED TIME   RECORD YEAR NORMAL DEPARTURE LAST
                VALUE   (LST)  VALUE       VALUE  FROM      YEAR
                                                  NORMAL
..................................................................
TEMPERATURE (F)
 YESTERDAY
  MAXIMUM         33    450 PM  68    1986  50    -17       53
  MINIMUM         23   1159 PM  16    1955  34    -11       46
  AVERAGE         28                        42    -14       50

PRECIPITATION (IN)
  YESTERDAY        0.09          1.04 1972   0.11  -0.02     0.04
  MONTH TO DATE    4.29                      2.92   1.37     5.48
  SINCE OCT 1     25.08                     21.29   3.79    22.66
  SINCE JAN 1      5.96                      7.59  -1.63     8.59

DEGREE DAYS
 HEATING
  YESTERDAY       37                        23     14       15
  MONTH TO DATE  713                       656     57      513
  SINCE DEC 1   2570                      2290    280     1951

 COOLING
  YESTERDAY        0                         0      0        0
  MONTH TO DATE    0                         0      0        0
  SINCE DEC 1      0                         0      0        0
  SINCE JAN 1      0                         0      0        0
..................................................................


WIND (MPH)
  RESULTANT WIND SPEED   4   RESULTANT WIND DIRECTION   N (10)
  HIGHEST WIND SPEED    12   HIGHEST WIND DIRECTION     N (10)
  HIGHEST GUST SPEED    15   HIGHEST GUST DIRECTION     N (20)
  AVERAGE WIND SPEED     3.8


SKY COVER
  AVERAGE SKY COVER 0.6


WEATHER CONDITIONS
 THE FOLLOWING WEATHER WAS RECORDED YESTERDAY.
  SNOW
  LIGHT SNOW
  FOG
  FOG W/VISIBILITY <= 1/4 MILE
  HAZE


RELATIVE HUMIDITY (PERCENT)
 HIGHEST   100           100 PM
 LOWEST     56          1200 AM
 AVERAGE    78

..........................................................


THE BELLINGHAM WA AIRPORT CLIMATE NORMALS FOR TODAY
                         NORMAL    RECORD    YEAR
 MAXIMUM TEMPERATURE (F)   50        65      1988
 MINIMUM TEMPERATURE (F)   34        13      1971


SUNRISE AND SUNSET
FEBRUARY 28 2017......SUNRISE   653 AM PST   SUNSET   553 PM PST
MARCH  1 2017.........SUNRISE   651 AM PST   SUNSET   554 PM PST


-  INDICATES NEGATIVE NUMBERS.
R  INDICATES RECORD WAS SET OR TIED.
MM INDICATES DATA IS MISSING.
T  INDICATES TRACE AMOUNT.




$$
