000
CDUS46 KSEW 260827
CLIBLI


CLIMATE REPORT
NATIONAL WEATHER SERVICE SEATTLE WA
127 AM PDT TUE JUL 26 2016


...................................

...THE BELLINGHAM WA AIRPORT CLIMATE SUMMARY FOR JULY 25 2016...

CLIMATE NORMAL PERIOD 1981 TO 2010
CLIMATE RECORD PERIOD 1949 TO 2016


WEATHER ITEM   OBSERVED TIME   RECORD YEAR NORMAL DEPARTURE LAST
                VALUE   (LST)  VALUE       VALUE  FROM      YEAR
                                                  NORMAL
..................................................................
TEMPERATURE (F)
 YESTERDAY
  MAXIMUM         80        MM  92    1988  72      8       67
  MINIMUM         59        MM  45    1954  54      5       57
                                      1952
  AVERAGE         70                        63      7       62

PRECIPITATION (IN)
  YESTERDAY        0.00          0.88 1995   0.03  -0.03     0.01
  MONTH TO DATE    0.65                      1.00  -0.35     0.67
  SINCE OCT 1     31.64                     32.64  -1.00    30.30
  SINCE JAN 1     17.57                     18.94  -1.37    15.57

DEGREE DAYS
 HEATING
  YESTERDAY        0                         2     -2        3
  MONTH TO DATE   40                        73    -33        9
  SINCE JUN 1    186                       274    -88       78

 COOLING
  YESTERDAY        5                         0      5        0
  MONTH TO DATE   15                         0     15       70
  SINCE JUN 1     32                         4     28      118
  SINCE JAN 1     33                         4     29      118
..................................................................


WIND (MPH)
  RESULTANT WIND SPEED   6   RESULTANT WIND DIRECTION   S (160)
  HIGHEST WIND SPEED    13   HIGHEST WIND DIRECTION     S (170)
  HIGHEST GUST SPEED    MM   HIGHEST GUST DIRECTION    MM
  AVERAGE WIND SPEED     7.3


SKY COVER
  AVERAGE SKY COVER 0.0


WEATHER CONDITIONS
 THE FOLLOWING WEATHER WAS RECORDED YESTERDAY.
  NO SIGNIFICANT WEATHER WAS OBSERVED.


RELATIVE HUMIDITY (PERCENT)
 HIGHEST    90           600 AM
 LOWEST     54           100 PM
 AVERAGE    72

..........................................................


THE BELLINGHAM WA AIRPORT CLIMATE NORMALS FOR TODAY
                         NORMAL    RECORD    YEAR
 MAXIMUM TEMPERATURE (F)   72        86      1988
                                             1971
 MINIMUM TEMPERATURE (F)   54        45      1969


SUNRISE AND SUNSET
JULY 26 2016..........SUNRISE   537 AM PDT   SUNSET   856 PM PDT
JULY 27 2016..........SUNRISE   538 AM PDT   SUNSET   854 PM PDT


-  INDICATES NEGATIVE NUMBERS.
R  INDICATES RECORD WAS SET OR TIED.
MM INDICATES DATA IS MISSING.
T  INDICATES TRACE AMOUNT.




$$
