000
CDUS46 KSEW 200838
CLIBLI


CLIMATE REPORT
NATIONAL WEATHER SERVICE SEATTLE WA
138 AM PDT THU JUL 20 2017


...................................

...THE BELLINGHAM WA AIRPORT CLIMATE SUMMARY FOR JULY 19 2017...

CLIMATE NORMAL PERIOD 1981 TO 2010
CLIMATE RECORD PERIOD 1949 TO 2017


WEATHER ITEM   OBSERVED TIME   RECORD YEAR NORMAL DEPARTURE LAST
                VALUE   (LST)  VALUE       VALUE  FROM      YEAR
                                                  NORMAL
..................................................................
TEMPERATURE (F)
 YESTERDAY
  MAXIMUM         71    307 PM  89    2015  72     -1       75
                                      1988
                                      1985
  MINIMUM         59    454 AM  44    1955  54      5       58
  AVERAGE         65                        63      2       67

PRECIPITATION (IN)
  YESTERDAY        0.00          0.33 1967   0.03  -0.03     0.00
  MONTH TO DATE    T                         0.81  -0.81     0.61
  SINCE OCT 1     35.86                     32.45   3.41    31.60
  SINCE JAN 1     16.74                     18.75  -2.01    17.53

DEGREE DAYS
 HEATING
  YESTERDAY        0                         2     -2        0
  MONTH TO DATE   36                        61    -25       40
  SINCE JUN 1    173                       262    -89      186

 COOLING
  YESTERDAY        0                         0      0        2
  MONTH TO DATE    7                         0      7        5
  SINCE JUN 1     17                         4     13       22
  SINCE JAN 1     19                         4     15       23
..................................................................


WIND (MPH)
  RESULTANT WIND SPEED  10   RESULTANT WIND DIRECTION   S (170)
  HIGHEST WIND SPEED    18   HIGHEST WIND DIRECTION     S (170)
  HIGHEST GUST SPEED    25   HIGHEST GUST DIRECTION     S (170)
  AVERAGE WIND SPEED    10.0


SKY COVER
  AVERAGE SKY COVER 0.0


WEATHER CONDITIONS
 THE FOLLOWING WEATHER WAS RECORDED YESTERDAY.
  NO SIGNIFICANT WEATHER WAS OBSERVED.


RELATIVE HUMIDITY (PERCENT)
 HIGHEST    73           800 PM
 LOWEST     44           100 PM
 AVERAGE    59

..........................................................


THE BELLINGHAM WA AIRPORT CLIMATE NORMALS FOR TODAY
                         NORMAL    RECORD    YEAR
 MAXIMUM TEMPERATURE (F)   72        90      1994
 MINIMUM TEMPERATURE (F)   54        45      1974
                                             1955


SUNRISE AND SUNSET
JULY 20 2017..........SUNRISE   529 AM PDT   SUNSET   903 PM PDT
JULY 21 2017..........SUNRISE   530 AM PDT   SUNSET   902 PM PDT


-  INDICATES NEGATIVE NUMBERS.
R  INDICATES RECORD WAS SET OR TIED.
MM INDICATES DATA IS MISSING.
T  INDICATES TRACE AMOUNT.




$$
