000
CDUS46 KSEW 240829
CLIBLI


CLIMATE REPORT
NATIONAL WEATHER SERVICE SEATTLE WA
1229 AM PST MON NOV 24 2014


...................................

...THE BELLINGHAM WA AIRPORT CLIMATE SUMMARY FOR NOVEMBER 23 2014...

CLIMATE NORMAL PERIOD 1981 TO 2010
CLIMATE RECORD PERIOD 1949 TO 2014


WEATHER ITEM   OBSERVED TIME   RECORD YEAR NORMAL DEPARTURE LAST
                VALUE   (LST)  VALUE       VALUE  FROM      YEAR
                                                  NORMAL
..................................................................
TEMPERATURE (F)
 YESTERDAY
  MAXIMUM         54    148 PM  61    1995  48      6       48
  MINIMUM         38   1128 PM  10    1985  35      3       28
  AVERAGE         46                        42      4       38

PRECIPITATION (IN)
  YESTERDAY        0.23          1.78 1975   0.19   0.04     0.00
  MONTH TO DATE    2.10                      4.51  -2.41     4.37
  SINCE OCT 1      7.67                      8.19  -0.52     6.54
  SINCE JAN 1     29.76                     30.32  -0.56    27.04

DEGREE DAYS
 HEATING
  YESTERDAY       19                        23     -4       27
  MONTH TO DATE  461                       482    -21      480
  SINCE SEP 1    834                      1189   -355     1112

 COOLING
  YESTERDAY        0                         0      0        0
  MONTH TO DATE    0                         0      0        0
  SINCE SEP 1      2                         2      0        6
  SINCE JAN 1    117                        42     75       95
..................................................................


WIND (MPH)
  RESULTANT WIND SPEED   8   RESULTANT WIND DIRECTION  SE (150)
  HIGHEST WIND SPEED    28   HIGHEST WIND DIRECTION     S (160)
  HIGHEST GUST SPEED    39   HIGHEST GUST DIRECTION    SE (150)
  AVERAGE WIND SPEED     9.0


SKY COVER
  AVERAGE SKY COVER 0.5


WEATHER CONDITIONS
 THE FOLLOWING WEATHER WAS RECORDED YESTERDAY.
  LIGHT RAIN
  FOG


RELATIVE HUMIDITY (PERCENT)
 HIGHEST    86           300 AM
 LOWEST     54           200 PM
 AVERAGE    70

..........................................................


THE BELLINGHAM WA AIRPORT CLIMATE NORMALS FOR TODAY
                         NORMAL    RECORD    YEAR
 MAXIMUM TEMPERATURE (F)   48        61      1954
 MINIMUM TEMPERATURE (F)   35         8      1985


SUNRISE AND SUNSET
NOVEMBER 24 2014......SUNRISE   733 AM PST   SUNSET   421 PM PST
NOVEMBER 25 2014......SUNRISE   734 AM PST   SUNSET   420 PM PST


-  INDICATES NEGATIVE NUMBERS.
R  INDICATES RECORD WAS SET OR TIED.
MM INDICATES DATA IS MISSING.
T  INDICATES TRACE AMOUNT.




$$
