000
CDUS46 KSEW 210830
CLIBLI


CLIMATE REPORT
NATIONAL WEATHER SERVICE SEATTLE WA
130 AM PDT SUN SEP 21 2014


...................................

...THE BELLINGHAM WA AIRPORT CLIMATE SUMMARY FOR SEPTEMBER 20 2014...

CLIMATE NORMAL PERIOD 1981 TO 2010
CLIMATE RECORD PERIOD 1949 TO 2014


WEATHER ITEM   OBSERVED TIME   RECORD YEAR NORMAL DEPARTURE LAST
                VALUE   (LST)  VALUE       VALUE  FROM      YEAR
                                                  NORMAL
..................................................................
TEMPERATURE (F)
 YESTERDAY
  MAXIMUM         76    251 PM  89    1974  66     10       71
  MINIMUM         52   1121 PM  35    1983  47      5       46
                                      1968
  AVERAGE         64                        56      8       59

PRECIPITATION (IN)
  YESTERDAY        0.00          0.55 2008   0.05  -0.05     0.07
  MONTH TO DATE    0.54                      1.10  -0.56     1.54
  SINCE OCT 1     30.62                     35.15  -4.53    19.40
  SINCE JAN 1     20.31                     21.45  -1.14    17.62

DEGREE DAYS
 HEATING
  YESTERDAY        1                         9     -8        6
  MONTH TO DATE   64                       129    -65       50
  SINCE SEP 1     64                       129    -65       50

 COOLING
  YESTERDAY        0                         0      0        0
  MONTH TO DATE    2                         0      2        6
  SINCE SEP 1      2                         0      2        6
  SINCE JAN 1    117                        40     77       95
..................................................................


WIND (MPH)
  RESULTANT WIND SPEED   4   RESULTANT WIND DIRECTION   N (350)
  HIGHEST WIND SPEED    15   HIGHEST WIND DIRECTION     N (360)
  HIGHEST GUST SPEED    20   HIGHEST GUST DIRECTION     N (350)
  AVERAGE WIND SPEED     5.1


SKY COVER
  AVERAGE SKY COVER 0.3


WEATHER CONDITIONS
 THE FOLLOWING WEATHER WAS RECORDED YESTERDAY.
  FOG


RELATIVE HUMIDITY (PERCENT)
 HIGHEST   100           400 AM
 LOWEST     46           100 PM
 AVERAGE    73

..........................................................


THE BELLINGHAM WA AIRPORT CLIMATE NORMALS FOR TODAY
                         NORMAL    RECORD    YEAR
 MAXIMUM TEMPERATURE (F)   66        85      1952
 MINIMUM TEMPERATURE (F)   46        32      1955


SUNRISE AND SUNSET
SEPTEMBER 21 2014.....SUNRISE   655 AM PDT   SUNSET   710 PM PDT
SEPTEMBER 22 2014.....SUNRISE   657 AM PDT   SUNSET   708 PM PDT


-  INDICATES NEGATIVE NUMBERS.
R  INDICATES RECORD WAS SET OR TIED.
MM INDICATES DATA IS MISSING.
T  INDICATES TRACE AMOUNT.




$$
