908
CDUS43 KIND 200542
CLIBMG


CLIMATE REPORT
NATIONAL WEATHER SERVICE INDIANAPOLIS IN
1242 AM EST FRI JAN 20 2017


...................................

...THE BLOOMINGTON IN CLIMATE SUMMARY FOR JANUARY 19 2017...

CLIMATE NORMAL PERIOD 1981 TO 2010
CLIMATE RECORD PERIOD 9999 TO 9999


WEATHER ITEM   OBSERVED TIME   NORMAL DEPARTURE LAST
                VALUE   (LST)  VALUE  FROM      YEAR
                                      NORMAL
......................................................
TEMPERATURE (F)
 YESTERDAY
  MAXIMUM         48    414 PM  38     10       21
  MINIMUM         34    124 AM  20     14        2
  AVERAGE         41            29     12       12

PRECIPITATION (IN)
  YESTERDAY        0.75          0.08   0.67     0.00
  MONTH TO DATE    3.34          2.32   1.02     1.30
  SINCE DEC 1      5.82          5.86  -0.04     6.56
  SINCE JAN 1      3.34          2.32   1.02     1.30

DEGREE DAYS
 HEATING
  YESTERDAY       24            36    -12       53
  MONTH TO DATE  599           684    -85      693
  SINCE DEC 1   1625          1701    -76     1346
  SINCE JUL 1   2308          2757   -449     2138

 COOLING
  YESTERDAY        0             0      0        0
  MONTH TO DATE    0             0      0        0
  SINCE DEC 1      0             0      0        0
  SINCE JAN 1      0             0      0        0
......................................................


WIND (MPH)
  HIGHEST WIND SPEED    14   HIGHEST WIND DIRECTION     E (110)
  HIGHEST GUST SPEED    18   HIGHEST GUST DIRECTION    SE (120)
  AVERAGE WIND SPEED     7.1


SKY COVER
  AVERAGE SKY COVER 0.6


WEATHER CONDITIONS
 THE FOLLOWING WEATHER WAS RECORDED YESTERDAY.
  HEAVY RAIN
  RAIN
  LIGHT RAIN
  FOG
  HAZE


RELATIVE HUMIDITY (PERCENT)
 HIGHEST    93          1000 PM
 LOWEST     66           400 PM
 AVERAGE    80

..........................................................


THE BLOOMINGTON IN CLIMATE NORMALS FOR TODAY
                         NORMAL
 MAXIMUM TEMPERATURE (F)   39
 MINIMUM TEMPERATURE (F)   20


SUNRISE AND SUNSET
JANUARY 20 2017.......SUNRISE   802 AM EST   SUNSET   554 PM EST
JANUARY 21 2017.......SUNRISE   801 AM EST   SUNSET   555 PM EST


-  INDICATES NEGATIVE NUMBERS.
R  INDICATES RECORD WAS SET OR TIED.
MM INDICATES DATA IS MISSING.
T  INDICATES TRACE AMOUNT.




$$
