000
CDUS43 KIND 230608
CLIBMG


CLIMATE REPORT
NATIONAL WEATHER SERVICE INDIANAPOLIS IN
158 AM EDT FRI JUN 23 2017


...................................

...THE BLOOMINGTON IN CLIMATE SUMMARY FOR JUNE 22 2017...

CLIMATE NORMAL PERIOD 1981 TO 2010
CLIMATE RECORD PERIOD 9999 TO 9999


WEATHER ITEM   OBSERVED TIME   NORMAL DEPARTURE LAST
                VALUE   (LST)  VALUE  FROM      YEAR
                                      NORMAL
......................................................
TEMPERATURE (F)
 YESTERDAY
  MAXIMUM         83   1210 PM  84     -1       85
  MINIMUM         68    528 AM  62      6       65
  AVERAGE         76            73      3       75

PRECIPITATION (IN)
  YESTERDAY        0.05          0.16  -0.11     1.00
  MONTH TO DATE    2.11          3.50  -1.39     2.63
  SINCE JUN 1      2.11          3.50  -1.39     2.63
  SINCE JAN 1     23.91         23.39   0.52    21.23

DEGREE DAYS
 HEATING
  YESTERDAY        0             0      0        0
  MONTH TO DATE    4            13     -9        1
  SINCE JUN 1      4            13     -9        1
  SINCE JUL 1   4121          5264  -1143     4276

 COOLING
  YESTERDAY       11             8      3       10
  MONTH TO DATE  186           139     47      202
  SINCE JUN 1    186           139     47      202
  SINCE JAN 1    317           221     96      292
......................................................


WIND (MPH)
  HIGHEST WIND SPEED    18   HIGHEST WIND DIRECTION     S (190)
  HIGHEST GUST SPEED    24   HIGHEST GUST DIRECTION     S (190)
  AVERAGE WIND SPEED     8.4


SKY COVER
  AVERAGE SKY COVER 0.6


WEATHER CONDITIONS
 THE FOLLOWING WEATHER WAS RECORDED YESTERDAY.
  LIGHT RAIN
  FOG


RELATIVE HUMIDITY (PERCENT)
 HIGHEST    90           900 PM
 LOWEST     67          1100 AM
 AVERAGE    79

..........................................................


THE BLOOMINGTON IN CLIMATE NORMALS FOR TODAY
                         NORMAL
 MAXIMUM TEMPERATURE (F)   84
 MINIMUM TEMPERATURE (F)   62


SUNRISE AND SUNSET
JUNE 23 2017..........SUNRISE   621 AM EDT   SUNSET   916 PM EDT
JUNE 24 2017..........SUNRISE   621 AM EDT   SUNSET   916 PM EDT


-  INDICATES NEGATIVE NUMBERS.
R  INDICATES RECORD WAS SET OR TIED.
MM INDICATES DATA IS MISSING.
T  INDICATES TRACE AMOUNT.




$$
