000
CDUS43 KIND 050536
CLIBMG


CLIMATE REPORT
NATIONAL WEATHER SERVICE INDIANAPOLIS IN
1235 AM EST THU MAR 5 2015


...................................

...THE BLOOMINGTON IN CLIMATE SUMMARY FOR MARCH 4 2015...

CLIMATE NORMAL PERIOD 1981 TO 2010
CLIMATE RECORD PERIOD 9999 TO 9999


WEATHER ITEM   OBSERVED TIME   NORMAL DEPARTURE LAST
                VALUE   (LST)  VALUE  FROM      YEAR
                                      NORMAL
......................................................
TEMPERATURE (F)
 YESTERDAY
  MAXIMUM         39   1208 AM  49    -10       37
  MINIMUM         19   1159 PM  28     -9        4
  AVERAGE         29            38     -9       21

PRECIPITATION (IN)
  YESTERDAY        0.37          0.09   0.28     0.00
  MONTH TO DATE    1.28          0.32   0.96     0.34
  SINCE MAR 1      1.28          0.32   0.96     0.34
  SINCE JAN 1      4.85          6.39  -1.54     4.99

DEGREE DAYS
 HEATING
  YESTERDAY       36            27      9       44
  MONTH TO DATE  140           109     31      158
  SINCE MAR 1    140           109     31      158
  SINCE JUL 1   4711          4177    534     4720

 COOLING
  YESTERDAY        0             0      0        0
  MONTH TO DATE    0             0      0        0
  SINCE MAR 1      0             0      0        0
  SINCE JAN 1      0             0      0        0
......................................................


WIND (MPH)
  HIGHEST WIND SPEED    17   HIGHEST WIND DIRECTION     N (350)
  HIGHEST GUST SPEED    23   HIGHEST GUST DIRECTION     N (360)
  AVERAGE WIND SPEED     6.7


SKY COVER
  AVERAGE SKY COVER 1.0


WEATHER CONDITIONS
 THE FOLLOWING WEATHER WAS RECORDED YESTERDAY.
  RAIN
  LIGHT RAIN
  SNOW
  LIGHT SNOW
  FOG
  HAZE


RELATIVE HUMIDITY (PERCENT)
 HIGHEST   100           200 AM
 LOWEST     67           900 PM
 AVERAGE    84

..........................................................


THE BLOOMINGTON IN CLIMATE NORMALS FOR TODAY
                         NORMAL
 MAXIMUM TEMPERATURE (F)   49
 MINIMUM TEMPERATURE (F)   28


SUNRISE AND SUNSET
MARCH  5 2015.........SUNRISE   714 AM EST   SUNSET   643 PM EST
MARCH  6 2015.........SUNRISE   712 AM EST   SUNSET   644 PM EST


-  INDICATES NEGATIVE NUMBERS.
R  INDICATES RECORD WAS SET OR TIED.
MM INDICATES DATA IS MISSING.
T  INDICATES TRACE AMOUNT.




$$
