000
CDUS43 KIND 162144
CLIBMG


CLIMATE REPORT
NATIONAL WEATHER SERVICE INDIANAPOLIS IN
443 PM EST TUE JAN 16 2018


...................................

...THE BLOOMINGTON IN CLIMATE SUMMARY FOR JANUARY 16 2018...
VALID TODAY AS OF 0400 PM LOCAL TIME.

CLIMATE NORMAL PERIOD 1981 TO 2010
CLIMATE RECORD PERIOD 9999 TO 9999


WEATHER ITEM   OBSERVED TIME   NORMAL DEPARTURE LAST
                VALUE   (LST)  VALUE  FROM      YEAR
                                      NORMAL
......................................................
TEMPERATURE (F)
 TODAY
  MAXIMUM          8   1210 AM  38    -30       54
  MINIMUM         -6    722 AM  20    -26       37
  AVERAGE          1            29    -28       46

PRECIPITATION (IN)
  TODAY            T             0.12  -0.12     0.45
  MONTH TO DATE    1.62          2.00  -0.38     2.55
  SINCE DEC 1      2.81          5.54  -2.73     5.03
  SINCE JAN 1      1.62          2.00  -0.38     2.55

......................................................


WIND (MPH)
  HIGHEST WIND SPEED    14   HIGHEST WIND DIRECTION     W (290)
  HIGHEST GUST SPEED    20   HIGHEST GUST DIRECTION     W (290)
  AVERAGE WIND SPEED     7.7


SKY COVER
  AVERAGE SKY COVER 0.4


WEATHER CONDITIONS
 THE FOLLOWING WEATHER WAS RECORDED TODAY.
  LIGHT SNOW
  HAZE


RELATIVE HUMIDITY (PERCENT)
 HIGHEST    82           800 AM
 LOWEST     68           300 AM

..........................................................


THE BLOOMINGTON IN CLIMATE NORMALS FOR TOMORROW
                         NORMAL
 MAXIMUM TEMPERATURE (F)   38
 MINIMUM TEMPERATURE (F)   20


SUNRISE AND SUNSET
JANUARY 16 2018.......SUNRISE   804 AM EST   SUNSET   549 PM EST
JANUARY 17 2018.......SUNRISE   803 AM EST   SUNSET   550 PM EST


-  INDICATES NEGATIVE NUMBERS.
R  INDICATES RECORD WAS SET OR TIED.
MM INDICATES DATA IS MISSING.
T  INDICATES TRACE AMOUNT.




$$
