000
CDUS44 KOHX 050629
CLIBNA


CLIMATE REPORT
NATIONAL WEATHER SERVICE NASHVILLE TN
128 AM CDT THU MAY 5 2016


...................................

...THE NASHVILLE CLIMATE SUMMARY FOR MAY 4 2016...

CLIMATE NORMAL PERIOD 1981 TO 2010
CLIMATE RECORD PERIOD 1871 TO 2016


WEATHER ITEM   OBSERVED TIME   RECORD YEAR NORMAL DEPARTURE
                VALUE   (LST)  VALUE       VALUE  FROM
                                                  NORMAL
...............................................................
TEMPERATURE (F)
 YESTERDAY
  MAXIMUM         70   1056 AM  90    1902  75     -5
  MINIMUM         46    515 AM  34    1976  53     -7
  AVERAGE         58                        64     -6

PRECIPITATION (IN)
  YESTERDAY        0.06          3.28 1944   0.19  -0.13
  MONTH TO DATE    0.46                      0.74  -0.28
  SINCE JAN 1     12.54                     16.54  -4.00

SNOWFALL (IN)
  YESTERDAY        0.0           0.0  2002
                                      2001
  MONTH TO DATE    0.0
  SINCE MAR 1      0.0
  SINCE JUL 1     11.3

DEGREE DAYS
 HEATING
  YESTERDAY        7                                4
  MONTH TO DATE   14                                1
  SINCE MAR 1    440                             -263
  SINCE JUL 1   2683                             -958

 COOLING
  YESTERDAY        0                               -2
  MONTH TO DATE    8                                0
  SINCE MAR 1     87                               34
  SINCE JAN 1     87                               34
...............................................................


WIND (MPH)
  HIGHEST WIND SPEED    30   HIGHEST WIND DIRECTION     N (340)
  HIGHEST GUST SPEED    45   HIGHEST GUST DIRECTION     N (340)
  AVERAGE WIND SPEED     6.7



WEATHER CONDITIONS
 THE FOLLOWING WEATHER WAS RECORDED YESTERDAY.
  THUNDERSTORM
  LIGHT RAIN
  FOG


RELATIVE HUMIDITY (PERCENT)
 HIGHEST    93
 LOWEST     40

..........................................................


THE NASHVILLE CLIMATE NORMALS FOR TODAY
                         NORMAL    RECORD    YEAR
 MAXIMUM TEMPERATURE (F)   76        93      1952
 MINIMUM TEMPERATURE (F)   54        37      1957
                                             1907


SUNRISE AND SUNSET
MAY  5 2016...........SUNRISE   549 AM CDT   SUNSET   738 PM CDT
MAY  6 2016...........SUNRISE   548 AM CDT   SUNSET   739 PM CDT


-  INDICATES NEGATIVE NUMBERS.
R  INDICATES RECORD WAS SET OR TIED.
MM INDICATES DATA IS MISSING.
T  INDICATES TRACE AMOUNT.




$$
