915
CDUS44 KOHX 140031
CLIBNA


CLIMATE REPORT
NATIONAL WEATHER SERVICE NASHVILLE TN
631 PM CST WED DEC 13 2017


...................................

...THE NASHVILLE CLIMATE SUMMARY FOR DECEMBER 13 2017...
VALID TODAY AS OF 0600 PM LOCAL TIME.

CLIMATE NORMAL PERIOD 1981 TO 2010
CLIMATE RECORD PERIOD 1871 TO 2017


WEATHER ITEM   OBSERVED TIME   RECORD YEAR NORMAL DEPARTURE
                VALUE   (LST)  VALUE       VALUE  FROM
                                                  NORMAL
...............................................................
TEMPERATURE (F)
 TODAY
  MAXIMUM         51    351 PM  76    2015  50      1
  MINIMUM         20    539 AM  -7    1962  32    -12
  AVERAGE         36                        41     -5

PRECIPITATION (IN)
  TODAY            0.00          2.03 1892   0.15  -0.15
  MONTH TO DATE    0.48                      2.00  -1.52
  SINCE JAN 1     48.84                     45.01   3.83

SNOWFALL (IN)
  TODAY            0.0           3.8  1914
  MONTH TO DATE    0.0
  SINCE DEC 1      0.0
  SINCE JUL 1      0.0

DEGREE DAYS
 HEATING
  TODAY           29                                5
  MONTH TO DATE  288                               -7
  SINCE DEC 1    288                               -7
  SINCE JUL 1    862                             -107

 COOLING
  TODAY            0                                0
  MONTH TO DATE    0                                0
  SINCE DEC 1      0                                0
  SINCE JAN 1   1923                              278
...............................................................


WIND (MPH)
  HIGHEST WIND SPEED    28   HIGHEST WIND DIRECTION     S (190)
  HIGHEST GUST SPEED    33   HIGHEST GUST DIRECTION     S (190)
  AVERAGE WIND SPEED    10.2




RELATIVE HUMIDITY (PERCENT)
 HIGHEST    71
 LOWEST     24
 AVERAGE    48

..........................................................


THE NASHVILLE CLIMATE NORMALS FOR TOMORROW
                         NORMAL    RECORD    YEAR
 MAXIMUM TEMPERATURE (F)   50        76      1984
 MINIMUM TEMPERATURE (F)   31         5      1917
                                             1901


SUNRISE AND SUNSET
DECEMBER 13 2017......SUNRISE   649 AM CST   SUNSET   433 PM CST
DECEMBER 14 2017......SUNRISE   650 AM CST   SUNSET   433 PM CST


-  INDICATES NEGATIVE NUMBERS.
R  INDICATES RECORD WAS SET OR TIED.
MM INDICATES DATA IS MISSING.
T  INDICATES TRACE AMOUNT.




$$
