000
CDUS44 KOHX 272141
CLIBNA


CLIMATE REPORT
NATIONAL WEATHER SERVICE NASHVILLE TN
441 PM CDT TUE SEP 27 2016


...................................

...THE NASHVILLE CLIMATE SUMMARY FOR SEPTEMBER 27 2016...
VALID TODAY AS OF 0400 PM LOCAL TIME.

CLIMATE NORMAL PERIOD 1981 TO 2010
CLIMATE RECORD PERIOD 1871 TO 2016


WEATHER ITEM   OBSERVED TIME   RECORD YEAR NORMAL DEPARTURE
                VALUE   (LST)  VALUE       VALUE  FROM
                                                  NORMAL
...............................................................
TEMPERATURE (F)
 TODAY
  MAXIMUM         78    300 PM  93    1998  78      0
  MINIMUM         54    529 AM  39    1899  56     -2
  AVERAGE         66                        67     -1

PRECIPITATION (IN)
  TODAY            0.00          1.81 1887   0.12  -0.12
  MONTH TO DATE    1.72                      3.05  -1.33
  SINCE JAN 1     33.34                     35.30  -1.96

SNOWFALL (IN)
  TODAY            0.0           0.0  2002
                                      2001
                                      2000
  MONTH TO DATE    0.0
  SINCE SEP 1      0.0
  SINCE JUL 1      0.0

DEGREE DAYS
 HEATING
  TODAY            0                               -2
  MONTH TO DATE    0                              -16
  SINCE SEP 1      0                              -16
  SINCE JUL 1      0                              -16

 COOLING
  TODAY            1                               -3
  MONTH TO DATE  346                              137
  SINCE SEP 1    346                              137
  SINCE JAN 1   2093                              510
...............................................................


WIND (MPH)
  HIGHEST WIND SPEED     8   HIGHEST WIND DIRECTION     N (20)
  HIGHEST GUST SPEED    10   HIGHEST GUST DIRECTION    NW (320)
  AVERAGE WIND SPEED     3.1



WEATHER CONDITIONS
 THE FOLLOWING WEATHER WAS RECORDED TODAY.
  FOG


RELATIVE HUMIDITY (PERCENT)
 HIGHEST    93
 LOWEST     23
 AVERAGE    58

..........................................................


THE NASHVILLE CLIMATE NORMALS FOR TOMORROW
                         NORMAL    RECORD    YEAR
 MAXIMUM TEMPERATURE (F)   78        94      1986
                                             1954
                                             1953
 MINIMUM TEMPERATURE (F)   56        38      1942


SUNRISE AND SUNSET
SEPTEMBER 27 2016.....SUNRISE   639 AM CDT   SUNSET   635 PM CDT
SEPTEMBER 28 2016.....SUNRISE   640 AM CDT   SUNSET   634 PM CDT


-  INDICATES NEGATIVE NUMBERS.
R  INDICATES RECORD WAS SET OR TIED.
MM INDICATES DATA IS MISSING.
T  INDICATES TRACE AMOUNT.




$$
