000
CDUS44 KOHX 171444
CLIBNA


CLIMATE REPORT
NATIONAL WEATHER SERVICE NASHVILLE TN
938 AM CDT TUE OCT 17 2017


...................................

...THE NASHVILLE CLIMATE SUMMARY FOR OCTOBER 17 2017...
VALID AS OF 0900 AM LOCAL TIME.

CLIMATE NORMAL PERIOD 1981 TO 2010
CLIMATE RECORD PERIOD 1871 TO 2017


WEATHER ITEM   OBSERVED TIME   RECORD YEAR NORMAL DEPARTURE
                VALUE   (LST)  VALUE       VALUE  FROM
                                                  NORMAL
...............................................................
TEMPERATURE (F)
 TODAY
  MINIMUM         42    642 AM  31    1977  48     -6
                                      1948

PRECIPITATION (IN)
  TODAY            0.00          3.18 1928   0.10  -0.10
  MONTH TO DATE    0.67                      1.64  -0.97
  SINCE JAN 1     41.09                     37.30   3.79

SNOWFALL (IN)
  TODAY            0.0           0.0  2002
                                      2001
                                      2000
  MONTH TO DATE    0.0
  SINCE SEP 1      0.0
  SINCE JUL 1      0.0

DEGREE DAYS
 HEATING
  TODAY           18                               12
  MONTH TO DATE   35                              -41
  SINCE SEP 1     47                              -53
  SINCE JUL 1     47                              -53

 COOLING
  TODAY            0                               -1
  MONTH TO DATE   90                               55
  SINCE SEP 1    313                               58
  SINCE JAN 1   1893                              264
...............................................................


WIND (MPH)
  HIGHEST WIND SPEED     4   HIGHEST WIND DIRECTION    NW (330)
  HIGHEST GUST SPEED    MM   HIGHEST GUST DIRECTION    MM
  AVERAGE WIND SPEED     0.8




RELATIVE HUMIDITY (PERCENT)
 HIGHEST    96
 LOWEST     77
 AVERAGE    87

..........................................................


THE NASHVILLE CLIMATE NORMALS FOR TOMORROW
                         NORMAL    RECORD    YEAR
 MAXIMUM TEMPERATURE (F)   71        87      2016
                                             1953
 MINIMUM TEMPERATURE (F)   48        28      1948


SUNRISE AND SUNSET
OCTOBER 17 2017.......SUNRISE   656 AM CDT   SUNSET   608 PM CDT
OCTOBER 18 2017.......SUNRISE   657 AM CDT   SUNSET   607 PM CDT


-  INDICATES NEGATIVE NUMBERS.
R  INDICATES RECORD WAS SET OR TIED.
MM INDICATES DATA IS MISSING.
T  INDICATES TRACE AMOUNT.




$$
