000
CDUS44 KOHX 040621
CLIBNA

CLIMATE REPORT
NATIONAL WEATHER SERVICE NASHVILLE TN
120 AM CDT SAT JUL 4 2015


...................................

...THE NASHVILLE CLIMATE SUMMARY FOR JULY 3 2015...

CLIMATE NORMAL PERIOD 1981 TO 2010
CLIMATE RECORD PERIOD 1871 TO 2015


WEATHER ITEM   OBSERVED TIME   RECORD YEAR NORMAL DEPARTURE
                VALUE   (LST)  VALUE       VALUE  FROM
                                                  NORMAL
...............................................................
TEMPERATURE (F)
 YESTERDAY
  MAXIMUM         83    100 PM 100    1954  89     -6
                                      1925
                                      1897
  MINIMUM         70   1151 PM  57    1924  69      1
  AVERAGE         77                        79     -2

PRECIPITATION (IN)
  YESTERDAY        0.04          3.20 1992   0.13  -0.09
  MONTH TO DATE    2.97                      0.38   2.59
  SINCE JUN 1      6.35                      4.52   1.83
  SINCE JAN 1     27.35                     25.82   1.53

SNOWFALL (IN)
  YESTERDAY        0.0           0.0  2002   0.0    0.0
                                      2001
  MONTH TO DATE    0.0                       0.0    0.0
  SINCE JUN 1      0.0                       0.0    0.0
  SINCE JUL 1      0.0                       0.0    0.0
  SNOW DEPTH       0

DEGREE DAYS
 HEATING
  YESTERDAY        0                                0
  MONTH TO DATE    0                                0
  SINCE JUN 1      0                               -3
  SINCE JUL 1      0                                0

 COOLING
  YESTERDAY       12                               -2
  MONTH TO DATE   32                              -10
  SINCE JUN 1    425                               59
  SINCE JAN 1    681                              136
...............................................................


WIND (MPH)
  HIGHEST WIND SPEED    21   HIGHEST WIND DIRECTION    SW (210)
  HIGHEST GUST SPEED    29   HIGHEST GUST DIRECTION     S (200)
  AVERAGE WIND SPEED     5.5




RELATIVE HUMIDITY (PERCENT)
 HIGHEST   100
 LOWEST     69
 AVERAGE    85

..........................................................


THE NASHVILLE CLIMATE NORMALS FOR TODAY
                         NORMAL    RECORD    YEAR
 MAXIMUM TEMPERATURE (F)   89       103      2012
 MINIMUM TEMPERATURE (F)   69        55      1968


SUNRISE AND SUNSET
JULY  4 2015..........SUNRISE   535 AM CDT   SUNSET   807 PM CDT
JULY  5 2015..........SUNRISE   535 AM CDT   SUNSET   807 PM CDT


-  INDICATES NEGATIVE NUMBERS.
R  INDICATES RECORD WAS SET OR TIED.
MM INDICATES DATA IS MISSING.
T  INDICATES TRACE AMOUNT.




$$
