000
CDUS44 KOHX 110636
CLIBNA


CLIMATE REPORT
NATIONAL WEATHER SERVICE NASHVILLE TN
1235 AM CST THU FEB 11 2016


...................................

...THE NASHVILLE CLIMATE SUMMARY FOR FEBRUARY 10 2016...

CLIMATE NORMAL PERIOD 1981 TO 2010
CLIMATE RECORD PERIOD 1871 TO 2016


WEATHER ITEM   OBSERVED TIME   RECORD YEAR NORMAL DEPARTURE
                VALUE   (LST)  VALUE       VALUE  FROM
                                                  NORMAL
...............................................................
TEMPERATURE (F)
 YESTERDAY
  MAXIMUM         31    207 PM  76    1932  50    -19
  MINIMUM         19    714 AM  -7    1899  31    -12
  AVERAGE         25                        40    -15

PRECIPITATION (IN)
  YESTERDAY        0.02          1.08 1913   0.14  -0.12
  MONTH TO DATE    1.34                      1.40  -0.06
  SINCE JAN 1      3.51                      5.15  -1.64

SNOWFALL (IN)
  YESTERDAY        0.4           2.2  1946
  MONTH TO DATE    3.1
  SINCE DEC 1     11.3
  SINCE JUL 1     11.3

DEGREE DAYS
 HEATING
  YESTERDAY       40                               15
  MONTH TO DATE  238                              -17
  SINCE DEC 1   1458                             -408
  SINCE JUL 1   1881                             -659

 COOLING
  YESTERDAY        0                                0
  MONTH TO DATE    0                                0
  SINCE DEC 1      8                                7
  SINCE JAN 1      0                                0
...............................................................


WIND (MPH)
  HIGHEST WIND SPEED    17   HIGHEST WIND DIRECTION    NW (320)
  HIGHEST GUST SPEED    22   HIGHEST GUST DIRECTION    NW (300)
  AVERAGE WIND SPEED     6.6



WEATHER CONDITIONS
 THE FOLLOWING WEATHER WAS RECORDED YESTERDAY.
  LIGHT SNOW
  FOG
  HAZE


RELATIVE HUMIDITY (PERCENT)
 HIGHEST    81
 LOWEST     39

..........................................................


THE NASHVILLE CLIMATE NORMALS FOR TODAY
                         NORMAL    RECORD    YEAR
 MAXIMUM TEMPERATURE (F)   51        74      1938
 MINIMUM TEMPERATURE (F)   31        -1      1885


SUNRISE AND SUNSET
FEBRUARY 11 2016......SUNRISE   639 AM CST   SUNSET   523 PM CST
FEBRUARY 12 2016......SUNRISE   638 AM CST   SUNSET   524 PM CST


-  INDICATES NEGATIVE NUMBERS.
R  INDICATES RECORD WAS SET OR TIED.
MM INDICATES DATA IS MISSING.
T  INDICATES TRACE AMOUNT.




$$
