000
CDUS44 KOHX 031222
CLIBNA

CLIMATE REPORT
NATIONAL WEATHER SERVICE NASHVILLE TN
730 AM CDT WED JUN 3 2015


...................................

...THE NASHVILLE CLIMATE SUMMARY FOR JUNE 2 2015...

CLIMATE NORMAL PERIOD 1981 TO 2010
CLIMATE RECORD PERIOD 1871 TO 2015


WEATHER ITEM   OBSERVED TIME   RECORD YEAR NORMAL DEPARTURE
                VALUE   (LST)  VALUE       VALUE  FROM
                                                  NORMAL
...............................................................
TEMPERATURE (F)
 YESTERDAY
  MAXIMUM         69   1233 PM  95    1951  83    -14
                                      1895
  MINIMUM         61    713 AM  46    1966  62     -1
                                      1956
  AVERAGE         65                        72     -7

PRECIPITATION (IN)
  YESTERDAY        T             2.39 1957   0.15  -0.15
  MONTH TO DATE    0.74                      0.31   0.43
  SINCE JUN 1      0.74                      0.31   0.43
  SINCE JAN 1     21.74                     21.61   0.13

SNOWFALL (IN)
  YESTERDAY        0.0           0.0  2002   0.0    0.0
                                      2001
  MONTH TO DATE    0.0                       0.0    0.0
  SINCE JUN 1      0.0                       0.0    0.0
  SINCE JUL 1      6.1                       6.3   -0.2
  SNOW DEPTH       0

DEGREE DAYS
 HEATING
  YESTERDAY        0                                0
  MONTH TO DATE    0                                0
  SINCE JUN 1      0                                0
  SINCE JUL 1   3778                               93

 COOLING
  YESTERDAY        0                               -8
  MONTH TO DATE    2                              -13
  SINCE JUN 1      2                              -13
  SINCE JAN 1    258                               64
...............................................................


WIND (MPH)
  HIGHEST WIND SPEED    10   HIGHEST WIND DIRECTION    NE (30)
  HIGHEST GUST SPEED    25   HIGHEST GUST DIRECTION     W (290)
  AVERAGE WIND SPEED     6.7




RELATIVE HUMIDITY (PERCENT)
 HIGHEST    97
 LOWEST     73
 AVERAGE    85

..........................................................
LOW SINCE MIDNIGHT......................................58
PRECIPITATION SINCE MIDNIGHT..........................0.00

THE NASHVILLE CLIMATE NORMALS FOR TODAY
                         NORMAL    RECORD    YEAR
 MAXIMUM TEMPERATURE (F)   83        96      1911
                                             1895
                                             1891
 MINIMUM TEMPERATURE (F)   62        44      1956


SUNRISE AND SUNSET
JUNE  3 2015..........SUNRISE   531 AM CDT   SUNSET   759 PM CDT
JUNE  4 2015..........SUNRISE   530 AM CDT   SUNSET   800 PM CDT


-  INDICATES NEGATIVE NUMBERS.
R  INDICATES RECORD WAS SET OR TIED.
MM INDICATES DATA IS MISSING.
T  INDICATES TRACE AMOUNT.




$$
