000
CDUS44 KOHX 270717
CLIBNA


CLIMATE REPORT
NATIONAL WEATHER SERVICE NASHVILLE TN
117 AM CST SAT DEC 27 2014


...................................

...THE NASHVILLE CLIMATE SUMMARY FOR DECEMBER 26 2014...

CLIMATE NORMAL PERIOD 1981 TO 2010
CLIMATE RECORD PERIOD 1871 TO 2014


WEATHER ITEM   OBSERVED TIME   RECORD YEAR NORMAL DEPARTURE
                VALUE   (LST)  VALUE       VALUE  FROM
                                                  NORMAL
...............................................................
TEMPERATURE (F)
 YESTERDAY
  MAXIMUM         55    156 PM  73    1875  47      8
  MINIMUM         31    724 AM   2    1983  30      1
  AVERAGE         43                        38      5

PRECIPITATION (IN)
  YESTERDAY        0.00          4.06 1911   0.12  -0.12
  MONTH TO DATE    2.52                      3.67  -1.15
  SINCE DEC 1      2.52                      3.67  -1.15
  SINCE JAN 1     49.90                     46.68   3.22

SNOWFALL (IN)
  YESTERDAY        0.0           1.5  1894   0.1   -0.1
  MONTH TO DATE    T                         0.4   -0.4
  SINCE DEC 1      T                         0.4   -0.4
  SINCE JUL 1      0.2                       0.4   -0.2
  SNOW DEPTH       0

DEGREE DAYS
 HEATING
  YESTERDAY       22                               -5
  MONTH TO DATE  547                              -82
  SINCE DEC 1    547                              -82
  SINCE JUL 1   1321                               18

 COOLING
  YESTERDAY        0                                0
  MONTH TO DATE    0                                0
  SINCE DEC 1      0                                0
  SINCE JAN 1   1803                              158
...............................................................


WIND (MPH)
  HIGHEST WIND SPEED    15   HIGHEST WIND DIRECTION    SE (150)
  HIGHEST GUST SPEED    17   HIGHEST GUST DIRECTION     S (190)
  AVERAGE WIND SPEED     6.2




RELATIVE HUMIDITY (PERCENT)
 HIGHEST   100
 LOWEST     50
 AVERAGE    75

..........................................................


THE NASHVILLE CLIMATE NORMALS FOR TODAY
                         NORMAL    RECORD    YEAR
 MAXIMUM TEMPERATURE (F)   47        75      1982
 MINIMUM TEMPERATURE (F)   29         6      1925


SUNRISE AND SUNSET
DECEMBER 27 2014......SUNRISE   656 AM CST   SUNSET   439 PM CST
DECEMBER 28 2014......SUNRISE   657 AM CST   SUNSET   440 PM CST


-  INDICATES NEGATIVE NUMBERS.
R  INDICATES RECORD WAS SET OR TIED.
MM INDICATES DATA IS MISSING.
T  INDICATES TRACE AMOUNT.




$$
