000
CDUS44 KOHX 232159
CLIBNA


CLIMATE REPORT
NATIONAL WEATHER SERVICE NASHVILLE TN
459 PM CDT TUE MAY 23 2017


...................................

...THE NASHVILLE CLIMATE SUMMARY FOR MAY 23 2017...
VALID TODAY AS OF 0400 PM LOCAL TIME.

CLIMATE NORMAL PERIOD 1981 TO 2010
CLIMATE RECORD PERIOD 1871 TO 2017


WEATHER ITEM   OBSERVED TIME   RECORD YEAR NORMAL DEPARTURE
                VALUE   (LST)  VALUE       VALUE  FROM
                                                  NORMAL
...............................................................
TEMPERATURE (F)
 TODAY
  MAXIMUM         80   1212 PM  91    2010  80      0
                                      1970
                                      1921
  MINIMUM         63    453 AM  42    1917  59      4
  AVERAGE         72                        69      3

PRECIPITATION (IN)
  TODAY            0.00          1.97 1987   0.16  -0.16
  MONTH TO DATE    2.88                      4.20  -1.32
  SINCE JAN 1     19.20                     20.00  -0.80

SNOWFALL (IN)
  TODAY            0.0           0.0  2002
                                      2001
  MONTH TO DATE    0.0
  SINCE MAR 1      1.5
  SINCE JUL 1      2.2

DEGREE DAYS
 HEATING
  TODAY            0                               -1
  MONTH TO DATE   38                              -12
  SINCE MAR 1    479                             -261
  SINCE JUL 1   2447                            -1231

 COOLING
  TODAY            7                                2
  MONTH TO DATE  136                               54
  SINCE MAR 1    261                              134
  SINCE JAN 1    268                              141
...............................................................


WIND (MPH)
  HIGHEST WIND SPEED    10   HIGHEST WIND DIRECTION    NW (320)
  HIGHEST GUST SPEED    14   HIGHEST GUST DIRECTION    NW (310)
  AVERAGE WIND SPEED     3.6




RELATIVE HUMIDITY (PERCENT)
 HIGHEST    78
 LOWEST     47
 AVERAGE    63

..........................................................


THE NASHVILLE CLIMATE NORMALS FOR TOMORROW
                         NORMAL    RECORD    YEAR
 MAXIMUM TEMPERATURE (F)   80        93      1996
 MINIMUM TEMPERATURE (F)   59        44      1931
                                             1892


SUNRISE AND SUNSET
MAY 23 2017...........SUNRISE   535 AM CDT   SUNSET   752 PM CDT
MAY 24 2017...........SUNRISE   534 AM CDT   SUNSET   753 PM CDT


-  INDICATES NEGATIVE NUMBERS.
R  INDICATES RECORD WAS SET OR TIED.
MM INDICATES DATA IS MISSING.
T  INDICATES TRACE AMOUNT.




$$
