822
CDUS44 KOHX 251415
CLIBNA

CLIMATE REPORT
NATIONAL WEATHER SERVICE NASHVILLE TN
909 AM CDT THU AUG 25 2016


...................................

...THE NASHVILLE CLIMATE SUMMARY FOR AUGUST 25 2016...
VALID AS OF 0900 AM LOCAL TIME.

CLIMATE NORMAL PERIOD 1981 TO 2010
CLIMATE RECORD PERIOD 1871 TO 2016


WEATHER ITEM   OBSERVED TIME   RECORD YEAR NORMAL DEPARTURE
                VALUE   (LST)  VALUE       VALUE  FROM
                                                  NORMAL
...............................................................
TEMPERATURE (F)
 TODAY
  MINIMUM         73    436 AM  51    1891  68      5

PRECIPITATION (IN)
  TODAY            0.00          3.30 1976   0.10  -0.10
  MONTH TO DATE    4.29                      2.60   1.69
  SINCE JAN 1     29.47                     31.68  -2.21

SNOWFALL (IN)
  TODAY            0.0           0.0  2002
                                      2001
                                      2000
  MONTH TO DATE    0.0
  SINCE JUN 1      0.0
  SINCE JUL 1      0.0

DEGREE DAYS
 HEATING
  TODAY            0                                0
  MONTH TO DATE    0                                0
  SINCE JUN 1      0                               -3
  SINCE JUL 1      0                                0

 COOLING
  TODAY           11                               -2
  MONTH TO DATE  400                               54
  SINCE JUN 1   1387                              271
  SINCE JAN 1   1624                              329
...............................................................

NATIONAL TEMPERATURE EXTREMES

HIGH WED...114 AT DEATH VALLEY CA

LOW  THU...27 AT WEST YELLOWSTONE MT

...............................................................

WIND (MPH)
  HIGHEST WIND SPEED     4   HIGHEST WIND DIRECTION     S (170)
  HIGHEST GUST SPEED     6   HIGHEST GUST DIRECTION     S (200)
  AVERAGE WIND SPEED     1.3



WEATHER CONDITIONS
 THE FOLLOWING WEATHER WAS RECORDED TODAY.
  NO SIGNIFICANT WEATHER WAS OBSERVED.


RELATIVE HUMIDITY (PERCENT)
 HIGHEST    93
 LOWEST     82
 AVERAGE    88

..........................................................


THE NASHVILLE CLIMATE NORMALS FOR TOMORROW
                         NORMAL    RECORD    YEAR
 MAXIMUM TEMPERATURE (F)   88       103      1943
 MINIMUM TEMPERATURE (F)   67        53      1917


SUNRISE AND SUNSET
AUGUST 25 2016........SUNRISE   613 AM CDT   SUNSET   723 PM CDT
AUGUST 26 2016........SUNRISE   614 AM CDT   SUNSET   722 PM CDT


-  INDICATES NEGATIVE NUMBERS.
R  INDICATES RECORD WAS SET OR TIED.
MM INDICATES DATA IS MISSING.
T  INDICATES TRACE AMOUNT.




$$
