000
CDUS44 KOHX 310636
CLIBNA


CLIMATE REPORT
NATIONAL WEATHER SERVICE NASHVILLE TN
135 AM CDT TUE MAY 31 2016


...................................

...THE NASHVILLE CLIMATE SUMMARY FOR MAY 30 2016...

CLIMATE NORMAL PERIOD 1981 TO 2010
CLIMATE RECORD PERIOD 1871 TO 2016


WEATHER ITEM   OBSERVED TIME   RECORD YEAR NORMAL DEPARTURE
                VALUE   (LST)  VALUE       VALUE  FROM
                                                  NORMAL
...............................................................
TEMPERATURE (F)
 YESTERDAY
  MAXIMUM         90    342 PM  95    1911  82      8
  MINIMUM         67   1159 PM  38    1984  61      6
  AVERAGE         79                        71      8

PRECIPITATION (IN)
  YESTERDAY        0.00          2.42 1903   0.16  -0.16
  MONTH TO DATE    2.37                      5.33  -2.96
  SINCE JAN 1     14.45                     21.13  -6.68

SNOWFALL (IN)
  YESTERDAY        0.0           0.0  2002
                                      2001
  MONTH TO DATE    0.0
  SINCE MAR 1      0.0
  SINCE JUL 1     11.3

DEGREE DAYS
 HEATING
  YESTERDAY        0                               -1
  MONTH TO DATE   67                               10
  SINCE MAR 1    493                             -254
  SINCE JUL 1   2736                             -949

 COOLING
  YESTERDAY       14                                7
  MONTH TO DATE  145                               19
  SINCE MAR 1    224                               53
  SINCE JAN 1    224                               53
...............................................................


WIND (MPH)
  HIGHEST WIND SPEED    14   HIGHEST WIND DIRECTION     N (10)
  HIGHEST GUST SPEED    18   HIGHEST GUST DIRECTION     N (340)
  AVERAGE WIND SPEED     4.4



WEATHER CONDITIONS
 THE FOLLOWING WEATHER WAS RECORDED YESTERDAY.
  NO SIGNIFICANT WEATHER WAS OBSERVED.


RELATIVE HUMIDITY (PERCENT)
 HIGHEST    93
 LOWEST     31

..........................................................


THE NASHVILLE CLIMATE NORMALS FOR TODAY
                         NORMAL    RECORD    YEAR
 MAXIMUM TEMPERATURE (F)   82        96      1937
 MINIMUM TEMPERATURE (F)   61        40      1984


SUNRISE AND SUNSET
MAY 31 2016...........SUNRISE   531 AM CDT   SUNSET   758 PM CDT
JUNE  1 2016..........SUNRISE   531 AM CDT   SUNSET   759 PM CDT


-  INDICATES NEGATIVE NUMBERS.
R  INDICATES RECORD WAS SET OR TIED.
MM INDICATES DATA IS MISSING.
T  INDICATES TRACE AMOUNT.




$$
