000
CDUS44 KOHX 311302
CLIBNA

CLIMATE REPORT
NATIONAL WEATHER SERVICE NASHVILLE TN
801 AM CDT FRI JUL 31 2015


...................................

...THE NASHVILLE CLIMATE SUMMARY FOR JULY 30 2015...

CLIMATE NORMAL PERIOD 1981 TO 2010
CLIMATE RECORD PERIOD 1871 TO 2015


WEATHER ITEM   OBSERVED TIME   RECORD YEAR NORMAL DEPARTURE
                VALUE   (LST)  VALUE       VALUE  FROM
                                                  NORMAL
...............................................................
TEMPERATURE (F)
 YESTERDAY
  MAXIMUM         89    314 PM 101    1999  90     -1
  MINIMUM         72   1159 PM  58    2014  70      2
                                      1965
  AVERAGE         81                        80      1

PRECIPITATION (IN)
  YESTERDAY        0.00          1.23 1901   0.10  -0.10
  MONTH TO DATE    7.07                      3.53   3.54
  SINCE JUN 1     10.45                      7.67   2.78
  SINCE JAN 1     31.45                     28.97   2.48

SNOWFALL (IN)
  YESTERDAY        0.0           0.0  2002   0.0    0.0
                                      2001
  MONTH TO DATE    0.0                       0.0    0.0
  SINCE JUN 1      0.0                       0.0    0.0
  SINCE JUL 1      0.0                       0.0    0.0
  SNOW DEPTH       0

DEGREE DAYS
 HEATING
  YESTERDAY        0                                0
  MONTH TO DATE    0                                0
  SINCE JUN 1      0                               -3
  SINCE JUL 1      0                                0

 COOLING
  YESTERDAY       16                                2
  MONTH TO DATE  486                               49
  SINCE JUN 1    879                              118
  SINCE JAN 1   1135                              195
...............................................................


WIND (MPH)
  HIGHEST WIND SPEED    18   HIGHEST WIND DIRECTION    NE (30)
  HIGHEST GUST SPEED    23   HIGHEST GUST DIRECTION     N (340)
  AVERAGE WIND SPEED     9.1




RELATIVE HUMIDITY (PERCENT)
 HIGHEST    88
 LOWEST     34
 AVERAGE    61

LOW SINCE MIDNIGHT..........................65
PRECIPITATION SINCE MIDNIGHT................0.00

THE NATIONAL HIGH TEMPERATURE YESTERDAY WAS 116 AT DEATH VALLEY, CA.
THE NATIONAL LOW TEMPERATURE YESTERDAY WAS 36 AT PINEDALE, WY AND
STANLEY, ID.

..........................................................


THE NASHVILLE CLIMATE NORMALS FOR TODAY
                         NORMAL    RECORD    YEAR
 MAXIMUM TEMPERATURE (F)   90        99      1999
                                             1954
                                             1915
 MINIMUM TEMPERATURE (F)   70        54      1965


SUNRISE AND SUNSET
JULY 31 2015..........SUNRISE   553 AM CDT   SUNSET   753 PM CDT
AUGUST  1 2015........SUNRISE   554 AM CDT   SUNSET   752 PM CDT


-  INDICATES NEGATIVE NUMBERS.
R  INDICATES RECORD WAS SET OR TIED.
MM INDICATES DATA IS MISSING.
T  INDICATES TRACE AMOUNT.




$$
