000
CDUS45 KBOI 270121
CLIBNO


CLIMATE REPORT
NATIONAL WEATHER SERVICE BOISE ID
720 PM MDT THU MAY 26 2016


...................................

...THE BURNS OR CLIMATE SUMMARY FOR MAY 26 2016...
VALID TODAY AS OF 0600 PM LOCAL TIME.

CLIMATE NORMAL PERIOD 1981 TO 2010
CLIMATE RECORD PERIOD 1938 TO 2016


WEATHER ITEM   OBSERVED TIME   RECORD YEAR NORMAL DEPARTURE LAST
                VALUE   (LST)  VALUE       VALUE  FROM      YEAR
                                                  NORMAL
..................................................................
TEMPERATURE (F)
 TODAY
  MAXIMUM         70    340 PM  89    1986  69      1       73
  MINIMUM         39    433 AM  29    1989  39      0       40
  AVERAGE         55                        54      1       57

PRECIPITATION (IN)
  TODAY            0.00          0.26 1945   0.04  -0.04     0.00
  MONTH TO DATE    0.69                      1.01  -0.32     1.68
  SINCE OCT 1      8.72                      8.74  -0.02     8.43
  SINCE JAN 1      3.85                      5.24  -1.39     3.93

DEGREE DAYS
 HEATING
  TODAY           10                        11     -1        8
  MONTH TO DATE  341                       375    -34      318
  SINCE MAR 1   1557                      1887   -330     1679
  SINCE JUL 1   6718                      7415   -697     6153

 COOLING
  TODAY            0                         0      0        0
  MONTH TO DATE    0                         0      0        0
  SINCE MAR 1      0                         0      0        0
  SINCE JAN 1      0                         0      0        0
..................................................................


WIND (MPH)
  HIGHEST WIND SPEED    20   HIGHEST WIND DIRECTION     S (190)
  HIGHEST GUST SPEED    24   HIGHEST GUST DIRECTION     S (180)
  AVERAGE WIND SPEED     9.7



WEATHER CONDITIONS
 THE FOLLOWING WEATHER WAS RECORDED TODAY.
  NO SIGNIFICANT WEATHER WAS OBSERVED.


RELATIVE HUMIDITY (PERCENT)
 HIGHEST    86           400 AM
 LOWEST     17           300 PM
 AVERAGE    52

..........................................................


THE BURNS OR CLIMATE NORMALS FOR TOMORROW
                         NORMAL    RECORD    YEAR
 MAXIMUM TEMPERATURE (F)   69        86      2003
                                             1983
 MINIMUM TEMPERATURE (F)   39        27      1954
                                             1953


SUNRISE AND SUNSET
MAY 26 2016...........SUNRISE   521 AM PDT   SUNSET   826 PM PDT
MAY 27 2016...........SUNRISE   520 AM PDT   SUNSET   827 PM PDT


-  INDICATES NEGATIVE NUMBERS.
R  INDICATES RECORD WAS SET OR TIED.
MM INDICATES DATA IS MISSING.
T  INDICATES TRACE AMOUNT.




$$
