000
CDUS45 KBOI 180933
CLIBNO


CLIMATE REPORT
NATIONAL WEATHER SERVICE BOISE ID
233 AM MST SUN FEB 18 2018


...................................

...THE BURNS OR CLIMATE SUMMARY FOR FEBRUARY 17 2018...

CLIMATE NORMAL PERIOD 1981 TO 2010
CLIMATE RECORD PERIOD 1938 TO 2018


WEATHER ITEM   OBSERVED TIME   RECORD YEAR NORMAL DEPARTURE LAST
                VALUE   (LST)  VALUE       VALUE  FROM      YEAR
                                                  NORMAL
..................................................................
TEMPERATURE (F)
 YESTERDAY
  MAXIMUM         50    233 PM  63    1977  40     10       37
  MINIMUM         23    129 AM  -5    1990  18      5       23
  AVERAGE         37                        29      8       30

PRECIPITATION (IN)
  YESTERDAY        0.02          0.81 1986   0.04  -0.02     0.03
  MONTH TO DATE    0.10                      0.60  -0.50     0.86
  SINCE OCT 1      4.03                      5.29  -1.26     7.61
  SINCE JAN 1      1.37                      1.79  -0.42     4.10

DEGREE DAYS
 HEATING
  YESTERDAY       28                        36     -8       35
  MONTH TO DATE  507                       640   -133      612
  SINCE DEC 1   2870                      3152   -282     3626
  SINCE JUL 1   4786                      5153   -367     5439

 COOLING
  YESTERDAY        0                         0      0        0
  MONTH TO DATE    0                         0      0        0
  SINCE DEC 1      0                         0      0        0
  SINCE JAN 1      0                         0      0        0
..................................................................


WIND (MPH)
  HIGHEST WIND SPEED    29   HIGHEST WIND DIRECTION     W (250)
  HIGHEST GUST SPEED    40   HIGHEST GUST DIRECTION     W (260)
  AVERAGE WIND SPEED    10.8


SKY COVER
  POSSIBLE SUNSHINE  MM
  AVERAGE SKY COVER 0.8


WEATHER CONDITIONS
 THE FOLLOWING WEATHER WAS RECORDED YESTERDAY.
  LIGHT RAIN
  LIGHT SNOW
  FOG


RELATIVE HUMIDITY (PERCENT)
 HIGHEST   100           600 AM
 LOWEST     53           600 PM
 AVERAGE    77

..........................................................


THE BURNS OR CLIMATE NORMALS FOR TODAY
                         NORMAL    RECORD    YEAR
 MAXIMUM TEMPERATURE (F)   40        62      2015
 MINIMUM TEMPERATURE (F)   19         1      1984
                                             1952
                                             1942


SUNRISE AND SUNSET
FEBRUARY 18 2018......SUNRISE   650 AM PST   SUNSET   530 PM PST
FEBRUARY 19 2018......SUNRISE   648 AM PST   SUNSET   532 PM PST


-  INDICATES NEGATIVE NUMBERS.
R  INDICATES RECORD WAS SET OR TIED.
MM INDICATES DATA IS MISSING.
T  INDICATES TRACE AMOUNT.




$$
