911
CDUS45 KBOI 240933
CLIBNO


CLIMATE REPORT
NATIONAL WEATHER SERVICE BOISE ID
233 AM MST FRI NOV 24 2017


...................................

...THE BURNS OR CLIMATE SUMMARY FOR NOVEMBER 23 2017...

CLIMATE NORMAL PERIOD 1981 TO 2010
CLIMATE RECORD PERIOD 1938 TO 2017


WEATHER ITEM   OBSERVED TIME   RECORD YEAR NORMAL DEPARTURE LAST
                VALUE   (LST)  VALUE       VALUE  FROM      YEAR
                                                  NORMAL
..................................................................
TEMPERATURE (F)
 YESTERDAY
  MAXIMUM         64R  1254 PM  63    1954  41     23       42
  MINIMUM         35    710 AM  -8    1985  19     16       26
  AVERAGE         50                        30     20       34

PRECIPITATION (IN)
  YESTERDAY        0.02          0.76 1955   0.05  -0.03     0.08
  MONTH TO DATE    1.43                      0.87   0.56     0.57
  SINCE OCT 1      2.07                      1.65   0.42     1.67
  SINCE JAN 1     10.71                      9.07   1.64     6.19

DEGREE DAYS
 HEATING
  YESTERDAY       15                        35    -20       31
  MONTH TO DATE  636                       696    -60      563
  SINCE SEP 1   1676                      1609     67     1475
  SINCE JUL 1   1691                      1746    -55     1591

 COOLING
  YESTERDAY        0                         0      0        0
  MONTH TO DATE    0                         0      0        0
  SINCE SEP 1     50                         9     41        0
  SINCE JAN 1    343                       215    128      226
..................................................................


WIND (MPH)
  HIGHEST WIND SPEED    28   HIGHEST WIND DIRECTION    SW (210)
  HIGHEST GUST SPEED    34   HIGHEST GUST DIRECTION     S (200)
  AVERAGE WIND SPEED     8.3


SKY COVER
  POSSIBLE SUNSHINE  MM
  AVERAGE SKY COVER 0.6


WEATHER CONDITIONS
 THE FOLLOWING WEATHER WAS RECORDED YESTERDAY.
  LIGHT RAIN
  FOG


RELATIVE HUMIDITY (PERCENT)
 HIGHEST   100           100 AM
 LOWEST     39           300 PM
 AVERAGE    70

..........................................................


THE BURNS OR CLIMATE NORMALS FOR TODAY
                         NORMAL    RECORD    YEAR
 MAXIMUM TEMPERATURE (F)   40        67      1959
 MINIMUM TEMPERATURE (F)   19       -12      1993


SUNRISE AND SUNSET
NOVEMBER 24 2017......SUNRISE   701 AM PST   SUNSET   423 PM PST
NOVEMBER 25 2017......SUNRISE   703 AM PST   SUNSET   423 PM PST


-  INDICATES NEGATIVE NUMBERS.
R  INDICATES RECORD WAS SET OR TIED.
MM INDICATES DATA IS MISSING.
T  INDICATES TRACE AMOUNT.




$$
