000
CDUS45 KBOI 190931
CLIBNO


CLIMATE REPORT
NATIONAL WEATHER SERVICE BOISE ID
331 AM MDT TUE SEP 19 2017


...................................

...THE BURNS OR CLIMATE SUMMARY FOR SEPTEMBER 18 2017...

CLIMATE NORMAL PERIOD 1981 TO 2010
CLIMATE RECORD PERIOD 1938 TO 2017


WEATHER ITEM   OBSERVED TIME   RECORD YEAR NORMAL DEPARTURE LAST
                VALUE   (LST)  VALUE       VALUE  FROM      YEAR
                                                  NORMAL
..................................................................
TEMPERATURE (F)
 YESTERDAY
  MAXIMUM         59    408 PM  89    1981  75    -16       81
  MINIMUM         35    959 PM  21    1988  36     -1       48
  AVERAGE         47                        55     -8       65

PRECIPITATION (IN)
  YESTERDAY        0.01          1.16 1959   0.01   0.00     0.00
  MONTH TO DATE    0.09                      0.25  -0.16     0.05
  SINCE OCT 1     11.99                     10.73   1.26     9.31
  SINCE JAN 1      8.48                      7.23   1.25     4.44

DEGREE DAYS
 HEATING
  YESTERDAY       18                        10      8        0
  MONTH TO DATE   83                       133    -50      192
  SINCE SEP 1     83                       133    -50      192
  SINCE JUL 1     98                       270   -172      308

 COOLING
  YESTERDAY        0                         0      0        0
  MONTH TO DATE   50                         7     43        0
  SINCE SEP 1     50                         7     43        0
  SINCE JAN 1    343                       213    130      226
..................................................................


WIND (MPH)
  HIGHEST WIND SPEED    30   HIGHEST WIND DIRECTION    SW (240)
  HIGHEST GUST SPEED    37   HIGHEST GUST DIRECTION    SW (240)
  AVERAGE WIND SPEED    11.5


SKY COVER
  POSSIBLE SUNSHINE  MM
  AVERAGE SKY COVER 0.5


WEATHER CONDITIONS
 THE FOLLOWING WEATHER WAS RECORDED YESTERDAY.
  LIGHT RAIN


RELATIVE HUMIDITY (PERCENT)
 HIGHEST    89           700 AM
 LOWEST     26           400 PM
 AVERAGE    58

..........................................................


THE BURNS OR CLIMATE NORMALS FOR TODAY
                         NORMAL    RECORD    YEAR
 MAXIMUM TEMPERATURE (F)   74        90      1952
                                             1939
 MINIMUM TEMPERATURE (F)   35        24      1965


SUNRISE AND SUNSET
SEPTEMBER 19 2017.....SUNRISE   640 AM PDT   SUNSET   658 PM PDT
SEPTEMBER 20 2017.....SUNRISE   641 AM PDT   SUNSET   656 PM PDT


-  INDICATES NEGATIVE NUMBERS.
R  INDICATES RECORD WAS SET OR TIED.
MM INDICATES DATA IS MISSING.
T  INDICATES TRACE AMOUNT.




$$
