000
CDUS45 KBOI 260931
CLIBNO


CLIMATE REPORT
NATIONAL WEATHER SERVICE BOISE ID
331 AM MDT FRI MAY 26 2017


...................................

...THE BURNS OR CLIMATE SUMMARY FOR MAY 25 2017...

CLIMATE NORMAL PERIOD 1981 TO 2010
CLIMATE RECORD PERIOD 1938 TO 2017


WEATHER ITEM   OBSERVED TIME   RECORD YEAR NORMAL DEPARTURE LAST
                VALUE   (LST)  VALUE       VALUE  FROM      YEAR
                                                  NORMAL
..................................................................
TEMPERATURE (F)
 YESTERDAY
  MAXIMUM         57    520 PM  90    1992  69    -12       67
  MINIMUM         33    436 AM  23    1975  39     -6       43
  AVERAGE         45                        54     -9       55

PRECIPITATION (IN)
  YESTERDAY        T             0.49 2011   0.04  -0.04     0.00
  MONTH TO DATE    0.36                      0.97  -0.61     0.69
  SINCE OCT 1     11.75                      8.70   3.05     8.72
  SINCE JAN 1      8.24                      5.20   3.04     3.85

DEGREE DAYS
 HEATING
  YESTERDAY       20                        12      8       10
  MONTH TO DATE  380                       364     16      331
  SINCE MAR 1   1870                      1876     -6     1547
  SINCE JUL 1   7744                      7404    340     6708

 COOLING
  YESTERDAY        0                         0      0        0
  MONTH TO DATE    0                         0      0        0
  SINCE MAR 1      0                         0      0        0
  SINCE JAN 1      0                         0      0        0
..................................................................


WIND (MPH)
  HIGHEST WIND SPEED    16   HIGHEST WIND DIRECTION     N (340)
  HIGHEST GUST SPEED    20   HIGHEST GUST DIRECTION    NW (330)
  AVERAGE WIND SPEED     5.9


SKY COVER
  POSSIBLE SUNSHINE  MM
  AVERAGE SKY COVER 0.3


WEATHER CONDITIONS
 THE FOLLOWING WEATHER WAS RECORDED YESTERDAY.
  NO SIGNIFICANT WEATHER WAS OBSERVED.


RELATIVE HUMIDITY (PERCENT)
 HIGHEST    85          1000 PM
 LOWEST     35          1000 AM
 AVERAGE    60

..........................................................


THE BURNS OR CLIMATE NORMALS FOR TODAY
                         NORMAL    RECORD    YEAR
 MAXIMUM TEMPERATURE (F)   69        89      1986
 MINIMUM TEMPERATURE (F)   39        29      1989


SUNRISE AND SUNSET
MAY 26 2017...........SUNRISE   521 AM PDT   SUNSET   825 PM PDT
MAY 27 2017...........SUNRISE   520 AM PDT   SUNSET   826 PM PDT


-  INDICATES NEGATIVE NUMBERS.
R  INDICATES RECORD WAS SET OR TIED.
MM INDICATES DATA IS MISSING.
T  INDICATES TRACE AMOUNT.




$$
