000
CDUS45 KBOI 070121
CLIBNO


CLIMATE REPORT
NATIONAL WEATHER SERVICE BOISE ID
721 PM MDT MON JUL 6 2015


...................................

...THE BURNS OR CLIMATE SUMMARY FOR JULY 6 2015...
VALID TODAY AS OF 0600 PM LOCAL TIME.

CLIMATE NORMAL PERIOD 1981 TO 2010
CLIMATE RECORD PERIOD 1938 TO 2015


WEATHER ITEM   OBSERVED TIME   RECORD YEAR NORMAL DEPARTURE LAST
                VALUE   (LST)  VALUE       VALUE  FROM      YEAR
                                                  NORMAL
..................................................................
TEMPERATURE (F)
 TODAY
  MAXIMUM         87    324 PM  97    2014  83      4       97
                                      2007
  MINIMUM         57    406 AM  30    1988  46     11       50
                                      1986
  AVERAGE         72                        65      7       74

PRECIPITATION (IN)
  TODAY            0.00          0.23 1981   0.01  -0.01     0.00
  MONTH TO DATE    0.00                      0.08  -0.08      T
  SINCE OCT 1      8.56                      9.80  -1.24     6.37
  SINCE JAN 1      4.06                      6.30  -2.24     5.40

DEGREE DAYS
 HEATING
  TODAY            0                         3     -3        0
  MONTH TO DATE    0                        19    -19        0
  SINCE JUN 1     49                       237   -188      185
  SINCE JUL 1      0                        19    -19        0

 COOLING
  TODAY            7                         2      5        9
  MONTH TO DATE   66                        12     54       37
  SINCE JUN 1    176                        32    144       45
  SINCE JAN 1    179                        35    144       45
..................................................................


WIND (MPH)
  HIGHEST WIND SPEED    10   HIGHEST WIND DIRECTION    SW (230)
  HIGHEST GUST SPEED    13   HIGHEST GUST DIRECTION     S (160)
  AVERAGE WIND SPEED     3.5



WEATHER CONDITIONS
 THE FOLLOWING WEATHER WAS RECORDED TODAY.
  NO SIGNIFICANT WEATHER WAS OBSERVED.


RELATIVE HUMIDITY (PERCENT)
 HIGHEST    67           300 AM
 LOWEST     21           400 PM
 AVERAGE    44

..........................................................


THE BURNS OR CLIMATE NORMALS FOR TOMORROW
                         NORMAL    RECORD    YEAR
 MAXIMUM TEMPERATURE (F)   84        97      1968
 MINIMUM TEMPERATURE (F)   46        33      1993


SUNRISE AND SUNSET
JULY  6 2015..........SUNRISE   521 AM PDT   SUNSET   840 PM PDT
JULY  7 2015..........SUNRISE   522 AM PDT   SUNSET   839 PM PDT


-  INDICATES NEGATIVE NUMBERS.
R  INDICATES RECORD WAS SET OR TIED.
MM INDICATES DATA IS MISSING.
T  INDICATES TRACE AMOUNT.




$$
