000
CDUS45 KBOI 260931
CLIBOI


CLIMATE REPORT
NATIONAL WEATHER SERVICE BOISE ID
230 AM MST MON JAN 26 2015


...................................

...THE BOISE ID CLIMATE SUMMARY FOR JANUARY 25 2015...

CLIMATE NORMAL PERIOD 1981 TO 2010
CLIMATE RECORD PERIOD 1878 TO 2015


WEATHER ITEM   OBSERVED TIME   RECORD YEAR NORMAL DEPARTURE LAST
                VALUE   (LST)  VALUE       VALUE  FROM      YEAR
                                                  NORMAL
..................................................................
TEMPERATURE (F)
 YESTERDAY
  MAXIMUM         46    354 PM  59    1953  39      7       25
  MINIMUM         27    834 AM  -6    1898  26      1       22
  AVERAGE         37                        32      5       24

PRECIPITATION (IN)
  YESTERDAY        0.00          0.40 1879   0.04  -0.04      T
  MONTH TO DATE    0.79                      1.04  -0.25     0.32
  SINCE OCT 1      6.70                      4.69   2.01     3.23
  SINCE JAN 1      0.79                      1.04  -0.25     0.32

SNOWFALL (IN)
  YESTERDAY        0.0           7.5  1929   0.1   -0.1       T
  MONTH TO DATE    1.1                       4.3   -3.2      3.1
  SINCE OCT 1     13.1                      14.0   -0.9     10.0
  SINCE JUL 1     13.1                      14.0   -0.9     10.0
  SNOW DEPTH       0

DEGREE DAYS
 HEATING
  YESTERDAY       28                        33     -5       41
  MONTH TO DATE  853                       853      0      851
  SINCE DEC 1   1703                      1914   -211     2115
  SINCE JUL 1   2842                      3168   -326     3409

 COOLING
  YESTERDAY        0                         0      0        0
  MONTH TO DATE    0                         0      0        0
  SINCE DEC 1      0                         0      0        0
  SINCE JAN 1      0                         0      0        0
..................................................................


WIND (MPH)
  HIGHEST WIND SPEED    10   HIGHEST WIND DIRECTION     W (280)
  HIGHEST GUST SPEED    12   HIGHEST GUST DIRECTION     W (280)
  AVERAGE WIND SPEED     2.2


SKY COVER
  POSSIBLE SUNSHINE  MM
  AVERAGE SKY COVER 0.0


WEATHER CONDITIONS
 THE FOLLOWING WEATHER WAS RECORDED YESTERDAY.
  FOG
  HAZE


RELATIVE HUMIDITY (PERCENT)
 HIGHEST    92          1200 AM
 LOWEST     70           100 PM
 AVERAGE    81

..........................................................


THE BOISE ID CLIMATE NORMALS FOR TODAY
                         NORMAL    RECORD    YEAR
 MAXIMUM TEMPERATURE (F)   39        57      1896
 MINIMUM TEMPERATURE (F)   26        -8      1979
                                             1957
                                             1902


SUNRISE AND SUNSET
JANUARY 26 2015.......SUNRISE   807 AM MST   SUNSET   548 PM MST
JANUARY 27 2015.......SUNRISE   806 AM MST   SUNSET   549 PM MST


-  INDICATES NEGATIVE NUMBERS.
R  INDICATES RECORD WAS SET OR TIED.
MM INDICATES DATA IS MISSING.
T  INDICATES TRACE AMOUNT.




$$
