000
CDUS45 KBOI 150931
CLIBOI


CLIMATE REPORT
NATIONAL WEATHER SERVICE BOISE ID
231 AM MST FRI DEC 15 2017


...................................

...THE BOISE ID CLIMATE SUMMARY FOR DECEMBER 14 2017...

CLIMATE NORMAL PERIOD 1981 TO 2010
CLIMATE RECORD PERIOD 1875 TO 2017


WEATHER ITEM   OBSERVED TIME   RECORD YEAR NORMAL DEPARTURE LAST
                VALUE   (LST)  VALUE       VALUE  FROM      YEAR
                                                  NORMAL
..................................................................
TEMPERATURE (F)
 YESTERDAY
  MAXIMUM         27   1159 PM  64    1929  37    -10       36
  MINIMUM         25   1142 AM  -9    1972  24      1       25
  AVERAGE         26                        30     -4       31

PRECIPITATION (IN)
  YESTERDAY        T             0.84 1897   0.05  -0.05     0.19
  MONTH TO DATE    0.35                      0.69  -0.34     1.12
  SINCE OCT 1      2.72                      2.79  -0.07     2.63
  SINCE JAN 1     14.70                     10.87   3.83     7.81

SNOWFALL (IN)
  YESTERDAY        T             1.9  2016   0.2   -0.2      1.9
  MONTH TO DATE    0.1                       2.8   -2.7      3.4
  SINCE OCT 1      0.1                       5.5   -5.4      3.4
  SINCE JUL 1      0.1                       5.5   -5.4      3.4
  SNOW DEPTH       0

DEGREE DAYS
 HEATING
  YESTERDAY       39                        35      4       34
  MONTH TO DATE  503                       463     40      493
  SINCE DEC 1    503                       463     40      493
  SINCE JUL 1   1727                      1717     10     1398

 COOLING
  YESTERDAY        0                         0      0        0
  MONTH TO DATE    0                         0      0        0
  SINCE DEC 1      0                         0      0        0
  SINCE JAN 1   1341                       942    399     1001
..................................................................


WIND (MPH)
  HIGHEST WIND SPEED    16   HIGHEST WIND DIRECTION     S (160)
  HIGHEST GUST SPEED    22   HIGHEST GUST DIRECTION    SE (150)
  AVERAGE WIND SPEED     6.7


SKY COVER
  POSSIBLE SUNSHINE  MM
  AVERAGE SKY COVER 1.0


WEATHER CONDITIONS
 THE FOLLOWING WEATHER WAS RECORDED YESTERDAY.
  LIGHT SNOW
  FOG
  HAZE


RELATIVE HUMIDITY (PERCENT)
 HIGHEST    92          1000 PM
 LOWEST     81           100 AM
 AVERAGE    87

..........................................................


THE BOISE ID CLIMATE NORMALS FOR TODAY
                         NORMAL    RECORD    YEAR
 MAXIMUM TEMPERATURE (F)   37        60      1929
 MINIMUM TEMPERATURE (F)   24        -7      1972


SUNRISE AND SUNSET
DECEMBER 15 2017......SUNRISE   811 AM MST   SUNSET   509 PM MST
DECEMBER 16 2017......SUNRISE   812 AM MST   SUNSET   509 PM MST


-  INDICATES NEGATIVE NUMBERS.
R  INDICATES RECORD WAS SET OR TIED.
MM INDICATES DATA IS MISSING.
T  INDICATES TRACE AMOUNT.




$$
