000
CDUS45 KBOI 030122
CLIBOI


CLIMATE REPORT
NATIONAL WEATHER SERVICE BOISE ID
722 PM MDT THU JUL 2 2015


...................................

...THE BOISE ID CLIMATE SUMMARY FOR JULY 2 2015...
VALID TODAY AS OF 0600 PM LOCAL TIME.

CLIMATE NORMAL PERIOD 1981 TO 2010
CLIMATE RECORD PERIOD 1878 TO 2015


WEATHER ITEM   OBSERVED TIME   RECORD YEAR NORMAL DEPARTURE LAST
                VALUE   (LST)  VALUE       VALUE  FROM      YEAR
                                                  NORMAL
..................................................................
TEMPERATURE (F)
 TODAY
  MAXIMUM        104    452 PM 105    2013  88     16      100
                                      1924
  MINIMUM         69    520 AM  40    1898  58     11       65
  AVERAGE         87                        73     14       83

PRECIPITATION (IN)
  TODAY            0.00          0.48 1916   0.02  -0.02     0.00
  MONTH TO DATE    0.00                      0.03  -0.03     0.00
  SINCE OCT 1     10.87                     10.61   0.26    11.28
  SINCE JAN 1      4.96                      6.96  -2.00     8.37

DEGREE DAYS
 HEATING
  TODAY            0                         1     -1        0
  MONTH TO DATE    0                         2     -2        0
  SINCE JUN 1      2                        66    -64       36
  SINCE JUL 1      0                         2     -2        0

 COOLING
  TODAY           22                         8     14       18
  MONTH TO DATE   43                        16     27       31
  SINCE JUN 1    381                       155    226      143
  SINCE JAN 1    416                       199    217      167
..................................................................


WIND (MPH)
  HIGHEST WIND SPEED    16   HIGHEST WIND DIRECTION    NW (320)
  HIGHEST GUST SPEED    21   HIGHEST GUST DIRECTION     W (280)
  AVERAGE WIND SPEED     6.6



WEATHER CONDITIONS
 THE FOLLOWING WEATHER WAS RECORDED TODAY.
  NO SIGNIFICANT WEATHER WAS OBSERVED.


RELATIVE HUMIDITY (PERCENT)
 HIGHEST    47           400 AM
 LOWEST     13           200 PM
 AVERAGE    30

..........................................................


THE BOISE ID CLIMATE NORMALS FOR TOMORROW
                         NORMAL    RECORD    YEAR
 MAXIMUM TEMPERATURE (F)   88       106      2001
 MINIMUM TEMPERATURE (F)   58        40      1990
                                             1983
                                             1921


SUNRISE AND SUNSET
JULY  2 2015..........SUNRISE   608 AM MDT   SUNSET   930 PM MDT
JULY  3 2015..........SUNRISE   609 AM MDT   SUNSET   929 PM MDT


-  INDICATES NEGATIVE NUMBERS.
R  INDICATES RECORD WAS SET OR TIED.
MM INDICATES DATA IS MISSING.
T  INDICATES TRACE AMOUNT.




$$
