000
CDUS45 KBOI 190937
CLIBOI


CLIMATE REPORT
NATIONAL WEATHER SERVICE BOISE ID
337 AM MDT THU OCT 19 2017


...................................

...THE BOISE ID CLIMATE SUMMARY FOR OCTOBER 18 2017...

CLIMATE NORMAL PERIOD 1981 TO 2010
CLIMATE RECORD PERIOD 1875 TO 2017


WEATHER ITEM   OBSERVED TIME   RECORD YEAR NORMAL DEPARTURE LAST
                VALUE   (LST)  VALUE       VALUE  FROM      YEAR
                                                  NORMAL
..................................................................
TEMPERATURE (F)
 YESTERDAY
  MAXIMUM         76    405 PM  82    2003  64     12       53
  MINIMUM         38    348 AM  22    1984  40     -2       44
  AVERAGE         57                        52      5       49

PRECIPITATION (IN)
  YESTERDAY        0.00          1.06 1899   0.03  -0.03     0.38
  MONTH TO DATE    0.23                      0.39  -0.16     0.68
  SINCE OCT 1      0.23                      0.39  -0.16     0.68
  SINCE JAN 1     12.21                      8.47   3.74     5.86

SNOWFALL (IN)
  YESTERDAY        0.0           0.1  1905   0.0    0.0      0.0
  MONTH TO DATE    T                         0.0    0.0      0.0
  SINCE OCT 1      T                         0.0    0.0      0.0
  SINCE JUL 1      T                         0.0    0.0      0.0
  SNOW DEPTH       0

DEGREE DAYS
 HEATING
  YESTERDAY        8                        13     -5       16
  MONTH TO DATE  281                       179    102      147
  SINCE SEP 1    412                       282    130      236
  SINCE JUL 1    412                       300    112      244

 COOLING
  YESTERDAY        0                         0      0        0
  MONTH TO DATE    0                         7     -7        1
  SINCE SEP 1    175                       107     68       64
  SINCE JAN 1   1341                       941    400     1001
..................................................................


WIND (MPH)
  HIGHEST WIND SPEED    15   HIGHEST WIND DIRECTION    SE (130)
  HIGHEST GUST SPEED    22   HIGHEST GUST DIRECTION    SE (130)
  AVERAGE WIND SPEED     8.6


SKY COVER
  POSSIBLE SUNSHINE  MM
  AVERAGE SKY COVER 0.0


WEATHER CONDITIONS
 THE FOLLOWING WEATHER WAS RECORDED YESTERDAY.
  NO SIGNIFICANT WEATHER WAS OBSERVED.


RELATIVE HUMIDITY (PERCENT)
 HIGHEST    65           400 AM
 LOWEST     16           400 PM
 AVERAGE    41

..........................................................


THE BOISE ID CLIMATE NORMALS FOR TODAY
                         NORMAL    RECORD    YEAR
 MAXIMUM TEMPERATURE (F)   63        83      1927
 MINIMUM TEMPERATURE (F)   40        23      1905


SUNRISE AND SUNSET
OCTOBER 19 2017.......SUNRISE   804 AM MDT   SUNSET   655 PM MDT
OCTOBER 20 2017.......SUNRISE   806 AM MDT   SUNSET   653 PM MDT


-  INDICATES NEGATIVE NUMBERS.
R  INDICATES RECORD WAS SET OR TIED.
MM INDICATES DATA IS MISSING.
T  INDICATES TRACE AMOUNT.




$$
