000
CDUS45 KBOI 300121
CLIBOI


CLIMATE REPORT
NATIONAL WEATHER SERVICE BOISE ID
721 PM MDT FRI MAY 29 2015


...................................

...THE BOISE ID CLIMATE SUMMARY FOR MAY 29 2015...
VALID TODAY AS OF 0600 PM LOCAL TIME.

CLIMATE NORMAL PERIOD 1981 TO 2010
CLIMATE RECORD PERIOD 1878 TO 2015


WEATHER ITEM   OBSERVED TIME   RECORD YEAR NORMAL DEPARTURE LAST
                VALUE   (LST)  VALUE       VALUE  FROM      YEAR
                                                  NORMAL
..................................................................
TEMPERATURE (F)
 TODAY
  MAXIMUM         86    503 PM 100    1897  76     10       71
  MINIMUM         57    600 AM  32    1976  50      7       40
  AVERAGE         72                        63      9       56

PRECIPITATION (IN)
  TODAY            0.00          1.77 1990   0.05  -0.05     0.00
  MONTH TO DATE    1.50                      1.31   0.19     0.60
  SINCE OCT 1     10.70                      9.81   0.89    11.01
  SINCE JAN 1      4.79                      6.16  -1.37     8.10

DEGREE DAYS
 HEATING
  TODAY            0                         4     -4        9
  MONTH TO DATE  117                       217   -100      146
  SINCE MAR 1    991                      1282   -291     1165
  SINCE JUL 1   4586                      5441   -855     5505

 COOLING
  TODAY            7                         2      5        0
  MONTH TO DATE   15                        37    -22       24
  SINCE MAR 1     15                        40    -25       24
  SINCE JAN 1     15                        40    -25       24
..................................................................


WIND (MPH)
  HIGHEST WIND SPEED    22   HIGHEST WIND DIRECTION     S (170)
  HIGHEST GUST SPEED    30   HIGHEST GUST DIRECTION     S (160)
  AVERAGE WIND SPEED    10.2



WEATHER CONDITIONS
 THE FOLLOWING WEATHER WAS RECORDED TODAY.
  NO SIGNIFICANT WEATHER WAS OBSERVED.


RELATIVE HUMIDITY (PERCENT)
 HIGHEST    67           400 AM
 LOWEST     16           300 PM
 AVERAGE    42

..........................................................


THE BOISE ID CLIMATE NORMALS FOR TOMORROW
                         NORMAL    RECORD    YEAR
 MAXIMUM TEMPERATURE (F)   76        98      1986
 MINIMUM TEMPERATURE (F)   50        33      1979
                                             1919


SUNRISE AND SUNSET
MAY 29 2015...........SUNRISE   608 AM MDT   SUNSET   917 PM MDT
MAY 30 2015...........SUNRISE   608 AM MDT   SUNSET   917 PM MDT


-  INDICATES NEGATIVE NUMBERS.
R  INDICATES RECORD WAS SET OR TIED.
MM INDICATES DATA IS MISSING.
T  INDICATES TRACE AMOUNT.




$$
