592
CDUS45 KBOI 250122
CLIBOI


CLIMATE REPORT
NATIONAL WEATHER SERVICE BOISE ID
622 PM MST FRI FEB 24 2017


...................................

...THE BOISE ID CLIMATE SUMMARY FOR FEBRUARY 24 2017...
VALID TODAY AS OF 0600 PM LOCAL TIME.

CLIMATE NORMAL PERIOD 1981 TO 2010
CLIMATE RECORD PERIOD 1875 TO 2017


WEATHER ITEM   OBSERVED TIME   RECORD YEAR NORMAL DEPARTURE LAST
                VALUE   (LST)  VALUE       VALUE  FROM      YEAR
                                                  NORMAL
..................................................................
TEMPERATURE (F)
 TODAY
  MAXIMUM         37        MM  68    1986  48    -11       54
  MINIMUM         MM        MM  10    1894  30     MM       30
  AVERAGE         MM                        39     MM       42

PRECIPITATION (IN)
  TODAY            0.00          0.69 1902   0.04  -0.04     0.00
  MONTH TO DATE    1.13                      0.84   0.29     0.49
  SINCE OCT 1      7.59                      5.73   1.86     5.66
  SINCE JAN 1      4.09                      2.08   2.01     1.32

DEGREE DAYS
 HEATING
  TODAY           MM                        26     MM       23
  MONTH TO DATE  590                       697   -107      596
  SINCE DEC 1   3219                      2804    415     2585
  SINCE JUL 1   4124                      4058     66     3657

 COOLING
  TODAY           MM                         0     MM        0
  MONTH TO DATE    0                         0      0        0
  SINCE DEC 1      0                         0      0        0
  SINCE JAN 1      0                         0      0        0
..................................................................


WIND (MPH)
  HIGHEST WIND SPEED    21   HIGHEST WIND DIRECTION    NW (320)
  HIGHEST GUST SPEED    27   HIGHEST GUST DIRECTION    NW (320)
  AVERAGE WIND SPEED    12.1



WEATHER CONDITIONS
 THE FOLLOWING WEATHER WAS RECORDED TODAY.
  NO SIGNIFICANT WEATHER WAS OBSERVED.


RELATIVE HUMIDITY (PERCENT)
 HIGHEST    85           100 AM
 LOWEST     40           500 PM
 AVERAGE    63

..........................................................


THE BOISE ID CLIMATE NORMALS FOR TOMORROW
                         NORMAL    RECORD    YEAR
 MAXIMUM TEMPERATURE (F)   48        70      1986
 MINIMUM TEMPERATURE (F)   30        10      1890


SUNRISE AND SUNSET
FEBRUARY 24 2017......SUNRISE   729 AM MST   SUNSET   628 PM MST
FEBRUARY 25 2017......SUNRISE   727 AM MST   SUNSET   629 PM MST


-  INDICATES NEGATIVE NUMBERS.
R  INDICATES RECORD WAS SET OR TIED.
MM INDICATES DATA IS MISSING.
T  INDICATES TRACE AMOUNT.




$$
