000
CDUS45 KBOI 230122
CLIBOI


CLIMATE REPORT
NATIONAL WEATHER SERVICE BOISE ID
722 PM MDT TUE AUG 22 2017


...................................

...THE BOISE ID CLIMATE SUMMARY FOR AUGUST 22 2017...
VALID TODAY AS OF 0600 PM LOCAL TIME.

CLIMATE NORMAL PERIOD 1981 TO 2010
CLIMATE RECORD PERIOD 1875 TO 2017


WEATHER ITEM   OBSERVED TIME   RECORD YEAR NORMAL DEPARTURE LAST
                VALUE   (LST)  VALUE       VALUE  FROM      YEAR
                                                  NORMAL
..................................................................
TEMPERATURE (F)
 TODAY
  MAXIMUM         93    507 PM 101    1950  88      5       86
  MINIMUM         62    645 AM  39    1892  59      3       58
  AVERAGE         78                        73      5       72

PRECIPITATION (IN)
  TODAY            0.00          0.70 1984   0.01  -0.01     0.00
  MONTH TO DATE    0.08                      0.16  -0.08      T
  SINCE OCT 1     14.78                     11.07   3.71     9.31
  SINCE JAN 1     11.28                      7.42   3.86     4.97

DEGREE DAYS
 HEATING
  TODAY            0                         0      0        0
  MONTH TO DATE    0                         0      0        0
  SINCE JUN 1     45                        72    -27       45
  SINCE JUL 1      0                         8     -8        8

 COOLING
  TODAY           13                         9      4        7
  MONTH TO DATE  277                       240     37      247
  SINCE JUN 1    969                       721    248      833
  SINCE JAN 1   1031                       765    266      864
..................................................................


WIND (MPH)
  HIGHEST WIND SPEED    12   HIGHEST WIND DIRECTION    SE (130)
  HIGHEST GUST SPEED    15   HIGHEST GUST DIRECTION    SE (140)
  AVERAGE WIND SPEED     6.3



WEATHER CONDITIONS
 THE FOLLOWING WEATHER WAS RECORDED TODAY.
  NO SIGNIFICANT WEATHER WAS OBSERVED.


RELATIVE HUMIDITY (PERCENT)
 HIGHEST    43           700 AM
 LOWEST     18           200 PM
 AVERAGE    31

..........................................................


THE BOISE ID CLIMATE NORMALS FOR TOMORROW
                         NORMAL    RECORD    YEAR
 MAXIMUM TEMPERATURE (F)   88       107      1969
 MINIMUM TEMPERATURE (F)   58        37      1892


SUNRISE AND SUNSET
AUGUST 22 2017........SUNRISE   658 AM MDT   SUNSET   837 PM MDT
AUGUST 23 2017........SUNRISE   659 AM MDT   SUNSET   835 PM MDT


-  INDICATES NEGATIVE NUMBERS.
R  INDICATES RECORD WAS SET OR TIED.
MM INDICATES DATA IS MISSING.
T  INDICATES TRACE AMOUNT.




$$
