000
CDUS45 KBOI 240122
CLIBOI


CLIMATE REPORT
NATIONAL WEATHER SERVICE BOISE ID
621 PM MST SUN NOV 23 2014


...................................

...THE BOISE ID CLIMATE SUMMARY FOR NOVEMBER 23 2014...
VALID TODAY AS OF 0600 PM LOCAL TIME.

CLIMATE NORMAL PERIOD 1981 TO 2010
CLIMATE RECORD PERIOD 1878 TO 2014


WEATHER ITEM   OBSERVED TIME   RECORD YEAR NORMAL DEPARTURE LAST
                VALUE   (LST)  VALUE       VALUE  FROM      YEAR
                                                  NORMAL
..................................................................
TEMPERATURE (F)
 TODAY
  MAXIMUM         46    358 PM  64    1897  44      2       38
  MINIMUM         28    559 AM   2    1985  30     -2       23
  AVERAGE         37                        37      0       31

PRECIPITATION (IN)
  TODAY            0.00          0.56 1949   0.05  -0.05     0.00
  MONTH TO DATE    2.12                      1.01   1.11     1.49
  SINCE OCT 1      2.52                      1.76   0.76     2.25
  SINCE JAN 1     12.05                      9.84   2.21     8.91

DEGREE DAYS
 HEATING
  TODAY           28                        28      0       34
  MONTH TO DATE  720                       540    180      551
  SINCE SEP 1    985                      1028    -43     1094
  SINCE JUL 1    989                      1046    -57     1094

 COOLING
  TODAY            0                         0      0        0
  MONTH TO DATE    0                         0      0        0
  SINCE SEP 1    146                       108     38      148
  SINCE JAN 1   1129                       942    187     1320
..................................................................


WIND (MPH)
  HIGHEST WIND SPEED    10   HIGHEST WIND DIRECTION     W (280)
  HIGHEST GUST SPEED    13   HIGHEST GUST DIRECTION     W (290)
  AVERAGE WIND SPEED     3.1



WEATHER CONDITIONS
 THE FOLLOWING WEATHER WAS RECORDED TODAY.
  NO SIGNIFICANT WEATHER WAS OBSERVED.


RELATIVE HUMIDITY (PERCENT)
 HIGHEST    85           400 AM
 LOWEST     53           100 PM
 AVERAGE    69

..........................................................


THE BOISE ID CLIMATE NORMALS FOR TOMORROW
                         NORMAL    RECORD    YEAR
 MAXIMUM TEMPERATURE (F)   44        62      1990
                                             1949
 MINIMUM TEMPERATURE (F)   29         0      1993


SUNRISE AND SUNSET
NOVEMBER 23 2014......SUNRISE   749 AM MST   SUNSET   513 PM MST
NOVEMBER 24 2014......SUNRISE   750 AM MST   SUNSET   513 PM MST


-  INDICATES NEGATIVE NUMBERS.
R  INDICATES RECORD WAS SET OR TIED.
MM INDICATES DATA IS MISSING.
T  INDICATES TRACE AMOUNT.




$$
