000
CDUS45 KBOI 270937
CLIBOI


CLIMATE REPORT
NATIONAL WEATHER SERVICE BOISE ID
337 AM MDT MON MAR 27 2017


...................................

...THE BOISE ID CLIMATE SUMMARY FOR MARCH 26 2017...

CLIMATE NORMAL PERIOD 1981 TO 2010
CLIMATE RECORD PERIOD 1875 TO 2017


WEATHER ITEM   OBSERVED TIME   RECORD YEAR NORMAL DEPARTURE LAST
                VALUE   (LST)  VALUE       VALUE  FROM      YEAR
                                                  NORMAL
..................................................................
TEMPERATURE (F)
 YESTERDAY
  MAXIMUM         58   1241 PM  82    1877  57      1       52
  MINIMUM         39    624 AM  18    1913  36      3       27
  AVERAGE         49                        47      2       40

PRECIPITATION (IN)
  YESTERDAY        0.03          0.70 1945   0.05  -0.02     0.00
  MONTH TO DATE    1.01                      1.16  -0.15     1.46
  SINCE OCT 1      8.69                      7.04   1.65     7.30
  SINCE JAN 1      5.19                      3.39   1.80     2.96

SNOWFALL (IN)
  YESTERDAY        0.0           0.8  1901   0.1   -0.1      0.0
  MONTH TO DATE    0.2                       1.2   -1.0       T
  SINCE OCT 1     39.0                      18.8   20.2     10.9
  SINCE JUL 1     39.0                      18.8   20.2     10.9
  SNOW DEPTH       0

DEGREE DAYS
 HEATING
  YESTERDAY       16                        18     -2       25
  MONTH TO DATE  400                       548   -148      448
  SINCE MAR 1    400                       548   -148      448
  SINCE JUL 1   4687                      4707    -20     4197

 COOLING
  YESTERDAY        0                         0      0        0
  MONTH TO DATE    0                         0      0        0
  SINCE MAR 1      0                         0      0        0
  SINCE JAN 1      0                         0      0        0
..................................................................


WIND (MPH)
  HIGHEST WIND SPEED    30   HIGHEST WIND DIRECTION     S (190)
  HIGHEST GUST SPEED    36   HIGHEST GUST DIRECTION     S (200)
  AVERAGE WIND SPEED    11.4


SKY COVER
  POSSIBLE SUNSHINE  MM
  AVERAGE SKY COVER 0.3


WEATHER CONDITIONS
 THE FOLLOWING WEATHER WAS RECORDED YESTERDAY.
  LIGHT RAIN


RELATIVE HUMIDITY (PERCENT)
 HIGHEST    65           100 AM
 LOWEST     33          1200 PM
 AVERAGE    49

..........................................................


THE BOISE ID CLIMATE NORMALS FOR TODAY
                         NORMAL    RECORD    YEAR
 MAXIMUM TEMPERATURE (F)   58        78      1877
 MINIMUM TEMPERATURE (F)   37        14      1944


SUNRISE AND SUNSET
MARCH 27 2017.........SUNRISE   735 AM MDT   SUNSET   806 PM MDT
MARCH 28 2017.........SUNRISE   733 AM MDT   SUNSET   807 PM MDT


-  INDICATES NEGATIVE NUMBERS.
R  INDICATES RECORD WAS SET OR TIED.
MM INDICATES DATA IS MISSING.
T  INDICATES TRACE AMOUNT.




$$
