000
CDUS45 KBOI 270933
CLIBOI


CLIMATE REPORT
NATIONAL WEATHER SERVICE BOISE ID
332 AM MDT FRI MAY 27 2016


...................................

...THE BOISE ID CLIMATE SUMMARY FOR MAY 26 2016...

CLIMATE NORMAL PERIOD 1981 TO 2010
CLIMATE RECORD PERIOD 1875 TO 2016


WEATHER ITEM   OBSERVED TIME   RECORD YEAR NORMAL DEPARTURE LAST
                VALUE   (LST)  VALUE       VALUE  FROM      YEAR
                                                  NORMAL
..................................................................
TEMPERATURE (F)
 YESTERDAY
  MAXIMUM         75    503 PM  98    1966  75      0       78
  MINIMUM         46    547 AM  33    1973  49     -3       51
                                      1922
  AVERAGE         61                        62     -1       65

PRECIPITATION (IN)
  YESTERDAY        0.00          0.97 1998   0.04  -0.04     0.01
  MONTH TO DATE    0.87                      1.18  -0.31     1.43
  SINCE OCT 1      8.86                      9.68  -0.82    10.63
  SINCE JAN 1      4.52                      6.03  -1.51     4.72

SNOWFALL (IN)
  YESTERDAY        0.0           0.1  1922   0.0    0.0      0.0
  MONTH TO DATE    0.0                       0.0    0.0      0.0
  SINCE OCT 1     10.9                      19.2   -8.3     13.3
  SINCE JUL 1     10.9                      19.2   -8.3     13.3
  SNOW DEPTH       0

DEGREE DAYS
 HEATING
  YESTERDAY        4                         5     -1        0
  MONTH TO DATE  123                       203    -80      116
  SINCE MAR 1    912                      1268   -356      990
  SINCE JUL 1   4661                      5427   -766     4585

 COOLING
  YESTERDAY        0                         2     -2        0
  MONTH TO DATE   25                        31     -6        8
  SINCE MAR 1     30                        34     -4        8
  SINCE JAN 1     30                        34     -4        8
..................................................................


WIND (MPH)
  HIGHEST WIND SPEED    18   HIGHEST WIND DIRECTION    NW (300)
  HIGHEST GUST SPEED    23   HIGHEST GUST DIRECTION    NW (300)
  AVERAGE WIND SPEED     7.3


SKY COVER
  POSSIBLE SUNSHINE  MM
  AVERAGE SKY COVER 0.1


WEATHER CONDITIONS
 THE FOLLOWING WEATHER WAS RECORDED YESTERDAY.
  NO SIGNIFICANT WEATHER WAS OBSERVED.


RELATIVE HUMIDITY (PERCENT)
 HIGHEST    82           500 AM
 LOWEST     22           200 PM
 AVERAGE    52

..........................................................


THE BOISE ID CLIMATE NORMALS FOR TODAY
                         NORMAL    RECORD    YEAR
 MAXIMUM TEMPERATURE (F)   75        94      1983
 MINIMUM TEMPERATURE (F)   49        32      1991


SUNRISE AND SUNSET
MAY 27 2016...........SUNRISE   609 AM MDT   SUNSET   916 PM MDT
MAY 28 2016...........SUNRISE   609 AM MDT   SUNSET   916 PM MDT


-  INDICATES NEGATIVE NUMBERS.
R  INDICATES RECORD WAS SET OR TIED.
MM INDICATES DATA IS MISSING.
T  INDICATES TRACE AMOUNT.




$$
