000
CDUS41 KBOX 280530
CLIBOS


CLIMATE REPORT
NATIONAL WEATHER SERVICE TAUNTON MA
130 AM EDT FRI APR 28 2017


...................................

...THE BOSTON MA CLIMATE SUMMARY FOR APRIL 27 2017...

CLIMATE NORMAL PERIOD 1981 TO 2010
CLIMATE RECORD PERIOD 1872 TO 2017


WEATHER ITEM   OBSERVED TIME   RECORD YEAR NORMAL DEPARTURE LAST
                VALUE   (LST)  VALUE       VALUE  FROM      YEAR
                                                  NORMAL
..................................................................
TEMPERATURE (F)
 YESTERDAY
  MAXIMUM         59   1148 PM  92    1990  60     -1       62
  MINIMUM         50    607 PM  33    1993  44      6       37
                                      1909
                                      1882
  AVERAGE         55                        52      3       50

PRECIPITATION (IN)
  YESTERDAY        0.00          1.50 1882   0.12  -0.12     0.00
  MONTH TO DATE    5.71                      3.40   2.31     2.91
  SINCE MAR 1      9.89                      7.72   2.17     6.07
  SINCE JAN 1     17.36                     14.33   3.03    13.51

SNOWFALL (IN)
  YESTERDAY        0.0           2.1  1993   0.0    0.0      0.0
  MONTH TO DATE    1.2                       1.9   -0.7      6.6
  SINCE MAR 1     11.3                       9.7    1.6     10.7
  SINCE JUL 1     47.6                      43.8    3.8     36.1
  SNOW DEPTH      MM

DEGREE DAYS
 HEATING
  YESTERDAY       10                        13     -3       15
  MONTH TO DATE  403                       472    -69      483
  SINCE MAR 1   1354                      1301     53     1171
  SINCE JUL 1   4893                      5343   -450     4501

 COOLING
  YESTERDAY        0                         0      0        0
  MONTH TO DATE   10                         0     10        3
  SINCE MAR 1     10                         0     10        3
  SINCE JAN 1     10                         0     10        3
..................................................................


WIND (MPH)
  RESULTANT WIND SPEED   4   RESULTANT WIND DIRECTION   E (80)
  HIGHEST WIND SPEED    14   HIGHEST WIND DIRECTION     E (90)
  HIGHEST GUST SPEED    16   HIGHEST GUST DIRECTION     E (80)
  AVERAGE WIND SPEED     6.7


SKY COVER
  POSSIBLE SUNSHINE  MM
  AVERAGE SKY COVER 0.9


WEATHER CONDITIONS
 THE FOLLOWING WEATHER WAS RECORDED YESTERDAY.
  FOG
  FOG W/VISIBILITY <= 1/4 MILE


RELATIVE HUMIDITY (PERCENT)
 HIGHEST   100          1200 AM
 LOWEST     86          1000 AM
 AVERAGE    93

..........................................................


THE BOSTON MA CLIMATE NORMALS FOR TODAY
                         NORMAL    RECORD    YEAR
 MAXIMUM TEMPERATURE (F)   60        93      2009
 MINIMUM TEMPERATURE (F)   45        30      1947


SUNRISE AND SUNSET
APRIL 28 2017.........SUNRISE   543 AM EDT   SUNSET   741 PM EDT
APRIL 29 2017.........SUNRISE   542 AM EDT   SUNSET   742 PM EDT


-  INDICATES NEGATIVE NUMBERS.
R  INDICATES RECORD WAS SET OR TIED.
MM INDICATES DATA IS MISSING.
T  INDICATES TRACE AMOUNT.




$$
