000
CDUS41 KBOX 032138
CLIBOS


CLIMATE REPORT
NATIONAL WEATHER SERVICE TAUNTON MA
528 PM EDT MON AUG 3 2015


...................................

...THE BOSTON MA CLIMATE SUMMARY FOR AUGUST 3 2015...
VALID AS OF 0500 PM LOCAL TIME.

CLIMATE NORMAL PERIOD 1981 TO 2010
CLIMATE RECORD PERIOD 1872 TO 2015


WEATHER ITEM   OBSERVED TIME   RECORD YEAR NORMAL DEPARTURE LAST
                VALUE   (LST)  VALUE       VALUE  FROM      YEAR
                                                  NORMAL
..................................................................
TEMPERATURE (F)
 TODAY
  MAXIMUM         90    203 PM  98    1930  81      9       70
  MINIMUM         68    506 AM  55    1964  66      2       62
                                      1953
                                      1927
  AVERAGE         79                        74      5       66

PRECIPITATION (IN)
  TODAY            0.00          1.89 1875   0.12  -0.12      T
  MONTH TO DATE    T                         0.36  -0.36     0.03
  SINCE JUN 1      7.10                      7.47  -0.37     7.22
  SINCE JAN 1     20.59                     25.63  -5.04    25.17

SNOWFALL (IN)
  TODAY            0.0           0.0  2002   0.0    0.0      0.0
                                      2001
                                      2000
  MONTH TO DATE    0.0                       0.0    0.0      0.0
  SINCE JUN 1      0.0                       0.0    0.0      0.0
  SINCE JUL 1      0.0                       0.0    0.0      0.0
  SNOW DEPTH      MM

DEGREE DAYS
 HEATING
  TODAY            0                         0      0        0
  MONTH TO DATE    0                         0      0        0
  SINCE JUN 1     99                        61     38       28
  SINCE JUL 1      1                         6     -5        0

 COOLING
  TODAY           14                         9      5        1
  MONTH TO DATE   41                        27     14       12
  SINCE JUN 1    423                       429     -6      441
  SINCE JAN 1    484                       459     25      463
..................................................................


WIND (MPH)
  HIGHEST WIND SPEED    23   HIGHEST WIND DIRECTION     S (200)
  HIGHEST GUST SPEED    30   HIGHEST GUST DIRECTION    SW (220)
  AVERAGE WIND SPEED    12.7


SKY COVER
  POSSIBLE SUNSHINE  MM
  AVERAGE SKY COVER 0.2


WEATHER CONDITIONS
 THE FOLLOWING WEATHER WAS RECORDED TODAY.
  NO SIGNIFICANT WEATHER WAS OBSERVED.


RELATIVE HUMIDITY (PERCENT)
 HIGHEST   100           500 AM
 LOWEST     34           200 PM
 AVERAGE    67

..........................................................


THE BOSTON MA CLIMATE NORMALS FOR TOMORROW
                         NORMAL    RECORD    YEAR
 MAXIMUM TEMPERATURE (F)   81        96      1928
 MINIMUM TEMPERATURE (F)   66        52      1900


SUNRISE AND SUNSET
AUGUST  3 2015........SUNRISE   538 AM EDT   SUNSET   802 PM EDT
AUGUST  4 2015........SUNRISE   539 AM EDT   SUNSET   800 PM EDT


-  INDICATES NEGATIVE NUMBERS.
R  INDICATES RECORD WAS SET OR TIED.
MM INDICATES DATA IS MISSING.
T  INDICATES TRACE AMOUNT.




$$
