000
CDUS45 KRIW 070046
CLIBPI


CLIMATE REPORT
NATIONAL WEATHER SERVICE RIVERTON WY
536 PM MST FRI MAR 6 2015


...................................

...THE BIG PINEY WY CLIMATE SUMMARY FOR MARCH 6 2015...
VALID TODAY AS OF 0500 PM LOCAL TIME.

CLIMATE NORMAL PERIOD 1981 TO 2010
CLIMATE RECORD PERIOD 1976 TO 2015


WEATHER ITEM   OBSERVED TIME   RECORD YEAR NORMAL DEPARTURE LAST
                VALUE   (LST)  VALUE       VALUE  FROM      YEAR
                                                  NORMAL
..................................................................
TEMPERATURE (F)
 TODAY
  MAXIMUM         47        MM  49    2007  37     10       43
                                      2001
  MINIMUM         10        MM -11    1997   9      1       18
  AVERAGE         29

PRECIPITATION (IN)
  TODAY            0.00          0.10 1991   0.01  -0.01     0.03
                                      1990
  MONTH TO DATE    0.01                      0.06  -0.05     0.09
  SINCE MAR 1      0.01                      0.06  -0.05     0.09
  SINCE JAN 1      0.07                      0.72  -0.65     0.13

DEGREE DAYS
 HEATING
  TODAY           36                        42     -6       34
  MONTH TO DATE  265                       261      4      207
  SINCE MAR 1    265                       261      4      207
  SINCE JUL 1   6365                      7784  -1419     7151

 COOLING
  TODAY            0                         0      0        0
  MONTH TO DATE    0                         0      0        0
  SINCE MAR 1      0                         0      0        0
  SINCE JAN 1      0                         0      0        0
..................................................................


WIND (MPH)
  HIGHEST WIND SPEED    21   HIGHEST WIND DIRECTION     N (340)
  HIGHEST GUST SPEED    30   HIGHEST GUST DIRECTION     N (350)
  AVERAGE WIND SPEED    10.0


SKY COVER
  POSSIBLE SUNSHINE  MM
  AVERAGE SKY COVER 0.0


WEATHER CONDITIONS
 THE FOLLOWING WEATHER WAS RECORDED TODAY.
  NO SIGNIFICANT WEATHER WAS OBSERVED.


RELATIVE HUMIDITY (PERCENT)
 HIGHEST    83           700 AM
 LOWEST     25          1200 PM
 AVERAGE    54

..........................................................


THE BIG PINEY WY CLIMATE NORMALS FOR TOMORROW
                         NORMAL    RECORD    YEAR
 MAXIMUM TEMPERATURE (F)   37        52      2007
 MINIMUM TEMPERATURE (F)    9       -17      1985


SUNRISE AND SUNSET
MARCH  6 2015.........SUNRISE   648 AM MST   SUNSET   616 PM MST
MARCH  7 2015.........SUNRISE   646 AM MST   SUNSET   617 PM MST


-  INDICATES NEGATIVE NUMBERS.
R  INDICATES RECORD WAS SET OR TIED.
MM INDICATES DATA IS MISSING.
T  INDICATES TRACE AMOUNT.




$$
