000
CDUS45 KRIW 260748
CLIBPI


CLIMATE REPORT
NATIONAL WEATHER SERVICE RIVERTON WY
131 AM MDT MON SEP 26 2016


...................................

...THE BIG PINEY WY CLIMATE SUMMARY FOR SEPTEMBER 25 2016...

CLIMATE NORMAL PERIOD 1981 TO 2010
CLIMATE RECORD PERIOD 1976 TO 2016


WEATHER ITEM   OBSERVED TIME   RECORD YEAR NORMAL DEPARTURE LAST
                VALUE   (LST)  VALUE       VALUE  FROM      YEAR
                                                  NORMAL
..................................................................
TEMPERATURE (F)
 YESTERDAY
  MAXIMUM         65    351 PM  83    2001  64      1       82
  MINIMUM         28    527 AM  11    1984  28      0       34
  AVERAGE         47                        46      1       58

PRECIPITATION (IN)
  YESTERDAY        0.00          0.67 1984   0.03  -0.03     0.00
  MONTH TO DATE    1.56                      0.66   0.90     0.24
  SINCE SEP 1      1.56                      0.66   0.90     0.24
  SINCE JAN 1      9.04                      5.32   3.72     5.57

DEGREE DAYS
 HEATING
  YESTERDAY       18                        19     -1        7
  MONTH TO DATE  311                       358    -47      274
  SINCE SEP 1    311                       358    -47      274
  SINCE JUL 1    594                       651    -57      551

 COOLING
  YESTERDAY        0                         0      0        0
  MONTH TO DATE    0                         0      0        0
  SINCE SEP 1      0                         0      0        0
  SINCE JAN 1     23                        35    -12       53
..................................................................


WIND (MPH)
  HIGHEST WIND SPEED    20   HIGHEST WIND DIRECTION     N (360)
  HIGHEST GUST SPEED    23   HIGHEST GUST DIRECTION     N (10)
  AVERAGE WIND SPEED     7.2


SKY COVER
  POSSIBLE SUNSHINE  MM
  AVERAGE SKY COVER 0.0


WEATHER CONDITIONS
 THE FOLLOWING WEATHER WAS RECORDED YESTERDAY.
  NO SIGNIFICANT WEATHER WAS OBSERVED.


RELATIVE HUMIDITY (PERCENT)
 HIGHEST    92           200 AM
 LOWEST     24           200 PM
 AVERAGE    58

..........................................................


THE BIG PINEY WY CLIMATE NORMALS FOR TODAY
                         NORMAL    RECORD    YEAR
 MAXIMUM TEMPERATURE (F)   64        82      2015
                                             2010
 MINIMUM TEMPERATURE (F)   28        14      1984


SUNRISE AND SUNSET
SEPTEMBER 26 2016.....SUNRISE   713 AM MDT   SUNSET   710 PM MDT
SEPTEMBER 27 2016.....SUNRISE   714 AM MDT   SUNSET   708 PM MDT


-  INDICATES NEGATIVE NUMBERS.
R  INDICATES RECORD WAS SET OR TIED.
MM INDICATES DATA IS MISSING.
T  INDICATES TRACE AMOUNT.




$$
