000
CDUS45 KRIW 240745
CLIBPI


CLIMATE REPORT
NATIONAL WEATHER SERVICE RIVERTON WY
1243 AM MST FRI NOV 24 2017


...................................

...THE BIG PINEY WY CLIMATE SUMMARY FOR NOVEMBER 23 2017...

CLIMATE NORMAL PERIOD 1981 TO 2010
CLIMATE RECORD PERIOD 1976 TO 2017


WEATHER ITEM   OBSERVED TIME   RECORD YEAR NORMAL DEPARTURE LAST
                VALUE   (LST)  VALUE       VALUE  FROM      YEAR
                                                  NORMAL
..................................................................
TEMPERATURE (F)
 YESTERDAY
  MAXIMUM         55R   250 PM  54    2005  33     22       34
  MINIMUM         20    729 AM -17    2003   7     13       14
  AVERAGE         38                        20     18       24

PRECIPITATION (IN)
  YESTERDAY        0.00          0.25 2002   0.01  -0.01      T
  MONTH TO DATE    0.24                      0.17   0.07     0.50
  SINCE SEP 1      1.97                      1.48   0.49     4.53
  SINCE JAN 1      9.07                      6.14   2.93    12.01

DEGREE DAYS
 HEATING
  YESTERDAY       27                        45    -18       41
  MONTH TO DATE  822                       905    -83      719
  SINCE SEP 1   2129                      2192    -63     1856
  SINCE JUL 1   2316                      2485   -169     2139

 COOLING
  YESTERDAY        0                         0      0        0
  MONTH TO DATE    0                         0      0        0
  SINCE SEP 1      0                         0      0        0
  SINCE JAN 1     27                        35     -8       23
..................................................................


WIND (MPH)
  HIGHEST WIND SPEED    24   HIGHEST WIND DIRECTION     W (260)
  HIGHEST GUST SPEED    37   HIGHEST GUST DIRECTION     W (270)
  AVERAGE WIND SPEED     5.6


SKY COVER
  POSSIBLE SUNSHINE  MM
  AVERAGE SKY COVER 0.4


WEATHER CONDITIONS
 THE FOLLOWING WEATHER WAS RECORDED YESTERDAY.
  FOG
  FOG W/VISIBILITY <= 1/4 MILE


RELATIVE HUMIDITY (PERCENT)
 HIGHEST   100          1200 AM
 LOWEST     50           300 PM
 AVERAGE    75

..........................................................


THE BIG PINEY WY CLIMATE NORMALS FOR TODAY
                         NORMAL    RECORD    YEAR
 MAXIMUM TEMPERATURE (F)   33        53      2012
                                             1995
 MINIMUM TEMPERATURE (F)    6       -18      2010


SUNRISE AND SUNSET
NOVEMBER 24 2017......SUNRISE   723 AM MST   SUNSET   451 PM MST
NOVEMBER 25 2017......SUNRISE   724 AM MST   SUNSET   451 PM MST


-  INDICATES NEGATIVE NUMBERS.
R  INDICATES RECORD WAS SET OR TIED.
MM INDICATES DATA IS MISSING.
T  INDICATES TRACE AMOUNT.




$$
