000
CDUS45 KRIW 040032
CLIBPI


CLIMATE REPORT
NATIONAL WEATHER SERVICE RIVERTON WY
632 PM MDT FRI JUL 3 2015


...................................

...THE BIG PINEY WY CLIMATE SUMMARY FOR JULY 3 2015...
VALID TODAY AS OF 0500 PM LOCAL TIME.

CLIMATE NORMAL PERIOD 1981 TO 2010
CLIMATE RECORD PERIOD 1976 TO 2015


WEATHER ITEM   OBSERVED TIME   RECORD YEAR NORMAL DEPARTURE LAST
                VALUE   (LST)  VALUE       VALUE  FROM      YEAR
                                                  NORMAL
..................................................................
TEMPERATURE (F)
 TODAY
  MAXIMUM         89        MM  93    2013  78     11       83
  MINIMUM         48        MM  34    1997  42      6       41
  AVERAGE         69

PRECIPITATION (IN)
  TODAY            0.00          0.15 2004   0.02  -0.02     0.10
  MONTH TO DATE    T                         0.06  -0.06     0.10
  SINCE JUN 1      0.23                      0.85  -0.62     0.28
  SINCE JAN 1      3.21                      3.32  -0.11     1.43

DEGREE DAYS
 HEATING
  TODAY            0                         5     -5        3
  MONTH TO DATE    0                        17    -17       19
  SINCE JUN 1    135                       322   -187      366
  SINCE JUL 1      0                        17    -17       19

 COOLING
  TODAY            4                         0      4        0
  MONTH TO DATE   13                         0     13        0
  SINCE JUN 1     37                         2     35        0
  SINCE JAN 1     37                         2     35        0
..................................................................


WIND (MPH)
  HIGHEST WIND SPEED    18   HIGHEST WIND DIRECTION    NW (310)
  HIGHEST GUST SPEED    23   HIGHEST GUST DIRECTION    NW (300)
  AVERAGE WIND SPEED     7.3


SKY COVER
  POSSIBLE SUNSHINE  MM
  AVERAGE SKY COVER 0.0


WEATHER CONDITIONS
 THE FOLLOWING WEATHER WAS RECORDED TODAY.
  NO SIGNIFICANT WEATHER WAS OBSERVED.


RELATIVE HUMIDITY (PERCENT)
 HIGHEST    71           400 AM
 LOWEST     15           400 PM
 AVERAGE    43

..........................................................


THE BIG PINEY WY CLIMATE NORMALS FOR TOMORROW
                         NORMAL    RECORD    YEAR
 MAXIMUM TEMPERATURE (F)   79        92      2001
 MINIMUM TEMPERATURE (F)   42        33      2000
                                             1997


SUNRISE AND SUNSET
JULY  3 2015..........SUNRISE   548 AM MDT   SUNSET   901 PM MDT
JULY  4 2015..........SUNRISE   548 AM MDT   SUNSET   901 PM MDT


-  INDICATES NEGATIVE NUMBERS.
R  INDICATES RECORD WAS SET OR TIED.
MM INDICATES DATA IS MISSING.
T  INDICATES TRACE AMOUNT.




$$
