000
CDUS45 KRIW 230733
CLIBPI


CLIMATE REPORT
NATIONAL WEATHER SERVICE RIVERTON WY
133 AM MDT SAT MAY 23 2015


...................................

...THE BIG PINEY WY CLIMATE SUMMARY FOR MAY 22 2015...

CLIMATE NORMAL PERIOD 1981 TO 2010
CLIMATE RECORD PERIOD 1976 TO 2015


WEATHER ITEM   OBSERVED TIME   RECORD YEAR NORMAL DEPARTURE LAST
                VALUE   (LST)  VALUE       VALUE  FROM      YEAR
                                                  NORMAL
..................................................................
TEMPERATURE (F)
 YESTERDAY
  MAXIMUM         58    113 PM  76    1986  64     -6       74
                                      1980
  MINIMUM         41   1159 PM  20    2007  32      9       31
                                      1989
  AVERAGE         50                        48      2       53

PRECIPITATION (IN)
  YESTERDAY        0.11          1.43 1976   0.03   0.08     0.00
  MONTH TO DATE    1.69                      0.59   1.10     0.66
  SINCE MAR 1      2.31                      1.56   0.75     1.03
  SINCE JAN 1      2.37                      2.22   0.15     1.07

DEGREE DAYS
 HEATING
  YESTERDAY       15                        17     -2       12
  MONTH TO DATE  434                       452    -18      425
  SINCE MAR 1   2144                      2460   -316     2343
  SINCE JUL 1   8244                      9983  -1739     9287

 COOLING
  YESTERDAY        0                         0      0        0
  MONTH TO DATE    0                         0      0        0
  SINCE MAR 1      0                         0      0        0
  SINCE JAN 1      0                         0      0        0
..................................................................


WIND (MPH)
  HIGHEST WIND SPEED    26   HIGHEST WIND DIRECTION     E (90)
  HIGHEST GUST SPEED    33   HIGHEST GUST DIRECTION     E (90)
  AVERAGE WIND SPEED     5.5


SKY COVER
  POSSIBLE SUNSHINE  MM
  AVERAGE SKY COVER 0.9


WEATHER CONDITIONS
 THE FOLLOWING WEATHER WAS RECORDED YESTERDAY.
  RAIN
  LIGHT RAIN
  FOG


RELATIVE HUMIDITY (PERCENT)
 HIGHEST    96           100 AM
 LOWEST     47          1200 PM
 AVERAGE    72

..........................................................


THE BIG PINEY WY CLIMATE NORMALS FOR TODAY
                         NORMAL    RECORD    YEAR
 MAXIMUM TEMPERATURE (F)   64        78      2003
                                             2001
 MINIMUM TEMPERATURE (F)   32        18      1986


SUNRISE AND SUNSET
MAY 23 2015...........SUNRISE   551 AM MDT   SUNSET   843 PM MDT
MAY 24 2015...........SUNRISE   551 AM MDT   SUNSET   844 PM MDT


-  INDICATES NEGATIVE NUMBERS.
R  INDICATES RECORD WAS SET OR TIED.
MM INDICATES DATA IS MISSING.
T  INDICATES TRACE AMOUNT.




$$
