000
CDUS45 KRIW 230740
CLIBPI


CLIMATE REPORT
NATIONAL WEATHER SERVICE RIVERTON WY
130 AM MDT SAT JUL 23 2016


...................................

...THE BIG PINEY WY CLIMATE SUMMARY FOR JULY 22 2016...

CLIMATE NORMAL PERIOD 1981 TO 2010
CLIMATE RECORD PERIOD 1976 TO 2016


WEATHER ITEM   OBSERVED TIME   RECORD YEAR NORMAL DEPARTURE LAST
                VALUE   (LST)  VALUE       VALUE  FROM      YEAR
                                                  NORMAL
..................................................................
TEMPERATURE (F)
 YESTERDAY
  MAXIMUM         90    324 PM  91    2006  82      8       78
                                      2003
  MINIMUM         48    255 AM  31    1978  44      4       43
  AVERAGE         69                        63      6       61

PRECIPITATION (IN)
  YESTERDAY        T             0.14 1987   0.03  -0.03     0.09
  MONTH TO DATE    0.12                      0.46  -0.34     1.72
  SINCE JUN 1      0.85                      1.25  -0.40     1.95
  SINCE JAN 1      6.90                      3.72   3.18     4.93

DEGREE DAYS
 HEATING
  YESTERDAY        0                         3     -3        4
  MONTH TO DATE   97                        88      9      105
  SINCE JUN 1    275                       393   -118      240
  SINCE JUL 1     97                        88      9      105

 COOLING
  YESTERDAY        4                         1      3        0
  MONTH TO DATE   10                        14     -4       18
  SINCE JUN 1     11                        16     -5       42
  SINCE JAN 1     11                        16     -5       42
..................................................................


WIND (MPH)
  HIGHEST WIND SPEED    24   HIGHEST WIND DIRECTION    SW (210)
  HIGHEST GUST SPEED    31   HIGHEST GUST DIRECTION     S (200)
  AVERAGE WIND SPEED     6.7


SKY COVER
  POSSIBLE SUNSHINE  MM
  AVERAGE SKY COVER 0.0


WEATHER CONDITIONS
 THE FOLLOWING WEATHER WAS RECORDED YESTERDAY.
  THUNDERSTORM


RELATIVE HUMIDITY (PERCENT)
 HIGHEST    71           300 AM
 LOWEST     20           200 PM
 AVERAGE    46

..........................................................


THE BIG PINEY WY CLIMATE NORMALS FOR TODAY
                         NORMAL    RECORD    YEAR
 MAXIMUM TEMPERATURE (F)   82        94      2003
 MINIMUM TEMPERATURE (F)   44        33      2001


SUNRISE AND SUNSET
JULY 23 2016..........SUNRISE   604 AM MDT   SUNSET   849 PM MDT
JULY 24 2016..........SUNRISE   605 AM MDT   SUNSET   848 PM MDT


-  INDICATES NEGATIVE NUMBERS.
R  INDICATES RECORD WAS SET OR TIED.
MM INDICATES DATA IS MISSING.
T  INDICATES TRACE AMOUNT.




$$
