000
CDUS45 KRIW 290734
CLIBPI


CLIMATE REPORT
NATIONAL WEATHER SERVICE RIVERTON WY
133 AM MDT FRI AUG 29 2014


...................................

...THE BIG PINEY WY CLIMATE SUMMARY FOR AUGUST 28 2014...

CLIMATE NORMAL PERIOD 1981 TO 2010
CLIMATE RECORD PERIOD 1976 TO 2014


WEATHER ITEM   OBSERVED TIME   RECORD YEAR NORMAL DEPARTURE LAST
                VALUE   (LST)  VALUE       VALUE  FROM      YEAR
                                                  NORMAL
..................................................................
TEMPERATURE (F)
 YESTERDAY
  MAXIMUM         76    359 PM  88    2012  76      0       83
  MINIMUM         38    536 AM  26    1976  37      1       45
  AVERAGE         57                        56      1       64

PRECIPITATION (IN)
  YESTERDAY        0.00          0.11 2010   0.03  -0.03     0.00
  MONTH TO DATE    1.41                      0.62   0.79     0.39
  SINCE JUN 1      2.03                      2.12  -0.09     1.28
  SINCE JAN 1      3.18                      4.59  -1.41     2.98

DEGREE DAYS
 HEATING
  YESTERDAY        8                         9     -1        1
  MONTH TO DATE  145                       149     -4       72
  SINCE JUN 1    546                       571    -25      313
  SINCE JUL 1    199                       266    -67       96

 COOLING
  YESTERDAY        0                         0      0        0
  MONTH TO DATE    0                        12    -12        7
  SINCE JUN 1     26                        36    -10       84
  SINCE JAN 1     26                        36    -10       84
..................................................................


WIND (MPH)
  HIGHEST WIND SPEED    20   HIGHEST WIND DIRECTION    NW (330)
  HIGHEST GUST SPEED    28   HIGHEST GUST DIRECTION     N (360)
  AVERAGE WIND SPEED     7.6


SKY COVER
  POSSIBLE SUNSHINE  MM
  AVERAGE SKY COVER 0.1


WEATHER CONDITIONS
 THE FOLLOWING WEATHER WAS RECORDED YESTERDAY.
  FOG


RELATIVE HUMIDITY (PERCENT)
 HIGHEST   100           600 AM
 LOWEST     23           400 PM
 AVERAGE    62

..........................................................


THE BIG PINEY WY CLIMATE NORMALS FOR TODAY
                         NORMAL    RECORD    YEAR
 MAXIMUM TEMPERATURE (F)   75        87      2012
                                             2005
 MINIMUM TEMPERATURE (F)   37        26      1989


SUNRISE AND SUNSET
AUGUST 29 2014........SUNRISE   642 AM MDT   SUNSET   800 PM MDT
AUGUST 30 2014........SUNRISE   643 AM MDT   SUNSET   758 PM MDT


-  INDICATES NEGATIVE NUMBERS.
R  INDICATES RECORD WAS SET OR TIED.
MM INDICATES DATA IS MISSING.
T  INDICATES TRACE AMOUNT.




$$
