000
CDUS45 KRIW 060748
CLIBPI


CLIMATE REPORT
NATIONAL WEATHER SERVICE RIVERTON WY
1246 AM MST SAT FEB 6 2016


...................................

...THE BIG PINEY WY CLIMATE SUMMARY FOR FEBRUARY 5 2016...

CLIMATE NORMAL PERIOD 1981 TO 2010
CLIMATE RECORD PERIOD 1976 TO 2016


WEATHER ITEM   OBSERVED TIME   RECORD YEAR NORMAL DEPARTURE LAST
                VALUE   (LST)  VALUE       VALUE  FROM      YEAR
                                                  NORMAL
..................................................................
TEMPERATURE (F)
 YESTERDAY
  MAXIMUM         31    230 PM  51    1995  27      4       46
  MINIMUM          4    313 AM -21    2014  -1      5       18
  AVERAGE         18                        12      6       32

PRECIPITATION (IN)
  YESTERDAY        0.00          0.03 1997   0.01  -0.01     0.00
  MONTH TO DATE    T                         0.05  -0.05     0.01
  SINCE DEC 1      0.15                      0.66  -0.51     0.14
  SINCE JAN 1      0.04                      0.36  -0.32     0.02

DEGREE DAYS
 HEATING
  YESTERDAY       47                        53     -6       33
  MONTH TO DATE  278                       267     11      182
  SINCE DEC 1   3522                      3565    -43     2993
  SINCE JUL 1   6003                      6380   -377     5221

 COOLING
  YESTERDAY        0                         0      0        0
  MONTH TO DATE    0                         0      0        0
  SINCE DEC 1      0                         0      0        0
  SINCE JAN 1      0                         0      0        0
..................................................................


WIND (MPH)
  HIGHEST WIND SPEED    24   HIGHEST WIND DIRECTION     N (340)
  HIGHEST GUST SPEED    28   HIGHEST GUST DIRECTION     N (340)
  AVERAGE WIND SPEED    10.7


SKY COVER
  POSSIBLE SUNSHINE  MM
  AVERAGE SKY COVER 0.0


WEATHER CONDITIONS
 THE FOLLOWING WEATHER WAS RECORDED YESTERDAY.
  NO SIGNIFICANT WEATHER WAS OBSERVED.


RELATIVE HUMIDITY (PERCENT)
 HIGHEST    88           100 AM
 LOWEST     46          1200 PM
 AVERAGE    67

..........................................................


THE BIG PINEY WY CLIMATE NORMALS FOR TODAY
                         NORMAL    RECORD    YEAR
 MAXIMUM TEMPERATURE (F)   27        49      1995
 MINIMUM TEMPERATURE (F)   -1       -43      1989


SUNRISE AND SUNSET
FEBRUARY  6 2016......SUNRISE   729 AM MST   SUNSET   540 PM MST
FEBRUARY  7 2016......SUNRISE   728 AM MST   SUNSET   541 PM MST


-  INDICATES NEGATIVE NUMBERS.
R  INDICATES RECORD WAS SET OR TIED.
MM INDICATES DATA IS MISSING.
T  INDICATES TRACE AMOUNT.




$$
