000
CDUS45 KRIW 220735
CLIBPI


CLIMATE REPORT
NATIONAL WEATHER SERVICE RIVERTON WY
127 AM MDT TUE JUL 22 2014


...................................

...THE BIG PINEY WY CLIMATE SUMMARY FOR JULY 21 2014...

CLIMATE NORMAL PERIOD 1981 TO 2010
CLIMATE RECORD PERIOD 1976 TO 2014


WEATHER ITEM   OBSERVED TIME   RECORD YEAR NORMAL DEPARTURE LAST
                VALUE   (LST)  VALUE       VALUE  FROM      YEAR
                                                  NORMAL
..................................................................
TEMPERATURE (F)
 YESTERDAY
  MAXIMUM         85    215 PM  93    2005  82      3       90
  MINIMUM         49    545 AM  31    1987  44      5       42
  AVERAGE         67                        63      4       66

PRECIPITATION (IN)
  YESTERDAY        0.00          0.31 2010   0.03  -0.03     0.00
  MONTH TO DATE    0.25                      0.43  -0.18     0.54
  SINCE JUN 1      0.43                      1.22  -0.79     0.54
  SINCE JAN 1      1.58                      3.69  -2.11     2.24

DEGREE DAYS
 HEATING
  YESTERDAY        0                         3     -3        0
  MONTH TO DATE   28                        85    -57        9
  SINCE JUN 1    375                       390    -15      226
  SINCE JUL 1     28                        85    -57        9

 COOLING
  YESTERDAY        2                         1      1        1
  MONTH TO DATE   17                        13      4       52
  SINCE JUN 1     17                        15      2       72
  SINCE JAN 1     17                        15      2       72
..................................................................


WIND (MPH)
  HIGHEST WIND SPEED    23   HIGHEST WIND DIRECTION    NE (40)
  HIGHEST GUST SPEED    39   HIGHEST GUST DIRECTION     W (270)
  AVERAGE WIND SPEED    10.7


SKY COVER
  POSSIBLE SUNSHINE  MM
  AVERAGE SKY COVER 0.1


WEATHER CONDITIONS
 THE FOLLOWING WEATHER WAS RECORDED YESTERDAY.
  NO SIGNIFICANT WEATHER WAS OBSERVED.


RELATIVE HUMIDITY (PERCENT)
 HIGHEST    83           200 AM
 LOWEST     18           400 PM
 AVERAGE    51

..........................................................


THE BIG PINEY WY CLIMATE NORMALS FOR TODAY
                         NORMAL    RECORD    YEAR
 MAXIMUM TEMPERATURE (F)   82        91      2006
                                             2003
 MINIMUM TEMPERATURE (F)   44        31      1978


SUNRISE AND SUNSET
JULY 22 2014..........SUNRISE   603 AM MDT   SUNSET   851 PM MDT
JULY 23 2014..........SUNRISE   604 AM MDT   SUNSET   850 PM MDT


-  INDICATES NEGATIVE NUMBERS.
R  INDICATES RECORD WAS SET OR TIED.
MM INDICATES DATA IS MISSING.
T  INDICATES TRACE AMOUNT.




$$
