000
CDUS45 KRIW 290740
CLIBPI


CLIMATE REPORT
NATIONAL WEATHER SERVICE RIVERTON WY
129 AM MDT SUN MAY 29 2016


...................................

...THE BIG PINEY WY CLIMATE SUMMARY FOR MAY 28 2016...

CLIMATE NORMAL PERIOD 1981 TO 2010
CLIMATE RECORD PERIOD 1976 TO 2016


WEATHER ITEM   OBSERVED TIME   RECORD YEAR NORMAL DEPARTURE LAST
                VALUE   (LST)  VALUE       VALUE  FROM      YEAR
                                                  NORMAL
..................................................................
TEMPERATURE (F)
 YESTERDAY
  MAXIMUM         63    425 PM  86    2003  66     -3       58
  MINIMUM         34    431 AM  18    1977  33      1       36
  AVERAGE         49                        49      0       47

PRECIPITATION (IN)
  YESTERDAY        0.00          0.47 2013   0.02  -0.02     0.15
  MONTH TO DATE    3.96                      0.75   3.21     2.30
  SINCE MAR 1      5.85                      1.72   4.13     2.92
  SINCE JAN 1      6.02                      2.38   3.64     2.98

DEGREE DAYS
 HEATING
  YESTERDAY       16                        16      0       18
  MONTH TO DATE  557                       551      6      542
  SINCE MAR 1   2365                      2559   -194     2252
  SINCE JUL 1   9219                     10082   -863     8352

 COOLING
  YESTERDAY        0                         0      0        0
  MONTH TO DATE    0                         0      0        0
  SINCE MAR 1      0                         0      0        0
  SINCE JAN 1      0                         0      0        0
..................................................................


WIND (MPH)
  HIGHEST WIND SPEED    21   HIGHEST WIND DIRECTION     W (280)
  HIGHEST GUST SPEED    26   HIGHEST GUST DIRECTION     W (280)
  AVERAGE WIND SPEED     6.5


SKY COVER
  POSSIBLE SUNSHINE  MM
  AVERAGE SKY COVER 0.3


WEATHER CONDITIONS
 THE FOLLOWING WEATHER WAS RECORDED YESTERDAY.
  NO SIGNIFICANT WEATHER WAS OBSERVED.


RELATIVE HUMIDITY (PERCENT)
 HIGHEST    92           200 AM
 LOWEST     25           300 PM
 AVERAGE    59

..........................................................


THE BIG PINEY WY CLIMATE NORMALS FOR TODAY
                         NORMAL    RECORD    YEAR
 MAXIMUM TEMPERATURE (F)   66        85      2003
 MINIMUM TEMPERATURE (F)   34        10      1984


SUNRISE AND SUNSET
MAY 29 2016...........SUNRISE   547 AM MDT   SUNSET   849 PM MDT
MAY 30 2016...........SUNRISE   546 AM MDT   SUNSET   850 PM MDT


-  INDICATES NEGATIVE NUMBERS.
R  INDICATES RECORD WAS SET OR TIED.
MM INDICATES DATA IS MISSING.
T  INDICATES TRACE AMOUNT.




$$
