000
CDUS45 KRIW 300738
CLIBPI


CLIMATE REPORT
NATIONAL WEATHER SERVICE RIVERTON WY
138 AM MDT THU JUL 30 2015


...................................

...THE BIG PINEY WY CLIMATE SUMMARY FOR JULY 29 2015...

CLIMATE NORMAL PERIOD 1981 TO 2010
CLIMATE RECORD PERIOD 1976 TO 2015


WEATHER ITEM   OBSERVED TIME   RECORD YEAR NORMAL DEPARTURE LAST
                VALUE   (LST)  VALUE       VALUE  FROM      YEAR
                                                  NORMAL
..................................................................
TEMPERATURE (F)
 YESTERDAY
  MAXIMUM         76    622 PM  90    2006  82     -6       70
  MINIMUM         32    510 AM  31    1986  44    -12       55
  AVERAGE         54                        63     -9       63

PRECIPITATION (IN)
  YESTERDAY        0.00          0.33 2013   0.02  -0.02     0.10
  MONTH TO DATE    1.73                      0.65   1.08     0.38
  SINCE JUN 1      1.96                      1.44   0.52     0.56
  SINCE JAN 1      4.94                      3.91   1.03     1.71

DEGREE DAYS
 HEATING
  YESTERDAY       11                         3      8        2
  MONTH TO DATE  149                       109     40       36
  SINCE JUN 1    284                       414   -130      383
  SINCE JUL 1    149                       109     40       36

 COOLING
  YESTERDAY        0                         1     -1        0
  MONTH TO DATE   18                        21     -3       26
  SINCE JUN 1     42                        23     19       26
  SINCE JAN 1     42                        23     19       26
..................................................................


WIND (MPH)
  HIGHEST WIND SPEED    16   HIGHEST WIND DIRECTION     N (350)
  HIGHEST GUST SPEED    20   HIGHEST GUST DIRECTION     N (360)
  AVERAGE WIND SPEED     5.5


SKY COVER
  POSSIBLE SUNSHINE  MM
  AVERAGE SKY COVER 0.0


WEATHER CONDITIONS
 THE FOLLOWING WEATHER WAS RECORDED YESTERDAY.
  NO SIGNIFICANT WEATHER WAS OBSERVED.


RELATIVE HUMIDITY (PERCENT)
 HIGHEST    75           300 AM
 LOWEST     14           200 PM
 AVERAGE    45

..........................................................


THE BIG PINEY WY CLIMATE NORMALS FOR TODAY
                         NORMAL    RECORD    YEAR
 MAXIMUM TEMPERATURE (F)   82        93      1982
 MINIMUM TEMPERATURE (F)   44        32      1977


SUNRISE AND SUNSET
JULY 30 2015..........SUNRISE   610 AM MDT   SUNSET   843 PM MDT
JULY 31 2015..........SUNRISE   611 AM MDT   SUNSET   842 PM MDT


-  INDICATES NEGATIVE NUMBERS.
R  INDICATES RECORD WAS SET OR TIED.
MM INDICATES DATA IS MISSING.
T  INDICATES TRACE AMOUNT.




$$
