000
CDUS45 KRIW 010053
CLIBPI


CLIMATE REPORT
NATIONAL WEATHER SERVICE RIVERTON WY
652 PM MDT TUE SEP 30 2014


...................................

...THE BIG PINEY WY CLIMATE SUMMARY FOR SEPTEMBER 30 2014...
VALID TODAY AS OF 0500 PM LOCAL TIME.

CLIMATE NORMAL PERIOD 1981 TO 2010
CLIMATE RECORD PERIOD 1976 TO 2014


WEATHER ITEM   OBSERVED TIME   RECORD YEAR NORMAL DEPARTURE LAST
                VALUE   (LST)  VALUE       VALUE  FROM      YEAR
                                                  NORMAL
..................................................................
TEMPERATURE (F)
 TODAY
  MAXIMUM         52        MM  79    2011  62    -10       67
  MINIMUM         34        MM  12    1983  27      7       38
  AVERAGE         43

PRECIPITATION (IN)
  TODAY            T             0.35 1982   0.02  -0.02      T
  MONTH TO DATE    1.16                      0.78   0.38     0.83
  SINCE SEP 1      1.16                      0.78   0.38     0.83
  SINCE JAN 1      4.53                      5.44  -0.91     3.83

DEGREE DAYS
 HEATING
  TODAY           22                        21      1       12
  MONTH TO DATE  354                       458   -104      337
  SINCE SEP 1    354                       458   -104      337
  SINCE JUL 1    583                       751   -168      438

 COOLING
  TODAY            0                         0      0        0
  MONTH TO DATE    0                         0      0        5
  SINCE SEP 1      0                         0      0        5
  SINCE JAN 1     26                        35     -9       89
..................................................................


WIND (MPH)
  HIGHEST WIND SPEED    15   HIGHEST WIND DIRECTION    NW (310)
  HIGHEST GUST SPEED    MM   HIGHEST GUST DIRECTION    MM
  AVERAGE WIND SPEED     4.2


SKY COVER
  POSSIBLE SUNSHINE  MM
  AVERAGE SKY COVER 0.7


WEATHER CONDITIONS
 THE FOLLOWING WEATHER WAS RECORDED TODAY.
  LIGHT RAIN


RELATIVE HUMIDITY (PERCENT)
 HIGHEST    92           100 AM
 LOWEST     54           200 PM
 AVERAGE    73

..........................................................


THE BIG PINEY WY CLIMATE NORMALS FOR TOMORROW
                         NORMAL    RECORD    YEAR
 MAXIMUM TEMPERATURE (F)   62        79      2011
 MINIMUM TEMPERATURE (F)   26        11      1984


SUNRISE AND SUNSET
SEPTEMBER 30 2014.....SUNRISE   716 AM MDT   SUNSET   703 PM MDT
OCTOBER  1 2014.......SUNRISE   718 AM MDT   SUNSET   702 PM MDT


-  INDICATES NEGATIVE NUMBERS.
R  INDICATES RECORD WAS SET OR TIED.
MM INDICATES DATA IS MISSING.
T  INDICATES TRACE AMOUNT.




$$
