000
CDUS45 KRIW 200734
CLIBPI


CLIMATE REPORT
NATIONAL WEATHER SERVICE RIVERTON WY
1232 AM MST MON FEB 20 2017


...................................

...THE BIG PINEY WY CLIMATE SUMMARY FOR FEBRUARY 19 2017...

CLIMATE NORMAL PERIOD 1981 TO 2010
CLIMATE RECORD PERIOD 1976 TO 2017


WEATHER ITEM   OBSERVED TIME   RECORD YEAR NORMAL DEPARTURE LAST
                VALUE   (LST)  VALUE       VALUE  FROM      YEAR
                                                  NORMAL
..................................................................
TEMPERATURE (F)
 YESTERDAY
  MAXIMUM         38    320 PM  52    2015  30      8       43
  MINIMUM         11   1157 PM -21    2006   2      9       20
  AVERAGE         25                        16      9       32

PRECIPITATION (IN)
  YESTERDAY        0.01          0.11 1999   0.02  -0.01     0.00
  MONTH TO DATE    0.56                      0.24   0.32     0.11
  SINCE DEC 1      2.10                      0.85   1.25     0.26
  SINCE JAN 1      1.55                      0.55   0.00     0.15

DEGREE DAYS
 HEATING
  YESTERDAY       40                        49     -9       33
  MONTH TO DATE  851                       986   -135      762
  SINCE DEC 1   4503                      4284    219     4006
  SINCE JUL 1   6952                      7099   -147     6487

 COOLING
  YESTERDAY        0                         0      0        0
  MONTH TO DATE    0                         0      0        0
  SINCE DEC 1      0                         0      0        0
  SINCE JAN 1      0                         0      0        0
..................................................................


WIND (MPH)
  HIGHEST WIND SPEED    35   HIGHEST WIND DIRECTION    NW (300)
  HIGHEST GUST SPEED    41   HIGHEST GUST DIRECTION    NW (300)
  AVERAGE WIND SPEED     8.1


SKY COVER
  POSSIBLE SUNSHINE  MM
  AVERAGE SKY COVER 0.6


WEATHER CONDITIONS
 THE FOLLOWING WEATHER WAS RECORDED YESTERDAY.
  SNOW
  LIGHT SNOW


RELATIVE HUMIDITY (PERCENT)
 HIGHEST   100          1200 AM
 LOWEST     70           300 PM
 AVERAGE    85

..........................................................


THE BIG PINEY WY CLIMATE NORMALS FOR TODAY
                         NORMAL    RECORD    YEAR
 MAXIMUM TEMPERATURE (F)   30        42      1981
 MINIMUM TEMPERATURE (F)    2       -27      2006


SUNRISE AND SUNSET
FEBRUARY 20 2017......SUNRISE   709 AM MST   SUNSET   559 PM MST
FEBRUARY 21 2017......SUNRISE   708 AM MST   SUNSET   601 PM MST


-  INDICATES NEGATIVE NUMBERS.
R  INDICATES RECORD WAS SET OR TIED.
MM INDICATES DATA IS MISSING.
T  INDICATES TRACE AMOUNT.




$$
