000
CDUS44 KLCH 180923
CLIBPT


CLIMATE REPORT
NATIONAL WEATHER SERVICE LAKE CHARLES, LA
423 AM CDT FRI APR 18 2014


...................................

...THE BEAUMONT PORT ARTHUR CLIMATE SUMMARY FOR APRIL 17 2014...

CLIMATE NORMAL PERIOD 1981 TO 2010
CLIMATE RECORD PERIOD 1901 TO 2014


WEATHER ITEM   OBSERVED TIME   RECORD YEAR NORMAL DEPARTURE LAST
                VALUE   (LST)  VALUE       VALUE  FROM      YEAR
                                                  NORMAL
..................................................................
TEMPERATURE (F)
 YESTERDAY
  MAXIMUM         67    418 PM  91    1925  78    -11       78
  MINIMUM         56   1209 AM  41    1999  59     -3       73
                                      1921
  AVERAGE         62                        69     -7       76

PRECIPITATION (IN)
  YESTERDAY        0.01         10.09 1973   0.11  -0.10     0.00
  MONTH TO DATE    1.98                      1.67   0.31     5.07
  SINCE MAR 1      4.27                      5.20  -0.93     6.18
  SINCE JAN 1     10.99                     14.04  -3.05    17.70

SNOWFALL (IN)
  YESTERDAY        0.0           0.0    MM   0.0    0.0      0.0
  MONTH TO DATE    0.0                       0.0    0.0      0.0
  SINCE MAR 1      0.0                       0.0    0.0      0.0
  SINCE JUL 1      0.3                       T      0.3      0.0
  SNOW DEPTH       0

DEGREE DAYS
 HEATING
  YESTERDAY        3                         1      2        0
  MONTH TO DATE   37                        32      5       41
  SINCE MAR 1    241                       180     61      242
  SINCE JUL 1   1710                      1393    317     1214

 COOLING
  YESTERDAY        0                         5     -5       11
  MONTH TO DATE   57                        66     -9       60
  SINCE MAR 1     80                       121    -41      103
  SINCE JAN 1    104                       147    -43      133
..................................................................


WIND (MPH)
  HIGHEST WIND SPEED    26   HIGHEST WIND DIRECTION     E (80)
  HIGHEST GUST SPEED    32   HIGHEST GUST DIRECTION     E (80)
  AVERAGE WIND SPEED    10.2


SKY COVER
  POSSIBLE SUNSHINE  MM
  AVERAGE SKY COVER 0.8


WEATHER CONDITIONS
 THE FOLLOWING WEATHER WAS RECORDED YESTERDAY.
  LIGHT RAIN


RELATIVE HUMIDITY (PERCENT)
 HIGHEST    86          1200 AM
 LOWEST     63           100 PM
 AVERAGE    75

..........................................................


THE BEAUMONT PORT ARTHUR CLIMATE NORMALS FOR TODAY
                         NORMAL    RECORD    YEAR
 MAXIMUM TEMPERATURE (F)   79        90      1987
                                             1925
 MINIMUM TEMPERATURE (F)   60        43      1999


SUNRISE AND SUNSET
APRIL 18 2014.........SUNRISE   646 AM CDT   SUNSET   745 PM CDT
APRIL 19 2014.........SUNRISE   645 AM CDT   SUNSET   746 PM CDT


-  INDICATES NEGATIVE NUMBERS.
R  INDICATES RECORD WAS SET OR TIED.
MM INDICATES DATA IS MISSING.
T  INDICATES TRACE AMOUNT.




$$
