465
CDUS44 KLCH 222205
CLIBPT


CLIMATE REPORT
NATIONAL WEATHER SERVICE LAKE CHARLES, LA
504 PM CDT MON MAY 22 2017


...................................

...THE BEAUMONT PORT ARTHUR CLIMATE SUMMARY FOR MAY 22 2017...
VALID TODAY AS OF 0500 PM LOCAL TIME.

CLIMATE NORMAL PERIOD 1981 TO 2010
CLIMATE RECORD PERIOD 1901 TO 2017


WEATHER ITEM   OBSERVED TIME   RECORD YEAR NORMAL DEPARTURE LAST
                VALUE   (LST)  VALUE       VALUE  FROM      YEAR
                                                  NORMAL
..................................................................
TEMPERATURE (F)
 TODAY
  MAXIMUM         81    156 PM  98    2005  86     -5       85
                                      1905
  MINIMUM         71    359 PM  57    2001  69      2       71
  AVERAGE         76                        77     -1       78

PRECIPITATION (IN)
  TODAY            0.36          4.39 2016   0.17   0.19     4.39
  MONTH TO DATE    5.27                      3.69   1.58     8.90
  SINCE MAR 1     15.83                     10.43   5.40    22.14
  SINCE JAN 1     17.88                     19.27  -1.39    28.10

SNOWFALL (IN)
  TODAY            0.0           0.0    MM   0.0    0.0      0.0
  MONTH TO DATE    0.0                       0.0    0.0      0.0
  SINCE MAR 1      0.0                       0.0    0.0      0.0
  SINCE JUL 1      0.0                       T      0.0      0.0
  SNOW DEPTH       0

DEGREE DAYS
 HEATING
  TODAY            0                         0      0        0
  MONTH TO DATE    0                         0      0        0
  SINCE MAR 1     59                       187   -128       65
  SINCE JUL 1    614                      1400   -786      889

 COOLING
  TODAY           11                        12     -1       13
  MONTH TO DATE  202                       219    -17      221
  SINCE MAR 1    584                       420    164      546
  SINCE JAN 1    778                       446    332      577
..................................................................


WIND (MPH)
  HIGHEST WIND SPEED    23   HIGHEST WIND DIRECTION    SE (150)
  HIGHEST GUST SPEED    33   HIGHEST GUST DIRECTION     N (10)
  AVERAGE WIND SPEED    11.6


SKY COVER
  POSSIBLE SUNSHINE  MM
  AVERAGE SKY COVER 0.8


WEATHER CONDITIONS
 THE FOLLOWING WEATHER WAS RECORDED TODAY.
  THUNDERSTORM
  HEAVY RAIN
  LIGHT RAIN
  FOG


RELATIVE HUMIDITY (PERCENT)
 HIGHEST    94          1200 PM
 LOWEST     79           200 PM
 AVERAGE    87

..........................................................


THE BEAUMONT PORT ARTHUR CLIMATE NORMALS FOR TOMORROW
                         NORMAL    RECORD    YEAR
 MAXIMUM TEMPERATURE (F)   86        97      1905
 MINIMUM TEMPERATURE (F)   69        51      2001


SUNRISE AND SUNSET
MAY 22 2017...........SUNRISE   619 AM CDT   SUNSET   807 PM CDT
MAY 23 2017...........SUNRISE   618 AM CDT   SUNSET   808 PM CDT


-  INDICATES NEGATIVE NUMBERS.
R  INDICATES RECORD WAS SET OR TIED.
MM INDICATES DATA IS MISSING.
T  INDICATES TRACE AMOUNT.




$$
