000
CDUS44 KLCH 050826
CLIBPT


CLIMATE REPORT
NATIONAL WEATHER SERVICE LAKE CHARLES, LA
222 AM CST THU MAR 5 2015


...................................

...THE BEAUMONT PORT ARTHUR CLIMATE SUMMARY FOR MARCH 4 2015...

CLIMATE NORMAL PERIOD 1981 TO 2010
CLIMATE RECORD PERIOD 1901 TO 2015


WEATHER ITEM   OBSERVED TIME   RECORD YEAR NORMAL DEPARTURE LAST
                VALUE   (LST)  VALUE       VALUE  FROM      YEAR
                                                  NORMAL
..................................................................
TEMPERATURE (F)
 YESTERDAY
  MAXIMUM         81    209 PM  86    1905  69     12       37
  MINIMUM         57   1159 PM  23    2002  50      7       33
  AVERAGE         69                        59     10       35

PRECIPITATION (IN)
  YESTERDAY        T             1.60 1903   0.12  -0.12     0.69
  MONTH TO DATE    0.60                      0.48   0.12     0.75
  SINCE MAR 1      0.60                      0.48   0.12     0.75
  SINCE JAN 1      7.58                      9.32  -1.74     7.47

SNOWFALL (IN)
  YESTERDAY        0.0           0.0    MM   0.0    0.0      0.0
  MONTH TO DATE    0.0                       0.0    0.0      0.0
  SINCE MAR 1      0.0                       0.0    0.0      0.0
  SINCE JUL 1      0.0                       T      0.0      0.3
  SNOW DEPTH       0

DEGREE DAYS
 HEATING
  YESTERDAY        0                         7     -7       30
  MONTH TO DATE    5                        28    -23       60
  SINCE MAR 1      5                        28    -23       60
  SINCE JUL 1   1262                      1241     21     1529

 COOLING
  YESTERDAY        4                         1      3        0
  MONTH TO DATE    8                         4      4        5
  SINCE MAR 1      8                         4      4        5
  SINCE JAN 1     16                        30    -14       29
..................................................................


WIND (MPH)
  HIGHEST WIND SPEED    23   HIGHEST WIND DIRECTION    NW (320)
  HIGHEST GUST SPEED    29   HIGHEST GUST DIRECTION    NW (310)
  AVERAGE WIND SPEED     9.9


SKY COVER
  POSSIBLE SUNSHINE  MM
  AVERAGE SKY COVER 1.0


WEATHER CONDITIONS
 THE FOLLOWING WEATHER WAS RECORDED YESTERDAY.
  LIGHT RAIN
  FOG


RELATIVE HUMIDITY (PERCENT)
 HIGHEST   100          1100 PM
 LOWEST     62           200 PM
 AVERAGE    81

..........................................................


THE BEAUMONT PORT ARTHUR CLIMATE NORMALS FOR TODAY
                         NORMAL    RECORD    YEAR
 MAXIMUM TEMPERATURE (F)   69        84      1910
 MINIMUM TEMPERATURE (F)   50        24      1989


SUNRISE AND SUNSET
MARCH  5 2015.........SUNRISE   638 AM CST   SUNSET   618 PM CST
MARCH  6 2015.........SUNRISE   637 AM CST   SUNSET   618 PM CST


-  INDICATES NEGATIVE NUMBERS.
R  INDICATES RECORD WAS SET OR TIED.
MM INDICATES DATA IS MISSING.
T  INDICATES TRACE AMOUNT.




$$
