000
CDUS44 KLCH 030840
CLIBPT


CLIMATE REPORT
NATIONAL WEATHER SERVICE LAKE CHARLES, LA
339 AM CDT FRI JUL 3 2015


...................................

...THE BEAUMONT PORT ARTHUR CLIMATE SUMMARY FOR JULY 2 2015...

CLIMATE NORMAL PERIOD 1981 TO 2010
CLIMATE RECORD PERIOD 1901 TO 2015


WEATHER ITEM   OBSERVED TIME   RECORD YEAR NORMAL DEPARTURE LAST
                VALUE   (LST)  VALUE       VALUE  FROM      YEAR
                                                  NORMAL
..................................................................
TEMPERATURE (F)
 YESTERDAY
  MAXIMUM         91    206 PM 100    2011  91      0       95
  MINIMUM         74    510 AM  67    1903  74      0       72
  AVERAGE         83                        83      0       84

PRECIPITATION (IN)
  YESTERDAY        T             3.51 1903   0.23  -0.23      T
  MONTH TO DATE    0.32                      0.46  -0.14      T
  SINCE JUN 1      6.93                      7.55  -0.62     3.89
  SINCE JAN 1     40.91                     28.36  12.55    16.34

SNOWFALL (IN)
  YESTERDAY        0.0           0.0    MM   0.0    0.0      0.0
  MONTH TO DATE    0.0                       0.0    0.0      0.0
  SINCE JUN 1      0.0                       0.0    0.0      0.0
  SINCE JUL 1      0.0                       0.0    0.0      0.0
  SNOW DEPTH       0

DEGREE DAYS
 HEATING
  YESTERDAY        0                         0      0        0
  MONTH TO DATE    0                         0      0        0
  SINCE JUN 1      0                         0      0        0
  SINCE JUL 1      0                         0      0        0

 COOLING
  YESTERDAY       18                        18      0       19
  MONTH TO DATE   33                        36     -3       38
  SINCE JUN 1    542                       520     22      548
  SINCE JAN 1   1267                      1086    181     1042
..................................................................


WIND (MPH)
  HIGHEST WIND SPEED    16   HIGHEST WIND DIRECTION     S (200)
  HIGHEST GUST SPEED    21   HIGHEST GUST DIRECTION     S (190)
  AVERAGE WIND SPEED     6.4


SKY COVER
  POSSIBLE SUNSHINE  MM
  AVERAGE SKY COVER 0.1


WEATHER CONDITIONS
 THE FOLLOWING WEATHER WAS RECORDED YESTERDAY.
  LIGHT RAIN


RELATIVE HUMIDITY (PERCENT)
 HIGHEST   100           200 AM
 LOWEST     59           100 PM
 AVERAGE    80

..........................................................


THE BEAUMONT PORT ARTHUR CLIMATE NORMALS FOR TODAY
                         NORMAL    RECORD    YEAR
 MAXIMUM TEMPERATURE (F)   91       100      2011
                                             1969
 MINIMUM TEMPERATURE (F)   74        64      1924


SUNRISE AND SUNSET
JULY  3 2015..........SUNRISE   619 AM CDT   SUNSET   821 PM CDT
JULY  4 2015..........SUNRISE   620 AM CDT   SUNSET   821 PM CDT


-  INDICATES NEGATIVE NUMBERS.
R  INDICATES RECORD WAS SET OR TIED.
MM INDICATES DATA IS MISSING.
T  INDICATES TRACE AMOUNT.




$$
