000
CDUS43 KDVN 101024
CLIBRL


CLIMATE REPORT
NATIONAL WEATHER SERVICE QUAD CITIES IA IL
424 AM CST WED FEB 10 2016


...................................

...THE BURLINGTON IA CLIMATE SUMMARY FOR FEBRUARY 9 2016...

CLIMATE NORMAL PERIOD 1981 TO 2010
CLIMATE RECORD PERIOD 1897 TO 2016


WEATHER ITEM   OBSERVED TIME   RECORD YEAR NORMAL DEPARTURE LAST
                VALUE   (LST)  VALUE       VALUE  FROM      YEAR
                                                  NORMAL
..................................................................
TEMPERATURE (F)
 YESTERDAY
  MAXIMUM         18    417 PM  65    1943  37    -19       31
  MINIMUM         12   1159 PM -24    1899  20     -8       19
  AVERAGE         15                        28    -13       25

PRECIPITATION (IN)
  YESTERDAY        T            MM      MM   0.05  -0.05     0.00
  MONTH TO DATE    0.71                      0.43   0.28     0.50
  SINCE DEC 1      5.76                      3.76   2.00     2.70
  SINCE JAN 1      1.25                      1.67  -0.42     2.04

DEGREE DAYS
 HEATING
  YESTERDAY       50                        37     13       40
  MONTH TO DATE  317                       338    -21      394
  SINCE DEC 1   2336                      2666   -330     2617
  SINCE JUL 1   3253                      3739   -486     3994

 COOLING
  YESTERDAY        0                         0      0        0
  MONTH TO DATE    0                         0      0        0
  SINCE DEC 1      0                         0      0        0
  SINCE JAN 1      0                         0      0        0
..................................................................


WIND (MPH)
  HIGHEST WIND SPEED    24   HIGHEST WIND DIRECTION     N (340)
  HIGHEST GUST SPEED    33   HIGHEST GUST DIRECTION    NW (300)
  AVERAGE WIND SPEED    14.8


SKY COVER
  POSSIBLE SUNSHINE  MM
  AVERAGE SKY COVER 0.7


WEATHER CONDITIONS
 THE FOLLOWING WEATHER WAS RECORDED YESTERDAY.
  LIGHT SNOW
  FOG
  HAZE


RELATIVE HUMIDITY (PERCENT)
 HIGHEST    88           300 AM
 LOWEST     61           300 PM
 AVERAGE    75

..........................................................


THE BURLINGTON IA CLIMATE NORMALS FOR TODAY
                         NORMAL    RECORD    YEAR
 MAXIMUM TEMPERATURE (F)   37        70      1932
 MINIMUM TEMPERATURE (F)   20       -18      1899


SUNRISE AND SUNSET
FEBRUARY 10 2016......SUNRISE   705 AM CST   SUNSET   533 PM CST
FEBRUARY 11 2016......SUNRISE   704 AM CST   SUNSET   534 PM CST


-  INDICATES NEGATIVE NUMBERS.
R  INDICATES RECORD WAS SET OR TIED.
MM INDICATES DATA IS MISSING.
T  INDICATES TRACE AMOUNT.




$$
