000
CDUS43 KDVN 300920
CLIBRL


CLIMATE REPORT
NATIONAL WEATHER SERVICE QUAD CITIES IA IL
419 AM CDT SAT AUG 30 2014


...................................

...THE BURLINGTON IA CLIMATE SUMMARY FOR AUGUST 29 2014...

CLIMATE NORMAL PERIOD 1981 TO 2010
CLIMATE RECORD PERIOD 1897 TO 2014


WEATHER ITEM   OBSERVED TIME   RECORD YEAR NORMAL DEPARTURE LAST
                VALUE   (LST)  VALUE       VALUE  FROM      YEAR
                                                  NORMAL
..................................................................
TEMPERATURE (F)
 YESTERDAY
  MAXIMUM         88    239 PM  96    1953  84      4       92
  MINIMUM         70   1140 PM  43    1986  63      7       74
  AVERAGE         79                        73      6       83

PRECIPITATION (IN)
  YESTERDAY        0.32         MM      MM   0.14   0.18     0.00
  MONTH TO DATE    6.08                      3.97   2.11      T
  SINCE JUN 1     17.55                     12.69   4.86     3.86
  SINCE JAN 1     28.94                     26.95   1.99    27.06

DEGREE DAYS
 HEATING
  YESTERDAY        0                         0      0        0
  MONTH TO DATE    0                         0      0        3
  SINCE JUN 1      9                        14     -5       26
  SINCE JUL 1      7                         1      6       11

 COOLING
  YESTERDAY       14                         9      5       18
  MONTH TO DATE  258                       298    -40      257
  SINCE JUN 1    695                       924   -229      762
  SINCE JAN 1    833                      1027   -194      861
..................................................................


WIND (MPH)
  HIGHEST WIND SPEED    18   HIGHEST WIND DIRECTION     W (270)
  HIGHEST GUST SPEED    26   HIGHEST GUST DIRECTION     W (260)
  AVERAGE WIND SPEED     9.6


SKY COVER
  POSSIBLE SUNSHINE  MM
  AVERAGE SKY COVER 0.2


WEATHER CONDITIONS
 THE FOLLOWING WEATHER WAS RECORDED YESTERDAY.
  THUNDERSTORM
  HEAVY RAIN
  LIGHT RAIN
  FOG


RELATIVE HUMIDITY (PERCENT)
 HIGHEST    93          1200 AM
 LOWEST     55           200 PM
 AVERAGE    74

..........................................................


THE BURLINGTON IA CLIMATE NORMALS FOR TODAY
                         NORMAL    RECORD    YEAR
 MAXIMUM TEMPERATURE (F)   84       102      1947
 MINIMUM TEMPERATURE (F)   63        46      1915


SUNRISE AND SUNSET
AUGUST 30 2014........SUNRISE   629 AM CDT   SUNSET   740 PM CDT
AUGUST 31 2014........SUNRISE   630 AM CDT   SUNSET   738 PM CDT


-  INDICATES NEGATIVE NUMBERS.
R  INDICATES RECORD WAS SET OR TIED.
MM INDICATES DATA IS MISSING.
T  INDICATES TRACE AMOUNT.




$$
