000
CDUS43 KDVN 042120
CLIBRL


CLIMATE REPORT
NATIONAL WEATHER SERVICE QUAD CITIES IA IL
420 PM CDT FRI SEP 4 2015


...................................

...THE BURLINGTON IA CLIMATE SUMMARY FOR SEPTEMBER 4 2015...
VALID TODAY AS OF 0400 PM LOCAL TIME.

CLIMATE NORMAL PERIOD 1981 TO 2010
CLIMATE RECORD PERIOD 1897 TO 2015


WEATHER ITEM   OBSERVED TIME   RECORD YEAR NORMAL DEPARTURE LAST
                VALUE   (LST)  VALUE       VALUE  FROM      YEAR
                                                  NORMAL
..................................................................
TEMPERATURE (F)
 TODAY
  MAXIMUM         92    259 PM 100    1925  82     10       91
  MINIMUM         70    614 AM  40    1974  61      9       72
  AVERAGE         81                        72      9       82

PRECIPITATION (IN)
  TODAY            0.00         MM      MM   0.13  -0.13     0.05
  MONTH TO DATE    0.00                      0.53  -0.53     0.08
  SINCE SEP 1      0.00                      0.53  -0.53     0.08
  SINCE JAN 1     28.59                     27.78   0.81    29.15

DEGREE DAYS
 HEATING
  TODAY            0                         0      0        0
  MONTH TO DATE    0                         0      0        0
  SINCE SEP 1      0                         0      0        0
  SINCE JUL 1      7                         4      3        7

 COOLING
  TODAY           16                         7      9       17
  MONTH TO DATE   64                        31     33       40
  SINCE SEP 1     64                        31     33       40
  SINCE JAN 1    916                      1074   -158      894
..................................................................


WIND (MPH)
  HIGHEST WIND SPEED    13   HIGHEST WIND DIRECTION     S (200)
  HIGHEST GUST SPEED    15   HIGHEST GUST DIRECTION    SW (240)
  AVERAGE WIND SPEED     3.6


SKY COVER
  POSSIBLE SUNSHINE  MM
  AVERAGE SKY COVER 0.0


WEATHER CONDITIONS
 THE FOLLOWING WEATHER WAS RECORDED TODAY.
  FOG
  HAZE


RELATIVE HUMIDITY (PERCENT)
 HIGHEST   100           200 AM
 LOWEST     47           100 PM
 AVERAGE    74

..........................................................


THE BURLINGTON IA CLIMATE NORMALS FOR TOMORROW
                         NORMAL    RECORD    YEAR
 MAXIMUM TEMPERATURE (F)   82       103      1899
 MINIMUM TEMPERATURE (F)   61        44      1962


SUNRISE AND SUNSET
SEPTEMBER  4 2015.....SUNRISE   634 AM CDT   SUNSET   732 PM CDT
SEPTEMBER  5 2015.....SUNRISE   635 AM CDT   SUNSET   731 PM CDT


-  INDICATES NEGATIVE NUMBERS.
R  INDICATES RECORD WAS SET OR TIED.
MM INDICATES DATA IS MISSING.
T  INDICATES TRACE AMOUNT.




$$
