000
CDUS43 KDVN 310915
CLIBRL


CLIMATE REPORT
NATIONAL WEATHER SERVICE QUAD CITIES IA IL
415 AM CDT FRI JUL 31 2015


...................................

...THE BURLINGTON IA CLIMATE SUMMARY FOR JULY 30 2015...

CLIMATE NORMAL PERIOD 1981 TO 2010
CLIMATE RECORD PERIOD 1897 TO 2015


WEATHER ITEM   OBSERVED TIME   RECORD YEAR NORMAL DEPARTURE LAST
                VALUE   (LST)  VALUE       VALUE  FROM      YEAR
                                                  NORMAL
..................................................................
TEMPERATURE (F)
 YESTERDAY
  MAXIMUM         87    355 PM 104    1931  86      1       80
  MINIMUM         64    537 AM  46    1971  66     -2       55
  AVERAGE         76                        76      0       68

PRECIPITATION (IN)
  YESTERDAY        0.00         MM      MM   0.13  -0.13     0.00
  MONTH TO DATE    7.49                      4.12   3.37     2.38
  SINCE JUN 1     16.16                      8.59   7.57    11.47
  SINCE JAN 1     25.12                     22.85   2.27    22.86

DEGREE DAYS
 HEATING
  YESTERDAY        0                         0      0        0
  MONTH TO DATE    4                         0      4        7
  SINCE JUN 1      9                        13     -4        9
  SINCE JUL 1      4                         0      4        7

 COOLING
  YESTERDAY       11                        11      0        3
  MONTH TO DATE  301                       356    -55      178
  SINCE JUN 1    525                       616    -91      433
  SINCE JAN 1    618                       719   -101      571
..................................................................


WIND (MPH)
  HIGHEST WIND SPEED    15   HIGHEST WIND DIRECTION     W (270)
  HIGHEST GUST SPEED    20   HIGHEST GUST DIRECTION     W (280)
  AVERAGE WIND SPEED     6.7


SKY COVER
  POSSIBLE SUNSHINE  MM
  AVERAGE SKY COVER 0.0


WEATHER CONDITIONS
 THE FOLLOWING WEATHER WAS RECORDED YESTERDAY.
  HAZE


RELATIVE HUMIDITY (PERCENT)
 HIGHEST    87          1200 AM
 LOWEST     44          1200 PM
 AVERAGE    66

..........................................................


THE BURLINGTON IA CLIMATE NORMALS FOR TODAY
                         NORMAL    RECORD    YEAR
 MAXIMUM TEMPERATURE (F)   86       103      1988
 MINIMUM TEMPERATURE (F)   66        48      1971


SUNRISE AND SUNSET
JULY 31 2015..........SUNRISE   600 AM CDT   SUNSET   821 PM CDT
AUGUST  1 2015........SUNRISE   601 AM CDT   SUNSET   820 PM CDT


-  INDICATES NEGATIVE NUMBERS.
R  INDICATES RECORD WAS SET OR TIED.
MM INDICATES DATA IS MISSING.
T  INDICATES TRACE AMOUNT.




$$
