000
CDUS43 KDVN 301004
CLIBRL


CLIMATE REPORT
NATIONAL WEATHER SERVICE QUAD CITIES IA IL
403 AM CST FRI JAN 30 2015


...................................

...THE BURLINGTON IA CLIMATE SUMMARY FOR JANUARY 29 2015...

CLIMATE NORMAL PERIOD 1981 TO 2010
CLIMATE RECORD PERIOD 1897 TO 2015


WEATHER ITEM   OBSERVED TIME   RECORD YEAR NORMAL DEPARTURE LAST
                VALUE   (LST)  VALUE       VALUE  FROM      YEAR
                                                  NORMAL
..................................................................
TEMPERATURE (F)
 YESTERDAY
  MAXIMUM         42    233 AM  61    2013  35      7       34
  MINIMUM         28   1159 PM -19    1966  18     10        2
  AVERAGE         35                        26      9       18

PRECIPITATION (IN)
  YESTERDAY        0.00         MM      MM   0.04  -0.04     0.00
  MONTH TO DATE    1.08                      1.16  -0.08     0.93
  SINCE DEC 1      1.74                      3.25  -1.51     2.01
  SINCE JAN 1      1.08                      1.16  -0.08     0.93

DEGREE DAYS
 HEATING
  YESTERDAY       30                        39     -9       47
  MONTH TO DATE 1157                      1131     26     1372
  SINCE DEC 1   2151                      2244    -93     2652
  SINCE JUL 1   3528                      3317    211     3889

 COOLING
  YESTERDAY        0                         0      0        0
  MONTH TO DATE    0                         0      0        0
  SINCE DEC 1      0                         0      0        0
  SINCE JAN 1      0                         0      0        0
..................................................................


WIND (MPH)
  HIGHEST WIND SPEED    28   HIGHEST WIND DIRECTION    NW (330)
  HIGHEST GUST SPEED    38   HIGHEST GUST DIRECTION    NW (310)
  AVERAGE WIND SPEED    16.6


SKY COVER
  POSSIBLE SUNSHINE  MM
  AVERAGE SKY COVER 0.8


WEATHER CONDITIONS
 THE FOLLOWING WEATHER WAS RECORDED YESTERDAY.
  NO SIGNIFICANT WEATHER WAS OBSERVED.


RELATIVE HUMIDITY (PERCENT)
 HIGHEST    89           500 AM
 LOWEST     64           900 PM
 AVERAGE    77

..........................................................


THE BURLINGTON IA CLIMATE NORMALS FOR TODAY
                         NORMAL    RECORD    YEAR
 MAXIMUM TEMPERATURE (F)   35        60      2012
                                             1988
 MINIMUM TEMPERATURE (F)   18       -20      1899


SUNRISE AND SUNSET
JANUARY 30 2015.......SUNRISE   717 AM CST   SUNSET   519 PM CST
JANUARY 31 2015.......SUNRISE   716 AM CST   SUNSET   521 PM CST


-  INDICATES NEGATIVE NUMBERS.
R  INDICATES RECORD WAS SET OR TIED.
MM INDICATES DATA IS MISSING.
T  INDICATES TRACE AMOUNT.




$$
