000
CDUS43 KDVN 310919
CLIBRL


CLIMATE REPORT
NATIONAL WEATHER SERVICE QUAD CITIES IA IL
417 AM CDT TUE MAY 31 2016


...................................

...THE BURLINGTON IA CLIMATE SUMMARY FOR MAY 30 2016...

CLIMATE NORMAL PERIOD 1981 TO 2010
CLIMATE RECORD PERIOD 1897 TO 2016


WEATHER ITEM   OBSERVED TIME   RECORD YEAR NORMAL DEPARTURE LAST
                VALUE   (LST)  VALUE       VALUE  FROM      YEAR
                                                  NORMAL
..................................................................
TEMPERATURE (F)
 YESTERDAY
  MAXIMUM         86    230 PM 100    1934  79      7       70
  MINIMUM         63    508 AM  39    1947  58      5       53
  AVERAGE         75                        68      7       62

PRECIPITATION (IN)
  YESTERDAY        0.00         MM      MM   0.16  -0.16     0.91
  MONTH TO DATE    2.57                      4.70  -2.13     4.64
  SINCE MAR 1      9.04                     11.25  -2.21     6.54
  SINCE JAN 1     10.42                     14.11  -3.69     8.96

DEGREE DAYS
 HEATING
  YESTERDAY        0                         2     -2        3
  MONTH TO DATE  158                       124     34       93
  SINCE MAR 1   1114                      1208    -94     1157
  SINCE JUL 1   4996                      5586   -590     6088

 COOLING
  YESTERDAY       10                         5      5        0
  MONTH TO DATE   74                        79     -5       90
  SINCE MAR 1     92                        99     -7       93
  SINCE JAN 1     92                        99     -7       93
..................................................................


WIND (MPH)
  HIGHEST WIND SPEED    13   HIGHEST WIND DIRECTION     S (190)
  HIGHEST GUST SPEED    16   HIGHEST GUST DIRECTION     S (190)
  AVERAGE WIND SPEED     5.4


SKY COVER
  POSSIBLE SUNSHINE  MM
  AVERAGE SKY COVER 0.1


WEATHER CONDITIONS
 THE FOLLOWING WEATHER WAS RECORDED YESTERDAY.
  FOG
  HAZE


RELATIVE HUMIDITY (PERCENT)
 HIGHEST    93           300 AM
 LOWEST     48           100 PM
 AVERAGE    71

..........................................................


THE BURLINGTON IA CLIMATE NORMALS FOR TODAY
                         NORMAL    RECORD    YEAR
 MAXIMUM TEMPERATURE (F)   79       103      1934
 MINIMUM TEMPERATURE (F)   58        44      1915


SUNRISE AND SUNSET
MAY 31 2016...........SUNRISE   536 AM CDT   SUNSET   829 PM CDT
JUNE  1 2016..........SUNRISE   535 AM CDT   SUNSET   830 PM CDT


-  INDICATES NEGATIVE NUMBERS.
R  INDICATES RECORD WAS SET OR TIED.
MM INDICATES DATA IS MISSING.
T  INDICATES TRACE AMOUNT.




$$
