000
CDUS43 KDVN 192126
CLIBRL


CLIMATE REPORT
NATIONAL WEATHER SERVICE QUAD CITIES IA IL
425 PM CDT TUE SEP 19 2017


...................................

...THE BURLINGTON IA CLIMATE SUMMARY FOR SEPTEMBER 19 2017...
VALID TODAY AS OF 0400 PM LOCAL TIME.

CLIMATE NORMAL PERIOD 1981 TO 2010
CLIMATE RECORD PERIOD 1897 TO 2017


WEATHER ITEM   OBSERVED TIME   RECORD YEAR NORMAL DEPARTURE LAST
                VALUE   (LST)  VALUE       VALUE  FROM      YEAR
                                                  NORMAL
..................................................................
TEMPERATURE (F)
 TODAY
  MAXIMUM         81    259 PM  94    2013  78      3       89
                                      1948
  MINIMUM         60    234 AM  33    1991  55      5       57
  AVERAGE         71                        66      5       73

PRECIPITATION (IN)
  TODAY            0.00         MM      MM   0.12  -0.12     0.00
  MONTH TO DATE    0.03                      2.32  -2.29     3.23
  SINCE SEP 1      0.03                      2.32  -2.29     3.23
  SINCE JAN 1     25.36                     29.57  -4.21    27.48

DEGREE DAYS
 HEATING
  TODAY            0                         3     -3        0
  MONTH TO DATE   23                        22      1        3
  SINCE SEP 1     23                        22      1        3
  SINCE JUL 1     23                        26     -3        9

 COOLING
  TODAY            6                         4      2        8
  MONTH TO DATE   60                       112    -52      126
  SINCE SEP 1     60                       112    -52      126
  SINCE JAN 1    934                      1155   -221     1159
..................................................................


WIND (MPH)
  HIGHEST WIND SPEED    12   HIGHEST WIND DIRECTION    SE (150)
  HIGHEST GUST SPEED    16   HIGHEST GUST DIRECTION    SE (150)
  AVERAGE WIND SPEED     3.2


SKY COVER
  POSSIBLE SUNSHINE  MM
  AVERAGE SKY COVER 0.8


WEATHER CONDITIONS
 THE FOLLOWING WEATHER WAS RECORDED TODAY.
  FOG
  FOG W/VISIBILITY <= 1/4 MILE


RELATIVE HUMIDITY (PERCENT)
 HIGHEST   100          1200 AM
 LOWEST     62           300 PM
 AVERAGE    81

..........................................................


THE BURLINGTON IA CLIMATE NORMALS FOR TOMORROW
                         NORMAL    RECORD    YEAR
 MAXIMUM TEMPERATURE (F)   77        93      1940
 MINIMUM TEMPERATURE (F)   54        32      1991


SUNRISE AND SUNSET
SEPTEMBER 19 2017.....SUNRISE   649 AM CDT   SUNSET   706 PM CDT
SEPTEMBER 20 2017.....SUNRISE   650 AM CDT   SUNSET   704 PM CDT


-  INDICATES NEGATIVE NUMBERS.
R  INDICATES RECORD WAS SET OR TIED.
MM INDICATES DATA IS MISSING.
T  INDICATES TRACE AMOUNT.




$$
