145
CDUS43 KDVN 231019
CLIBRL


CLIMATE REPORT
NATIONAL WEATHER SERVICE QUAD CITIES IA IL
418 AM CST MON JAN 23 2017


...................................

...THE BURLINGTON IA CLIMATE SUMMARY FOR JANUARY 22 2017...

CLIMATE NORMAL PERIOD 1981 TO 2010
CLIMATE RECORD PERIOD 1897 TO 2017


WEATHER ITEM   OBSERVED TIME   RECORD YEAR NORMAL DEPARTURE LAST
                VALUE   (LST)  VALUE       VALUE  FROM      YEAR
                                                  NORMAL
..................................................................
TEMPERATURE (F)
 YESTERDAY
  MAXIMUM         40   1027 AM  61    2002  35      5       27
                                      1967
  MINIMUM         33    144 AM -18    1936  17     16       20
  AVERAGE         37                        26     11       24

PRECIPITATION (IN)
  YESTERDAY        T            MM      MM   0.03  -0.03     0.00
  MONTH TO DATE    1.40                      0.89   0.51     0.43
  SINCE DEC 1      2.38                      2.98  -0.60     4.94
  SINCE JAN 1      1.40                      0.89   0.51     0.43

DEGREE DAYS
 HEATING
  YESTERDAY       28                        39    -11       41
  MONTH TO DATE  815                       858    -43      935
  SINCE DEC 1   1974                      1971      3     1729
  SINCE JUL 1   2730                      3044   -314     2646

 COOLING
  YESTERDAY        0                         0      0        0
  MONTH TO DATE    0                         0      0        0
  SINCE DEC 1      0                         0      0        0
  SINCE JAN 1      0                         0      0        0
..................................................................


WIND (MPH)
  HIGHEST WIND SPEED    15   HIGHEST WIND DIRECTION     N (350)
  HIGHEST GUST SPEED    20   HIGHEST GUST DIRECTION     N (350)
  AVERAGE WIND SPEED     7.6


SKY COVER
  POSSIBLE SUNSHINE  MM
  AVERAGE SKY COVER 0.9


WEATHER CONDITIONS
 THE FOLLOWING WEATHER WAS RECORDED YESTERDAY.
  FOG
  FOG W/VISIBILITY <= 1/4 MILE


RELATIVE HUMIDITY (PERCENT)
 HIGHEST   100          1200 AM
 LOWEST     92          1100 AM
 AVERAGE    96

..........................................................


THE BURLINGTON IA CLIMATE NORMALS FOR TODAY
                         NORMAL    RECORD    YEAR
 MAXIMUM TEMPERATURE (F)   35        67      1909
 MINIMUM TEMPERATURE (F)   17       -20      1936


SUNRISE AND SUNSET
JANUARY 23 2017.......SUNRISE   722 AM CST   SUNSET   511 PM CST
JANUARY 24 2017.......SUNRISE   721 AM CST   SUNSET   513 PM CST


-  INDICATES NEGATIVE NUMBERS.
R  INDICATES RECORD WAS SET OR TIED.
MM INDICATES DATA IS MISSING.
T  INDICATES TRACE AMOUNT.




$$
