000
CDUS43 KDVN 262227
CLIBRL


CLIMATE REPORT
NATIONAL WEATHER SERVICE QUAD CITIES IA IL
425 PM CST FRI DEC 26 2014


...................................

...THE BURLINGTON IA CLIMATE SUMMARY FOR DECEMBER 26 2014...
VALID TODAY AS OF 0400 PM LOCAL TIME.

CLIMATE NORMAL PERIOD 1981 TO 2010
CLIMATE RECORD PERIOD 1897 TO 2014


WEATHER ITEM   OBSERVED TIME   RECORD YEAR NORMAL DEPARTURE LAST
                VALUE   (LST)  VALUE       VALUE  FROM      YEAR
                                                  NORMAL
..................................................................
TEMPERATURE (F)
 TODAY
  MAXIMUM         54    304 PM  59    1907  35     19       38
  MINIMUM         39    524 AM -16    1914  19     20       13
  AVERAGE         47                        26     21       26

PRECIPITATION (IN)
  TODAY            0.00         MM      MM   0.05  -0.05     0.00
  MONTH TO DATE    0.65                      1.82  -1.17     1.08
  SINCE DEC 1      0.65                      1.82  -1.17     1.08
  SINCE JAN 1     40.38                     38.21   2.17    33.47

DEGREE DAYS
 HEATING
  TODAY           18                        39    -21       39
  MONTH TO DATE  792                       919   -127     1075
  SINCE DEC 1    792                       919   -127     1075
  SINCE JUL 1   2169                      1992    177     2312

 COOLING
  TODAY            0                         0      0        0
  MONTH TO DATE    0                         0      0        0
  SINCE DEC 1      0                         0      0        0
  SINCE JAN 1    940                      1207   -267     1115
..................................................................


WIND (MPH)
  HIGHEST WIND SPEED    18   HIGHEST WIND DIRECTION    SW (220)
  HIGHEST GUST SPEED    23   HIGHEST GUST DIRECTION     S (190)
  AVERAGE WIND SPEED    12.9


SKY COVER
  POSSIBLE SUNSHINE  MM
  AVERAGE SKY COVER 0.0


WEATHER CONDITIONS
 THE FOLLOWING WEATHER WAS RECORDED TODAY.
  NO SIGNIFICANT WEATHER WAS OBSERVED.


RELATIVE HUMIDITY (PERCENT)
 HIGHEST    85           700 AM
 LOWEST     59           100 PM
 AVERAGE    72

..........................................................


THE BURLINGTON IA CLIMATE NORMALS FOR TOMORROW
                         NORMAL    RECORD    YEAR
 MAXIMUM TEMPERATURE (F)   34        65      1946
 MINIMUM TEMPERATURE (F)   18       -16      1914


SUNRISE AND SUNSET
DECEMBER 26 2014......SUNRISE   727 AM CST   SUNSET   443 PM CST
DECEMBER 27 2014......SUNRISE   728 AM CST   SUNSET   444 PM CST


-  INDICATES NEGATIVE NUMBERS.
R  INDICATES RECORD WAS SET OR TIED.
MM INDICATES DATA IS MISSING.
T  INDICATES TRACE AMOUNT.




$$
