000
CDUS44 KBRO 290645
CLIBRO


CLIMATE REPORT
NATIONAL WEATHER SERVICE BROWNSVILLE TX
145 AM CDT THU JUN 29 2017


...................................

...THE BROWNSVILLE CLIMATE SUMMARY FOR JUNE 28 2017...

CLIMATE NORMAL PERIOD 1981 TO 2010
CLIMATE RECORD PERIOD 1878 TO 2017


WEATHER ITEM   OBSERVED TIME   RECORD YEAR NORMAL DEPARTURE LAST
                VALUE   (LST)  VALUE       VALUE  FROM      YEAR
                                                  NORMAL
..................................................................
TEMPERATURE (F)
 YESTERDAY
  MAXIMUM         89   1158 AM  99    1909  93     -4       93
                                      1900
  MINIMUM         73    119 PM  64    1974  76     -3       77
  AVERAGE         81                        84     -3       85

PRECIPITATION (IN)
  YESTERDAY        1.18          1.83 1883   0.09   1.09     0.03
  MONTH TO DATE    3.49                      2.40   1.09     2.98
  SINCE JUN 1      3.49                      2.40   1.09     2.98
  SINCE JAN 1      9.35                     10.16  -0.81    12.97

SNOWFALL (IN)
  YESTERDAY        0.0          MM    2001   0.0
                                      2000
  MONTH TO DATE    0.0                       0.0
  SINCE JUN 1      0.0                       0.0
  SINCE JUL 1      0.0                       0.0

DEGREE DAYS
 HEATING
  YESTERDAY        0                         0      0        0
  MONTH TO DATE    0                         0      0        0
  SINCE JUN 1      0                         0      0        0
  SINCE JUL 1    201                       554   -353      374

 COOLING
  YESTERDAY       16                        19     -3       20
  MONTH TO DATE  570                       525     45      524
  SINCE JUN 1    570                       525     45      524
  SINCE JAN 1   2207                      1618    589     1684
..................................................................


WIND (MPH)
  HIGHEST WIND SPEED    20   HIGHEST WIND DIRECTION    NE (40)
  HIGHEST GUST SPEED    25   HIGHEST GUST DIRECTION    NE (30)
  AVERAGE WIND SPEED     5.5


SKY COVER
  POSSIBLE SUNSHINE  MM
  AVERAGE SKY COVER 0.4


WEATHER CONDITIONS
 THE FOLLOWING WEATHER WAS RECORDED YESTERDAY.
  THUNDERSTORM
  HEAVY RAIN
  RAIN
  LIGHT RAIN
  FOG


RELATIVE HUMIDITY (PERCENT)
 HIGHEST   100          1200 AM
 LOWEST     68          1100 AM
 AVERAGE    84

..........................................................


THE BROWNSVILLE CLIMATE NORMALS FOR TODAY
                         NORMAL    RECORD    YEAR
 MAXIMUM TEMPERATURE (F)   93       102      2013
 MINIMUM TEMPERATURE (F)   76        64      1901


SUNRISE AND SUNSET
JUNE 29 2017..........SUNRISE   641 AM CDT   SUNSET   825 PM CDT
JUNE 30 2017..........SUNRISE   641 AM CDT   SUNSET   825 PM CDT


-  INDICATES NEGATIVE NUMBERS.
R  INDICATES RECORD WAS SET OR TIED.
MM INDICATES DATA IS MISSING.
T  INDICATES TRACE AMOUNT.




$$
