000
CDUS44 KBRO 220854
CLIBRO


CLIMATE REPORT
NATIONAL WEATHER SERVICE BROWNSVILLE TX
254 AM CST MON DEC 22 2014


...................................

...THE BROWNSVILLE CLIMATE SUMMARY FOR DECEMBER 21 2014...

CLIMATE NORMAL PERIOD 1981 TO 2010
CLIMATE RECORD PERIOD 1878 TO 2014


WEATHER ITEM   OBSERVED TIME   RECORD YEAR NORMAL DEPARTURE LAST
                VALUE   (LST)  VALUE       VALUE  FROM      YEAR
                                                  NORMAL
..................................................................
TEMPERATURE (F)
 YESTERDAY
  MAXIMUM         67    417 PM  86    1921  71     -4       85
  MINIMUM         58    421 AM  26    1924  52      6       73
  AVERAGE         63                        61      2       79

PRECIPITATION (IN)
  YESTERDAY        T             3.89 1940   0.04  -0.04     0.00
  MONTH TO DATE    0.88                      0.82   0.06     0.11
  SINCE DEC 1      0.88                      0.82   0.06     0.11
  SINCE JAN 1     28.04                     27.11   0.93    25.60

DEGREE DAYS
 HEATING
  YESTERDAY        2                         6     -4        0
  MONTH TO DATE   16                       103    -87      138
  SINCE DEC 1     16                       103    -87      138
  SINCE JUL 1    129                       157    -28      246

 COOLING
  YESTERDAY        0                         2     -2       14
  MONTH TO DATE   95                        59     36       73
  SINCE DEC 1     95                        59     36       73
  SINCE JAN 1   3995                      4004     -9     4193
..................................................................


WIND (MPH)
  HIGHEST WIND SPEED    12   HIGHEST WIND DIRECTION    NW (330)
  HIGHEST GUST SPEED    15   HIGHEST GUST DIRECTION    NW (330)
  AVERAGE WIND SPEED     6.6


SKY COVER
  POSSIBLE SUNSHINE  MM
  AVERAGE SKY COVER 1.0


WEATHER CONDITIONS
 THE FOLLOWING WEATHER WAS RECORDED YESTERDAY.
  LIGHT RAIN
  FOG
  HAZE


RELATIVE HUMIDITY (PERCENT)
 HIGHEST   100          1000 PM
 LOWEST     81           200 PM
 AVERAGE    91

..........................................................


THE BROWNSVILLE CLIMATE NORMALS FOR TODAY
                         NORMAL    RECORD    YEAR
 MAXIMUM TEMPERATURE (F)   71        87      1900
 MINIMUM TEMPERATURE (F)   52        23      1989


SUNRISE AND SUNSET
DECEMBER 22 2014......SUNRISE   713 AM CST   SUNSET   544 PM CST
DECEMBER 23 2014......SUNRISE   713 AM CST   SUNSET   545 PM CST


-  INDICATES NEGATIVE NUMBERS.
R  INDICATES RECORD WAS SET OR TIED.
MM INDICATES DATA IS MISSING.
T  INDICATES TRACE AMOUNT.

$$
