000
CDUS44 KBRO 290626
CLIBRO


CLIMATE REPORT
NATIONAL WEATHER SERVICE BROWNSVILLE TX
125 AM CDT SAT AUG 29 2015


...................................

...THE BROWNSVILLE CLIMATE SUMMARY FOR AUGUST 28 2015...

CLIMATE NORMAL PERIOD 1981 TO 2010
CLIMATE RECORD PERIOD 1878 TO 2015


WEATHER ITEM   OBSERVED TIME   RECORD YEAR NORMAL DEPARTURE LAST
                VALUE   (LST)  VALUE       VALUE  FROM      YEAR
                                                  NORMAL
..................................................................
TEMPERATURE (F)
 YESTERDAY
  MAXIMUM         92    138 PM 101    2011  94     -2       96
  MINIMUM         72   1159 PM  63    1896  76     -4       79
  AVERAGE         82                        85     -3       88

PRECIPITATION (IN)
  YESTERDAY        0.00          2.92 1938   0.11  -0.11      T
  MONTH TO DATE    1.38                      2.08  -0.70     0.21
  SINCE JUN 1      4.50                      6.69  -2.19     2.49
  SINCE JAN 1     24.99                     14.45  10.54     7.82

SNOWFALL (IN)
  YESTERDAY        0.0           0.0  2002   0.0
                                      2001
  MONTH TO DATE    0.0                       0.0
  SINCE JUN 1      0.0                       0.0
  SINCE JUL 1      0.0                       0.0

DEGREE DAYS
 HEATING
  YESTERDAY        0                         0      0        0
  MONTH TO DATE    0                         0      0        0
  SINCE JUN 1      0                         0      0        0
  SINCE JUL 1      0                         0      0        0

 COOLING
  YESTERDAY       17                        20     -3       23
  MONTH TO DATE  574                       576     -2      621
  SINCE JUN 1   1352                      1761   -409     1842
  SINCE JAN 1   2414                      2854   -440     2764
..................................................................


WIND (MPH)
  HIGHEST WIND SPEED    16   HIGHEST WIND DIRECTION     E (90)
  HIGHEST GUST SPEED    22   HIGHEST GUST DIRECTION     E (90)
  AVERAGE WIND SPEED     6.2


SKY COVER
  POSSIBLE SUNSHINE  MM
  AVERAGE SKY COVER 0.3


WEATHER CONDITIONS
 THE FOLLOWING WEATHER WAS RECORDED YESTERDAY.
  NO SIGNIFICANT WEATHER WAS OBSERVED.


RELATIVE HUMIDITY (PERCENT)
 HIGHEST    93           600 AM
 LOWEST     47           400 PM
 AVERAGE    70

..........................................................


THE BROWNSVILLE CLIMATE NORMALS FOR TODAY
                         NORMAL    RECORD    YEAR
 MAXIMUM TEMPERATURE (F)   93       104      2012
 MINIMUM TEMPERATURE (F)   76        66      1958


SUNRISE AND SUNSET
AUGUST 29 2015........SUNRISE   709 AM CDT   SUNSET   752 PM CDT
AUGUST 30 2015........SUNRISE   709 AM CDT   SUNSET   751 PM CDT


-  INDICATES NEGATIVE NUMBERS.
R  INDICATES RECORD WAS SET OR TIED.
MM INDICATES DATA IS MISSING.
T  INDICATES TRACE AMOUNT.




$$
