000
CDUS44 KBRO 242127
CLIBRO


CLIMATE REPORT
NATIONAL WEATHER SERVICE BROWNSVILLE TX
427 PM CDT TUE MAY 24 2016


...................................

...THE BROWNSVILLE CLIMATE SUMMARY FOR MAY 24 2016...
VALID TODAY AS OF 0400 PM LOCAL TIME.

CLIMATE NORMAL PERIOD 1981 TO 2010
CLIMATE RECORD PERIOD 1878 TO 2016


WEATHER ITEM   OBSERVED TIME   RECORD YEAR NORMAL DEPARTURE LAST
                VALUE   (LST)  VALUE       VALUE  FROM      YEAR
                                                  NORMAL
..................................................................
TEMPERATURE (F)
 TODAY
  MAXIMUM         90    259 PM  96    2011  90      0       88
                                      1919
  MINIMUM         78    118 AM  57    1913  74      4       69
  AVERAGE         84                        82      2       79

PRECIPITATION (IN)
  TODAY            0.00          3.30 2015   0.09  -0.09     3.30
  MONTH TO DATE    1.58                      2.00  -0.42     3.73
  SINCE MAR 1      7.51                      4.77   2.74    10.18
  SINCE JAN 1      9.39                      7.12   2.27    14.50

SNOWFALL (IN)
  TODAY            0.0           0.0  2002   0.0
                                      2001
                                      2000
  MONTH TO DATE    0.0                       0.0
  SINCE MAR 1      0.0                       0.0
  SINCE JUL 1      0.0                       0.0

DEGREE DAYS
 HEATING
  TODAY            0                         0      0        0
  MONTH TO DATE    0                         0      0        0
  SINCE MAR 1     14                        51    -37       67
  SINCE JUL 1    374                       554   -180      690

 COOLING
  TODAY           19                        17      2       14
  MONTH TO DATE  350                       355     -5      390
  SINCE MAR 1    918                       831     87      887
  SINCE JAN 1   1026                       972     54      944
..................................................................


WIND (MPH)
  HIGHEST WIND SPEED    23   HIGHEST WIND DIRECTION    SE (140)
  HIGHEST GUST SPEED    27   HIGHEST GUST DIRECTION    SE (150)
  AVERAGE WIND SPEED    13.1


SKY COVER
  POSSIBLE SUNSHINE  MM
  AVERAGE SKY COVER 0.6


WEATHER CONDITIONS
 THE FOLLOWING WEATHER WAS RECORDED TODAY.
  FOG


RELATIVE HUMIDITY (PERCENT)
 HIGHEST   100           600 AM
 LOWEST     68           300 PM
 AVERAGE    84

..........................................................


THE BROWNSVILLE CLIMATE NORMALS FOR TOMORROW
                         NORMAL    RECORD    YEAR
 MAXIMUM TEMPERATURE (F)   90        96      2011
                                             1919
 MINIMUM TEMPERATURE (F)   74        52      1901


SUNRISE AND SUNSET
MAY 24 2016...........SUNRISE   640 AM CDT   SUNSET   814 PM CDT
MAY 25 2016...........SUNRISE   640 AM CDT   SUNSET   814 PM CDT


-  INDICATES NEGATIVE NUMBERS.
R  INDICATES RECORD WAS SET OR TIED.
MM INDICATES DATA IS MISSING.
T  INDICATES TRACE AMOUNT.




$$
