941
CDUS44 KBRO 130729
CLIBRO


CLIMATE REPORT
NATIONAL WEATHER SERVICE BROWNSVILLE TX
128 AM CST SAT FEB 13 2016


...................................

...THE BROWNSVILLE CLIMATE SUMMARY FOR FEBRUARY 12 2016...

CLIMATE NORMAL PERIOD 1981 TO 2010
CLIMATE RECORD PERIOD 1878 TO 2016


WEATHER ITEM   OBSERVED TIME   RECORD YEAR NORMAL DEPARTURE LAST
                VALUE   (LST)  VALUE       VALUE  FROM      YEAR
                                                  NORMAL
..................................................................
TEMPERATURE (F)
 YESTERDAY
  MAXIMUM         80    218 PM  89    1978  73      7       76
  MINIMUM         53    743 AM  16    1899  54     -1       56
  AVERAGE         67                        64      3       66

PRECIPITATION (IN)
  YESTERDAY        0.00          1.63 1980   0.04  -0.04     0.00
  MONTH TO DATE    0.00                      0.54  -0.54     0.47
  SINCE DEC 1      2.04                      2.96  -0.92     5.46
  SINCE JAN 1      1.88                      1.81   0.07     4.03

SNOWFALL (IN)
  YESTERDAY        0.0           0.0  2002   0.0
                                      2000
  MONTH TO DATE    0.0                       0.0
  SINCE DEC 1      0.0                       0.0
  SINCE JUL 1      0.0                       0.0

DEGREE DAYS
 HEATING
  YESTERDAY        0                         4     -4        0
  MONTH TO DATE   55                        55      0       40
  SINCE DEC 1    320                       400    -80      403
  SINCE JUL 1    342                       454   -112      516

 COOLING
  YESTERDAY        2                         3     -1        1
  MONTH TO DATE   11                        31    -20       14
  SINCE DEC 1    166                       170     -4      136
  SINCE JAN 1     32                        90    -58       27
..................................................................


WIND (MPH)
  HIGHEST WIND SPEED    22   HIGHEST WIND DIRECTION     S (180)
  HIGHEST GUST SPEED    26   HIGHEST GUST DIRECTION     S (180)
  AVERAGE WIND SPEED     9.4


SKY COVER
  POSSIBLE SUNSHINE  MM
  AVERAGE SKY COVER 0.1


WEATHER CONDITIONS
 THE FOLLOWING WEATHER WAS RECORDED YESTERDAY.
  FOG
  FOG W/VISIBILITY <= 1/4 MILE


RELATIVE HUMIDITY (PERCENT)
 HIGHEST   100          1200 AM
 LOWEST     48           100 PM
 AVERAGE    74

..........................................................


THE BROWNSVILLE CLIMATE NORMALS FOR TODAY
                         NORMAL    RECORD    YEAR
 MAXIMUM TEMPERATURE (F)   73        89      2000
                                             1945
 MINIMUM TEMPERATURE (F)   54        12      1899


SUNRISE AND SUNSET
FEBRUARY 13 2016......SUNRISE   707 AM CST   SUNSET   621 PM CST
FEBRUARY 14 2016......SUNRISE   706 AM CST   SUNSET   622 PM CST


-  INDICATES NEGATIVE NUMBERS.
R  INDICATES RECORD WAS SET OR TIED.
MM INDICATES DATA IS MISSING.
T  INDICATES TRACE AMOUNT.




$$
