000
CDAK49 PAFG 241002
CLIBRW

CLIMATE REPORT
NATIONAL WEATHER SERVICE FAIRBANKS AK
202 AM AKDT MON JUL 24 2017


...................................

...THE BARROW AK CLIMATE SUMMARY FOR JULY 23 2017...

CLIMATE NORMAL PERIOD 1981 TO 2010
CLIMATE RECORD PERIOD 1920 TO 2017


WEATHER ITEM   OBSERVED TIME   RECORD YEAR NORMAL DEPARTURE LAST
                VALUE   (LST)  VALUE       VALUE  FROM      YEAR
                                                  NORMAL
..................................................................
TEMPERATURE (F)
 YESTERDAY
  MAXIMUM         54    417 PM  70    2004  47      7       42
  MINIMUM         36   1242 AM  26    1945  35      1       33
  AVERAGE         45                        41      4       38

PRECIPITATION (IN)
  YESTERDAY        0.64R         0.44 2006   0.03   0.61      T
  MONTH TO DATE    1.42                      0.70   0.72     0.14
  SINCE JUN 1      1.68                      1.02   0.66     0.83
  SINCE JAN 1      3.79                      1.72   2.07     4.18

SNOWFALL (IN)
  YESTERDAY       MM             1.0  1948   0.0   MM         T
  MONTH TO DATE    0.0                       0.1   -0.1       T
  SINCE JUN 1      0.5                       0.8   -0.3      1.9
  SINCE JUL 1      0.0                       0.1   -0.1       T
  SNOW DEPTH       0

DEGREE DAYS
 HEATING
  YESTERDAY       20                        24     -4       27
  MONTH TO DATE  441                       555   -114      475
  SINCE JUN 1   1342                      1436    -94     1284
  SINCE JUL 1    441                       555   -114      475

 COOLING
  YESTERDAY        0                         0      0        0
  MONTH TO DATE    0                         0      0        0
  SINCE JUN 1      0                         0      0        0
  SINCE JAN 1      0                         0      0        0
..................................................................


WIND (MPH)
  HIGHEST GUST SPEED    28   HIGHEST GUST DIRECTION    SW (210)


SKY COVER
  AVERAGE SKY COVER 1.0


WEATHER CONDITIONS
 THE FOLLOWING WEATHER WAS RECORDED YESTERDAY.
  RAIN
  LIGHT RAIN
  FOG


RELATIVE HUMIDITY (PERCENT)
 HIGHEST   100
 LOWEST     92
 AVERAGE    96

..........................................................


THE BARROW AK CLIMATE NORMALS FOR TODAY
                         NORMAL    RECORD    YEAR
 MAXIMUM TEMPERATURE (F)   47        68      1981
                                             1942
 MINIMUM TEMPERATURE (F)   35        23      1931


SUNRISE AND SUNSET
JULY 24 2017..........SUN ABOVE VISIBLE HORIZON.
JULY 25 2017..........SUN ABOVE VISIBLE HORIZON.

-  INDICATES NEGATIVE NUMBERS.
R  INDICATES RECORD WAS SET OR TIED.
MM INDICATES DATA IS MISSING.
T  INDICATES TRACE AMOUNT.

&&

SNOW DEPTH IS MEASURED AT 3AM AKST/4AM AKDT.

----------------------------
AVAILABLE DAYLIGHT

AMOUNT OF DAYLIGHT TODAY  (HOUR:MIN)........24:00
GAIN/LOSS SINCE YESTERDAY (HOUR:MIN:SEC)....+0:00:00

$$
JUL 17
