000
CDAK49 PAFG 281002
CLIBRW

CLIMATE REPORT
NATIONAL WEATHER SERVICE FAIRBANKS AK
202 AM AKDT SUN MAY 28 2017


...................................

...THE BARROW AK CLIMATE SUMMARY FOR MAY 27 2017...

CLIMATE NORMAL PERIOD 1981 TO 2010
CLIMATE RECORD PERIOD 1920 TO 2017


WEATHER ITEM   OBSERVED TIME   RECORD YEAR NORMAL DEPARTURE LAST
                VALUE   (LST)  VALUE       VALUE  FROM      YEAR
                                                  NORMAL
..................................................................
TEMPERATURE (F)
 YESTERDAY
  MAXIMUM         36    425 PM  43    1989  31      5       37
  MINIMUM         25    141 AM   2    1926  23      2       31
  AVERAGE         31                        27      4       34

PRECIPITATION (IN)
  YESTERDAY        0.00          0.14 2008   0.01  -0.01      T
  MONTH TO DATE    0.78                      0.15   0.63     0.06
  SINCE MAR 1      1.08                      0.40   0.68     0.29
  SINCE JAN 1      1.95                      0.67   1.28     3.35

SNOWFALL (IN)
  YESTERDAY        0.0           2.5  2008   0.1   -0.1       T
  MONTH TO DATE    8.8                       2.4    6.4      0.7
  SINCE MAR 1     11.8                       7.7    4.1      1.5
  SINCE JUL 1     38.7                      36.7    2.0     10.3
  SNOW DEPTH       3

DEGREE DAYS
 HEATING
  YESTERDAY       34                        38     -4       31
  MONTH TO DATE 1112                      1214   -102      989
  SINCE MAR 1   5091                      5517   -426     4580
  SINCE JUL 1  16053                     18374  -2321    15976

 COOLING
  YESTERDAY        0                         0      0        0
  MONTH TO DATE    0                         0      0        0
  SINCE MAR 1      0                         0      0        0
  SINCE JAN 1      0                         0      0        0
..................................................................


WIND (MPH)
  HIGHEST GUST SPEED    15   HIGHEST GUST DIRECTION     E (90)


SKY COVER
  AVERAGE SKY COVER 0.2


WEATHER CONDITIONS
 THE FOLLOWING WEATHER WAS RECORDED YESTERDAY.
  NO SIGNIFICANT WEATHER WAS OBSERVED.


RELATIVE HUMIDITY (PERCENT)
 HIGHEST    96
 LOWEST     82
 AVERAGE    89

..........................................................


THE BARROW AK CLIMATE NORMALS FOR TODAY
                         NORMAL    RECORD    YEAR
 MAXIMUM TEMPERATURE (F)   32        43      1998
 MINIMUM TEMPERATURE (F)   24         5      1936
                                             1921


SUNRISE AND SUNSET
MAY 28 2017...........SUN ABOVE VISIBLE HORIZON.
MAY 29 2017...........SUN ABOVE VISIBLE HORIZON.

-  INDICATES NEGATIVE NUMBERS.
R  INDICATES RECORD WAS SET OR TIED.
MM INDICATES DATA IS MISSING.
T  INDICATES TRACE AMOUNT.

&&

SNOW DEPTH IS MEASURED AT 3AM AKST/4AM AKDT.

----------------------------
AVAILABLE DAYLIGHT

AMOUNT OF DAYLIGHT TODAY  (HOUR:MIN)........24:00
GAIN/LOSS SINCE YESTERDAY (HOUR:MIN:SEC)....+0:00:00

$$
CCC MAY 17
