000
CDAK49 PABR 030907
CLIBRW

CLIMATE REPORT
NATIONAL WEATHER SERVICE BARROW, AK
107 AM AKDT MON AUG 3 2015

...................................
...THE BARROW WSO AP CLIMATE SUMMARY FOR AUGUST 2 2015...

CLIMATE NORMAL PERIOD  1981 TO  2010
CLIMATE RECORD PERIOD  1915 TO  2015

WEATHER ITEM   OBSERVED TIME    RECORD YEAR NORMAL DEPARTURE LAST
               VALUE    (LST)   VALUE       VALUE  FROM      YEAR
                                                   NORMAL
...................................................................
TEMPERATURE
YESTERDAY
 MAXIMUM            52  0301 PM    68  1985     46       6     35
 MINIMUM            34  0330 AM    26  1945     35      -1     30
 AVERAGE            43                          40       3     33

PRECIPITATION
(INCHES)
 YESTERDAY        0.24           0.43  1925   0.03    0.21      T
 MONTH TO DATE    0.24                        0.07    0.17   0.01
 SINCE JUN 1      1.30                        1.37   -0.07   2.49
 SINCE JAN 1      3.26                        2.07    1.19   4.11

SNOWFALL
(INCHES)
 YESTERDAY         0.0            0.2  2001    0.0     0.0    0.0
 MONTH TO DATE     0.0                         0.0     0.0    0.0
 SINCE JUN 1       1.0                         0.9     0.1    1.8
 SINCE JUL 1         T                         0.2    -0.2    0.9
 SNOW DEPTH (IN)     0                                          0

DEGREE DAYS
 HEATING
  YESTERDAY         22                          25      -3     32
  MONTH TO DATE     50                          50       0     58
  SINCE JUN 1     1543                        1677    -134   1819
  SINCE JUL 1      801                         797       4    886

 COOLING
  YESTERDAY          0                           0       0      0
  MONTH TO DATE      0                           0       0      0
  SINCE JUN 1        0                           0       0      0
  SINCE JAN 1        0                           0       0      0
...................................................................

WIND (MPH)
 HIGHEST WIND SPEED    23     HIGHEST WIND DIRECTION    240
 HIGHEST GUST SPEED    30     HIGHEST GUST DIRECTION    240
 AVERAGE WIND SPEED  11.5

WEATHER CONDITIONS
 THE FOLLOWING WEATHER WAS RECORDED YESTERDAY.
  FOG
RAIN


RELATIVE HUMIDITY
 HIGHEST RH     MM PERCENT       MM
 LOWEST  RH     MM PERCENT       MM
 AVERAGE RH     MM PERCENT       MM
...................................................................

THE BARROW CLIMATE NORMALS FOR TODAY
                           NORMAL    RECORD   YEAR
 MAXIMUM TEMPERATURE (F)     46        64     1999
 MINIMUM TEMPERATURE (F)     35        26     1945

SUNRISE AND SUNSET
 AUG 3 2015..........SUNRISE  3:21 AM      SUNSET  1:33 AM
 AUG 4 2015..........SUNRISE  3:35 AM      SUNSET  1:21 AM

-  INDICATES NEGATIVE NUMBERS.
R  INDICATES RECORD HAS BEEN SET OR TIED.
MM INDICATES DATA IS MISSING.
T  INDICATES TRACE OF PRECIPITATION.

&&
-------------------------------------------------------------------

AMOUNT OF DAYLIGHT TODAY  (HOUR:MIN)........22 HOURS 12 MINUTES
GAIN/LOSS SINCE YESTERDAY (HOUR:MIN:SEC)....-0:43:59

$$
DZB AUG 15
