000
CDAK49 PABR 300906
CLIBRW

CLIMATE REPORT
NATIONAL WEATHER SERVICE BARROW, AK
106 AM AKDT TUE SEP 30 2014

...................................
...THE BARROW WSO AP CLIMATE SUMMARY FOR SEPTEMBER 29 2014...

CLIMATE NORMAL PERIOD  1981 TO  2010
CLIMATE RECORD PERIOD  1915 TO  2014

WEATHER ITEM   OBSERVED TIME    RECORD YEAR NORMAL DEPARTURE LAST
               VALUE    (LST)   VALUE       VALUE  FROM      YEAR
                                                   NORMAL
...................................................................
TEMPERATURE
YESTERDAY
 MAXIMUM            36   355 AM    46  1929     31       5     31
 MINIMUM            19  1224 AM     2  1981     23      -4     26
 AVERAGE            28                          27       1     29

PRECIPITATION
(INCHES)
 YESTERDAY           T           0.17  1958   0.01   -0.01      T
 MONTH TO DATE    1.06                        0.70    0.36   1.22
 SINCE SEP 1      1.06                        0.70    0.36   1.22
 SINCE JAN 1      5.61                        3.75    1.86   6.24

SNOWFALL
(INCHES)
 YESTERDAY           T            1.5  1932    0.2    -0.2      T
 MONTH TO DATE     9.5                         4.2     5.3    6.8
 SINCE SEP 1       9.5                         4.2     5.3    6.8
 SINCE JUL 1      10.9                         5.3     5.6    7.9
 SNOW DEPTH (IN)     T                                          5

DEGREE DAYS
 HEATING
  YESTERDAY         37                          38      -1     36
  MONTH TO DATE    913                         947     -34    964
  SINCE SEP 1      913                         947     -34    964
  SINCE JUL 1     2579                        2501      78   2373

 COOLING
  YESTERDAY          0                           0       0      0
  MONTH TO DATE      0                           0       0      0
  SINCE SEP 1        0                           0       0      0
  SINCE JAN 1        0                           0       0      0
...................................................................

WIND (MPH)
 HIGHEST WIND SPEED    17     HIGHEST WIND DIRECTION    200
 HIGHEST GUST SPEED    22     HIGHEST GUST DIRECTION    220
 AVERAGE WIND SPEED  10.3

SKY COVER
  POSSIBLE SUNSHINE    MM          AVERAGE SKY COVER     MM

WEATHER CONDITIONS
 THE FOLLOWING WEATHER WAS RECORDED YESTERDAY.
 FOG
 DRIZZLE
 GLAZE
 RAIN
 SNOW


RELATIVE HUMIDITY
 HIGHEST RH    100 PERCENT      1153 PM
 LOWEST  RH     85 PERCENT       253 PM
 AVERAGE RH     95 PERCENT
...................................................................

THE BARROW CLIMATE NORMALS FOR TODAY
                           NORMAL    RECORD   YEAR
 MAXIMUM TEMPERATURE (F)     30        41     1955
 MINIMUM TEMPERATURE (F)     23         5     1975

SUNRISE AND SUNSET
 SEP 30 2014..........SUNRISE  8:42 AM      SUNSET  7:51 PM
 OCT 1 2014..........SUNRISE  8:46 AM      SUNSET  7:46 PM

-  INDICATES NEGATIVE NUMBERS.
R  INDICATES RECORD HAS BEEN SET OR TIED.
MM INDICATES DATA IS MISSING.
T  INDICATES TRACE OF PRECIPITATION.

&&
-------------------------------------------------------------------

AMOUNT OF DAYLIGHT TODAY  (HOUR:MIN)........11 HOURS 9 MINUTES
GAIN/LOSS SINCE YESTERDAY (HOUR:MIN:SEC)....-0:09:13

$$
JML SEP 14
