000
CDAK49 PAFG 090943
CLIBRW

CLIMATE REPORT
NATIONAL WEATHER SERVICE FAIRBANKS AK
1243 AM AKST FRI DEC 9 2016


...................................

...THE BARROW AK CLIMATE SUMMARY FOR DECEMBER 8 2016...

CLIMATE NORMAL PERIOD 1981 TO 2010
CLIMATE RECORD PERIOD 1920 TO 2016


WEATHER ITEM   OBSERVED TIME   RECORD YEAR NORMAL DEPARTURE LAST
                VALUE   (LST)  VALUE       VALUE  FROM      YEAR
                                                  NORMAL
..................................................................
TEMPERATURE (F)
 YESTERDAY
  MAXIMUM        -14   1012 PM  32    1932   0    -14      -10
  MINIMUM        -20    624 PM -40    1975 -12     -8      -20
                                      1924
  AVERAGE        -17                        -6    -11      -15

PRECIPITATION (IN)
  YESTERDAY        0.00          0.10 1933   0.01  -0.01      T
  MONTH TO DATE    T                         0.04  -0.04      T
  SINCE DEC 1      T                         0.04  -0.04      T
  SINCE JAN 1      7.13                      4.43   2.70     5.26

SNOWFALL (IN)
  YESTERDAY        0.0           2.2  1933   0.2   -0.2     MM
  MONTH TO DATE    T                         1.1   -1.1       T
  SINCE DEC 1      T                         1.1   -1.1       T
  SINCE JUL 1     13.0                      21.4   -8.4      3.5
  SNOW DEPTH       6

DEGREE DAYS
 HEATING
  YESTERDAY       82                        71     11       80
  MONTH TO DATE  605                       563     42      635
  SINCE DEC 1    605                       563     42      635
  SINCE JUL 1   5560                      6515   -955     5696

 COOLING
  YESTERDAY        0                         0      0        0
  MONTH TO DATE    0                         0      0        0
  SINCE DEC 1      0                         0      0        0
  SINCE JAN 1      0                         0      0        0
..................................................................


WIND (MPH)
  HIGHEST GUST SPEED    18   HIGHEST GUST DIRECTION    SE (150)


SKY COVER
  AVERAGE SKY COVER 0.0


WEATHER CONDITIONS
 THE FOLLOWING WEATHER WAS RECORDED YESTERDAY.
  NO SIGNIFICANT WEATHER WAS OBSERVED.


RELATIVE HUMIDITY (PERCENT)
 HIGHEST    81
 LOWEST     66
 AVERAGE    74

..........................................................


THE BARROW AK CLIMATE NORMALS FOR TODAY
                         NORMAL    RECORD    YEAR
 MAXIMUM TEMPERATURE (F)    0        34      1932
 MINIMUM TEMPERATURE (F)  -12       -49      1924


SUNRISE AND SUNSET
DECEMBER 09 2016......SUN BELOW VISIBLE HORIZON.
DECEMBER 10 2016......SUN BELOW VISIBLE HORIZON.

-  INDICATES NEGATIVE NUMBERS.
R  INDICATES RECORD WAS SET OR TIED.
MM INDICATES DATA IS MISSING.
T  INDICATES TRACE AMOUNT.

&&

SNOW DEPTH IS MEASURED AT 3AM AKST/4AM AKDT.

----------------------------
AVAILABLE DAYLIGHT

AMOUNT OF DAYLIGHT TODAY  (HOUR:MIN)........0:00
GAIN/LOSS SINCE YESTERDAY (HOUR:MIN:SEC)....+0:00:00

$$
SDB DEC 16
