000
CDAK49 PABR 300907
CLIBRW

CLIMATE REPORT
NATIONAL WEATHER SERVICE BARROW, AK
107 AM AKDT SAT MAY 30 2015

...................................
...THE BARROW WSO AP CLIMATE SUMMARY FOR MAY 29 2015...

CLIMATE NORMAL PERIOD  1981 TO  2010
CLIMATE RECORD PERIOD  1915 TO  2015

WEATHER ITEM   OBSERVED TIME    RECORD YEAR NORMAL DEPARTURE LAST
               VALUE    (LST)   VALUE       VALUE  FROM      YEAR
                                                   NORMAL
...................................................................
TEMPERATURE
YESTERDAY
 MAXIMUM            41   538 PM    46  1996     32       9     27
 MINIMUM            32   522 AM     4  1926     24       8     20
 AVERAGE            37                          28       9     24

PRECIPITATION
(INCHES)
 YESTERDAY        0.14           0.29  1962   0.00    0.14      T
 MONTH TO DATE    0.65                        0.16    0.49   0.83
 SINCE MAR 1      1.39                        0.41    0.98   1.18
 SINCE JAN 1      1.96                        0.68    1.28   1.55

SNOWFALL
(INCHES)
 YESTERDAY         0.0            2.9  1962    0.1    -0.1    0.1
 MONTH TO DATE     1.1                         2.6    -1.5    3.9
 SINCE MAR 1      11.7                         7.9     3.8    9.5
 SINCE JUL 1      54.8                        36.9    17.9   52.1
 SNOW DEPTH (IN)     0                                          T

DEGREE DAYS
 HEATING
  YESTERDAY         28                          37      -9     41
  MONTH TO DATE   1074                        1288    -214   1112
  SINCE MAR 1     5163                        5587    -424   5096
  SINCE JUL 1    17306                       18435   -1129  16819

 COOLING
  YESTERDAY          0                           0       0      0
  MONTH TO DATE      0                           0       0      0
  SINCE MAR 1        0                           0       0      0
  SINCE JAN 1        0                           0       0      0
...................................................................

WIND (MPH)
 HIGHEST WIND SPEED    13     HIGHEST WIND DIRECTION     80
 HIGHEST GUST SPEED    15     HIGHEST GUST DIRECTION     80
 AVERAGE WIND SPEED   7.4

SKY COVER
  POSSIBLE SUNSHINE    MM          AVERAGE SKY COVER     MM

WEATHER CONDITIONS
 THE FOLLOWING WEATHER WAS RECORDED YESTERDAY.
  RAIN


RELATIVE HUMIDITY
 HIGHEST RH     MM PERCENT       MM
 LOWEST  RH     MM PERCENT       MM
 AVERAGE RH     MM PERCENT       MM
...................................................................

THE BARROW CLIMATE NORMALS FOR TODAY
                           NORMAL    RECORD   YEAR
 MAXIMUM TEMPERATURE (F)     33        44     1927
 MINIMUM TEMPERATURE (F)     25         7     1926

SUNRISE AND SUNSET
 SUN ABOVE VISIBLE HORIZON

-  INDICATES NEGATIVE NUMBERS.
R  INDICATES RECORD HAS BEEN SET OR TIED.
MM INDICATES DATA IS MISSING.
T  INDICATES TRACE OF PRECIPITATION.

&&
-------------------------------------------------------------------

AMOUNT OF DAYLIGHT TODAY  (HOUR:MIN)........24 HOURS 00 MINUTES
GAIN/LOSS SINCE YESTERDAY (HOUR:MIN:SEC)....+0:00:00

$$
DPA MAY 15
