000
CDAK49 PABR 280905
CLIBRW

CLIMATE REPORT
NATIONAL WEATHER SERVICE BARROW, AK
105 AM AKDT MON JUL 28 2014

...................................
...THE BARROW WSO AP CLIMATE SUMMARY FOR JULY 27 2014...

CLIMATE NORMAL PERIOD  1981 TO  2010
CLIMATE RECORD PERIOD  1915 TO  2014

WEATHER ITEM   OBSERVED TIME    RECORD YEAR NORMAL DEPARTURE LAST
               VALUE    (LST)   VALUE       VALUE  FROM      YEAR
                                                   NORMAL
...................................................................
TEMPERATURE
YESTERDAY
 MAXIMUM            38  0109 PM    70  1928     47      -9     52
 MINIMUM            31  1157 PM    25  1992     35      -4     37
 AVERAGE            35                          41      -6     45

PRECIPITATION
(INCHES)
 YESTERDAY        0.00           0.68  1954   0.04   -0.04   0.55
 MONTH TO DATE    0.96                        0.84    0.12   1.42
 SINCE JUN 1      2.43                        1.16    1.27   2.19
 SINCE JAN 1      4.05                        1.86    2.19   3.41

SNOWFALL
(INCHES)
 YESTERDAY         0.0            0.9  1959    0.1    -0.1    0.0
 MONTH TO DATE     0.4                         0.2     0.2    0.0
 SINCE JUN 1       1.3                         0.9     0.4    0.3
 SINCE JUL 1       0.4                         0.2     0.2    0.0
 SNOW DEPTH (IN)     0                                          0

DEGREE DAYS
 HEATING
  YESTERDAY         30                          24       6     20
  MONTH TO DATE    723                         651      72    546
  SINCE JUN 1     1656                        1531     125   1324
  SINCE JUL 1      723                         651      72    546

 COOLING
  YESTERDAY          0                           0       0      0
  MONTH TO DATE      0                           0       0      0
  SINCE JUN 1        0                           0       0      0
  SINCE JAN 1        0                           0       0      0
...................................................................

WIND (MPH)
 HIGHEST WIND SPEED    22     HIGHEST WIND DIRECTION     80
 HIGHEST GUST SPEED    28     HIGHEST GUST DIRECTION     70
 AVERAGE WIND SPEED  15.5

WEATHER CONDITIONS
 THE FOLLOWING WEATHER WAS RECORDED YESTERDAY.
  FOG


RELATIVE HUMIDITY
 HIGHEST RH     100 PERCENT       03:52 AM
 LOWEST  RH     72 PERCENT       07:53 PM
 AVERAGE RH     85 PERCENT       MM
...................................................................

THE BARROW CLIMATE NORMALS FOR TODAY
                           NORMAL    RECORD   YEAR
 MAXIMUM TEMPERATURE (F)     47        70     2009
 MINIMUM TEMPERATURE (F)     35        23     1936

SUNRISE AND SUNSET
 JUL 28 2014..........SUNRISE  **.**      SUNSET **.**
 JUL 29 2014..........SUNRISE  **.**      SUNSET **.**

-  INDICATES NEGATIVE NUMBERS.
R  INDICATES RECORD HAS BEEN SET OR TIED.
MM INDICATES DATA IS MISSING.
T  INDICATES TRACE OF PRECIPITATION.

&&
-------------------------------------------------------------------

AMOUNT OF DAYLIGHT TODAY  (HOUR:MIN)........24 HOURS 00 MINUTES
GAIN/LOSS SINCE YESTERDAY (HOUR:MIN:SEC)....+0:00:00

$$
DZB JUL 14
