000
CDAK49 PABR 260908
CLIBRW

CLIMATE REPORT
NATIONAL WEATHER SERVICE BARROW, AK
1208 AM AKST FRI DEC 26 2014

...................................
...THE BARROW WSO AP CLIMATE SUMMARY FOR DECEMBER 25 2014...

CLIMATE NORMAL PERIOD  1981 TO  2010
CLIMATE RECORD PERIOD  1915 TO  2014

WEATHER ITEM   OBSERVED TIME    RECORD YEAR NORMAL DEPARTURE LAST
               VALUE    (LST)   VALUE       VALUE  FROM      YEAR
                                                   NORMAL
...................................................................
TEMPERATURE
YESTERDAY
 MAXIMUM             0  0136 AM    27  1983     -4       4     -8
 MINIMUM            -9  0619 PM   -47  1994    -16       7    -18
 AVERAGE            -5                         -10       5    -13

PRECIPITATION
(INCHES)
 YESTERDAY           T           0.13  1965   0.00       T   0.01
 MONTH TO DATE    0.06                        0.11   -0.05   1.17
 SINCE DEC 1      0.06                        0.11   -0.05   1.17
 SINCE JAN 1      7.28                        4.50    2.78   8.39

SNOWFALL
(INCHES)
 YESTERDAY           T            3.1  2005    0.1    -0.1    0.1
 MONTH TO DATE     1.5                         2.9    -1.4   13.1
 SINCE DEC 1       1.5                         2.9    -1.4   13.1
 SINCE JUL 1      32.6                        23.2     9.4   37.0
 SNOW DEPTH (IN)     5                                          8

DEGREE DAYS
 HEATING
  YESTERDAY         70                          75      -5     78
  MONTH TO DATE   1825                        1804      21   1622
  SINCE DEC 1     1811                        1804       7   1613
  SINCE JUL 1     7413                        7754    -341   6995

 COOLING
  YESTERDAY          0                           0       0      0
  MONTH TO DATE      0                           0       0      0
  SINCE DEC 1        0                           0       0      0
  SINCE JAN 1        0                           0       0      0
...................................................................

WIND (MPH)
 HIGHEST WIND SPEED    17     HIGHEST WIND DIRECTION     40
 HIGHEST GUST SPEED    19     HIGHEST GUST DIRECTION     40
 AVERAGE WIND SPEED  11.9

WEATHER CONDITIONS
 THE FOLLOWING WEATHER WAS RECORDED YESTERDAY.
  FOG
  SNOW

RELATIVE HUMIDITY
 HIGHEST RH     91 PERCENT  AT 553 PM AST
 LOWEST  RH     75 PERCENT  AT 953 AM AST
 AVERAGE RH     83 PERCENT
...................................................................

THE BARROW CLIMATE NORMALS FOR TODAY
                           NORMAL    RECORD   YEAR
 MAXIMUM TEMPERATURE (F)     -4        29     1951
 MINIMUM TEMPERATURE (F)    -16       -46     1974

SUNRISE AND SUNSET
 THE SUN IS CONTINUOUSLY BELOW THE HORIZON ALL DAY.

-  INDICATES NEGATIVE NUMBERS.
R  INDICATES RECORD HAS BEEN SET OR TIED.
MM INDICATES DATA IS MISSING.
T  INDICATES TRACE OF PRECIPITATION.

&&
-------------------------------------------------------------------

AMOUNT OF DAYLIGHT TODAY  (HOUR:MIN)........0 HOURS 00 MINUTES
GAIN/LOSS SINCE YESTERDAY (HOUR:MIN:SEC)....+0:00:00

$$
GMS DEC 14
