000
CDAK49 PABR 200906
CLIBRW

CLIMATE REPORT
NATIONAL WEATHER SERVICE BARROW, AK
106 AM AKDT SUN APR 20 2014

...................................
...THE BARROW WSO AP CLIMATE SUMMARY FOR APRIL 19 2014...

CLIMATE NORMAL PERIOD  1981 TO  2010
CLIMATE RECORD PERIOD  1915 TO  2014

WEATHER ITEM   OBSERVED TIME    RECORD YEAR NORMAL DEPARTURE LAST
               VALUE    (LST)   VALUE       VALUE  FROM      YEAR
                                                   NORMAL
...................................................................
TEMPERATURE
YESTERDAY
 MAXIMUM            11  0531 PM    35  1967     11       0      9
 MINIMUM            -7  0433 AM   -27  1960     -3      -4    -12
 AVERAGE             2                           4      -2     -2

PRECIPITATION
(INCHES)
 YESTERDAY           T           0.20  1929   0.00       T   0.00
 MONTH TO DATE    0.20                        0.10    0.10   0.04
 SINCE MAR 1      0.25                        0.19    0.06   0.54
 SINCE JAN 1      0.62                        0.46    0.16   0.67

SNOWFALL
(INCHES)
 YESTERDAY           T            3.0  1929    0.1    -0.1    0.0
 MONTH TO DATE     1.1                         2.0    -0.9    1.5
 SINCE MAR 1       2.9                         4.1    -1.2    9.4
 SINCE JUL 1      45.5                        33.1    12.4   53.4
 SNOW DEPTH (IN)     7                                          6

DEGREE DAYS
 HEATING
  YESTERDAY         63                          61       2     67
  MONTH TO DATE   1260                        1272     -12   1350
  SINCE MAR 1     3413                        3676    -263   3575
  SINCE JUL 1    15084                       16524   -1440  15621

 COOLING
  YESTERDAY          0                           0       0      0
  MONTH TO DATE      0                           0       0      0
  SINCE MAR 1        0                           0       0      0
  SINCE JAN 1        0                           0       0      0
...................................................................

WIND (MPH)
 HIGHEST WIND SPEED    14     HIGHEST WIND DIRECTION     50
 HIGHEST GUST SPEED    17     HIGHEST GUST DIRECTION     50
 AVERAGE WIND SPEED  11.0

WEATHER CONDITIONS
 THE FOLLOWING WEATHER WAS RECORDED YESTERDAY.
  FOG
  SNOW

RELATIVE HUMIDITY
 HIGHEST RH     91 PERCENT       253 PM
 LOWEST  RH     75 PERCENT       153 AM
 AVERAGE RH     85 PERCENT
...................................................................

THE BARROW CLIMATE NORMALS FOR TODAY
                           NORMAL    RECORD   YEAR
 MAXIMUM TEMPERATURE (F)     12        34     1931
 MINIMUM TEMPERATURE (F)     -2       -28     1994

SUNRISE AND SUNSET
 APR 20 2014..........SUNRISE  5:43 AM      SUNSET 11:14 PM
 APR 21 2014..........SUNRISE  5:38 AM      SUNSET 11:19 PM

-  INDICATES NEGATIVE NUMBERS.
R  INDICATES RECORD HAS BEEN SET OR TIED.
MM INDICATES DATA IS MISSING.
T  INDICATES TRACE OF PRECIPITATION.

&&
-------------------------------------------------------------------

AMOUNT OF DAYLIGHT TODAY  (HOUR:MIN)........17 HOURS 31 MINUTES
GAIN/LOSS SINCE YESTERDAY (HOUR:MIN:SEC)....+0:11:08

$$
GMS APR 14
