000
CDAK49 PABR 022221
CLIBRW

CLIMATE REPORT
NATIONAL WEATHER SERVICE BARROW, AK
221 PM AKDT TUE SEP 2 2014

...................................
...THE BARROW WSO AP CLIMATE SUMMARY FOR SEPTEMBER 2 2014...
VALID TODAY AS OF 200 PM LOCAL TIME

CLIMATE NORMAL PERIOD  1981 TO  2010
CLIMATE RECORD PERIOD  1915 TO  2014

WEATHER ITEM   OBSERVED TIME    RECORD YEAR NORMAL DEPARTURE LAST
               VALUE    (LST)   VALUE       VALUE  FROM      YEAR
                                                   NORMAL
...................................................................
TEMPERATURE
TODAY
 MAXIMUM            35   125 AM    61  1954     40      -5     37
 MINIMUM            27   302 AM    22  1980     32      -5     31
 AVERAGE            31                          36      -5     34

PRECIPITATION
(INCHES)
 TODAY            0.18           0.40  1996   0.03    0.15      T
 MONTH TO DATE    0.18                        0.06    0.12   0.02
 SINCE SEP 1      0.18                        0.06    0.12   0.02
 SINCE JAN 1      4.73                        3.11    1.62   5.04

SNOWFALL
(INCHES)
 TODAY             1.8            1.8  2014    0.1     1.7      T
 MONTH TO DATE     1.8                         0.2     1.6    0.1
 SINCE SEP 1       1.8                         0.2     1.6    0.1
 SINCE JUL 1       3.2                         1.3     1.9    1.2
 SNOW DEPTH (IN)     1                                          0

DEGREE DAYS
 HEATING
  TODAY             34                          29       5     31
  MONTH TO DATE     63                          57       6     60
  SINCE SEP 1       63                          57       6     60
  SINCE JUL 1     1729                        1611     118   1469

 COOLING
  TODAY              0                           0       0      0
  MONTH TO DATE      0                           0       0      0
  SINCE SEP 1        0                           0       0      0
  SINCE JAN 1        0                           0       0      0
...................................................................

WIND (MPH)
 HIGHEST WIND SPEED    25     HIGHEST WIND DIRECTION    230
 HIGHEST GUST SPEED    30     HIGHEST GUST DIRECTION    230
 AVERAGE WIND SPEED    MM

SKY COVER
  POSSIBLE SUNSHINE  MM            AVERAGE SKY COVER MM

WEATHER CONDITIONS
 THE FOLLOWING WEATHER WAS RECORDED TODAY.
  FOG
  SLEET
  RAIN
  SNOW


RELATIVE HUMIDITY
 HIGHEST RH     MM PERCENT       MM
 LOWEST  RH     MM PERCENT       MM
 AVERAGE RH     MM PERCENT       MM
...................................................................

THE BARROW CLIMATE NORMALS FOR TOMORROW
                        NORMAL    RECORD   YEAR
 MAXIMUM TEMPERATURE      40        53     2000
 MINIMUM TEMPERATURE      32        20     1955

SUNRISE AND SUNSET
 SEP 2 2014..........SUNRISE  640 AM      SUNSET 1011 PM
 SEP 3 2014..........SUNRISE  645 AM      SUNSET 1006 PM

-  INDICATES NEGATIVE NUMBERS.
R  INDICATES RECORD HAS BEEN SET OR TIED.
MM INDICATES DATA IS MISSING.
T  INDICATES TRACE OF PRECIPITATION.

&&
-------------------------------------------------------------------

AMOUNT OF DAYLIGHT TODAY  (HOUR:MIN)........15 HOURS 31 MINUTES
GAIN/LOSS SINCE YESTERDAY (HOUR:MIN:SEC)....-0:09:52

$$
DPA SEP 14
